INSERT INTO `ps_appagebuilder_lang` (`id_appagebuilder`, `id_lang`, `params`) VALUES
(35, 1, '[ApRow form_id=\"form_20437695916010198\" class=\"row\" bg_config=\"boxed\" bg_type=\"normal\" bg_repeat=\"no-repeat\" parallax_speed=\"0.1\" parallax_axis=\"both\" parallax_strength=\"0.5\" parallax_rid=\"0.5\" parallax_hoffsets=\"0.1\" parallax_voffsets=\"0.1\" specific_type=\"all\" active=\"1\" controller_pages=\"\" controller_id=\"\"][ApColumn form_id=\"form_13410643841827332\" xl=\"12\" lg=\"12\" md=\"12\" sm=\"12\" xs=\"12\" sp=\"12\" specific_type=\"all\" active=\"1\" controller_pages=\"\" controller_id=\"\" title=\"Solutions\"][ApAccordions form_id=\"form_9116896954833540\" active_type=\"hideall\" active_accordion=\"1\" active=\"1\"][ApAccordion form_id=\"form_5908216108698859\" id=\"collapse_25117445885995325\" parent_id=\"accordion_9556497334932376\" active=\"1\" title=\"Régulation du taux de brassage d`une pièce\"][ApHtml form_id=\"form_7693167039062904\" accordion_type=\"full\" active=\"1\" content_html=\"<div>_APENTER_<table cellspacing=_APQUOT_20_APQUOT_ cellpadding=_APQUOT_5_APQUOT_>_APENTER_<tbody>_APENTER_<tr>_APENTER_<td></td>_APENTER_<td></td>_APENTER_</tr>_APENTER_<tr>_APENTER_<td></td>_APENTER_<td></td>_APENTER_</tr>_APENTER_<tr>_APENTER_<td style=_APQUOT_text-align: center;_APQUOT_></td>_APENTER_<td style=_APQUOT_text-align: center;_APQUOT_><img src=_APQUOT_https://comelec.fr/img/cms/regulation-taux-de-brassage.png_APQUOT_ width=_APQUOT_200_APQUOT_ height=_APQUOT_135_APQUOT_ /></td>_APENTER_</tr>_APENTER_<tr>_APENTER_<td>_APENTER_<p style=_APQUOT_text-align: justify;_APQUOT_></p>_APENTER_</td>_APENTER_<td></td>_APENTER_</tr>_APENTER_</tbody>_APENTER_</table>_APENTER_</div>\"][/ApHtml][/ApAccordion][ApAccordion form_id=\"form_17572835361611506\" id=\"collapse_8743117488738998\" parent_id=\"accordion_9556497334932376\" active=\"1\" title=\"Régulation de débit en gaine\"][ApHtml form_id=\"form_19607845504410882\" accordion_type=\"full\" active=\"1\" content_html=\"<div>_APENTER_<table cellspacing=_APQUOT_20_APQUOT_ cellpadding=_APQUOT_5_APQUOT_>_APENTER_<tbody>_APENTER_<tr>_APENTER_<td></td>_APENTER_<td></td>_APENTER_</tr>_APENTER_<tr>_APENTER_<td></td>_APENTER_<td></td>_APENTER_</tr>_APENTER_<tr>_APENTER_<td style=_APQUOT_text-align: center;_APQUOT_></td>_APENTER_<td style=_APQUOT_text-align: center;_APQUOT_><img src=_APQUOT_https://comelec.fr/img/cms/regulation-de-debit-en-gaine.png_APQUOT_ width=_APQUOT_200_APQUOT_ height=_APQUOT_135_APQUOT_ /></td>_APENTER_</tr>_APENTER_<tr>_APENTER_<td style=_APQUOT_text-align: center;_APQUOT_></td>_APENTER_<td style=_APQUOT_text-align: center;_APQUOT_></td>_APENTER_</tr>_APENTER_<tr>_APENTER_<td>_APENTER_<p style=_APQUOT_text-align: justify;_APQUOT_></p>_APENTER_</td>_APENTER_<td>_APENTER_<p style=_APQUOT_text-align: justify;_APQUOT_>Le débit est régulé dans une boucle de régulation fermée, par exemple, mesure - comparaison - action.<br /><br />Le régulateur reçoit la valeur réelle basée sur la pression différentielle en gaine lue par la sonde.<br />Dans la plupart des applications, la valeur de consigne est issue du régulateur de température du local. Le régulateur compare la valeur réelle avec la valeur de consigne et ajuste le signal de commande du servomoteur en cas de différence entre les deux valeurs.<br /><br />Il se peut que la valeur de consigne soit issue d_APAPOST_un régulateur de sorbonne, d_APAPOST_un régulateur de pression, ou alors d_APAPOST_un automate quelconque.</p>_APENTER_</td>_APENTER_</tr>_APENTER_<tr>_APENTER_<td></td>_APENTER_<td style=_APQUOT_text-align: center;_APQUOT_>_APENTER_<p style=_APQUOT_text-align: left;_APQUOT_><img src=_APQUOT_https://comelec.fr/img/cms/regul_gaine.png_APQUOT_ alt=_APQUOT__APQUOT_ style=_APQUOT_display: block; margin-left: auto; margin-right: auto;_APQUOT_ width=_APQUOT_400_APQUOT_ height=_APQUOT_176_APQUOT_ /></p>_APENTER_</td>_APENTER_</tr>_APENTER_<tr>_APENTER_<td></td>_APENTER_<td>_APENTER_<p style=_APQUOT_text-align: justify;_APQUOT_>Si la pression en gaine change, par exemple, en raison du changement de débit des autres unités, ce changement est détecté et corrigé par le régulateur. Dès que le signal d_APAPOST_entrée est changé, le débit est ajusté sur une nouvelle valeur de réglage. Le débit d_APAPOST_air variable est limité à une valeur mini et maxi.</p>_APENTER_</td>_APENTER_</tr>_APENTER_<tr>_APENTER_<td></td>_APENTER_<td>_APENTER_<p style=_APQUOT_text-align: left;_APQUOT_><img src=_APQUOT_https://comelec.fr/img/cms/courbe_debit.png_APQUOT_ alt=_APQUOT__APQUOT_ style=_APQUOT_display: block; margin-left: auto; margin-right: auto;_APQUOT_ width=_APQUOT_400_APQUOT_ height=_APQUOT_250_APQUOT_ /></p>_APENTER_</td>_APENTER_</tr>_APENTER_</tbody>_APENTER_</table>_APENTER_</div>\"][/ApHtml][/ApAccordion][ApAccordion form_id=\"form_30940375188168957\" id=\"collapse-9072759668424992\" parent_id=\"accordion_9556497334932376\" active=\"1\" title=\"Régulation de pression dans un local\"][ApHtml form_id=\"form_6233430966112124\" accordion_type=\"full\" active=\"1\" content_html=\"<div>_APENTER_<table cellspacing=_APQUOT_20_APQUOT_ cellpadding=_APQUOT_5_APQUOT_>_APENTER_<tbody>_APENTER_<tr>_APENTER_<td></td>_APENTER_<td></td>_APENTER_</tr>_APENTER_<tr>_APENTER_<td></td>_APENTER_<td></td>_APENTER_</tr>_APENTER_<tr>_APENTER_<td style=_APQUOT_text-align: center;_APQUOT_></td>_APENTER_<td style=_APQUOT_text-align: center;_APQUOT_><img src=_APQUOT_https://comelec.fr/img/cms/regulation-de-pression.png_APQUOT_ width=_APQUOT_206_APQUOT_ height=_APQUOT_139_APQUOT_ /></td>_APENTER_</tr>_APENTER_<tr>_APENTER_<td style=_APQUOT_text-align: center;_APQUOT_></td>_APENTER_<td style=_APQUOT_text-align: center;_APQUOT_></td>_APENTER_</tr>_APENTER_<tr>_APENTER_<td>_APENTER_<p style=_APQUOT_text-align: justify;_APQUOT_></p>_APENTER_</td>_APENTER_<td>_APENTER_<p><strong>Pourquoi effectuer une régulation de la pression ?</strong></p>_APENTER_<ul style=_APQUOT_list-style-type: circle;_APQUOT_>_APENTER_<li>Pour maintenir une pression constante dans un environnement</li>_APENTER_<li>Parce que la règlementation l’impose</li>_APENTER_</ul>_APENTER_<p><br /><br /><strong>Quelles sont les conditions nécessaires ?</strong></p>_APENTER_<ul style=_APQUOT_list-style-type: circle;_APQUOT_>_APENTER_<li>Que le débit de fuite de la pièce le permette</li>_APENTER_<li>Que les éléments aérauliques (de soufflage et d’extraction) soient correctement dimensionner pour atteindre et maintenir la pression demandée.</li>_APENTER_</ul>_APENTER_</td>_APENTER_</tr>_APENTER_<tr>_APENTER_<td></td>_APENTER_<td>_APENTER_<p><strong>Calcul de la pression ambiante attendue</strong></p>_APENTER_</td>_APENTER_</tr>_APENTER_<tr>_APENTER_<td></td>_APENTER_<td>_APENTER_<p><strong><img src=_APQUOT_https://comelec.fr/img/cms/RDP-Calcul-de-la-pression-ambiante-attendue-1.png_APQUOT_ alt=_APQUOT__APQUOT_ style=_APQUOT_display: block; margin-left: auto; margin-right: auto;_APQUOT_ width=_APQUOT_304_APQUOT_ height=_APQUOT_46_APQUOT_ /></strong></p>_APENTER_</td>_APENTER_</tr>_APENTER_<tr>_APENTER_<td></td>_APENTER_<td>Avec :<br /> p : Poids de l’air (fonction de la température) (kg/m3) <br /> ∆V : Différence de débit volumique entre le soufflage et l’extraction (m3/h) <br /> A : Surface totale des fuites du local (m2) <br /> µ: Coefficient de décharge (dépendant de la géométrie de la pièce)</td>_APENTER_</tr>_APENTER_<tr>_APENTER_<td></td>_APENTER_<td>Exemple</td>_APENTER_</tr>_APENTER_<tr>_APENTER_<td></td>_APENTER_<td><img src=_APQUOT_https://comelec.fr/img/cms/RDP-exemple-pression.png_APQUOT_ alt=_APQUOT__APQUOT_ style=_APQUOT_display: block; margin-left: auto; margin-right: auto;_APQUOT_ width=_APQUOT_400_APQUOT_ height=_APQUOT_301_APQUOT_ /></td>_APENTER_</tr>_APENTER_<tr>_APENTER_<td></td>_APENTER_<td style=_APQUOT_text-align: justify;_APQUOT_>Sur le graphique ci-dessus, pour une différence de débit donnée (120 m3/h) si la surface totale des fuites diminue (de 0,01m2 à 0,005m2), on note une augmentation sensible de la différence de pression (de 15 Pa à 48 Pa).<br /><br /></td>_APENTER_</tr>_APENTER_<tr>_APENTER_<td></td>_APENTER_<td style=_APQUOT_text-align: justify;_APQUOT_>Qualité requise pour les systèmes de régulation de pression d’air</td>_APENTER_</tr>_APENTER_<tr>_APENTER_<td></td>_APENTER_<td style=_APQUOT_text-align: justify;_APQUOT_>Pour réguler une pression, l_APAPOST_estimation de la différence de l_APAPOST_air extrait / air introduit joue un rôle clé. Plus cette différence est petite, plus il est difficile d_APAPOST_obtenir une régulation stable. Dans ce contexte, il est compréhensible que, pour une pression ambiante donnée, certains laboratoires ne rencontrent aucun problème alors que d_APAPOST_autres atteignent les limites de fonctionnement.<br /><br />Pour être en mesure de faire une estimation de la différence de volume d’air souhaitée (∆V) , il est possible de transformer l’équation (1)</td>_APENTER_</tr>_APENTER_<tr>_APENTER_<td></td>_APENTER_<td><img src=_APQUOT_https://comelec.fr/img/cms/RDP-Calcul-de-la-pression-ambiante-attendue-2.png_APQUOT_ alt=_APQUOT__APQUOT_ style=_APQUOT_display: block; margin-left: auto; margin-right: auto;_APQUOT_ width=_APQUOT_264_APQUOT_ height=_APQUOT_70_APQUOT_ /></td>_APENTER_</tr>_APENTER_<tr>_APENTER_<td></td>_APENTER_<td style=_APQUOT_text-align: justify;_APQUOT_>Avec :<br /><br />∆V : Différence de débit volumique (air soufflé – air extrait) _APOBRACKET_m3/h_APCBRACKET_<br />∆P set : Valeur de consigne de pression _APOBRACKET_Pa, kg/m. s2_APCBRACKET_<br />p: Densité de l_APAPOST_air (20°C) = 1.2 kg/m3<br />A : Surface de fuite _APOBRACKET_m2_APCBRACKET_<br />µ : Coefficient de décharge pour des ouvertures (dépend de la géométrie de la pièce). Pour une géométrie ordinaire on prendra un µ à 0.72</td>_APENTER_</tr>_APENTER_<tr>_APENTER_<td></td>_APENTER_<td style=_APQUOT_text-align: justify;_APQUOT_>Pour un local a très bonne étanchéité :<br /><br />Surface totale des fuites A = 0,001 m2<br /><br />Cela correspond à un écart d_APAPOST_environ 1 mm au-dessous d’une porte ou d_APAPOST_un trou de diamètre 3,5cm environ.</td>_APENTER_</tr>_APENTER_<tr>_APENTER_<td></td>_APENTER_<td><img src=_APQUOT_https://comelec.fr/img/cms/RDP-Calcul-de-la-pression-ambiante-attendue-3.png_APQUOT_ alt=_APQUOT__APQUOT_ style=_APQUOT_display: block; margin-left: auto; margin-right: auto;_APQUOT_ width=_APQUOT_385_APQUOT_ height=_APQUOT_36_APQUOT_ /></td>_APENTER_</tr>_APENTER_<tr>_APENTER_<td></td>_APENTER_<td style=_APQUOT_text-align: justify;_APQUOT_>Pour un local avec une étanchéité standard: <br /><br />Surface totale des fuites A = 0,015 m2<br /><br />Cela correspond à un écart d_APAPOST_environ 15 mm au-dessous de la porte ou d_APAPOST_un trou circulaire avec un diamètre d_APAPOST_environ 14 cm.</td>_APENTER_</tr>_APENTER_<tr>_APENTER_<td></td>_APENTER_<td><img src=_APQUOT_https://comelec.fr/img/cms/RDP-Calcul-de-la-pression-ambiante-attendue-4.png_APQUOT_ alt=_APQUOT__APQUOT_ style=_APQUOT_display: block; margin-left: auto; margin-right: auto;_APQUOT_ width=_APQUOT_373_APQUOT_ height=_APQUOT_43_APQUOT_ /></td>_APENTER_</tr>_APENTER_<tr>_APENTER_<td></td>_APENTER_<td style=_APQUOT_text-align: justify;_APQUOT_>Dans notre premier exemple de calcul (16.7 m3/h), pour maintenir une pression stable on comprend qu’il faudra des systèmes très sensibles et très précis. Dans le second cas (251m3/h), la tâche devient plus facile mais nécessite un débit plus grand que l’installation devra permettre. En conclusion il est important pour ce type de régulation de </td>_APENTER_</tr>_APENTER_<tr>_APENTER_<td></td>_APENTER_<td style=_APQUOT_text-align: justify;_APQUOT_>_APENTER_<p><strong> 1- Régulation de la pression sur une unité</strong><br /><br />Pour maintenir une dépression ou une surpression dans un local, ont peut agir soit sur une unité de soufflage soit sur une unité d_APAPOST_extraction. Le régulateur de pression mesure la différence de pression entre le local et une référence extérieure, puis commande le clapet d_APAPOST_ouverture du registre motorisé en fonction de la quantité d_APAPOST_air souhaitée. Afin d_APAPOST_éviter des phénomènes oscillatoires indésirables dus aux fluctuations de pression en gaine, on pourra optimiser la régulation en jouant sur le temps d_APAPOST_intégration du régulateur.</p>_APENTER_<p>Ce type de régulation peut s_APAPOST_executer soit sur une unité de soufflage soit sur une unité d_APAPOST_extraction.</p>_APENTER_</td>_APENTER_</tr>_APENTER_<tr>_APENTER_<td></td>_APENTER_<td><img src=_APQUOT_https://comelec.fr/img/cms/regul_p_1.png_APQUOT_ alt=_APQUOT__APQUOT_ style=_APQUOT_display: block; margin-left: auto; margin-right: auto;_APQUOT_ width=_APQUOT_450_APQUOT_ height=_APQUOT_332_APQUOT_ /></td>_APENTER_</tr>_APENTER_<tr>_APENTER_<td></td>_APENTER_<td style=_APQUOT_text-align: center;_APQUOT_>Figure 1 – Régulation de pression d_APAPOST_un local sur unité de soufflage.</td>_APENTER_</tr>_APENTER_<tr>_APENTER_<td></td>_APENTER_<td style=_APQUOT_text-align: justify;_APQUOT_>_APENTER_<p><strong> 2- Régulation de la pression sur plusieurs unités</strong><br /><br />Afin d_APAPOST_optimiser le maintien de la pression dans le local, on pourra réguler non plus sur une seule boîte à débit variable, mais sur deux; soufflage et extraction.</p>_APENTER_<p><em><strong>Pour maintenir une dépression </strong></em>: Le régulateur va d_APAPOST_abord agir sur l_APAPOST_unité de soufflage en diminuant la quantité d_APAPOST_air soufflé pour atteindre la consigne. Si la consigne n_APAPOST_est pas atteinte quand l_APAPOST_unité de soufflage est fermée, le régulateur va agir sur l_APAPOST_unité d_APAPOST_extraction pour atteindre la consigne de pression.<br /><br /><em><strong>Pour maintenir une surpression </strong></em>: Le régulateur va d_APAPOST_abord agir sur l_APAPOST_unité d_APAPOST_extraction en diminuant la quantité d_APAPOST_air repris pour atteindre la consigne. Si la consigne n_APAPOST_est pas atteinte quand l_APAPOST_unité d_APAPOST_extraction est fermée, le régulateur va agir sur l_APAPOST_unité de soufflage pour atteindre la consigne de pression.<br /><br />Ce type de régulation en cascade soufflage/extraction atteint ses limites dans les locaux ayant un très faible débit de fuite, comme ceux que l_APAPOST_on trouve dans les animaleries, salles propres et laboratoires. Le matériel devra par conséquant être adapté afin de fournir une régulation précise et stable.</p>_APENTER_</td>_APENTER_</tr>_APENTER_<tr>_APENTER_<td></td>_APENTER_<td><img src=_APQUOT_https://comelec.fr/img/cms/Regulation_pression.png_APQUOT_ alt=_APQUOT__APQUOT_ style=_APQUOT_display: block; margin-left: auto; margin-right: auto;_APQUOT_ width=_APQUOT_450_APQUOT_ height=_APQUOT_288_APQUOT_ /></td>_APENTER_</tr>_APENTER_<tr>_APENTER_<td></td>_APENTER_<td style=_APQUOT_text-align: center;_APQUOT_>Figure 1 – Régulation de pression d_APAPOST_un local sur unités de Soufflage / Extraction.</td>_APENTER_</tr>_APENTER_<tr>_APENTER_<td></td>_APENTER_<td style=_APQUOT_text-align: justify;_APQUOT_><strong> 3- Régulation de la pression en gaine</strong><br /><br /> La régulation de pression en gaine fait partie intégrante de la diffusion d_APAPOST_air dans les systèmes de climatisation. Pour les bâtiments constitués de longs couloirs et de nombreuses pièces identiques, les dépenses sont réduites quand la pression statique dans une section de gaine est régulée. Au lieu d_APAPOST_avoir un régulateur de débit dans chaque pièce, on utilise un clapet de fermeture à moteur contrôlé.</td>_APENTER_</tr>_APENTER_<tr>_APENTER_<td></td>_APENTER_<td style=_APQUOT_text-align: center;_APQUOT_><img src=_APQUOT_https://comelec.fr/img/cms/regulation_pression_gaine.png_APQUOT_ alt=_APQUOT__APQUOT_ width=_APQUOT_400_APQUOT_ height=_APQUOT_366_APQUOT_ /></td>_APENTER_</tr>_APENTER_<tr>_APENTER_<td></td>_APENTER_<td style=_APQUOT_text-align: center;_APQUOT_>Figure 1 – Régulation de pression en gaine</td>_APENTER_</tr>_APENTER_</tbody>_APENTER_</table>_APENTER_</div>\"][/ApHtml][/ApAccordion][ApAccordion form_id=\"form_39212281619382345\" id=\"collapse-13681668139342168\" parent_id=\"accordion_9556497334932376\" active=\"1\" title=\"Régulation de la vitesse frontale d`une sorbonne\"][ApHtml form_id=\"form_13420436248221802\" class=\"\" accordion_type=\"full\" override_folder=\"\" active=\"1\" title=\"\" sub_title=\"\" content_html=\"<div>_APENTER_<table cellspacing=_APQUOT_20_APQUOT_ cellpadding=_APQUOT_5_APQUOT_>_APENTER_<tbody>_APENTER_<tr>_APENTER_<td></td>_APENTER_<td></td>_APENTER_</tr>_APENTER_<tr>_APENTER_<td></td>_APENTER_<td></td>_APENTER_</tr>_APENTER_<tr>_APENTER_<td style=_APQUOT_text-align: center;_APQUOT_></td>_APENTER_<td style=_APQUOT_text-align: center;_APQUOT_><img src=_APQUOT_https://comelec.fr/img/cms/regulation-vitesse-frontale-sorbonne.png_APQUOT_ width=_APQUOT_200_APQUOT_ height=_APQUOT_135_APQUOT_ /></td>_APENTER_</tr>_APENTER_<tr>_APENTER_<td style=_APQUOT_text-align: center;_APQUOT_></td>_APENTER_<td style=_APQUOT_text-align: center;_APQUOT_></td>_APENTER_</tr>_APENTER_<tr>_APENTER_<td>_APENTER_<p style=_APQUOT_text-align: justify;_APQUOT_></p>_APENTER_</td>_APENTER_<td>_APENTER_<p><strong>1- Principe de régulation sur une sorbonne</strong></p>_APENTER_</td>_APENTER_</tr>_APENTER_<tr>_APENTER_<td></td>_APENTER_<td>_APENTER_<p><strong><img src=_APQUOT_https://comelec.fr/img/cms/regulation-sorbonne-figure7.png_APQUOT_ style=_APQUOT_display: block; margin-left: auto; margin-right: auto;_APQUOT_ width=_APQUOT_600_APQUOT_ height=_APQUOT_447_APQUOT_ /><br /></strong></p>_APENTER_</td>_APENTER_</tr>_APENTER_<tr>_APENTER_<td></td>_APENTER_<td>_APENTER_<p><strong>2- Mesure de la vitesse frontale</strong></p>_APENTER_</td>_APENTER_</tr>_APENTER_<tr>_APENTER_<td></td>_APENTER_<td style=_APQUOT_text-align: justify;_APQUOT_>La dépression (<strong><span style=_APQUOT_color: #d0121a;_APQUOT_>PL</span>-<span style=_APQUOT_color: #2c9ffd;_APQUOT_>PS</span></strong>) due à l’extraction de l’air va créer un passage d’air au travers de la sonde. La vitesse d’air traversant celle-ci sera identique à celle entrant dans la sorbonne. L’air traversant la sonde, va plus ou moins refroidir un capteur de type fil chaud ou corps chaud et c’est cette différence de température qui permettra d’en déduire la vitesse (cf. anémométrie). La régulation consiste alors à commander un organe (variateur de fréquence ou volet motorisé) afin de maintenir une vitesse d’air à l’entrée de la sorbonne de façon à avoir en permanence un confinement optimal. (généralement 0.5m.s-1 à 40cm).<br /><br />Dans certains laboratoires où le risque d’explosion est présent, les sorbonnes ainsi que les ventilateurs et les équipements de régulation doivent être aux normes ATEX (Atmosphère Explosive). Il faut donc, modifier le principe de mesure afin de n’avoir aucun élément chauffant dans la pièce.<br /><br />Le principe consiste alors à introduire un capteur de débit en gaine (cf. mesure de débit), afin de pouvoir mesurer la quantité d’air extraite par la sorbonne.</td>_APENTER_</tr>_APENTER_<tr>_APENTER_<td></td>_APENTER_<td><strong>3- Principe de régulation sur plusieurs sorbonne</strong></td>_APENTER_</tr>_APENTER_<tr>_APENTER_<td></td>_APENTER_<td><img src=_APQUOT_https://comelec.fr/img/cms/regulation-sorbonne-figure8.png_APQUOT_ style=_APQUOT_display: block; margin-left: auto; margin-right: auto;_APQUOT_ width=_APQUOT_600_APQUOT_ height=_APQUOT_326_APQUOT_ /></td>_APENTER_</tr>_APENTER_<tr>_APENTER_<td></td>_APENTER_<td style=_APQUOT_text-align: justify;_APQUOT_><br />Dans cet exemple chaque sorbonne est équipée non pas d’un ventilateur mais d’un volet motorisé qui laisse passer une plus ou moins grande quantité d’air suivant un signal de commande donné.En fonction du modèle de sorbonne utilisé, un ventilateur adapté sera choisi de manière à ce qu’il soit, capable d’extraire la somme des débits extraits de chaque sorbonne.<br /><br />Le ventilateur de soufflage est quant à lui commandé par un signal provenant d_APAPOST_une sonde de débit, et insuffle une quantité d_APAPOST_air proportionnelle à celle extraite.Ce cas d’école met en œuvre une régulation indépendante de chaque sorbonne pour un même réseau aéraulique.</td>_APENTER_</tr>_APENTER_<tr>_APENTER_<td></td>_APENTER_<td style=_APQUOT_text-align: justify;_APQUOT_>Autre solution: La combinaison de fréquences</td>_APENTER_</tr>_APENTER_<tr>_APENTER_<td></td>_APENTER_<td><img src=_APQUOT_https://comelec.fr/img/cms/Principe_fonctionnement_2V.png_APQUOT_ style=_APQUOT_display: block; margin-left: auto; margin-right: auto;_APQUOT_ width=_APQUOT_600_APQUOT_ height=_APQUOT_502_APQUOT_ /></td>_APENTER_</tr>_APENTER_<tr>_APENTER_<td></td>_APENTER_<td style=_APQUOT_text-align: justify;_APQUOT_></td>_APENTER_</tr>_APENTER_<tr>_APENTER_<td></td>_APENTER_<td style=_APQUOT_text-align: justify;_APQUOT_>Afin d’ajuster au mieux la consommation d’air d’un laboratoire, il est nécessaire de connaître en temps réel les débits d’air de chaque sorbonne afin de pouvoir agir sur le soufflage de façon optimale.<br /><br />Il devient alors nécessaire de communiquer des informations. Ainsi si les systèmes de régulation sont équipés d’une partie communicante, il est possible de récupérer par l’intermédiaire d’un bus toutes les informations nécessaires à la commande des différents organes tels que :<br />_APENTER_<ul style=_APQUOT_list-style-type: circle;_APQUOT_>_APENTER_<li>Le chauffage et/ou la/ climatisation,</li>_APENTER_<li>Le soufflage et/ou extraction d’air,</li>_APENTER_<li>Les registres de diffusion.</li>_APENTER_</ul>_APENTER_</td>_APENTER_</tr>_APENTER_<tr>_APENTER_<td></td>_APENTER_<td style=_APQUOT_text-align: justify;_APQUOT_>Depuis quelques années, les bâtiments du laboratoire, de la pharmaceutique ou de l’agroalimentaire, disposent d’une GTC (Gestion Technique Centralisée) ou GTB (Gestion Technique du Bâtiment) qui supervise l’ensemble du réseau aéraulique et électrique d’un bâtiment. Cette assistance technique utilise certaines méthodes ou procédés de communication afin de gérer au mieux les dépenses énergétiques d’un bâtiment.<br /><br />Du fait de cette avancée technologique les fabricants se sont mis à développer des systèmes de régulation intelligents, capables de communiquer entre eux sur un réseau afin d’assurer au mieux les consommations d’énergie.<br /><br />Bien qu’utilisant de nouvelles technologies, le principe de régulation par bus reste simple.<br /><br />Chaque élément (appelé aussi « objet ») caractéristique d’un laboratoire (sorbonne, hotte diffuseur, extracteur) est équipé d’un module électronique raccordé sur un bus. Ce dernier collecte les informations de ces différents objets et achemine le flux vers un organe de supervision (ordinateur ou automate GTC) qui se charge d’analyser et traiter les informations utiles pour gérer le laboratoire à un instant donné.<br /><br />Avec cette méthode, on peut ainsi réduire la consommation d’air en fonction du nombre d’objets et de leurs états (allumé, éteint, ou en panne).<br /><br />Cette supervision des bâtiments est très demandée par les industriels depuis quelques années. En effet, les professionnels du laboratoire souhaitent avoir une centralisation de l’information qui leur permet d’avoir une vision globale du site, afin de localiser n’importe quel équipement et de remédier à un défaut dans un temps très court.<br /><br />Forte de cette demande, la société COMELEC a décidé de mettre au point toute une gamme de produits communicants destinée au secteur du laboratoire.<br /><br /></td>_APENTER_</tr>_APENTER_<tr>_APENTER_<td></td>_APENTER_<td style=_APQUOT_text-align: justify;_APQUOT_>4- Principe de régulation par bus de terrain et logiciel de supervision</td>_APENTER_</tr>_APENTER_<tr>_APENTER_<td></td>_APENTER_<td><img src=_APQUOT_https://comelec.fr/img/cms/regulation-sorbonne-figure9.png_APQUOT_ alt=_APQUOT__APQUOT_ style=_APQUOT_display: block; margin-left: auto; margin-right: auto;_APQUOT_ width=_APQUOT_500_APQUOT_ height=_APQUOT_501_APQUOT_ /></td>_APENTER_</tr>_APENTER_<tr>_APENTER_<td></td>_APENTER_<td style=_APQUOT_text-align: center;_APQUOT_>Figure 9 – Régulation d’un groupe de sorbonne par bus de terrain et logiciel de supervision.</td>_APENTER_</tr>_APENTER_<tr>_APENTER_<td></td>_APENTER_<td>L’exemple ci-après illustre le principe de la régulation par bus.<br /><br />Chaque objet (ici une sorbonne) est équipé d’un calculateur avec une interface de communication qui permet d’envoyer toutes les informations sur l’état de la sorbonne, utiles à la supervision de la pièce. Dans cet exemple, chaque calculateur envoie sur le bus les informations suivantes :<br />_APENTER_<ul style=_APQUOT_list-style-type: circle;_APQUOT_>_APENTER_<li>vitesse frontale,</li>_APENTER_<li>débit d’air extrait,</li>_APENTER_<li>état de la sorbonne (marche / Veille),</li>_APENTER_<li>défaut quelconque sur la sorbonne.</li>_APENTER_</ul>_APENTER_</td>_APENTER_</tr>_APENTER_<tr>_APENTER_<td></td>_APENTER_<td style=_APQUOT_text-align: justify;_APQUOT_>Ces informations sont recueillies par un ordinateur équipé d’un logiciel de supervision qui commande les organes de soufflage. La compensation d’air devient proportionnelle au nombre de sorbonnes en marche et est fonction de l’état de chacune.De plus, si une sorbonne présente un défaut, celui-ci doit être immédiatement transmis au logiciel de supervision qui alerte un technicien. Il est ainsi possible pour ce dernier de surveiller l’ensemble d’un bâtiment.L’aspect économique est aussi mis en avant, car le volume d’air à insuffler dans chaque pièce étant directement proportionnel au nombre de sorbonnes en fonctionnement ; le traitement (chauffage, assainissement) de celui-ci s’en trouvera réduit.Cette méthode de régulation et de gestion des flux d’air apporte économie d’énergie et sécurité de fonctionnement du dispositif technique.</td>_APENTER_</tr>_APENTER_</tbody>_APENTER_</table>_APENTER_</div>\"][/ApHtml][/ApAccordion][/ApAccordions][/ApColumn][/ApRow]');

-- --------------------------------------------------------

--
-- Table structure for table `ps_appagebuilder_page`
--

CREATE TABLE `ps_appagebuilder_page` (
  `id_product` int(11) UNSIGNED NOT NULL,
  `id_category` int(11) UNSIGNED NOT NULL,
  `page` varchar(255) NOT NULL,
  `id_shop` int(10) UNSIGNED NOT NULL
) ENGINE=InnoDB DEFAULT CHARSET=utf8;

-- --------------------------------------------------------

--
-- Table structure for table `ps_appagebuilder_positions`
--

CREATE TABLE `ps_appagebuilder_positions` (
  `id_appagebuilder_positions` int(11) NOT NULL,
  `name` varchar(255) NOT NULL,
  `position` varchar(255) NOT NULL,
  `position_key` varchar(255) NOT NULL,
  `params` text DEFAULT NULL
) ENGINE=InnoDB DEFAULT CHARSET=utf8;

--
-- Dumping data for table `ps_appagebuilder_positions`
--

INSERT INTO `ps_appagebuilder_positions` (`id_appagebuilder_positions`, `name`, `position`, `position_key`, `params`) VALUES
(1, 'header 1', 'header', 'position1513788616', ''),
(2, 'content 1', 'content', 'position1513766801', ''),
(3, 'footer 1', 'footer', 'position1513766051', ''),
(4, 'product default', 'product', 'position1501433755', ''),
(5, 'header 2', 'header', 'position1513910478', ''),
(6, 'content 2', 'content', 'position1513924939', ''),
(7, 'content 3', 'content', 'position1513939229', '');

-- --------------------------------------------------------

--
-- Table structure for table `ps_appagebuilder_positions_shop`
--

CREATE TABLE `ps_appagebuilder_positions_shop` (
  `id_appagebuilder_positions` int(11) NOT NULL,
  `id_shop` int(10) UNSIGNED NOT NULL
) ENGINE=InnoDB DEFAULT CHARSET=utf8;

--
-- Dumping data for table `ps_appagebuilder_positions_shop`
--

INSERT INTO `ps_appagebuilder_positions_shop` (`id_appagebuilder_positions`, `id_shop`) VALUES
(1, 1),
(2, 1),
(3, 1),
(4, 1),
(5, 1),
(6, 1),
(7, 1);

-- --------------------------------------------------------

--
-- Table structure for table `ps_appagebuilder_products`
--

CREATE TABLE `ps_appagebuilder_products` (
  `id_appagebuilder_products` int(11) NOT NULL,
  `plist_key` varchar(255) DEFAULT NULL,
  `name` varchar(255) DEFAULT NULL,
  `class` varchar(255) DEFAULT NULL,
  `params` text DEFAULT NULL,
  `type` tinyint(1) DEFAULT NULL,
  `active` tinyint(1) DEFAULT NULL
) ENGINE=InnoDB DEFAULT CHARSET=utf8;

--
-- Dumping data for table `ps_appagebuilder_products`
--

INSERT INTO `ps_appagebuilder_products` (`id_appagebuilder_products`, `plist_key`, `name`, `class`, `params`, `type`, `active`) VALUES
(1, 'plist1501781109', 'plist-default', 'plist-default', '{\"gridLeft\":{\"0\":{\"name\":\"product_thumbnail_no_second_image\"},\"1\":{\"name\":\"product_flags\"},\"2\":{\"name\":\"functional_buttons\",\"element\":{\"0\":{\"name\":\"quickview\"}}}},\"gridRight\":{\"0\":{\"name\":\"code\",\"code\":\"<div class=_APQUOT_p-name_APQUOT_>\"},\"1\":{\"name\":\"product_name\"},\"2\":{\"name\":\"wishlist\"},\"3\":{\"name\":\"code\",\"code\":\"</div>\"},\"4\":{\"name\":\"code\",\"code\":\"<div class=_APQUOT_p-price_APQUOT_>\"},\"5\":{\"name\":\"add_to_cart\"},\"6\":{\"name\":\"product_price_and_shipping\"},\"7\":{\"name\":\"code\",\"code\":\"</div>\"},\"8\":{\"name\":\"product_description_short\"}}}', 0, 1),
(2, 'plist1510921072', 'plist-center', 'plist-center', '{\"gridLeft\":{\"0\":{\"name\":\"product_thumbnail_no_leomoreinfo\"},\"1\":{\"name\":\"product_flags\"},\"2\":{\"name\":\"quickview\"}},\"gridRight\":{\"0\":{\"name\":\"code\",\"code\":\"<div class=_APQUOT_pro-info_APQUOT_>\"},\"1\":{\"name\":\"product_variants\"},\"2\":{\"name\":\"code\",\"code\":\"</div>\"},\"3\":{\"name\":\"product_name\"},\"4\":{\"name\":\"product_price_and_shipping\"},\"5\":{\"name\":\"product_description_short\"},\"6\":{\"name\":\"code\",\"code\":\"<div class=_APQUOT_pro-btn_APQUOT_>\"},\"7\":{\"name\":\"add_to_cart\"},\"8\":{\"name\":\"wishlist\"},\"9\":{\"name\":\"compare\"},\"10\":{\"name\":\"code\",\"code\":\"</div>\"}}}', 0, 0),
(3, 'plist1510937024', 'plist-dsimple', 'plist-dsimple', '{\"gridLeft\":{\"0\":{\"name\":\"product_thumbnail_no_leomoreinfo\"},\"1\":{\"name\":\"product_flags\"},\"2\":{\"name\":\"code\",\"code\":\"<div class=_APQUOT_pro3-btn_APQUOT_>\"},\"3\":{\"name\":\"quickview\"},\"4\":{\"name\":\"add_to_cart\"},\"5\":{\"name\":\"wishlist\"},\"6\":{\"name\":\"compare\"},\"7\":{\"name\":\"code\",\"code\":\"</div>\"}},\"gridRight\":{\"0\":{\"name\":\"product_name\"},\"1\":{\"name\":\"product_price_and_shipping\"},\"2\":{\"name\":\"product_description_short\"}}}', 0, 0),
(4, 'plist1512131371', 'plist-image', 'plist-image', '{\"gridLeft\":{\"0\":{\"name\":\"product_thumbnail_no_leomoreinfo\"},\"1\":{\"name\":\"product_flags\"},\"2\":{\"name\":\"functional_buttons\",\"element\":{\"0\":{\"name\":\"quickview\"},\"1\":{\"name\":\"wishlist\"},\"2\":{\"name\":\"compare\"},\"3\":{\"name\":\"add_to_cart\"}}}},\"gridRight\":{\"0\":{\"name\":\"product_name\"},\"1\":{\"name\":\"product_price_and_shipping\"}}}', 0, 0),
(5, 'plist1512552970', 'plist-modern', 'plist-modern', '{\"gridLeft\":{\"0\":{\"name\":\"product_flags\"},\"1\":{\"name\":\"product_thumbnail_no_leomoreinfo\"},\"2\":{\"name\":\"functional_buttons\",\"element\":{\"0\":{\"name\":\"wishlist\"},\"1\":{\"name\":\"compare\"}}}},\"gridRight\":{\"0\":{\"name\":\"product_name\"},\"1\":{\"name\":\"product_price_and_shipping\"},\"2\":{\"name\":\"code\",\"code\":\"<div class=_APQUOT_pro-info_APQUOT_>\"},\"3\":{\"name\":\"reviews\"},\"4\":{\"name\":\"add_to_cart\"},\"5\":{\"name\":\"quickview\"},\"6\":{\"name\":\"code\",\"code\":\"</div>\"},\"7\":{\"name\":\"product_description_short\"}}}', 0, 1),
(6, 'plist1512598029', 'plist-simple', 'plist-simple', '{\"gridLeft\":{\"0\":{\"name\":\"product_thumbnail_small\"}},\"gridRight\":{\"0\":{\"name\":\"product_name\"},\"1\":{\"name\":\"product_price_and_shipping\"}}}', 0, 0),
(7, 'plist1531911582', 'plist-dsimple-no-second-image', 'plist-dsimple', '{\"gridLeft\":{\"0\":{\"name\":\"product_thumbnail_no_second_image\"},\"1\":{\"name\":\"product_flags\"},\"2\":{\"name\":\"code\",\"code\":\"<div class=_APQUOT_pro3-btn_APQUOT_>\"},\"3\":{\"name\":\"quickview\"},\"4\":{\"name\":\"add_to_cart\"},\"5\":{\"name\":\"wishlist\"},\"6\":{\"name\":\"compare\"},\"7\":{\"name\":\"code\",\"code\":\"</div>\"}},\"gridRight\":{\"0\":{\"name\":\"product_name\"},\"1\":{\"name\":\"product_price_and_shipping\"}}}', 0, 0);

-- --------------------------------------------------------

--
-- Table structure for table `ps_appagebuilder_products_shop`
--

CREATE TABLE `ps_appagebuilder_products_shop` (
  `id_appagebuilder_products` int(11) NOT NULL,
  `id_shop` int(10) UNSIGNED NOT NULL,
  `active` tinyint(1) DEFAULT NULL
) ENGINE=InnoDB DEFAULT CHARSET=utf8;

--
-- Dumping data for table `ps_appagebuilder_products_shop`
--

INSERT INTO `ps_appagebuilder_products_shop` (`id_appagebuilder_products`, `id_shop`, `active`) VALUES
(1, 1, 0),
(2, 1, 0),
(3, 1, 1),
(4, 1, NULL),
(5, 1, NULL),
(6, 1, NULL),
(7, 1, NULL);

-- --------------------------------------------------------

--
-- Table structure for table `ps_appagebuilder_profiles`
--

CREATE TABLE `ps_appagebuilder_profiles` (
  `id_appagebuilder_profiles` int(11) NOT NULL,
  `name` varchar(255) DEFAULT NULL,
  `group_box` varchar(255) DEFAULT NULL,
  `profile_key` varchar(255) DEFAULT NULL,
  `page` varchar(255) DEFAULT NULL,
  `params` text DEFAULT NULL,
  `header` int(11) UNSIGNED NOT NULL,
  `content` int(11) UNSIGNED NOT NULL,
  `footer` int(11) UNSIGNED NOT NULL,
  `product` int(11) UNSIGNED NOT NULL,
  `active` tinyint(1) DEFAULT NULL
) ENGINE=InnoDB DEFAULT CHARSET=utf8;

--
-- Dumping data for table `ps_appagebuilder_profiles`
--

INSERT INTO `ps_appagebuilder_profiles` (`id_appagebuilder_profiles`, `name`, `group_box`, `profile_key`, `page`, `params`, `header`, `content`, `footer`, `product`, `active`) VALUES
(1, 'home 1', '', 'profile1513763645', 'index', '{\"fullwidth_index_hook\":{\"displayBanner\":0,\"displayNav1\":\"1\",\"displayNav2\":\"1\",\"displayTop\":\"1\",\"displayHome\":\"1\",\"displayFooterBefore\":\"1\",\"displayFooter\":\"1\",\"displayFooterAfter\":\"1\"},\"fullwidth_other_hook\":{\"displayBanner\":0,\"displayNav1\":\"1\",\"displayNav2\":\"1\",\"displayTop\":\"1\",\"displayHome\":0,\"displayFooterBefore\":\"1\",\"displayFooter\":\"1\",\"displayFooterAfter\":\"1\"},\"disable_cache_hook\":{\"displayBanner\":0,\"displayNav1\":\"1\",\"displayNav2\":\"1\",\"displayTop\":\"1\",\"displayHome\":0,\"displayFooterBefore\":0,\"displayFooter\":0,\"displayFooterAfter\":0}}', 1, 2, 3, 4, NULL),
(2, 'home 2', '', 'profile1513923710', 'index', '{\"displayHome\":{\"productCarousel\":{\"order_way\":\"random\"}},\"fullwidth_index_hook\":{\"displayBanner\":0,\"displayNav1\":\"1\",\"displayNav2\":\"1\",\"displayTop\":\"1\",\"displayHome\":\"1\",\"displayFooterBefore\":\"1\",\"displayFooter\":\"1\",\"displayFooterAfter\":\"1\"},\"fullwidth_other_hook\":{\"displayBanner\":0,\"displayNav1\":\"1\",\"displayNav2\":\"1\",\"displayTop\":\"1\",\"displayHome\":0,\"displayFooterBefore\":\"1\",\"displayFooter\":\"1\",\"displayFooterAfter\":\"1\"},\"disable_cache_hook\":{\"displayBanner\":0,\"displayNav1\":\"1\",\"displayNav2\":\"1\",\"displayTop\":\"1\",\"displayHome\":0,\"displayFooterBefore\":0,\"displayFooter\":0,\"displayFooterAfter\":0}}', 5, 6, 3, 4, NULL),
(3, 'home 3', '', 'profile1513951283', 'index', '{\"displayHome\":{\"productCarousel\":{\"order_way\":\"random\"}},\"fullwidth_index_hook\":{\"displayBanner\":0,\"displayNav1\":\"1\",\"displayNav2\":\"1\",\"displayTop\":\"1\",\"displayHome\":\"1\",\"displayFooterBefore\":\"1\",\"displayFooter\":\"1\",\"displayFooterAfter\":\"1\"},\"fullwidth_other_hook\":{\"displayBanner\":0,\"displayNav1\":\"1\",\"displayNav2\":\"1\",\"displayTop\":\"1\",\"displayHome\":0,\"displayFooterBefore\":\"1\",\"displayFooter\":\"1\",\"displayFooterAfter\":\"1\"},\"disable_cache_hook\":{\"displayBanner\":0,\"displayNav1\":\"1\",\"displayNav2\":\"1\",\"displayTop\":\"1\",\"displayHome\":0,\"displayFooterBefore\":0,\"displayFooter\":0,\"displayFooterAfter\":0}}', 1, 7, 3, 4, NULL);

-- --------------------------------------------------------

--
-- Table structure for table `ps_appagebuilder_profiles_lang`
--

CREATE TABLE `ps_appagebuilder_profiles_lang` (
  `id_appagebuilder_profiles` int(11) NOT NULL,
  `id_lang` int(10) UNSIGNED NOT NULL,
  `friendly_url` varchar(255) DEFAULT NULL,
  `meta_title` varchar(255) DEFAULT NULL,
  `meta_description` varchar(255) DEFAULT NULL,
  `meta_keywords` varchar(255) DEFAULT NULL
) ENGINE=InnoDB DEFAULT CHARSET=utf8;

--
-- Dumping data for table `ps_appagebuilder_profiles_lang`
--

INSERT INTO `ps_appagebuilder_profiles_lang` (`id_appagebuilder_profiles`, `id_lang`, `friendly_url`, `meta_title`, `meta_description`, `meta_keywords`) VALUES
(1, 1, 'home-1', '', '', ''),
(2, 1, 'home-2', '', '', ''),
(3, 1, 'home-3', '', '', '');

-- --------------------------------------------------------

--
-- Table structure for table `ps_appagebuilder_profiles_shop`
--

CREATE TABLE `ps_appagebuilder_profiles_shop` (
  `id_appagebuilder_profiles` int(11) NOT NULL,
  `id_shop` int(10) UNSIGNED NOT NULL,
  `active` tinyint(1) DEFAULT NULL
) ENGINE=InnoDB DEFAULT CHARSET=utf8;

--
-- Dumping data for table `ps_appagebuilder_profiles_shop`
--

INSERT INTO `ps_appagebuilder_profiles_shop` (`id_appagebuilder_profiles`, `id_shop`, `active`) VALUES
(1, 1, 1),
(2, 1, 0),
(3, 1, 0);

-- --------------------------------------------------------

--
-- Table structure for table `ps_appagebuilder_shop`
--

CREATE TABLE `ps_appagebuilder_shop` (
  `id_appagebuilder` int(11) NOT NULL,
  `id_shop` int(10) UNSIGNED NOT NULL
) ENGINE=InnoDB DEFAULT CHARSET=utf8;

--
-- Dumping data for table `ps_appagebuilder_shop`
--

INSERT INTO `ps_appagebuilder_shop` (`id_appagebuilder`, `id_shop`) VALUES
(1, 1),
(2, 1),
(3, 1),
(4, 1),
(5, 1),
(6, 1),
(7, 1),
(8, 1),
(9, 1),
(10, 1),
(11, 1),
(12, 1),
(13, 1),
(14, 1),
(15, 1),
(16, 1),
(17, 1),
(18, 1),
(19, 1),
(20, 1),
(21, 1),
(22, 1),
(23, 1),
(24, 1),
(25, 1),
(26, 1),
(27, 1),
(28, 1),
(29, 1),
(30, 1),
(32, 1),
(33, 1),
(34, 1),
(35, 1);

-- --------------------------------------------------------

--
-- Table structure for table `ps_appagebuilder_shortcode`
--

CREATE TABLE `ps_appagebuilder_shortcode` (
  `id_appagebuilder_shortcode` int(11) NOT NULL,
  `shortcode_key` varchar(255) NOT NULL,
  `active` tinyint(1) DEFAULT NULL
) ENGINE=InnoDB DEFAULT CHARSET=utf8;

--
-- Dumping data for table `ps_appagebuilder_shortcode`
--

INSERT INTO `ps_appagebuilder_shortcode` (`id_appagebuilder_shortcode`, `shortcode_key`, `active`) VALUES
(1, 'sc1530379367', 1),
(2, 'sc1531218817', 1),
(3, 'sc1531205929', 1),
(5, 'sc3485007215', 1),
(6, 'sc3094499773', 1),
(7, 'sc2504795748', 1),
(8, 'sc3502128174', 1);

-- --------------------------------------------------------

--
-- Table structure for table `ps_appagebuilder_shortcode_lang`
--

CREATE TABLE `ps_appagebuilder_shortcode_lang` (
  `id_appagebuilder_shortcode` int(11) UNSIGNED NOT NULL,
  `id_lang` int(10) UNSIGNED NOT NULL,
  `shortcode_name` text NOT NULL
) ENGINE=InnoDB DEFAULT CHARSET=utf8;

--
-- Dumping data for table `ps_appagebuilder_shortcode_lang`
--

INSERT INTO `ps_appagebuilder_shortcode_lang` (`id_appagebuilder_shortcode`, `id_lang`, `shortcode_name`) VALUES
(1, 1, 'Faq'),
(2, 1, 'outteam'),
(3, 1, 'banner category'),
(5, 1, 'Téléchargements'),
(6, 1, 'Formation'),
(7, 1, 'Principes'),
(8, 1, 'Solutions');

-- --------------------------------------------------------

--
-- Table structure for table `ps_appagebuilder_shortcode_shop`
--

CREATE TABLE `ps_appagebuilder_shortcode_shop` (
  `id_appagebuilder_shortcode` int(11) UNSIGNED NOT NULL,
  `id_shop` int(10) UNSIGNED NOT NULL,
  `active` tinyint(1) DEFAULT NULL
) ENGINE=InnoDB DEFAULT CHARSET=utf8;

--
-- Dumping data for table `ps_appagebuilder_shortcode_shop`
--

INSERT INTO `ps_appagebuilder_shortcode_shop` (`id_appagebuilder_shortcode`, `id_shop`, `active`) VALUES
(1, 1, 1),
(2, 1, 1),
(3, 1, 1),
(5, 1, 1),
(6, 1, 1),
(7, 1, 1),
(8, 1, 1);

-- --------------------------------------------------------

--
-- Table structure for table `ps_attachment`
--

CREATE TABLE `ps_attachment` (
  `id_attachment` int(10) UNSIGNED NOT NULL,
  `file` varchar(40) NOT NULL,
  `file_name` varchar(128) NOT NULL,
  `file_size` bigint(10) UNSIGNED NOT NULL DEFAULT 0,
  `mime` varchar(128) NOT NULL
) ENGINE=InnoDB DEFAULT CHARSET=utf8;

-- --------------------------------------------------------

--
-- Table structure for table `ps_attachment_lang`
--

CREATE TABLE `ps_attachment_lang` (
  `id_attachment` int(10) UNSIGNED NOT NULL,
  `id_lang` int(10) UNSIGNED NOT NULL,
  `name` varchar(32) DEFAULT NULL,
  `description` text DEFAULT NULL
) ENGINE=InnoDB DEFAULT CHARSET=utf8;

-- --------------------------------------------------------

--
-- Table structure for table `ps_attribute`
--

CREATE TABLE `ps_attribute` (
  `id_attribute` int(11) NOT NULL,
  `id_attribute_group` int(11) NOT NULL,
  `color` varchar(32) COLLATE utf8_unicode_ci NOT NULL,
  `position` int(11) NOT NULL
) ENGINE=InnoDB DEFAULT CHARSET=utf8 COLLATE=utf8_unicode_ci;

--
-- Dumping data for table `ps_attribute`
--

INSERT INTO `ps_attribute` (`id_attribute`, `id_attribute_group`, `color`, `position`) VALUES
(4, 2, '', 2),
(5, 2, '', 3),
(6, 2, '', 4),
(7, 2, '', 5),
(8, 2, '', 6),
(9, 2, '', 8),
(10, 2, '', 10),
(11, 2, '', 11),
(12, 2, '', 12),
(13, 2, '', 15),
(14, 2, '', 16),
(15, 2, '', 17),
(17, 2, '', 18),
(18, 2, '', 19),
(19, 2, '', 21),
(20, 2, '', 23),
(21, 4, '', 0),
(22, 4, '', 1),
(23, 2, '', 9),
(24, 2, '', 0),
(25, 5, '', 0),
(26, 5, '', 1),
(27, 5, '', 2),
(28, 5, '', 3),
(29, 5, '', 4),
(30, 5, '', 5),
(31, 5, '', 6),
(32, 5, '', 7),
(33, 6, '', 0),
(34, 6, '', 1),
(35, 7, '', 0),
(36, 7, '', 1),
(37, 2, '', 1),
(38, 2, '', 13),
(39, 2, '', 28),
(40, 2, '', 29),
(41, 2, '', 30),
(42, 2, '', 31),
(43, 2, '', 32),
(44, 2, '', 33),
(45, 2, '', 34),
(46, 2, '', 35),
(47, 2, '', 36),
(48, 2, '', 37),
(49, 2, '', 38),
(50, 2, '', 39),
(51, 2, '', 40),
(52, 2, '', 41),
(53, 2, '', 42),
(54, 2, '', 43),
(55, 2, '', 44),
(56, 2, '', 45),
(57, 2, '', 46),
(58, 2, '', 47),
(59, 2, '', 48),
(60, 2, '', 50),
(61, 2, '', 51),
(62, 2, '', 52),
(63, 2, '', 49),
(64, 2, '', 53),
(65, 2, '', 54),
(66, 2, '', 55),
(67, 2, '', 56),
(68, 2, '', 57),
(69, 2, '', 58),
(70, 2, '', 59),
(71, 2, '', 60),
(72, 2, '', 61),
(73, 2, '', 62),
(74, 2, '', 63),
(75, 2, '', 64),
(76, 2, '', 65),
(77, 2, '', 66),
(78, 2, '', 67),
(79, 2, '', 68),
(80, 2, '', 69),
(81, 2, '', 71),
(82, 2, '', 72),
(83, 2, '', 73),
(84, 2, '', 74),
(85, 2, '', 75),
(86, 2, '', 76),
(87, 2, '', 77),
(88, 2, '', 78),
(89, 2, '', 79),
(90, 2, '', 80),
(91, 2, '', 7),
(92, 8, '', 0),
(93, 8, '', 1),
(94, 7, '', 2),
(95, 11, '', 0),
(96, 11, '', 1),
(97, 2, '', 70),
(98, 2, '', 81),
(99, 2, '', 82),
(100, 2, '', 83),
(101, 2, '', 84),
(102, 2, '', 85),
(103, 2, '', 86),
(104, 2, '', 14),
(105, 2, '', 22),
(106, 2, '', 87),
(107, 2, '', 88),
(108, 2, '', 89),
(109, 2, '', 90),
(110, 2, '', 91),
(111, 2, '', 92),
(112, 2, '', 93),
(115, 9, '', 0),
(116, 9, '', 1),
(117, 10, '', 0),
(118, 10, '', 1),
(119, 12, '', 0),
(120, 12, '', 1),
(121, 12, '', 2),
(122, 12, '', 3),
(123, 12, '', 4),
(124, 12, '', 5),
(125, 12, '', 6),
(126, 12, '', 7),
(127, 13, '', 0),
(128, 13, '', 1),
(129, 13, '', 2),
(130, 13, '', 3),
(131, 14, '', 0),
(132, 14, '', 1),
(133, 14, '', 2),
(134, 15, '', 0),
(135, 15, '', 1),
(136, 16, '', 0),
(137, 16, '', 1),
(138, 17, '', 0),
(139, 17, '', 1),
(140, 17, '', 2),
(141, 17, '', 3),
(142, 17, '', 4),
(143, 18, '', 0),
(144, 18, '', 1),
(145, 19, '', 0),
(146, 19, '', 1),
(147, 20, '', 1),
(148, 20, '', 0),
(149, 21, '', 1),
(150, 21, '', 0),
(151, 22, '', 0),
(152, 22, '', 1),
(153, 22, '', 2),
(154, 22, '', 3),
(155, 22, '', 4),
(156, 22, '', 5),
(157, 22, '', 6),
(158, 22, '', 7),
(159, 22, '', 10),
(160, 22, '', 9),
(161, 18, '', 2),
(162, 18, '', 3),
(163, 22, '', 8),
(164, 22, '', 11),
(165, 5, '', 8),
(166, 5, '', 9),
(167, 5, '', 10),
(168, 5, '', 11),
(169, 5, '', 12),
(170, 5, '', 13),
(171, 5, '', 14),
(172, 23, '', 0),
(173, 23, '', 1),
(174, 24, '', 0),
(175, 24, '', 1),
(176, 24, '', 2),
(177, 25, '', 0),
(178, 25, '', 1),
(179, 25, '', 2),
(180, 26, '', 0),
(181, 27, '', 0),
(182, 27, '', 1),
(183, 27, '', 2),
(184, 27, '', 3),
(186, 28, '', 0),
(187, 28, '', 1),
(193, 28, '', 2),
(194, 28, '', 3),
(195, 28, '', 4),
(196, 28, '', 5),
(197, 28, '', 6),
(198, 28, '', 7),
(199, 2, '', 24),
(200, 2, '', 25),
(201, 2, '', 26),
(202, 2, '', 27),
(203, 29, '', 0),
(204, 29, '', 1),
(205, 30, '', 0),
(206, 30, '', 1),
(207, 30, '', 2),
(208, 30, '', 3),
(209, 30, '', 4),
(210, 30, '', 5),
(211, 30, '', 6),
(212, 30, '', 7),
(213, 30, '', 8),
(214, 30, '', 9),
(215, 30, '', 10),
(216, 30, '', 11),
(217, 30, '', 12),
(218, 30, '', 13),
(219, 32, '', 0),
(220, 32, '', 1),
(221, 31, '', 0),
(222, 31, '', 1),
(223, 33, '#00ff00', 1),
(224, 33, '', 0),
(225, 34, '', 0),
(227, 29, '', 2),
(228, 29, '', 3),
(229, 34, '', 1),
(230, 34, '', 2),
(231, 34, '', 3),
(232, 34, '', 4),
(233, 34, '', 5),
(234, 34, '', 6),
(235, 34, '', 7),
(236, 34, '', 8),
(237, 34, '', 9),
(238, 35, '', 1),
(239, 35, '', 2),
(240, 35, '', 3),
(241, 35, '', 4),
(242, 35, '', 5),
(243, 35, '', 6),
(244, 35, '', 7),
(245, 35, '', 8),
(246, 35, '', 9),
(247, 35, '', 10),
(248, 35, '', 11),
(249, 35, '', 12),
(250, 35, '', 13),
(251, 35, '', 14),
(252, 35, '', 15),
(253, 35, '', 16),
(254, 35, '', 17),
(255, 35, '', 18),
(256, 35, '', 19),
(257, 35, '', 20),
(258, 35, '', 21),
(259, 35, '', 22),
(260, 35, '', 23),
(261, 35, '', 24),
(262, 35, '', 25),
(263, 35, '', 26),
(264, 35, '', 27),
(265, 35, '', 28),
(266, 35, '', 29),
(267, 35, '', 30),
(268, 35, '', 31),
(269, 35, '', 32),
(270, 35, '', 33),
(271, 35, '', 34),
(272, 36, '', 0),
(273, 36, '', 1),
(274, 36, '', 2),
(275, 36, '', 3),
(276, 36, '', 5),
(277, 36, '', 6),
(278, 36, '', 7),
(279, 36, '', 8),
(280, 36, '', 9),
(281, 36, '', 10),
(282, 36, '', 11),
(283, 36, '', 12),
(284, 36, '', 13),
(285, 36, '', 14),
(286, 36, '', 15),
(287, 36, '', 16),
(288, 36, '', 17),
(289, 36, '', 18),
(290, 36, '', 19),
(291, 36, '', 20),
(292, 36, '', 21),
(293, 36, '', 22),
(294, 36, '', 23),
(295, 36, '', 24),
(296, 36, '', 25),
(297, 36, '', 26),
(298, 36, '', 27),
(299, 36, '', 28),
(300, 36, '', 29),
(301, 36, '', 30),
(302, 36, '', 31),
(303, 36, '', 32),
(304, 36, '', 33),
(305, 36, '', 4),
(306, 35, '', 0),
(307, 37, '', 0),
(308, 37, '', 1),
(309, 37, '', 2),
(310, 37, '', 3),
(311, 38, '', 0),
(312, 38, '', 1),
(313, 39, '', 0),
(314, 39, '', 1),
(315, 40, '', 0),
(316, 40, '', 1),
(317, 40, '', 2),
(318, 2, '', 20),
(319, 41, '', 0),
(320, 41, '', 1),
(321, 42, '', 0),
(322, 42, '', 1),
(323, 43, '', 0),
(324, 43, '', 1),
(325, 44, '', 0),
(326, 44, '', 1),
(327, 45, '', 0),
(328, 45, '', 2),
(329, 45, '', 3),
(330, 45, '', 4),
(331, 45, '', 5),
(332, 45, '', 6),
(333, 45, '', 7),
(334, 45, '', 8),
(335, 45, '', 9),
(336, 45, '', 10),
(337, 45, '', 1),
(338, 46, '', 0),
(339, 47, '', 0),
(340, 47, '', 1),
(341, 48, '', 0),
(342, 48, '', 1),
(343, 50, '', 0),
(344, 50, '', 1),
(345, 50, '', 2),
(346, 50, '', 3),
(347, 50, '', 4),
(348, 46, '', 1),
(349, 49, '', 0),
(350, 49, '', 1),
(351, 49, '', 2),
(352, 49, '', 3),
(353, 46, '', 2),
(354, 46, '', 3),
(355, 46, '', 4),
(356, 46, '', 5),
(357, 46, '', 6),
(358, 46, '', 7),
(359, 46, '', 8),
(360, 46, '', 9),
(361, 51, '', 0),
(362, 51, '', 1),
(363, 51, '', 2),
(364, 51, '', 3),
(365, 51, '', 4),
(366, 52, '', 0),
(367, 52, '', 1),
(368, 53, '', 0),
(369, 54, '', 0),
(370, 54, '', 1),
(371, 54, '', 2),
(372, 54, '', 3),
(373, 55, '', 0),
(374, 55, '', 1),
(375, 55, '', 2),
(376, 55, '', 3),
(377, 55, '', 4),
(378, 55, '', 5),
(379, 55, '', 6),
(380, 57, '', 0),
(381, 57, '', 1),
(382, 57, '', 2),
(383, 58, '', 0),
(384, 58, '', 1),
(385, 58, '', 2),
(386, 59, '', 0),
(387, 59, '', 1),
(388, 60, '', 0),
(389, 60, '', 1),
(390, 60, '', 2),
(391, 60, '', 3),
(392, 60, '', 4),
(393, 60, '', 5),
(394, 60, '', 6),
(395, 60, '', 7),
(396, 61, '', 0),
(397, 61, '', 1),
(398, 61, '', 2),
(399, 61, '', 3),
(400, 62, '', 0),
(401, 62, '', 1),
(402, 63, '', 0),
(403, 63, '', 1),
(404, 64, '', 0),
(405, 64, '', 1),
(406, 64, '', 2),
(407, 64, '', 3),
(408, 64, '', 4),
(409, 64, '', 5),
(410, 64, '', 6),
(411, 64, '', 7),
(412, 64, '', 8),
(413, 2, '', 94),
(414, 2, '', 95),
(415, 2, '', 96),
(416, 2, '', 97),
(417, 65, '', 0),
(418, 65, '', 1),
(419, 66, '', 0),
(420, 66, '', 1),
(421, 66, '', 2),
(422, 66, '', 3),
(423, 66, '', 4),
(424, 66, '', 5),
(425, 66, '', 6),
(426, 66, '', 7),
(427, 66, '', 8),
(428, 66, '', 9),
(429, 66, '', 10),
(430, 66, '', 11),
(431, 66, '', 12),
(432, 66, '', 13),
(433, 67, '', 2),
(434, 67, '', 3),
(435, 67, '', 0),
(436, 67, '', 1),
(437, 67, '', 4),
(438, 67, '', 5),
(439, 68, '', 0),
(440, 68, '', 2),
(441, 68, '', 1),
(442, 69, '', 0),
(443, 69, '', 2),
(444, 69, '', 1),
(445, 69, '', 3),
(446, 69, '', 4),
(447, 69, '', 5),
(448, 69, '', 6),
(449, 69, '', 7),
(450, 69, '', 8),
(451, 69, '', 9),
(452, 69, '', 10),
(453, 69, '', 11),
(454, 69, '', 12),
(455, 69, '', 13),
(456, 27, '', 4),
(458, 27, '', 5),
(461, 27, '', 6),
(462, 27, '', 7),
(463, 27, '', 8),
(464, 27, '', 9),
(465, 27, '', 10),
(466, 27, '', 11),
(467, 27, '', 12),
(468, 27, '', 13),
(469, 27, '', 14),
(470, 27, '', 15),
(471, 70, '', 0),
(472, 70, '', 1),
(473, 27, '', 16),
(474, 27, '', 17),
(475, 27, '', 18),
(476, 27, '', 19),
(477, 27, '', 20),
(478, 27, '', 21),
(479, 27, '', 22),
(480, 27, '', 23),
(481, 27, '', 24),
(482, 27, '', 25),
(483, 27, '', 26),
(484, 27, '', 27),
(485, 27, '', 28),
(486, 27, '', 29),
(487, 27, '', 30),
(488, 72, '', 0),
(489, 72, '', 1),
(490, 72, '', 2),
(491, 72, '', 3),
(492, 72, '', 4),
(493, 72, '', 5),
(494, 72, '', 6),
(495, 72, '', 7),
(496, 72, '', 8),
(497, 73, '', 1),
(498, 73, '', 0),
(500, 74, '', 0),
(501, 74, '', 1),
(502, 74, '', 2),
(503, 75, '', 1),
(504, 75, '', 2),
(505, 75, '', 3),
(506, 75, '', 4),
(507, 75, '', 5),
(508, 75, '', 0),
(509, 75, '', 8),
(510, 75, '', 6),
(511, 75, '', 7),
(512, 27, '', 31),
(513, 27, '', 32),
(514, 27, '', 33),
(515, 27, '', 34),
(516, 76, '', 0),
(517, 76, '', 1),
(518, 27, '', 35),
(519, 27, '', 36),
(520, 27, '', 37),
(521, 77, '', 0),
(522, 77, '', 1),
(523, 77, '', 2),
(524, 77, '', 3),
(525, 77, '', 4),
(526, 27, '', 38),
(527, 27, '', 39),
(528, 27, '', 40),
(529, 27, '', 41),
(530, 27, '', 42),
(531, 27, '', 43),
(532, 78, '', 1),
(533, 78, '', 2),
(534, 78, '', 3),
(535, 78, '', 4),
(537, 78, '', 5),
(538, 78, '', 6),
(539, 78, '', 7),
(540, 27, '', 44),
(541, 27, '', 45),
(542, 73, '', 2),
(543, 27, '', 46),
(544, 27, '', 47),
(545, 27, '', 48),
(546, 27, '', 49),
(547, 27, '', 50),
(548, 27, '', 51),
(549, 27, '', 52),
(550, 27, '', 53),
(551, 27, '', 54),
(552, 27, '', 55),
(553, 27, '', 56),
(554, 27, '', 57),
(555, 27, '', 58),
(556, 27, '', 59),
(557, 27, '', 60),
(558, 27, '', 61),
(559, 27, '', 62),
(560, 27, '', 63),
(561, 79, '', 0),
(562, 79, '', 1),
(563, 80, '', 0),
(564, 80, '', 1),
(565, 81, '', 0),
(566, 81, '', 1),
(567, 81, '', 2),
(568, 81, '', 3),
(569, 81, '', 4),
(570, 82, '', 0),
(571, 82, '', 1),
(572, 82, '', 2),
(573, 82, '', 3),
(574, 82, '', 4),
(575, 27, '', 64),
(576, 78, '', 0),
(583, 27, '', 65),
(585, 27, '', 66),
(587, 27, '', 67),
(588, 27, '', 68),
(589, 27, '', 69),
(590, 27, '', 70);

-- --------------------------------------------------------

--
-- Table structure for table `ps_attribute_group`
--

CREATE TABLE `ps_attribute_group` (
  `id_attribute_group` int(11) NOT NULL,
  `is_color_group` tinyint(1) NOT NULL,
  `group_type` varchar(255) COLLATE utf8_unicode_ci NOT NULL,
  `position` int(11) NOT NULL
) ENGINE=InnoDB DEFAULT CHARSET=utf8 COLLATE=utf8_unicode_ci;

--
-- Dumping data for table `ps_attribute_group`
--

INSERT INTO `ps_attribute_group` (`id_attribute_group`, `is_color_group`, `group_type`, `position`) VALUES
(2, 0, 'select', 3),
(4, 0, 'select', 5),
(5, 0, 'select', 6),
(6, 0, 'select', 7),
(7, 0, 'select', 0),
(8, 0, 'select', 8),
(9, 0, 'select', 10),
(10, 0, 'select', 12),
(11, 0, 'select', 1),
(12, 0, 'select', 15),
(13, 0, 'select', 13),
(14, 0, 'select', 14),
(15, 0, 'select', 9),
(16, 0, 'select', 11),
(17, 0, 'select', 4),
(18, 0, 'select', 16),
(19, 0, 'select', 18),
(20, 0, 'select', 19),
(21, 0, 'select', 20),
(22, 0, 'select', 17),
(23, 0, 'select', 21),
(24, 0, 'select', 23),
(25, 0, 'select', 24),
(26, 0, 'select', 22),
(27, 0, 'select', 25),
(28, 0, 'select', 26),
(29, 0, 'select', 2),
(30, 0, 'select', 27),
(31, 0, 'select', 29),
(32, 0, 'select', 28),
(33, 0, 'select', 30),
(34, 0, 'select', 31),
(35, 0, 'select', 32),
(36, 0, 'select', 33),
(37, 0, 'select', 34),
(38, 0, 'select', 35),
(39, 0, 'select', 36),
(40, 0, 'select', 37),
(41, 0, 'select', 38),
(42, 0, 'select', 39),
(43, 0, 'select', 41),
(44, 0, 'select', 40),
(45, 0, 'select', 42),
(46, 0, 'select', 43),
(47, 0, 'select', 44),
(48, 0, 'select', 45),
(49, 0, 'select', 47),
(50, 0, 'select', 46),
(51, 0, 'select', 49),
(52, 0, 'select', 48),
(53, 0, 'select', 50),
(54, 0, 'select', 51),
(55, 0, 'select', 52),
(56, 0, 'select', 53),
(57, 0, 'select', 54),
(58, 0, 'select', 55),
(59, 0, 'select', 56),
(60, 0, 'select', 57),
(61, 0, 'select', 58),
(62, 0, 'select', 59),
(63, 0, 'select', 60),
(64, 0, 'select', 61),
(65, 0, 'select', 62),
(66, 0, 'select', 63),
(67, 0, 'select', 64),
(68, 0, 'select', 65),
(69, 0, 'select', 66),
(70, 0, 'select', 67),
(71, 0, 'select', 68),
(72, 0, 'select', 69),
(73, 0, 'select', 70),
(74, 0, 'select', 72),
(75, 0, 'select', 73),
(76, 0, 'select', 74),
(77, 0, 'select', 75),
(78, 0, 'select', 71),
(79, 0, 'select', 76),
(80, 0, 'select', 77),
(81, 0, 'select', 78),
(82, 0, 'select', 79);

-- --------------------------------------------------------

--
-- Table structure for table `ps_attribute_group_lang`
--

CREATE TABLE `ps_attribute_group_lang` (
  `id_attribute_group` int(11) NOT NULL,
  `id_lang` int(11) NOT NULL,
  `name` varchar(128) COLLATE utf8_unicode_ci NOT NULL,
  `public_name` varchar(64) COLLATE utf8_unicode_ci NOT NULL
) ENGINE=InnoDB DEFAULT CHARSET=utf8 COLLATE=utf8_unicode_ci;

--
-- Dumping data for table `ps_attribute_group_lang`
--

INSERT INTO `ps_attribute_group_lang` (`id_attribute_group`, `id_lang`, `name`, `public_name`) VALUES
(2, 1, 'Diamètre', 'Diamètre'),
(4, 1, 'Conditionnement', 'Conditionnement'),
(5, 1, 'Débit', 'Débit'),
(6, 1, 'Préfiltre', 'Préfiltre'),
(7, 1, 'Angle', 'Angle'),
(8, 1, 'E-SCO2 Type', 'Type'),
(9, 1, 'E-SCO2 Installation', 'Installation'),
(10, 1, 'E-SCO2 Affichage', 'Affichage'),
(11, 1, 'Caractéristique', 'Caractéristique'),
(12, 1, 'Conditionnement CUVES', 'Conditionnement'),
(13, 1, 'Dimensions CUVES', 'Dimensions'),
(14, 1, 'Couleur CUVES', 'Couleur'),
(15, 1, 'E-SCO2 Type de sortie', 'Signal de sortie'),
(16, 1, 'E-SCO2 Option Temperature', 'Sonde de témperature en option'),
(17, 1, 'Moteurs ', 'Moteur pour registres motorisables'),
(18, 1, 'EL-VAR - Type', 'Type'),
(19, 1, 'EL-VAR Etancheité', 'Etancheité'),
(20, 1, 'EL-VAR Mise en coffret', 'Option Plug & Play'),
(21, 1, 'EL-VAR Potentiomètre', 'Potentiomètre en facade'),
(22, 1, 'EL-VAR Puissance', 'Puissance'),
(23, 1, 'Catégorie HOTTES', 'Catégorie'),
(24, 1, 'Longueur HOTTES', 'Longueur'),
(25, 1, 'Profondeur HOTTES', 'Profondeur'),
(26, 1, 'Hauteur HOTTES', 'Hauteur'),
(27, 1, 'AP5-Pack', 'Contenu du pack'),
(28, 1, 'Type de filtre CAISSONS', 'Type de filtre'),
(29, 1, 'Matière', 'Matière'),
(30, 1, 'VA-CM', 'Compatibilité'),
(31, 1, 'Option INTER', 'Option'),
(32, 1, 'VA-INT - courant', 'Courant'),
(33, 1, 'ATEX', 'ATEX'),
(34, 1, 'Catégorie CHAISES VENTILATEURS', 'Catégorie'),
(35, 1, 'Référence HDSPP', 'Référence '),
(36, 1, 'Dimensions HDSPP', 'Dimensions'),
(37, 1, 'VA-ANTI - Type', 'Type '),
(38, 1, 'Type de fixation pour ventilateurs', 'Type'),
(39, 1, 'Modèle de fixation', 'Modèle de fixation'),
(40, 1, 'Dimension supports de fixation', 'Dimensions'),
(41, 1, 'E-SOM', 'Sommateur / Soustracteur'),
(42, 1, 'E-SOM', 'Nombre d\'entrée'),
(43, 1, 'E-BDV Matière', 'Matière'),
(44, 1, 'E-BDV Type', 'Type'),
(45, 1, 'E-BDV Diamètre', 'Diamètre'),
(46, 1, 'Type de pare éclat de volute', 'Type'),
(47, 1, 'E-LD Détection', 'Détection'),
(48, 1, 'E-RDP - Affichage', 'Affichage'),
(49, 1, 'E-SDP Pression', 'Plage'),
(50, 1, 'E-RDP', 'Réglage de la consigne '),
(51, 1, 'EL-DM ', 'Réglage thermique'),
(52, 1, 'EL-DM commande bobine', 'Commande bobine'),
(53, 1, 'EL-DIS -M Nombre de pôles', 'Nombre de pôles'),
(54, 1, 'EL-DIS-M Courant nominal', 'Courant nominal'),
(55, 1, 'EL-DISB Courant nominal', 'Courant nominal'),
(56, 1, 'AL-DISB Nombre de pôles', 'Nombre de pôles'),
(57, 1, 'EL-DISB Nombre de pôles', 'Nombre de pôles'),
(58, 1, 'Purge sur volute', 'Type'),
(59, 1, 'EL-ALIM Tension', 'Tension '),
(60, 1, 'EL-ALIM', 'Puissance'),
(61, 1, 'E-INT Type', 'Type'),
(62, 1, 'Régulateurs communicants - Mode de fonctionnement', 'Mode de fonctionnement'),
(63, 1, 'Régulateurs communicants - Matière', 'Matière'),
(64, 1, 'ERégulateurs communicants  Diamètre', 'Diamètre'),
(65, 1, 'Pressostat', 'Pressostat'),
(66, 1, 'Volute antistatique', 'Volute antistatique'),
(67, 1, 'E-AFX9 Gamme', 'Modèle'),
(68, 1, 'Supplément tourelle', 'Supplément tourelle'),
(69, 1, 'Position ventilateur', 'Position '),
(70, 1, 'Type de support de ventilateur', 'Type de support'),
(71, 1, 'EA-PA Platine ', 'Platine d\'adptation'),
(72, 1, 'ECRO - RX', 'Modèle'),
(73, 1, 'ECRO RX - Mise en coffret', 'Mise en coffret câblé'),
(74, 1, 'ECRO RX - Platine ', 'Platine'),
(75, 1, 'ECRO RX - Coffret & Rehausse', 'Coffret & Rehausse'),
(76, 1, 'E-PMOT', 'Type de moteur'),
(77, 1, 'EA-TUBE4/6', 'Longueur'),
(78, 1, 'Ecro RX - Variateur', 'Type de Variateur'),
(79, 1, 'Rehausse', 'Modèle'),
(80, 1, 'Rehausse Montage', 'Montage'),
(81, 1, 'Rehausse couleur', 'Couleur'),
(82, 1, 'EA-MOT', 'Type');

-- --------------------------------------------------------

--
-- Table structure for table `ps_attribute_group_shop`
--

CREATE TABLE `ps_attribute_group_shop` (
  `id_attribute_group` int(11) NOT NULL,
  `id_shop` int(11) NOT NULL
) ENGINE=InnoDB DEFAULT CHARSET=utf8 COLLATE=utf8_unicode_ci;

--
-- Dumping data for table `ps_attribute_group_shop`
--

INSERT INTO `ps_attribute_group_shop` (`id_attribute_group`, `id_shop`) VALUES
(2, 1),
(4, 1),
(5, 1),
(6, 1),
(7, 1),
(8, 1),
(9, 1),
(10, 1),
(11, 1),
(12, 1),
(13, 1),
(14, 1),
(15, 1),
(16, 1),
(17, 1),
(18, 1),
(19, 1),
(20, 1),
(21, 1),
(22, 1),
(23, 1),
(24, 1),
(25, 1),
(26, 1),
(27, 1),
(28, 1),
(29, 1),
(30, 1),
(31, 1),
(32, 1),
(33, 1),
(34, 1),
(35, 1),
(36, 1),
(37, 1),
(38, 1),
(39, 1),
(40, 1),
(41, 1),
(42, 1),
(43, 1),
(44, 1),
(45, 1),
(46, 1),
(47, 1),
(48, 1),
(49, 1),
(50, 1),
(51, 1),
(52, 1),
(53, 1),
(54, 1),
(55, 1),
(56, 1),
(57, 1),
(58, 1),
(59, 1),
(60, 1),
(61, 1),
(62, 1),
(63, 1),
(64, 1),
(65, 1),
(66, 1),
(67, 1),
(68, 1),
(69, 1),
(70, 1),
(71, 1),
(72, 1),
(73, 1),
(74, 1),
(75, 1),
(76, 1),
(77, 1),
(78, 1),
(79, 1),
(80, 1),
(81, 1),
(82, 1);

-- --------------------------------------------------------

--
-- Table structure for table `ps_attribute_impact`
--

CREATE TABLE `ps_attribute_impact` (
  `id_attribute_impact` int(10) UNSIGNED NOT NULL,
  `id_product` int(11) UNSIGNED NOT NULL,
  `id_attribute` int(11) UNSIGNED NOT NULL,
  `weight` decimal(20,6) NOT NULL,
  `price` decimal(17,2) NOT NULL
) ENGINE=InnoDB DEFAULT CHARSET=utf8;

-- --------------------------------------------------------

--
-- Table structure for table `ps_attribute_lang`
--

CREATE TABLE `ps_attribute_lang` (
  `id_attribute` int(11) NOT NULL,
  `id_lang` int(11) NOT NULL,
  `name` varchar(128) COLLATE utf8_unicode_ci NOT NULL
) ENGINE=InnoDB DEFAULT CHARSET=utf8 COLLATE=utf8_unicode_ci;

--
-- Dumping data for table `ps_attribute_lang`
--

INSERT INTO `ps_attribute_lang` (`id_attribute`, `id_lang`, `name`) VALUES
(4, 1, '80 mm'),
(5, 1, '90 mm'),
(6, 1, '100 mm'),
(7, 1, '110 mm'),
(8, 1, '125 mm'),
(9, 1, '160 mm'),
(10, 1, '200 mm'),
(11, 1, '225 mm'),
(12, 1, '250 mm'),
(13, 1, '315 mm'),
(14, 1, '355 mm'),
(15, 1, '400 mm'),
(17, 1, '450 mm'),
(18, 1, '500 mm'),
(19, 1, '600 mm'),
(20, 1, '700 mm'),
(21, 1, 'Par rouleau de 10m'),
(22, 1, 'Au mètre linéaire'),
(23, 1, '180 mm'),
(24, 1, '60 mm'),
(25, 1, 'de 0 à 300 m3/h'),
(26, 1, 'de 300 à 600 m3/h'),
(27, 1, 'de 600 à 900 m3/h'),
(28, 1, 'de 900 à 1200 m3/h'),
(29, 1, 'de 1200 à 1500 m3/h'),
(30, 1, 'de 1500 à 1800 m3/h'),
(31, 1, 'de 1800 à 2100 m3/h'),
(32, 1, 'de 2100 à 2400 m3/h'),
(33, 1, 'FA-G4-1'),
(34, 1, 'FA-G4-2'),
(35, 1, '90°'),
(36, 1, '45°'),
(37, 1, '75 mm'),
(38, 1, '280 mm'),
(39, 1, 'Ø 90 / 75'),
(40, 1, 'Ø 110 / 75'),
(41, 1, 'Ø 110 / 90'),
(42, 1, 'Ø 125 / 110'),
(43, 1, 'Ø 125 / 90'),
(44, 1, 'Ø 140 / 110'),
(45, 1, 'Ø 140 / 125'),
(46, 1, 'Ø 160 / 110'),
(47, 1, 'Ø 160 / 125'),
(48, 1, 'Ø 160 / 140'),
(49, 1, 'Ø 180 / 110'),
(50, 1, 'Ø 180 / 125'),
(51, 1, 'Ø 180 / 140'),
(52, 1, 'Ø 180 / 160'),
(53, 1, 'Ø 200 / 110'),
(54, 1, 'Ø 200 / 125'),
(55, 1, 'Ø 200 / 140'),
(56, 1, 'Ø 200 / 160'),
(57, 1, 'Ø 200 / 180'),
(58, 1, 'Ø 225 / 125'),
(59, 1, 'Ø 225 / 140'),
(60, 1, 'Ø 225 / 160'),
(61, 1, 'Ø 225 / 180'),
(62, 1, 'Ø 225 / 200'),
(63, 1, 'Ø 250 / 110'),
(64, 1, 'Ø 250 / 125'),
(65, 1, 'Ø 250 / 140'),
(66, 1, 'Ø 250 / 160'),
(67, 1, 'Ø 250 / 180'),
(68, 1, 'Ø 250 / 200'),
(69, 1, 'Ø 250 / 225'),
(70, 1, 'Ø 280 / 160'),
(71, 1, 'Ø 280 / 180'),
(72, 1, 'Ø 280 / 200'),
(73, 1, 'Ø 280 / 225'),
(74, 1, 'Ø 280 / 250'),
(75, 1, 'Ø 315 / 160'),
(76, 1, 'Ø 315 / 180'),
(77, 1, 'Ø 315 / 200'),
(78, 1, 'Ø 315 / 225'),
(79, 1, 'Ø 315 / 250'),
(80, 1, 'Ø 315 / 280'),
(81, 1, 'Ø 355 / 200'),
(82, 1, 'Ø 355 / 225'),
(83, 1, 'Ø 355 / 250'),
(84, 1, 'Ø 355 / 280'),
(85, 1, 'Ø 355 / 315'),
(86, 1, 'Ø 400 / 225'),
(87, 1, 'Ø 400 / 250'),
(88, 1, 'Ø 400 / 280'),
(89, 1, 'Ø 400 / 315'),
(90, 1, 'Ø 400 / 355'),
(91, 1, '140 mm'),
(92, 1, 'Commutateur'),
(93, 1, 'Sonde'),
(94, 1, '87°'),
(95, 1, 'Coulissant'),
(96, 1, 'A butée'),
(97, 1, 'Ø 100 / 75'),
(98, 1, 'Ø 100 / 80'),
(99, 1, 'Ø 125 / 80'),
(100, 1, 'Ø 125 / 100'),
(101, 1, 'Ø 140 / 100'),
(102, 1, 'Ø 160 / 100'),
(103, 1, 'Ø 200 / 100'),
(104, 1, '300 mm'),
(105, 1, '630 mm'),
(106, 1, '300 X 350'),
(107, 1, '400 X 400'),
(108, 1, '500 X 400'),
(109, 1, '500 X 500'),
(110, 1, '600 X 400'),
(111, 1, '600 X 500'),
(112, 1, '600 X 600'),
(115, 1, 'Montage en gaine'),
(116, 1, 'Montage mural'),
(117, 1, 'Sans afficheur'),
(118, 1, 'avec afficheur '),
(119, 1, 'A l\'unité'),
(120, 1, 'Par carton de 6 unités'),
(121, 1, 'Par carton de 8 unités'),
(122, 1, 'Par carton de 10 unités'),
(123, 1, 'Par 30 (5 cartons)'),
(124, 1, 'Par 40 (5 cartons)'),
(125, 1, 'Par 40 (4 cartons)'),
(126, 1, 'Par 50 (5 cartons)'),
(127, 1, '45 x 60'),
(128, 1, '45 x 45'),
(129, 1, '30 x 30'),
(130, 1, '15 x 30'),
(131, 1, 'Blanc'),
(132, 1, 'Gris'),
(133, 1, 'Noir'),
(134, 1, '0 - 10V'),
(135, 1, 'Avec relais'),
(136, 1, 'Signalde sortie  0 -10V'),
(137, 1, 'Aucune'),
(138, 1, 'EA-MOTR24B - Moteur rapide 0-10V 24V - 2.5 sec.'),
(139, 1, 'EA-MOTBLMC230A - Servomoteur TOR 5N - 230V -  points.'),
(140, 1, 'EA-MOTTORMR230S - Moteur TOR - 230 VAC - ressort de rappel + contact'),
(141, 1, 'EA-MOTBLMC24A - Servomoteur TOR 5N - 24V - 3points'),
(142, 1, 'EA-MOTTORRC24B - Moteur TOR - 24V  ressort de rappel + contact'),
(143, 1, '230V MONO / TRI'),
(144, 1, '380V TRI / TRI'),
(145, 1, 'Standard IP20'),
(146, 1, 'IP66'),
(147, 1, 'Câblage & Mise en coffret'),
(148, 1, 'Aucune'),
(149, 1, 'Avec potentiomètre de réglage en facade'),
(150, 1, 'Aucune'),
(151, 1, '0.2 à 0.4 kW'),
(152, 1, '0.4 kW'),
(153, 1, '0.75 kW'),
(154, 1, '1.5 kW'),
(155, 1, '2.2  kW'),
(156, 1, '4 kW'),
(157, 1, '5.5 kW'),
(158, 1, '7.5 kW'),
(159, 1, '18.5'),
(160, 1, ' 15 kW'),
(161, 1, '400 TRI / TRI'),
(162, 1, '230 TRI / TRI'),
(163, 1, '11 kW'),
(164, 1, '22 kW'),
(165, 1, 'de 2400 à 3000 m3/h'),
(166, 1, 'de 3000 à 4500 m3/h'),
(167, 1, 'de 4500 à 6000 m3/h'),
(168, 1, 'de 6000 à 7500 m3/h'),
(169, 1, 'de 600 à 1100 m3/h'),
(170, 1, 'de 1100 à 2250 m3/h'),
(171, 1, 'de 2250 à 4800 m3/h'),
(172, 1, 'Centrale'),
(173, 1, 'Murale'),
(174, 1, '900 mm'),
(175, 1, '1 200 mm'),
(176, 1, '1 500 mm'),
(177, 1, '600 mm'),
(178, 1, '750 mm'),
(179, 1, '900 mm'),
(180, 1, '350 mm'),
(181, 1, '1656-defaultCombination'),
(182, 1, '1657-defaultCombination'),
(183, 1, '5daf03a8f2ba8'),
(184, 1, '5daf046df0eac'),
(186, 1, 'Acide'),
(187, 1, 'Ammoniac'),
(193, 1, 'Solvant'),
(194, 1, 'Formaldéhyde'),
(195, 1, 'Mercure'),
(196, 1, 'Radioisotope'),
(197, 1, 'Elément organiques'),
(198, 1, 'Odeur'),
(199, 1, '800 mm'),
(200, 1, '900 mm'),
(201, 1, '1100 mm'),
(202, 1, '1400 mm'),
(203, 1, 'PVC'),
(204, 1, 'ATEX'),
(205, 1, 'P / PA 13'),
(206, 1, 'P / PC / PA 20'),
(207, 1, 'P22 - 25 / PC25 / PAS 25 / PMS 25'),
(208, 1, 'P22 - 25 chaise plastique'),
(209, 1, 'P / PC / PAS / PMS / PQ 28'),
(210, 1, 'P / PC / PAS / PMS / PQ 31'),
(211, 1, 'P / PQ / PAS / PMS 35'),
(212, 1, 'PC 35 - 40 / P / PQ / PAS / PMS 40'),
(213, 1, 'P / PQ / PAS / PMS 45'),
(214, 1, 'PR / PQ / PAS / PMS 50'),
(215, 1, 'PR / PQ / PAS / PMS 56'),
(216, 1, 'PR / PQ / PAS / PMS 63'),
(217, 1, 'PR 80'),
(218, 1, 'PR 90'),
(219, 1, '16 A'),
(220, 1, '32 A'),
(221, 1, 'Monté'),
(222, 1, 'Non monté'),
(223, 1, 'OUI'),
(224, 1, 'NON'),
(225, 1, 'Pour P20 / PA20'),
(227, 1, 'Inox'),
(228, 1, 'Plastique'),
(229, 1, 'Pour P22'),
(230, 1, 'Pour P25'),
(231, 1, 'Pour P28'),
(232, 1, 'Pour P31'),
(233, 1, 'Pour P35'),
(234, 1, 'Pour P40'),
(235, 1, 'Pour P45'),
(236, 1, 'Pour PA13'),
(237, 1, 'Pour PA / PR 50'),
(238, 1, 'VA-HDSPP1000'),
(239, 1, 'VA-HDSPP1000A'),
(240, 1, 'VA-HDSPP1100'),
(241, 1, 'VA-HDSPP1100A'),
(242, 1, 'VA-HDSPP1200'),
(243, 1, 'VA-HDSPP1200A'),
(244, 1, 'VA-HDSPP400'),
(245, 1, 'VA-HDSPP500-20'),
(246, 1, 'VA-HDSPP500-25'),
(247, 1, 'VA-HDSPP500-25P'),
(248, 1, 'VA-HDSPP500-35'),
(249, 1, 'VA-HDSPP500-35P'),
(250, 1, 'VA-HDSPP500INT'),
(251, 1, 'VA-HDSPP540-20I'),
(252, 1, 'VA-HDSPP540-20IA'),
(253, 1, 'VA-HDSPP540-25I'),
(254, 1, 'VA-HDSPP540-25IA'),
(255, 1, 'VA-HDSPP540-35I'),
(256, 1, 'VA-HDSPP540-35IA'),
(257, 1, 'VA-HDSPP540INT'),
(258, 1, 'VA-HDSPP600-25'),
(259, 1, 'VA-HDSPP600-25P'),
(260, 1, 'VA-HDSPP600-35'),
(261, 1, 'VA-HDSPP600-45'),
(262, 1, 'VA-HDSPP600INT'),
(263, 1, 'VA-HDSPP700'),
(264, 1, 'VA-HDSPP700I'),
(265, 1, 'VA-HDSPP700IA'),
(266, 1, 'VA-HDSPP750-45'),
(267, 1, 'VA-HDSPP750-45A'),
(268, 1, 'VA-HDSPP800'),
(269, 1, 'VA-HDSPP800A'),
(270, 1, 'VA-HDSPP900'),
(271, 1, 'VA-HDSPP900A'),
(272, 1, '950 x 950'),
(273, 1, '950 x 950 pour TCV ATEX'),
(274, 1, '1050 x 1050'),
(275, 1, '1050 x 1050 ATEX'),
(276, 1, '1150 x 1150 ATEX'),
(277, 1, '400 x 400'),
(278, 1, '500 x 500 pour TCV20'),
(279, 1, '500 x 500 pour TCV25'),
(280, 1, '500 x 500 plat pour TCV25 '),
(281, 1, '500 x 500 pour TC35'),
(282, 1, '500 x 500 plat pour TCV31/35'),
(283, 1, '500 x 500 intérieur'),
(284, 1, '540 x 540 pour TCV20'),
(285, 1, '540 x 540 pour TCV20 ATEX'),
(286, 1, '540 x 540 pour TCV25'),
(287, 1, '540 x 540 pour TCV25 ATEX'),
(288, 1, '540 x 540 pour TCV35'),
(289, 1, '540 x 540 pour TCV35 ATEX'),
(290, 1, '540 x 540 intérieur'),
(291, 1, '600 x 600 pour TCV25'),
(292, 1, '600 x 600 plat pour TCV25'),
(293, 1, '600 x 600 pour TCV35'),
(294, 1, '600 x 600 pour TCV45'),
(295, 1, '600 x 600 intérieur'),
(296, 1, '700 x 700'),
(297, 1, '700 x 700 pour TCV'),
(298, 1, '700 x 700 pour TCV ATEX'),
(299, 1, '750 x 750 pour TCV45'),
(300, 1, '750 x 750 pour TCV45 ATEX'),
(301, 1, '800 x 800'),
(302, 1, '750 x 750 pour TCV ATEX'),
(303, 1, '850 x 850'),
(304, 1, '850 x 850 pour TCV ATEX'),
(305, 1, '1150 x 1150'),
(306, 1, '     '),
(307, 1, '20 x 20 Type A M6'),
(308, 1, '25 x 25 Type A M6'),
(309, 1, 'P 50/56/63 - PQ 50/56 - PR 50/56/63'),
(310, 1, 'PR 71/80/90'),
(311, 1, 'Fixations murales'),
(312, 1, 'FixationS au sol'),
(313, 1, 'Rails'),
(314, 1, 'Dalle'),
(315, 1, 'Longueur : 400 mm'),
(316, 1, 'Longueur : 500 mm'),
(317, 1, 'Longueur : 600 mm'),
(318, 1, '550 mm'),
(319, 1, 'Sommateur'),
(320, 1, 'Soustracteur'),
(321, 1, '2 entrées'),
(322, 1, '8 entrées'),
(323, 1, 'Acier'),
(324, 1, 'PVC'),
(325, 1, 'Standard'),
(326, 1, 'Communicant Modbus'),
(327, 1, '100 mm'),
(328, 1, '125 mm'),
(329, 1, '160 mm'),
(330, 1, '200 mm'),
(331, 1, '250 mm'),
(332, 1, '315 mm'),
(333, 1, '355 mm'),
(334, 1, '400 mm'),
(335, 1, '450 mm'),
(336, 1, '500 mm'),
(337, 1, '110 mm'),
(338, 1, 'Pour P/PC/PCO 20 et PA13/16/20'),
(339, 1, '0 - 30 kg détection sur le  seuil haut  '),
(340, 1, '30 à 0 kg détection sur le  seuil bas'),
(341, 1, 'sans afficheur'),
(342, 1, 'avec afficheur digital'),
(343, 1, 'de 0 à 100 Pa'),
(344, 1, 'de -60 à +60 Pa'),
(345, 1, 'de 0 à 500 Pa'),
(346, 1, 'de 0 à 3500 Pa'),
(347, 1, 'de 0 à 1000 Pa'),
(348, 1, 'Pour P22 - 25 / PCO 22 - 25 / PC-PAS 25'),
(349, 1, 'de 0 à 100 Pa'),
(350, 1, 'de -60 à +60 Pa'),
(351, 1, 'de 0 à 500 Pa'),
(352, 1, 'de 0 à 1000 Pa'),
(353, 1, 'Pour P/PCO/PC/PAS 28 et PMS 25'),
(354, 1, 'Pour P/PCO/PC/PAS 31 et PMS 28'),
(355, 1, 'Pour P/PCO/PC/PAS 35 et PMS 31'),
(356, 1, 'Pour P/PCO/PC/PAS 40 et PMS 35'),
(357, 1, 'Pour P/PCO/PC/PAS 45 et PMS 40'),
(358, 1, 'Pour P/PC/PAS de 50 à 63 et PMS de 45 à 56'),
(359, 1, 'Pour PR63'),
(360, 1, 'Pour PR80'),
(361, 1, 'de 0.64 à 1 A'),
(362, 1, 'de 1 à 1.6 A'),
(363, 1, 'de 1.6 à 2.5 A'),
(364, 1, 'de 2.5 à 4 A'),
(365, 1, 'de 4 à 6 A'),
(366, 1, '230 VAC'),
(367, 1, '380 VAC'),
(368, 1, '1P + N'),
(369, 1, '16 A'),
(370, 1, '20 A'),
(371, 1, '25 A '),
(372, 1, '32 A'),
(373, 1, '2 A'),
(374, 1, '4 A'),
(375, 1, '6 A'),
(376, 1, '10 A'),
(377, 1, '16 A'),
(378, 1, '20 A'),
(379, 1, '60 A'),
(380, 1, '1 pôle'),
(381, 1, '2 pôles'),
(382, 1, '3 pôles'),
(383, 1, '15 x 21 pour P20 à P45'),
(384, 1, '15 x 21 pour P20 à P45 Montée'),
(385, 1, '20 x 27 pour P80 à P100'),
(386, 1, '230 VAC / 12 Vdc'),
(387, 1, '230 VAC / 24 Vdc'),
(388, 1, '5 W'),
(389, 1, '10 W'),
(390, 1, '18 W'),
(391, 1, '30 W'),
(392, 1, '60 W'),
(393, 1, '120 W'),
(394, 1, '240 W'),
(395, 1, '480 W'),
(396, 1, 'Interrupteur déporté 2 positions on/off'),
(397, 1, 'Interrupteur déporté 3 positions on/off'),
(398, 1, 'Potentiomètre déporté'),
(399, 1, 'Potentiomètre déporté avec on/off'),
(400, 1, 'Extraction'),
(401, 1, 'Soufflage'),
(402, 1, 'Acier'),
(403, 1, 'PVC'),
(404, 1, '100 mm'),
(405, 1, '125 mm'),
(406, 1, '160 mm'),
(407, 1, '200 mm'),
(408, 1, '250 mm'),
(409, 1, '315 mm'),
(410, 1, '355 mm'),
(411, 1, '400 mm'),
(412, 1, '500 mm'),
(413, 1, 'Ø 60 - 215'),
(414, 1, 'Ø 60 - 270'),
(415, 1, 'Ø 60 - 325'),
(416, 1, 'Ø 60 - 380'),
(417, 1, 'Pressostat pour ventilateur avec contact 100 à 1100 Pa'),
(418, 1, 'Pressostat pour ventilateur avec contact 30 à 500 Pa'),
(419, 1, 'Supplément volute antistatique pour P204 et P202'),
(420, 1, 'Supplément volute antistatique pour P224 et P222'),
(421, 1, 'Supplément volute antistatique pour P254 et P252'),
(422, 1, 'Supplément volute antistatique pour P284 et P282'),
(423, 1, 'Supplément volute antistatique pour P314 et P312'),
(424, 1, 'Supplément volute antistatique pour P354 et P352'),
(425, 1, 'Supplément volute antistatique pour P404 et P402'),
(426, 1, 'Supplément volute antistatique pour PA132 à 164'),
(427, 1, 'Supplément volute antistatique pour PA202 à 204'),
(428, 1, 'Supplément volute antistatique pour PC204 à 202'),
(429, 1, 'Supplément volute antistatique pour PC254 à 252'),
(430, 1, 'Supplément volute antistatique pour PC28'),
(431, 1, 'Supplément volute antistatique pour PR50'),
(432, 1, 'Supplément volute antistatique pour PR80'),
(433, 1, 'E-AFX9.UNIT'),
(434, 1, 'E-AFX9.UNIT+'),
(435, 1, 'E-AFX9.SENSOR'),
(436, 1, 'E-AFX9.SENSOR+'),
(437, 1, 'E-AFX9.PID'),
(438, 1, 'E-AFX9.PID+'),
(439, 1, 'Supplément pour PC20'),
(440, 1, 'Supplément pour P31'),
(441, 1, 'Supplément pour P22 et P25'),
(442, 1, 'LG 0°'),
(443, 1, 'LG 90°'),
(444, 1, 'LG 45°'),
(445, 1, 'LG 135°'),
(446, 1, 'LG 180°'),
(447, 1, 'LG 270°'),
(448, 1, 'LG 315°'),
(449, 1, 'RD 0°'),
(450, 1, 'RD 45°'),
(451, 1, 'RD 90°'),
(452, 1, 'RD 135°'),
(453, 1, 'RD 180°'),
(454, 1, 'RD 270°'),
(455, 1, 'RD 315°'),
(456, 1, '1665-defaultCombination'),
(458, 1, '1666-defaultCombination'),
(461, 1, '1669-defaultCombination'),
(462, 1, '1670-defaultCombination'),
(463, 1, '1671-defaultCombination'),
(464, 1, '1673-defaultCombination'),
(465, 1, '1674-defaultCombination'),
(466, 1, '1675-defaultCombination'),
(467, 1, '1676-defaultCombination'),
(468, 1, '1677-defaultCombination'),
(469, 1, '1678-defaultCombination'),
(470, 1, '1679-defaultCombination'),
(471, 1, 'Chaise Inox'),
(472, 1, 'Chaise Plastique'),
(473, 1, '1680-defaultCombination'),
(474, 1, '1681-defaultCombination'),
(475, 1, '1682-defaultCombination'),
(476, 1, '1683-defaultCombination'),
(477, 1, '1684-defaultCombination'),
(478, 1, '1685-defaultCombination'),
(479, 1, '1686-defaultCombination'),
(480, 1, '1687-defaultCombination'),
(481, 1, '1688-defaultCombination'),
(482, 1, '1689-defaultCombination'),
(483, 1, '1690-defaultCombination'),
(484, 1, '1691-defaultCombination'),
(485, 1, '1692-defaultCombination'),
(486, 1, '1693-defaultCombination'),
(487, 1, '1694-defaultCombination'),
(488, 1, 'E-RS.O'),
(489, 1, 'E-RS.P'),
(490, 1, 'E-RS.E'),
(491, 1, 'E-RV.O'),
(492, 1, 'E-RV.P'),
(493, 1, 'E-RV.E'),
(494, 1, 'E-RD.O'),
(495, 1, 'E-RD.P'),
(496, 1, 'E-RD.E'),
(497, 1, 'Avec variateur de fréquence'),
(498, 1, 'Aucune'),
(500, 1, 'pour ECRO RS'),
(501, 1, 'pour ECRO RV / RD  en saillie'),
(502, 1, 'ECRO RV / RD à encastrer'),
(503, 1, 'Coffret ABS gris clair 20mm pour ECRO RS montage en saillie '),
(504, 1, 'Coffret ABS gris foncé 20 mm pour ECRO RS montage en saillie '),
(505, 1, 'Coffret ABS noir 20 mm pour ECRO RS montage en saillie '),
(506, 1, 'Coffret injecté transparent 20 mm pour ECRO RV / RD montage en saillie'),
(507, 1, 'Coffret injecté blanc 20 mm pour ECRO RV & RD montage en saillie'),
(508, 1, 'Coffret injecté blanc 20 mm pour ECRO RS montage en saillie'),
(509, 1, 'Rehausse 6 mm blanche pour ECRO RV / RD à encastrer'),
(510, 1, 'Rehausse 6 mm  grise pour ECRO RS à encastrer'),
(511, 1, 'Rehausse 6 mm  blanche pour ECRO RS à encastrer'),
(512, 1, '1696-defaultCombination'),
(513, 1, '1697-defaultCombination'),
(514, 1, '1698-defaultCombination'),
(515, 1, '1701-defaultCombination'),
(516, 1, 'Moteur pas à pas 1.8Nm (MOTPAP1)'),
(517, 1, 'Moteur pas à pas 3Nm - 1.8° (MOTPAP2)'),
(518, 1, '1702-defaultCombination'),
(519, 1, '1703-defaultCombination'),
(520, 1, '1704-defaultCombination'),
(521, 1, '1 ml'),
(522, 1, '2 ml'),
(523, 1, '3 ml'),
(524, 1, '4 ml'),
(525, 1, '5 ml'),
(526, 1, '1705-defaultCombination'),
(527, 1, '1706-defaultCombination'),
(528, 1, '1707-defaultCombination'),
(529, 1, '1708-defaultCombination'),
(530, 1, '1709-defaultCombination'),
(531, 1, '1710-defaultCombination'),
(532, 1, '0.4kW monophasé'),
(533, 1, '0.75kW monophasé '),
(534, 1, '1.5kW monophasé'),
(535, 1, '2.2kW monophasé'),
(537, 1, '0.75kW Triphasé'),
(538, 1, '1.5kW  Triphasé'),
(539, 1, '2.2kW  Triphasé'),
(540, 1, '1711-defaultCombination'),
(541, 1, '1712-defaultCombination'),
(542, 1, 'Avec relais pour ventilateur'),
(543, 1, '1713-defaultCombination'),
(544, 1, '1714-defaultCombination'),
(545, 1, '1715-defaultCombination'),
(546, 1, '1716-defaultCombination'),
(547, 1, '1717-defaultCombination'),
(548, 1, '1718-defaultCombination'),
(549, 1, '1719-defaultCombination'),
(550, 1, '1720-defaultCombination'),
(551, 1, '1721-defaultCombination'),
(552, 1, '1722-defaultCombination'),
(553, 1, '1723-defaultCombination'),
(554, 1, '1724-defaultCombination'),
(555, 1, '1726-defaultCombination'),
(556, 1, '1727-defaultCombination'),
(557, 1, '1728-defaultCombination'),
(558, 1, '1729-defaultCombination'),
(559, 1, '1734-defaultCombination'),
(560, 1, '1735-defaultCombination'),
(561, 1, 'ECRO RS'),
(562, 1, 'ECRO RV / RD'),
(563, 1, 'En saillie'),
(564, 1, 'A encastrer'),
(565, 1, 'Blanc'),
(566, 1, 'Gris clair'),
(567, 1, 'Gris foncé'),
(568, 1, 'Noir '),
(569, 1, 'Transparent'),
(570, 1, 'Moteur rapide 0-10V 24V - 2.5s'),
(571, 1, 'Servomoteur TOR 5N - 230V - 3 points'),
(572, 1, 'Moteur TOR 5N - 230VAC  - ressort de rappel + Contact'),
(573, 1, 'Servomoteur TOR 5N - 24V - 3 points'),
(574, 1, 'Moteur TOR TOR - 24V - Ressort de rappel + contact'),
(575, 1, '1740-defaultCombination'),
(576, 1, 'Aucun'),
(583, 1, '1743-defaultCombination'),
(585, 1, '1746-defaultCombination'),
(587, 1, '5e296869acac4'),
(588, 1, '5e2968957efb2'),
(589, 1, '5e2f4aef5d735'),
(590, 1, '5e2f4aef78b69');

-- --------------------------------------------------------

--
-- Table structure for table `ps_attribute_shop`
--

CREATE TABLE `ps_attribute_shop` (
  `id_attribute` int(11) NOT NULL,
  `id_shop` int(11) NOT NULL
) ENGINE=InnoDB DEFAULT CHARSET=utf8 COLLATE=utf8_unicode_ci;

--
-- Dumping data for table `ps_attribute_shop`
--

INSERT INTO `ps_attribute_shop` (`id_attribute`, `id_shop`) VALUES
(4, 1),
(5, 1),
(6, 1),
(7, 1),
(8, 1),
(9, 1),
(10, 1),
(11, 1),
(12, 1),
(13, 1),
(14, 1),
(15, 1),
(17, 1),
(18, 1),
(19, 1),
(20, 1),
(21, 1),
(22, 1),
(23, 1),
(24, 1),
(25, 1),
(26, 1),
(27, 1),
(28, 1),
(29, 1),
(30, 1),
(31, 1),
(32, 1),
(33, 1),
(34, 1),
(35, 1),
(36, 1),
(37, 1),
(38, 1),
(39, 1),
(40, 1),
(41, 1),
(42, 1),
(43, 1),
(44, 1),
(45, 1),
(46, 1),
(47, 1),
(48, 1),
(49, 1),
(50, 1),
(51, 1),
(52, 1),
(53, 1),
(54, 1),
(55, 1),
(56, 1),
(57, 1),
(58, 1),
(59, 1),
(60, 1),
(61, 1),
(62, 1),
(63, 1),
(64, 1),
(65, 1),
(66, 1),
(67, 1),
(68, 1),
(69, 1),
(70, 1),
(71, 1),
(72, 1),
(73, 1),
(74, 1),
(75, 1),
(76, 1),
(77, 1),
(78, 1),
(79, 1),
(80, 1),
(81, 1),
(82, 1),
(83, 1),
(84, 1),
(85, 1),
(86, 1),
(87, 1),
(88, 1),
(89, 1),
(90, 1),
(91, 1),
(92, 1),
(93, 1),
(94, 1),
(95, 1),
(96, 1),
(97, 1),
(98, 1),
(99, 1),
(100, 1),
(101, 1),
(102, 1),
(103, 1),
(104, 1),
(105, 1),
(106, 1),
(107, 1),
(108, 1),
(109, 1),
(110, 1),
(111, 1),
(112, 1),
(115, 1),
(116, 1),
(117, 1),
(118, 1),
(119, 1),
(120, 1),
(121, 1),
(122, 1),
(123, 1),
(124, 1),
(125, 1),
(126, 1),
(127, 1),
(128, 1),
(129, 1),
(130, 1),
(131, 1),
(132, 1),
(133, 1),
(134, 1),
(135, 1),
(136, 1),
(137, 1),
(138, 1),
(139, 1),
(140, 1),
(141, 1),
(142, 1),
(143, 1),
(144, 1),
(145, 1),
(146, 1),
(147, 1),
(148, 1),
(149, 1),
(150, 1),
(151, 1),
(152, 1),
(153, 1),
(154, 1),
(155, 1),
(156, 1),
(157, 1),
(158, 1),
(159, 1),
(160, 1),
(161, 1),
(162, 1),
(163, 1),
(164, 1),
(165, 1),
(166, 1),
(167, 1),
(168, 1),
(169, 1),
(170, 1),
(171, 1),
(172, 1),
(173, 1),
(174, 1),
(175, 1),
(176, 1),
(177, 1),
(178, 1),
(179, 1),
(180, 1),
(181, 1),
(182, 1),
(183, 1),
(184, 1),
(186, 1),
(187, 1),
(193, 1),
(194, 1),
(195, 1),
(196, 1),
(197, 1),
(198, 1),
(199, 1),
(200, 1),
(201, 1),
(202, 1),
(203, 1),
(204, 1),
(205, 1),
(206, 1),
(207, 1),
(208, 1),
(209, 1),
(210, 1),
(211, 1),
(212, 1),
(213, 1),
(214, 1),
(215, 1),
(216, 1),
(217, 1),
(218, 1),
(219, 1),
(220, 1),
(221, 1),
(222, 1),
(223, 1),
(224, 1),
(225, 1),
(227, 1),
(228, 1),
(229, 1),
(230, 1),
(231, 1),
(232, 1),
(233, 1),
(234, 1),
(235, 1),
(236, 1),
(237, 1),
(238, 1),
(239, 1),
(240, 1),
(241, 1),
(242, 1),
(243, 1),
(244, 1),
(245, 1),
(246, 1),
(247, 1),
(248, 1),
(249, 1),
(250, 1),
(251, 1),
(252, 1),
(253, 1),
(254, 1),
(255, 1),
(256, 1),
(257, 1),
(258, 1),
(259, 1),
(260, 1),
(261, 1),
(262, 1),
(263, 1),
(264, 1),
(265, 1),
(266, 1),
(267, 1),
(268, 1),
(269, 1),
(270, 1),
(271, 1),
(272, 1),
(273, 1),
(274, 1),
(275, 1),
(276, 1),
(277, 1),
(278, 1),
(279, 1),
(280, 1),
(281, 1),
(282, 1),
(283, 1),
(284, 1),
(285, 1),
(286, 1),
(287, 1),
(288, 1),
(289, 1),
(290, 1),
(291, 1),
(292, 1),
(293, 1),
(294, 1),
(295, 1),
(296, 1),
(297, 1),
(298, 1),
(299, 1),
(300, 1),
(301, 1),
(302, 1),
(303, 1),
(304, 1),
(305, 1),
(306, 1),
(307, 1),
(308, 1),
(309, 1),
(310, 1),
(311, 1),
(312, 1),
(313, 1),
(314, 1),
(315, 1),
(316, 1),
(317, 1),
(318, 1),
(319, 1),
(320, 1),
(321, 1),
(322, 1),
(323, 1),
(324, 1),
(325, 1),
(326, 1),
(327, 1),
(328, 1),
(329, 1),
(330, 1),
(331, 1),
(332, 1),
(333, 1),
(334, 1),
(335, 1),
(336, 1),
(337, 1),
(338, 1),
(339, 1),
(340, 1),
(341, 1),
(342, 1),
(343, 1),
(344, 1),
(345, 1),
(346, 1),
(347, 1),
(348, 1),
(349, 1),
(350, 1),
(351, 1),
(352, 1),
(353, 1),
(354, 1),
(355, 1),
(356, 1),
(357, 1),
(358, 1),
(359, 1),
(360, 1),
(361, 1),
(362, 1),
(363, 1),
(364, 1),
(365, 1),
(366, 1),
(367, 1),
(368, 1),
(369, 1),
(370, 1),
(371, 1),
(372, 1),
(373, 1),
(374, 1),
(375, 1),
(376, 1),
(377, 1),
(378, 1),
(379, 1),
(380, 1),
(381, 1),
(382, 1),
(383, 1),
(384, 1),
(385, 1),
(386, 1),
(387, 1),
(388, 1),
(389, 1),
(390, 1),
(391, 1),
(392, 1),
(393, 1),
(394, 1),
(395, 1),
(396, 1),
(397, 1),
(398, 1),
(399, 1),
(400, 1),
(401, 1),
(402, 1),
(403, 1),
(404, 1),
(405, 1),
(406, 1),
(407, 1),
(408, 1),
(409, 1),
(410, 1),
(411, 1),
(412, 1),
(413, 1),
(414, 1),
(415, 1),
(416, 1),
(417, 1),
(418, 1),
(419, 1),
(420, 1),
(421, 1),
(422, 1),
(423, 1),
(424, 1),
(425, 1),
(426, 1),
(427, 1),
(428, 1),
(429, 1),
(430, 1),
(431, 1),
(432, 1),
(433, 1),
(434, 1),
(435, 1),
(436, 1),
(437, 1),
(438, 1),
(439, 1),
(440, 1),
(441, 1),
(442, 1),
(443, 1),
(444, 1),
(445, 1),
(446, 1),
(447, 1),
(448, 1),
(449, 1),
(450, 1),
(451, 1),
(452, 1),
(453, 1),
(454, 1),
(455, 1),
(456, 1),
(458, 1),
(461, 1),
(462, 1),
(463, 1),
(464, 1),
(465, 1),
(466, 1),
(467, 1),
(468, 1),
(469, 1),
(470, 1),
(471, 1),
(472, 1),
(473, 1),
(474, 1),
(475, 1),
(476, 1),
(477, 1),
(478, 1),
(479, 1),
(480, 1),
(481, 1),
(482, 1),
(483, 1),
(484, 1),
(485, 1),
(486, 1),
(487, 1),
(488, 1),
(489, 1),
(490, 1),
(491, 1),
(492, 1),
(493, 1),
(494, 1),
(495, 1),
(496, 1),
(497, 1),
(498, 1),
(500, 1),
(501, 1),
(502, 1),
(503, 1),
(504, 1),
(505, 1),
(506, 1),
(507, 1),
(508, 1),
(509, 1),
(510, 1),
(511, 1),
(512, 1),
(513, 1),
(514, 1),
(515, 1),
(516, 1),
(517, 1),
(518, 1),
(519, 1),
(520, 1),
(521, 1),
(522, 1),
(523, 1),
(524, 1),
(525, 1),
(526, 1),
(527, 1),
(528, 1),
(529, 1),
(530, 1),
(531, 1),
(532, 1),
(533, 1),
(534, 1),
(535, 1),
(537, 1),
(538, 1),
(539, 1),
(540, 1),
(541, 1),
(542, 1),
(543, 1),
(544, 1),
(545, 1),
(546, 1),
(547, 1),
(548, 1),
(549, 1),
(550, 1),
(551, 1),
(552, 1),
(553, 1),
(554, 1),
(555, 1),
(556, 1),
(557, 1),
(558, 1),
(559, 1),
(560, 1),
(561, 1),
(562, 1),
(563, 1),
(564, 1),
(565, 1),
(566, 1),
(567, 1),
(568, 1),
(569, 1),
(570, 1),
(571, 1),
(572, 1),
(573, 1),
(574, 1),
(575, 1),
(576, 1),
(583, 1),
(585, 1),
(587, 1),
(588, 1),
(589, 1),
(590, 1);

-- --------------------------------------------------------

--
-- Table structure for table `ps_badge`
--

CREATE TABLE `ps_badge` (
  `id_badge` int(11) NOT NULL,
  `id_ps_badge` int(11) NOT NULL,
  `type` varchar(32) NOT NULL,
  `id_group` int(11) NOT NULL,
  `group_position` int(11) NOT NULL,
  `scoring` int(11) NOT NULL,
  `awb` int(11) DEFAULT 0,
  `validated` tinyint(1) UNSIGNED NOT NULL DEFAULT 0
) ENGINE=InnoDB DEFAULT CHARSET=utf8;

--
-- Dumping data for table `ps_badge`
--

INSERT INTO `ps_badge` (`id_badge`, `id_ps_badge`, `type`, `id_group`, `group_position`, `scoring`, `awb`, `validated`) VALUES
(1, 159, 'feature', 41, 1, 5, 1, 0),
(2, 160, 'feature', 41, 2, 10, 1, 0),
(3, 161, 'feature', 41, 3, 15, 1, 0),
(4, 162, 'feature', 41, 4, 20, 1, 0),
(5, 163, 'feature', 41, 1, 5, 1, 0),
(6, 164, 'feature', 41, 2, 10, 1, 0),
(7, 165, 'feature', 41, 3, 15, 1, 0),
(8, 166, 'feature', 41, 4, 20, 1, 0),
(9, 195, 'feature', 41, 1, 5, 1, 0),
(10, 196, 'feature', 41, 2, 10, 1, 0),
(11, 229, 'feature', 41, 1, 5, 1, 0),
(12, 230, 'feature', 41, 2, 10, 1, 0),
(13, 231, 'feature', 41, 3, 15, 1, 0),
(14, 232, 'feature', 41, 4, 20, 1, 0),
(15, 233, 'feature', 41, 1, 5, 1, 0),
(16, 234, 'feature', 41, 2, 10, 1, 0),
(17, 235, 'feature', 41, 3, 15, 1, 0),
(18, 236, 'feature', 41, 4, 20, 1, 0),
(19, 241, 'feature', 41, 1, 5, 1, 0),
(20, 242, 'feature', 41, 2, 10, 1, 0),
(21, 243, 'feature', 41, 3, 15, 1, 0),
(22, 244, 'feature', 41, 4, 20, 1, 0),
(23, 249, 'feature', 41, 1, 5, 1, 0),
(24, 250, 'feature', 41, 2, 10, 1, 0),
(25, 251, 'feature', 41, 3, 15, 1, 0),
(26, 252, 'feature', 41, 4, 20, 1, 0),
(27, 253, 'feature', 41, 1, 5, 1, 0),
(28, 254, 'feature', 41, 2, 10, 1, 0),
(29, 255, 'feature', 41, 3, 15, 1, 0),
(30, 256, 'feature', 41, 4, 20, 1, 0),
(31, 261, 'feature', 41, 1, 5, 1, 0),
(32, 262, 'feature', 41, 2, 10, 1, 0),
(33, 269, 'feature', 41, 1, 5, 1, 0),
(34, 270, 'feature', 41, 2, 10, 1, 0),
(35, 271, 'feature', 41, 3, 15, 1, 0),
(36, 272, 'feature', 41, 4, 20, 1, 0),
(37, 273, 'feature', 41, 1, 5, 1, 0),
(38, 274, 'feature', 41, 2, 10, 1, 0),
(39, 275, 'feature', 41, 3, 15, 1, 0),
(40, 276, 'feature', 41, 4, 20, 1, 0),
(41, 277, 'feature', 41, 1, 5, 1, 0),
(42, 278, 'feature', 41, 2, 10, 1, 0),
(43, 279, 'feature', 41, 3, 15, 1, 0),
(44, 280, 'feature', 41, 4, 20, 1, 0),
(45, 281, 'feature', 41, 1, 5, 1, 0),
(46, 282, 'feature', 41, 2, 10, 1, 0),
(47, 283, 'feature', 41, 3, 15, 1, 0),
(48, 284, 'feature', 41, 4, 20, 1, 0),
(49, 285, 'feature', 41, 1, 5, 1, 0),
(50, 286, 'feature', 41, 2, 10, 1, 0),
(51, 287, 'feature', 41, 3, 15, 1, 0),
(52, 288, 'feature', 41, 4, 20, 1, 0),
(53, 289, 'feature', 41, 1, 5, 1, 0),
(54, 290, 'feature', 41, 2, 10, 1, 0),
(55, 291, 'feature', 41, 3, 15, 1, 0),
(56, 292, 'feature', 41, 4, 20, 1, 0),
(57, 293, 'feature', 41, 1, 5, 1, 0),
(58, 294, 'feature', 41, 2, 10, 1, 0),
(59, 295, 'feature', 41, 3, 15, 1, 0),
(60, 296, 'feature', 41, 4, 20, 1, 0),
(61, 297, 'feature', 41, 1, 5, 1, 0),
(62, 298, 'feature', 41, 2, 10, 1, 0),
(63, 299, 'feature', 41, 3, 15, 1, 0),
(64, 300, 'feature', 41, 4, 20, 1, 0),
(65, 301, 'feature', 41, 1, 5, 1, 0),
(66, 302, 'feature', 41, 2, 10, 1, 0),
(67, 303, 'feature', 41, 3, 15, 1, 0),
(68, 304, 'feature', 41, 4, 20, 1, 0),
(69, 305, 'feature', 41, 1, 5, 1, 0),
(70, 306, 'feature', 41, 2, 10, 1, 0),
(71, 307, 'feature', 41, 3, 15, 1, 0),
(72, 308, 'feature', 41, 4, 20, 1, 0),
(73, 309, 'feature', 41, 1, 5, 1, 0),
(74, 310, 'feature', 41, 2, 10, 1, 0),
(75, 311, 'feature', 41, 3, 15, 1, 0),
(76, 312, 'feature', 41, 4, 20, 1, 0),
(77, 313, 'feature', 41, 1, 5, 1, 0),
(78, 314, 'feature', 41, 2, 10, 1, 0),
(79, 315, 'feature', 41, 3, 15, 1, 0),
(80, 316, 'feature', 41, 4, 20, 1, 0),
(81, 317, 'feature', 41, 1, 5, 1, 0),
(82, 318, 'feature', 41, 2, 10, 1, 0),
(83, 319, 'feature', 41, 3, 15, 1, 0),
(84, 320, 'feature', 41, 4, 20, 1, 0),
(85, 321, 'feature', 41, 1, 5, 1, 0),
(86, 322, 'feature', 41, 2, 10, 1, 0),
(87, 323, 'feature', 41, 3, 15, 1, 0),
(88, 324, 'feature', 41, 4, 20, 1, 0),
(89, 325, 'feature', 41, 1, 5, 1, 0),
(90, 326, 'feature', 41, 2, 10, 1, 0),
(91, 327, 'feature', 41, 3, 15, 1, 0),
(92, 328, 'feature', 41, 4, 20, 1, 0),
(93, 329, 'feature', 41, 1, 5, 1, 0),
(94, 330, 'feature', 41, 2, 10, 1, 0),
(95, 331, 'feature', 41, 3, 15, 1, 0),
(96, 332, 'feature', 41, 4, 20, 1, 0),
(97, 333, 'feature', 41, 1, 5, 1, 0),
(98, 334, 'feature', 41, 2, 10, 1, 0),
(99, 335, 'feature', 41, 3, 15, 1, 0),
(100, 336, 'feature', 41, 4, 20, 1, 0),
(101, 337, 'feature', 41, 1, 5, 1, 0),
(102, 338, 'feature', 41, 2, 10, 1, 0),
(103, 339, 'feature', 41, 3, 15, 1, 0),
(104, 340, 'feature', 41, 4, 20, 1, 0),
(105, 341, 'feature', 41, 1, 5, 1, 0),
(106, 342, 'feature', 41, 2, 10, 1, 0),
(107, 343, 'feature', 41, 3, 15, 1, 0),
(108, 344, 'feature', 41, 4, 20, 1, 0),
(109, 345, 'feature', 41, 1, 5, 1, 0),
(110, 346, 'feature', 41, 2, 10, 1, 0),
(111, 347, 'feature', 41, 3, 15, 1, 0),
(112, 348, 'feature', 41, 4, 20, 1, 0),
(113, 349, 'feature', 41, 1, 5, 1, 0),
(114, 350, 'feature', 41, 2, 10, 1, 0),
(115, 351, 'feature', 41, 3, 15, 1, 0),
(116, 352, 'feature', 41, 4, 20, 1, 0),
(117, 353, 'feature', 41, 1, 5, 1, 0),
(118, 354, 'feature', 41, 2, 10, 1, 0),
(119, 355, 'feature', 41, 3, 15, 1, 0),
(120, 356, 'feature', 41, 4, 20, 1, 0),
(121, 357, 'feature', 41, 1, 5, 1, 0),
(122, 358, 'feature', 41, 2, 10, 1, 0),
(123, 359, 'feature', 41, 3, 15, 1, 0),
(124, 360, 'feature', 41, 4, 20, 1, 0),
(125, 1, 'feature', 1, 1, 10, 0, 1),
(126, 2, 'feature', 2, 1, 10, 0, 0),
(127, 3, 'feature', 2, 2, 15, 0, 0),
(128, 4, 'feature', 3, 1, 15, 0, 0),
(129, 5, 'feature', 3, 2, 15, 0, 0),
(130, 6, 'feature', 4, 1, 15, 0, 0),
(131, 7, 'feature', 4, 2, 15, 0, 0),
(132, 8, 'feature', 5, 1, 5, 0, 0),
(133, 9, 'feature', 5, 2, 10, 0, 0),
(134, 10, 'feature', 6, 1, 15, 0, 0),
(135, 11, 'feature', 6, 2, 10, 0, 0),
(136, 12, 'feature', 6, 3, 10, 0, 0),
(137, 13, 'feature', 5, 3, 10, 0, 0),
(138, 14, 'feature', 5, 4, 15, 0, 0),
(139, 15, 'feature', 5, 5, 20, 0, 0),
(140, 16, 'feature', 5, 6, 20, 0, 0),
(141, 17, 'achievement', 7, 1, 5, 0, 1),
(142, 18, 'achievement', 7, 2, 10, 0, 0),
(143, 19, 'feature', 8, 1, 15, 0, 1),
(144, 20, 'feature', 8, 2, 15, 0, 0),
(145, 21, 'feature', 9, 1, 15, 0, 0),
(146, 22, 'feature', 10, 1, 10, 0, 0),
(147, 23, 'feature', 10, 2, 10, 0, 0),
(148, 24, 'feature', 10, 3, 10, 0, 0),
(149, 25, 'feature', 10, 4, 10, 0, 0),
(150, 26, 'feature', 10, 5, 10, 0, 0),
(151, 27, 'feature', 4, 3, 10, 0, 0),
(152, 28, 'feature', 3, 3, 10, 0, 0),
(153, 29, 'achievement', 11, 1, 5, 0, 0),
(154, 30, 'achievement', 11, 2, 10, 0, 0),
(155, 31, 'achievement', 11, 3, 15, 0, 0),
(156, 32, 'achievement', 11, 4, 20, 0, 0),
(157, 33, 'achievement', 11, 5, 25, 0, 0),
(158, 34, 'achievement', 11, 6, 30, 0, 0),
(159, 35, 'achievement', 7, 3, 15, 0, 0),
(160, 36, 'achievement', 7, 4, 20, 0, 0),
(161, 37, 'achievement', 7, 5, 25, 0, 0),
(162, 38, 'achievement', 7, 6, 30, 0, 0),
(163, 39, 'achievement', 12, 1, 5, 0, 0),
(164, 40, 'achievement', 12, 2, 10, 0, 0),
(165, 41, 'achievement', 12, 3, 15, 0, 0),
(166, 42, 'achievement', 12, 4, 20, 0, 0),
(167, 43, 'achievement', 12, 5, 25, 0, 0),
(168, 44, 'achievement', 12, 6, 30, 0, 0),
(169, 45, 'achievement', 13, 1, 5, 0, 0),
(170, 46, 'achievement', 13, 2, 10, 0, 0),
(171, 47, 'achievement', 13, 3, 15, 0, 0),
(172, 48, 'achievement', 13, 4, 20, 0, 0),
(173, 49, 'achievement', 13, 5, 25, 0, 0),
(174, 50, 'achievement', 13, 6, 30, 0, 0),
(175, 51, 'achievement', 14, 1, 5, 0, 0),
(176, 52, 'achievement', 14, 2, 10, 0, 0),
(177, 53, 'achievement', 14, 3, 15, 0, 0),
(178, 54, 'achievement', 14, 4, 20, 0, 0),
(179, 55, 'achievement', 14, 5, 25, 0, 0),
(180, 56, 'achievement', 14, 6, 30, 0, 0),
(181, 57, 'achievement', 15, 1, 5, 0, 0),
(182, 58, 'achievement', 15, 2, 10, 0, 0),
(183, 59, 'achievement', 15, 3, 15, 0, 0),
(184, 60, 'achievement', 15, 4, 20, 0, 0),
(185, 61, 'achievement', 15, 5, 25, 0, 0),
(186, 62, 'achievement', 15, 6, 30, 0, 0),
(187, 63, 'achievement', 16, 1, 5, 0, 1),
(188, 64, 'achievement', 16, 2, 10, 0, 0),
(189, 65, 'achievement', 16, 3, 15, 0, 0),
(190, 66, 'achievement', 16, 4, 20, 0, 0),
(191, 67, 'achievement', 16, 5, 25, 0, 0),
(192, 68, 'achievement', 16, 6, 30, 0, 0),
(193, 74, 'international', 22, 1, 10, 0, 0),
(194, 75, 'international', 23, 1, 10, 0, 0),
(195, 83, 'international', 31, 1, 10, 0, 0),
(196, 84, 'international', 25, 1, 10, 0, 0),
(197, 85, 'international', 32, 1, 10, 0, 0),
(198, 86, 'international', 33, 1, 10, 0, 0),
(199, 87, 'international', 34, 1, 10, 0, 0),
(200, 88, 'feature', 35, 1, 5, 0, 0),
(201, 89, 'feature', 35, 2, 10, 0, 0),
(202, 90, 'feature', 35, 3, 10, 0, 0),
(203, 91, 'feature', 35, 4, 10, 0, 0),
(204, 92, 'feature', 35, 5, 10, 0, 0),
(205, 93, 'feature', 35, 6, 10, 0, 0),
(206, 94, 'feature', 36, 1, 5, 0, 0),
(207, 95, 'feature', 36, 2, 5, 0, 0),
(208, 96, 'feature', 36, 3, 10, 0, 0),
(209, 97, 'feature', 36, 4, 10, 0, 0),
(210, 98, 'feature', 36, 5, 20, 0, 0),
(211, 99, 'feature', 36, 6, 20, 0, 0),
(212, 100, 'feature', 8, 3, 15, 0, 0),
(213, 101, 'achievement', 37, 1, 5, 0, 0),
(214, 102, 'achievement', 37, 2, 5, 0, 0),
(215, 103, 'achievement', 37, 3, 10, 0, 0),
(216, 104, 'achievement', 37, 4, 10, 0, 0),
(217, 105, 'achievement', 37, 5, 15, 0, 0),
(218, 106, 'achievement', 37, 6, 15, 0, 0),
(219, 107, 'achievement', 38, 1, 10, 0, 0),
(220, 108, 'achievement', 38, 2, 10, 0, 0),
(221, 109, 'achievement', 38, 3, 15, 0, 0),
(222, 110, 'achievement', 38, 4, 20, 0, 0),
(223, 111, 'achievement', 38, 5, 25, 0, 0),
(224, 112, 'achievement', 38, 6, 30, 0, 0),
(225, 113, 'achievement', 39, 1, 10, 0, 0),
(226, 114, 'achievement', 39, 2, 20, 0, 0),
(227, 115, 'achievement', 39, 3, 30, 0, 0),
(228, 116, 'achievement', 39, 4, 40, 0, 0),
(229, 117, 'achievement', 39, 5, 50, 0, 0),
(230, 118, 'achievement', 39, 6, 50, 0, 0),
(231, 119, 'feature', 40, 1, 10, 0, 0),
(232, 120, 'feature', 40, 2, 15, 0, 0),
(233, 121, 'feature', 40, 3, 20, 0, 0),
(234, 122, 'feature', 40, 4, 25, 0, 0);

-- --------------------------------------------------------

--
-- Table structure for table `ps_badge_lang`
--

CREATE TABLE `ps_badge_lang` (
  `id_badge` int(11) NOT NULL,
  `id_lang` int(11) NOT NULL,
  `name` varchar(64) DEFAULT NULL,
  `description` varchar(255) DEFAULT NULL,
  `group_name` varchar(255) DEFAULT NULL
) ENGINE=InnoDB DEFAULT CHARSET=utf8;

--
-- Dumping data for table `ps_badge_lang`
--

INSERT INTO `ps_badge_lang` (`id_badge`, `id_lang`, `name`, `description`, `group_name`) VALUES
(1, 1, 'Shopgate installed', 'You have installed the Shopgate module', 'Partners'),
(2, 1, 'Shopgate configured', 'You have configured the Shopgate module', 'Partners'),
(3, 1, 'Shopgate active', 'Your Shopgate module is active', 'Partners'),
(4, 1, 'Shopgate very active', 'Your Shopgate module is very active', 'Partners'),
(5, 1, 'Skrill installed', 'You have installed the Skrill module', 'Partners'),
(6, 1, 'Skrill configured', 'You have configured the Skrill module', 'Partners'),
(7, 1, 'Skrill active', 'Your Skrill module is active', 'Partners'),
(8, 1, 'Skrill very active', 'Your Skrill module is very active', 'Partners'),
(9, 1, 'Shopping Feed installed', 'You have installed the Shopping Feed module', 'Partners'),
(10, 1, 'Shopping Feed configured', 'You have configured the Shopping Feed module', 'Partners'),
(11, 1, 'Alliance Payment installed', 'You have installed the Alliance Payment module', 'Partners'),
(12, 1, 'Alliance Payment configured', 'You have configured the Alliance Payment module', 'Partners'),
(13, 1, 'Alliance Payment active', 'Your Alliance Payment module is active', 'Partners'),
(14, 1, 'Alliance Payment very active', 'Your Alliance Payment module is very active', 'Partners'),
(15, 1, 'Authorize Aim installed', 'You have installed the Authorize Aim module', 'Partners'),
(16, 1, 'Authorize Aim configured', 'You have configured the Authorize Aim module', 'Partners'),
(17, 1, 'Authorize Aim active', 'Your Authorize Aim module is active', 'Partners'),
(18, 1, 'Authorize Aim very active', 'Your Authorize Aim module is very active', 'Partners'),
(19, 1, 'Blue Pay installed', 'You have installed the Blue Pay module', 'Partners'),
(20, 1, 'Blue Pay configured', 'You have configured the Blue Pay module', 'Partners'),
(21, 1, 'Blue Pay active', 'Your Blue Pay module is active', 'Partners'),
(22, 1, 'Blue Pay very active', 'Your Blue Pay module is very active', 'Partners'),
(23, 1, 'Ebay installed', 'You have installed the Ebay module', 'Partners'),
(24, 1, 'Ebay configured', 'You have configured the Ebay module', 'Partners'),
(25, 1, 'Ebay active', 'Your Ebay module is active', 'Partners'),
(26, 1, 'Ebay very active', 'Your Ebay module is very active', 'Partners'),
(27, 1, 'PayPlug installed', 'You have installed the PayPlug module', 'Partners'),
(28, 1, 'PayPlug configured', 'You have configured the PayPlug module', 'Partners'),
(29, 1, 'PayPlug active', 'Your PayPlug module is active', 'Partners'),
(30, 1, 'PayPlug very active', 'Your PayPlug module is very active', 'Partners'),
(31, 1, 'Affinity Items installed', 'You have installed the Affinity Items module', 'Partners'),
(32, 1, 'Affinity Items configured', 'You have configured the Affinity Items module', 'Partners'),
(33, 1, 'DPD Poland installed', 'You have installed the DPD Poland module', 'Partners'),
(34, 1, 'DPD Poland configured', 'You have configured the DPD Poland module', 'Partners'),
(35, 1, 'DPD Poland active', 'Your DPD Poland module is active', 'Partners'),
(36, 1, 'DPD Poland very active', 'Your DPD Poland module is very active', 'Partners'),
(37, 1, 'Envoimoinscher installed', 'You have installed the Envoimoinscher module', 'Partners'),
(38, 1, 'Envoimoinscher configured', 'You have configured the Envoimoinscher module', 'Partners'),
(39, 1, 'Envoimoinscher active', 'Your Envoimoinscher module is active', 'Partners'),
(40, 1, 'Envoimoinscher very active', 'Your Envoimoinscher module is very active', 'Partners'),
(41, 1, 'Klik&Pay installed', 'You have installed the Klik&Pay module', 'Partners'),
(42, 1, 'Klik&Pay configured', 'You have configured the Klik&Pay module', 'Partners'),
(43, 1, 'Klik&Pay active', 'Your Klik&Pay module is active', 'Partners'),
(44, 1, 'Klik&Pay very active', 'Your Klik&Pay module is very active', 'Partners'),
(45, 1, 'Clickline installed', 'You have installed the Clickline module', 'Partners'),
(46, 1, 'Clickline configured', 'You have configured the Clickline module', 'Partners'),
(47, 1, 'Clickline active', 'Your Clickline module is active', 'Partners'),
(48, 1, 'Clickline very active', 'Your Clickline module is very active', 'Partners'),
(49, 1, 'CDiscount installed', 'You have installed the CDiscount module', 'Partners'),
(50, 1, 'CDiscount configured', 'You have configured the CDiscount module', 'Partners'),
(51, 1, 'CDiscount active', 'Your CDiscount module is active', 'Partners'),
(52, 1, 'CDiscount very active', 'Your CDiscount module is very active', 'Partners'),
(53, 1, 'illicoPresta installed', 'You have installed the illicoPresta module', 'Partners'),
(54, 1, 'illicoPresta configured', 'You have configured the illicoPresta module', 'Partners'),
(55, 1, 'illicoPresta active', 'Your illicoPresta module is active', 'Partners'),
(56, 1, 'illicoPresta very active', 'Your illicoPresta module is very active', 'Partners'),
(57, 1, 'NetReviews installed', 'You have installed the NetReviews module', 'Partners'),
(58, 1, 'NetReviews configured', 'You have configured the NetReviews module', 'Partners'),
(59, 1, 'NetReviews active', 'Your NetReviews module is active', 'Partners'),
(60, 1, 'NetReviews very active', 'Your NetReviews module is very active', 'Partners'),
(61, 1, 'Bluesnap installed', 'You have installed the Bluesnap module', 'Partners'),
(62, 1, 'Bluesnap configured', 'You have configured the Bluesnap module', 'Partners'),
(63, 1, 'Bluesnap active', 'Your Bluesnap module is active', 'Partners'),
(64, 1, 'Bluesnap very active', 'Your Bluesnap module is very active', 'Partners'),
(65, 1, 'Desjardins installed', 'You have installed the Desjardins module', 'Partners'),
(66, 1, 'Desjardins configured', 'You have configured the Desjardins module', 'Partners'),
(67, 1, 'Desjardins active', 'Your Desjardins module is active', 'Partners'),
(68, 1, 'Desjardins very active', 'Your Desjardins module is very active', 'Partners'),
(69, 1, 'First Data installed', 'You have installed the First Data module', 'Partners'),
(70, 1, 'First Data configured', 'You have configured the First Data module', 'Partners'),
(71, 1, 'First Data active', 'Your First Data module is active', 'Partners'),
(72, 1, 'First Data very active', 'Your First Data module is very active', 'Partners'),
(73, 1, 'Give.it installed', 'You have installed the Give.it module', 'Partners'),
(74, 1, 'Give.it configured', 'You have configured the Give.it module', 'Partners'),
(75, 1, 'Give.it active', 'Your Give.it module is active', 'Partners'),
(76, 1, 'Give.it very active', 'Your Give.it module is very active', 'Partners'),
(77, 1, 'Google Analytics installed', 'You have installed the Google Analytics module', 'Partners'),
(78, 1, 'Google Analytics configured', 'You have configured the Google Analytics module', 'Partners'),
(79, 1, 'Google Analytics active', 'Your Google Analytics module is active', 'Partners'),
(80, 1, 'Google Analytics very active', 'Your Google Analytics module is very active', 'Partners'),
(81, 1, 'PagSeguro installed', 'You have installed the PagSeguro module', 'Partners'),
(82, 1, 'PagSeguro configured', 'You have configured the PagSeguro module', 'Partners'),
(83, 1, 'PagSeguro active', 'Your PagSeguro module is active', 'Partners'),
(84, 1, 'PagSeguro very active', 'Your PagSeguro module is very active', 'Partners'),
(85, 1, 'Paypal MX installed', 'You have installed the Paypal MX module', 'Partners'),
(86, 1, 'Paypal MX configured', 'You have configured the Paypal MX module', 'Partners'),
(87, 1, 'Paypal MX active', 'Your Paypal MX module is active', 'Partners'),
(88, 1, 'Paypal MX very active', 'Your Paypal MX module is very active', 'Partners'),
(89, 1, 'Paypal USA installed', 'You have installed the Paypal USA module', 'Partners'),
(90, 1, 'Paypal USA configured', 'You have configured the Paypal USA module', 'Partners'),
(91, 1, 'Paypal USA active', 'Your Paypal USA module is active', 'Partners'),
(92, 1, 'Paypal USA very active', 'Your Paypal USA module is very active', 'Partners'),
(93, 1, 'PayULatam installed', 'You have installed the PayULatam module', 'Partners'),
(94, 1, 'PayULatam configured', 'You have configured the PayULatam module', 'Partners'),
(95, 1, 'PayULatam active', 'Your PayULatam module is active', 'Partners'),
(96, 1, 'PayULatam very active', 'Your PayULatam module is very active', 'Partners'),
(97, 1, 'PrestaStats installed', 'You have installed the PrestaStats module', 'Partners'),
(98, 1, 'PrestaStats configured', 'You have configured the PrestaStats module', 'Partners'),
(99, 1, 'PrestaStats active', 'Your PrestaStats module is active', 'Partners'),
(100, 1, 'PrestaStats very active', 'Your PrestaStats module is very active', 'Partners'),
(101, 1, 'Riskified installed', 'You have installed the Riskified module', 'Partners'),
(102, 1, 'Riskified configured', 'You have configured the Riskified module', 'Partners'),
(103, 1, 'Riskified active', 'Your Riskified module is active', 'Partners'),
(104, 1, 'Riskified very active', 'Your Riskified module is very active', 'Partners'),
(105, 1, 'Simplify installed', 'You have installed the Simplify module', 'Partners'),
(106, 1, 'Simplify configured', 'You have configured the Simplify module', 'Partners'),
(107, 1, 'Simplify active', 'Your Simplify module is active', 'Partners'),
(108, 1, 'Simplify very active', 'Your Simplify module is very active', 'Partners'),
(109, 1, 'VTPayment installed', 'You have installed the VTPayment module', 'Partners'),
(110, 1, 'VTPayment configured', 'You have configured the VTPayment module', 'Partners'),
(111, 1, 'VTPayment active', 'Your VTPayment module is active', 'Partners'),
(112, 1, 'VTPayment very active', 'Your VTPayment module is very active', 'Partners'),
(113, 1, 'Yotpo installed', 'You have installed the Yotpo module', 'Partners'),
(114, 1, 'Yotpo configured', 'You have configured the Yotpo module', 'Partners'),
(115, 1, 'Yotpo active', 'Your Yotpo module is active', 'Partners'),
(116, 1, 'Yotpo very active', 'Your Yotpo module is very active', 'Partners'),
(117, 1, 'Youstice installed', 'You have installed the Youstice module', 'Partners'),
(118, 1, 'Youstice configured', 'You have configured the Youstice module', 'Partners'),
(119, 1, 'Youstice active', 'Your Youstice module is active', 'Partners'),
(120, 1, 'Youstice very active', 'Your Youstice module is very active', 'Partners'),
(121, 1, 'Loyalty Lion installed', 'You have installed the Loyalty Lion module', 'Partners'),
(122, 1, 'Loyalty Lion configured', 'You have configured the Loyalty Lion module', 'Partners'),
(123, 1, 'Loyalty Lion active', 'Your Loyalty Lion module is active', 'Partners'),
(124, 1, 'Loyalty Lion very active', 'Your Loyalty Lion module is very active', 'Partners'),
(125, 1, 'SEO', 'You enabled the URL rewriting through the tab \"Preferences > SEO and URLs\".', 'SEO'),
(126, 1, 'Site Performance', 'You enabled CCC (Combine, Compress and Cache), Rijndael and Smarty through the tab \r\nAdvanced Parameters > Performance.', 'Site Performance'),
(127, 1, 'Site Performance', 'You enabled media servers through the tab \"Advanced parameters > Performance\".', 'Site Performance'),
(128, 1, 'Payment', 'You configured a payment solution on your shop.', 'Payment'),
(129, 1, 'Payment', 'You offer two different payment methods to your customers.', 'Payment'),
(130, 1, 'Shipping', 'You configured a carrier on your shop.', 'Shipping'),
(131, 1, 'Shipping', 'You offer two shipping solutions (carriers) to your customers.', 'Shipping'),
(132, 1, 'Catalog Size', 'You added your first product to your catalog!', 'Catalog Size'),
(133, 1, 'Catalog Size', 'You have 10 products within your catalog.', 'Catalog Size'),
(134, 1, 'Contact information', 'You configured your phone number so your customers can reach you!', 'Contact information'),
(135, 1, 'Contact information', 'You added a third email address to your contact form.', 'Contact information'),
(136, 1, 'Contact information', 'You suggest a total of 5 departments to be reached by your customers via your contact form.', 'Contact information'),
(137, 1, 'Catalog Size', 'You have 100 products within your catalog.', 'Catalog Size'),
(138, 1, 'Catalog Size', 'You have 1,000 products within your catalog.', 'Catalog Size'),
(139, 1, 'Catalog Size', 'You have 10,000 products within your catalog.', 'Catalog Size'),
(140, 1, 'Catalog Size', 'You have 100,000 products within your catalog.', 'Catalog Size'),
(141, 1, 'Days of Experience', 'You just installed PrestaShop!', 'Days of Experience'),
(142, 1, 'Days of Experience', 'You installed PrestaShop a week ago!', 'Days of Experience'),
(143, 1, 'Customization', 'You uploaded your own logo.', 'Customization'),
(144, 1, 'Customization', 'You installed a new template.', 'Customization'),
(145, 1, 'Addons', 'You connected your back-office to the Addons platform using your PrestaShop Addons account.', 'Addons'),
(146, 1, 'Multistores', 'You enabled the Multistores feature.', 'Multistores'),
(147, 1, 'Multistores', 'You manage two shops with the Multistores feature.', 'Multistores'),
(148, 1, 'Multistores', 'You manage two different groups of shops using the Multistores feature.', 'Multistores'),
(149, 1, 'Multistores', 'You manage five shops with the Multistores feature.', 'Multistores'),
(150, 1, 'Multistores', 'You manage five different groups of shops using the Multistores feature.', 'Multistores'),
(151, 1, 'Shipping', 'You offer three different shipping solutions (carriers) to your customers.', 'Shipping'),
(152, 1, 'Payment', 'You offer three different payment methods to your customers.', 'Payment'),
(153, 1, 'Revenue', 'You get this badge when you reach 200 USD in sales.', 'Revenue'),
(154, 1, 'Revenue', 'You get this badge when you reach 1000 USD in sales.', 'Revenue'),
(155, 1, 'Revenue', 'You get this badge when you reach 1000 USD in sales.', 'Revenue'),
(156, 1, 'Revenue', 'You get this badge when you reach 200 USD in sales.', 'Revenue'),
(157, 1, 'Revenue', 'You get this badge when you reach 1000 USD in sales.', 'Revenue'),
(158, 1, 'Revenue', 'You get this badge when you reach 1000 USD in sales.', 'Revenue'),
(159, 1, 'Days of Experience', 'You installed PrestaShop a month ago!', 'Days of Experience'),
(160, 1, 'Days of Experience', 'You installed PrestaShop six months ago!', 'Days of Experience'),
(161, 1, 'Days of Experience', 'You installed PrestaShop a year ago!', 'Days of Experience'),
(162, 1, 'Days of Experience', 'You installed PrestaShop two years ago!', 'Days of Experience'),
(163, 1, 'Visitors', 'You reached 10 visitors!', 'Visitors'),
(164, 1, 'Visitors', 'You reached 100 visitors!', 'Visitors'),
(165, 1, 'Visitors', 'You reached 1,000 visitors!', 'Visitors'),
(166, 1, 'Visitors', 'You reached 10,000 visitors!', 'Visitors'),
(167, 1, 'Visitors', 'You reached 100,000 visitors!', 'Visitors'),
(168, 1, 'Visitors', 'You reached 1,000,000 visitors!', 'Visitors'),
(169, 1, 'Customer Carts', 'Two carts have been created by visitors', 'Customer Carts'),
(170, 1, 'Customer Carts', 'Ten carts have been created by visitors.', 'Customer Carts'),
(171, 1, 'Customer Carts', 'A hundred carts have been created by visitors on your shop.', 'Customer Carts'),
(172, 1, 'Customer Carts', 'A thousand carts have been created by visitors on your shop.', 'Customer Carts'),
(173, 1, 'Customer Carts', '10,000 carts have been created by visitors.', 'Customer Carts'),
(174, 1, 'Customer Carts', '100,000 carts have been created by visitors.', 'Customer Carts'),
(175, 1, 'Orders', 'You received your first order.', 'Orders'),
(176, 1, 'Orders', '10 orders have been placed through your online shop.', 'Orders'),
(177, 1, 'Orders', 'You received 100 orders through your online shop!', 'Orders'),
(178, 1, 'Orders', 'You received 1,000 orders through your online shop, congrats!', 'Orders'),
(179, 1, 'Orders', 'You received 10,000 orders through your online shop, cheers!', 'Orders'),
(180, 1, 'Orders', 'You received 100,000 orders through your online shop!', 'Orders'),
(181, 1, 'Customer Service Threads', 'You received  your first customer\'s message.', 'Customer Service Threads'),
(182, 1, 'Customer Service Threads', 'You received 10 messages from your customers.', 'Customer Service Threads'),
(183, 1, 'Customer Service Threads', 'You received 100 messages from your customers.', 'Customer Service Threads'),
(184, 1, 'Customer Service Threads', 'You received 1,000 messages from your customers.', 'Customer Service Threads'),
(185, 1, 'Customer Service Threads', 'You received 10,000 messages from your customers.', 'Customer Service Threads'),
(186, 1, 'Customer Service Threads', 'You received 100,000 messages from your customers.', 'Customer Service Threads'),
(187, 1, 'Customers', 'You got the first customer registered on your shop!', 'Customers'),
(188, 1, 'Customers', 'You have over 10 customers registered on your shop.', 'Customers'),
(189, 1, 'Customers', 'You have over 100 customers registered on your shop.', 'Customers'),
(190, 1, 'Customers', 'You have over 1,000 customers registered on your shop.', 'Customers'),
(191, 1, 'Customers', 'You have over 10,000 customers registered on your shop.', 'Customers'),
(192, 1, 'Customers', 'You have over 100,000 customers registered on your shop.', 'Customers'),
(193, 1, 'North America', 'You got your first sale in North America', 'North America'),
(194, 1, 'Oceania', 'You got your first sale in Oceania', 'Oceania'),
(195, 1, 'Asia', 'You got your first sale in Asia', 'Asia'),
(196, 1, 'South America', 'You got your first sale in South America', 'South America'),
(197, 1, 'Europe', 'You got your first sale in  Europe!', 'Europe'),
(198, 1, 'Africa', 'You got your first sale in Africa', 'Africa'),
(199, 1, 'Maghreb', 'You got your first sale in Maghreb', 'Maghreb'),
(200, 1, 'Your Team\'s Employees', 'First employee account added to your shop', 'Your Team\'s Employees'),
(201, 1, 'Your Team\'s Employees', '3 employee accounts added to your shop', 'Your Team\'s Employees'),
(202, 1, 'Your Team\'s Employees', '5 employee accounts added to your shop', 'Your Team\'s Employees'),
(203, 1, 'Your Team\'s Employees', '10 employee accounts added to your shop', 'Your Team\'s Employees'),
(204, 1, 'Your Team\'s Employees', '20 employee accounts added to your shop', 'Your Team\'s Employees'),
(205, 1, 'Your Team\'s Employees', '40 employee accounts added to your shop', 'Your Team\'s Employees'),
(206, 1, 'Product Pictures', 'First photo added to your catalog', 'Product Pictures'),
(207, 1, 'Product Pictures', '50 photos added to your catalog', 'Product Pictures'),
(208, 1, 'Product Pictures', '100 photos added to your catalog', 'Product Pictures'),
(209, 1, 'Product Pictures', '1,000 photos added to your catalog', 'Product Pictures'),
(210, 1, 'Product Pictures', '10,000 photos added to your catalog', 'Product Pictures'),
(211, 1, 'Product Pictures', '50,000 photos added to your catalog', 'Product Pictures'),
(212, 1, 'Customization', 'First CMS page added to your catalog', 'Customization'),
(213, 1, 'Cart Rules', 'First cart rules configured on your shop', 'Cart Rules'),
(214, 1, 'Cart Rules', 'You have 10 cart rules configured on your shop', 'Cart Rules'),
(215, 1, 'Cart Rules', 'You have 100 cart rules configured on your shop', 'Cart Rules'),
(216, 1, 'Cart Rules', 'You have 500 cart rules configured on your shop', 'Cart Rules'),
(217, 1, 'Cart Rules', 'You have 1,000 cart rules configured on your shop', 'Cart Rules'),
(218, 1, 'Cart Rules', 'You have 5,000 cart rules configured on your shop', 'Cart Rules'),
(219, 1, 'International Orders', 'First international order placed on your shop.', 'International Orders'),
(220, 1, 'International Orders', '10 international orders placed on your shop.', 'International Orders'),
(221, 1, 'International Orders', '100 international orders placed on your shop!', 'International Orders'),
(222, 1, 'International Orders', '1,000 international orders placed on your shop!', 'International Orders'),
(223, 1, 'International Orders', '5,000 international orders placed on your shop!', 'International Orders'),
(224, 1, 'International Orders', '10,000 international orders placed on your shop!', 'International Orders'),
(225, 1, 'Store', 'First store configured on your shop!', 'Store'),
(226, 1, 'Store', 'You have 2 stores configured on your shop', 'Store'),
(227, 1, 'Store', 'You have 5 stores configured on your shop', 'Store'),
(228, 1, 'Store', 'You have 10 stores configured on your shop', 'Store'),
(229, 1, 'Store', 'You have 20 stores configured on your shop', 'Store'),
(230, 1, 'Store', 'You have 50 stores configured on your shop', 'Store'),
(231, 1, 'Webservice x1', 'First webservice account added to your shop', 'WebService'),
(232, 1, 'Webservice x2', '2 webservice accounts added to your shop', 'WebService'),
(233, 1, 'Webservice x3', '3 webservice accounts added to your shop', 'WebService'),
(234, 1, 'Webservice x4', '4 webservice accounts added to your shop', 'WebService');

-- --------------------------------------------------------

--
-- Table structure for table `ps_btmegamenu`
--

CREATE TABLE `ps_btmegamenu` (
  `id_btmegamenu` int(11) NOT NULL,
  `id_group` int(11) NOT NULL,
  `image` varchar(255) NOT NULL,
  `id_parent` int(11) NOT NULL,
  `sub_with` varchar(255) NOT NULL,
  `is_group` tinyint(1) NOT NULL,
  `width` varchar(255) DEFAULT NULL,
  `submenu_width` varchar(255) DEFAULT NULL,
  `submenu_colum_width` varchar(255) DEFAULT NULL,
  `item` varchar(255) DEFAULT NULL,
  `item_parameter` varchar(255) DEFAULT NULL,
  `colums` varchar(255) DEFAULT NULL,
  `type` varchar(255) NOT NULL,
  `is_content` tinyint(1) NOT NULL,
  `show_title` tinyint(1) NOT NULL,
  `level_depth` smallint(6) NOT NULL,
  `active` tinyint(1) NOT NULL,
  `position` int(11) NOT NULL,
  `submenu_content` text NOT NULL,
  `show_sub` tinyint(1) NOT NULL,
  `target` varchar(25) DEFAULT NULL,
  `privacy` smallint(6) DEFAULT NULL,
  `position_type` varchar(25) DEFAULT NULL,
  `menu_class` varchar(255) DEFAULT NULL,
  `content` text DEFAULT NULL,
  `icon_class` varchar(255) DEFAULT NULL,
  `level` int(11) NOT NULL,
  `left` int(11) NOT NULL,
  `right` int(11) NOT NULL,
  `submenu_catids` text DEFAULT NULL,
  `is_cattree` tinyint(1) DEFAULT 1,
  `date_add` datetime DEFAULT NULL,
  `date_upd` datetime DEFAULT NULL,
  `groupBox` varchar(255) DEFAULT 'all',
  `params_widget` longtext DEFAULT NULL
) ENGINE=InnoDB DEFAULT CHARSET=utf8;

--
-- Dumping data for table `ps_btmegamenu`
--

INSERT INTO `ps_btmegamenu` (`id_btmegamenu`, `id_group`, `image`, `id_parent`, `sub_with`, `is_group`, `width`, `submenu_width`, `submenu_colum_width`, `item`, `item_parameter`, `colums`, `type`, `is_content`, `show_title`, `level_depth`, `active`, `position`, `submenu_content`, `show_sub`, `target`, `privacy`, `position_type`, `menu_class`, `content`, `icon_class`, `level`, `left`, `right`, `submenu_catids`, `is_cattree`, `date_add`, `date_upd`, `groupBox`, `params_widget`) VALUES
(4, 2, '', 0, 'submenu', 0, '', '', '', 'contact', '', '1', 'url', 0, 0, 1, 1, 0, '', 0, '_self', 0, '', '', '', '<i class=\"material-icons\">home</i>', 0, 0, 0, '', 1, '2019-09-21 15:56:50', '2019-11-28 13:36:58', '1,2,3', 'eyJzdWJ3aXRoIjoid2lkZ2V0Iiwic3VibWVudSI6MSwiY29scyI6MSwiZ3JvdXAiOjAsInJvd3MiOlt7ImNvbHMiOlt7IndpZGdldHMiOiJ3aWQtMTU2OTk5OTQ5MSIsImNvbHdpZHRoIjoxMH1dfV19'),
(8, 2, '', 0, 'widget', 0, '', '', '', '30', '', '1', 'category', 0, 1, 1, 1, 1, '', 0, '_self', 0, '', '', '', '', 0, 0, 0, '', 1, '2019-09-21 15:56:50', '2019-10-23 17:07:18', '1,2,3', 'eyJzdWJ3aXRoIjoid2lkZ2V0Iiwic3VibWVudSI6MSwiZ3JvdXAiOjAsImFsaWduIjoiYWxpZ25lZC1mdWxsd2lkdGgiLCJzdWJ3aWR0aCI6MTAwMCwiY29scyI6MSwicm93cyI6W3siY29scyI6W3sid2lkZ2V0cyI6IndpZC0xNTcxODQzNTUxIiwiY29sd2lkdGgiOjJ9LHsid2lkZ2V0cyI6IndpZC0xNTEwMzAyNjE2IiwiY29sd2lkdGgiOjN9LHsid2lkZ2V0cyI6IndpZC0xNTcxODk5MDI4IiwiY29sd2lkdGgiOiIzIn0seyJ3aWRnZXRzIjoid2lkLTE1NzE4OTk2NjMiLCJjb2x3aWR0aCI6M31dfV19'),
(9, 2, '', 20, 'none', 0, '', '', '', '1', '', '1', 'html', 0, 0, 2, 1, 1, '', 0, '_self', 0, '', '', '', '', 0, 0, 0, '', 1, '2019-09-21 15:56:50', '2019-10-07 13:33:12', '1,2,3', 'eyJzdWJ3aXRoIjoid2lkZ2V0Iiwic3VibWVudSI6MSwiYWxpZ24iOiJhbGlnbmVkLWZ1bGx3aWR0aCIsImNvbHMiOjEsImdyb3VwIjowLCJyb3dzIjpbeyJjb2xzIjpbeyJ3aWRnZXRzIjoid2lkLTE1MTAzMDA4NjF8d2lkLTE1MTAzMDEwNTEiLCJjb2x3aWR0aCI6NH0seyJ3aWRnZXRzIjoid2lkLTE1MTAzMDE4MDEiLCJjb2x3aWR0aCI6NH0seyJ3aWRnZXRzIjoid2lkLTE1MTAzMDI0MTciLCJjb2x3aWR0aCI6NH1dfSx7ImNvbHMiOlt7IndpZGdldHMiOiJ3aWQtMTUxMDMwMzQ2NSIsImNvbHdpZHRoIjoxMiwiY29sY2xhc3MiOiJjb2wtbWVudWluZm8ifV19XX0='),
(10, 2, '', 0, 'none', 0, '', '', '', '2', '', '1', 'category', 0, 1, 1, 0, 6, '', 0, '_self', 0, '', '', '', '', 0, 0, 0, '', 1, '2019-09-21 15:56:50', '2019-10-01 17:08:57', '1,2,3', ''),
(11, 2, '', 10, 'submenu', 0, '', '', '', '1', '', '1', 'cms', 0, 1, 2, 1, 0, '', 0, '_self', 0, '', '', '', '', 0, 0, 0, '', 1, '2019-09-21 15:56:50', '2019-09-24 13:32:24', '1,2,3', ''),
(12, 2, '', 10, 'submenu', 0, '', '', '', '1', '', '1', 'cms', 0, 1, 2, 1, 1, '', 0, '_self', 0, '', '', '', '', 0, 0, 0, '', 1, '2019-09-21 15:56:50', '2019-09-24 13:32:54', '1,2,3', ''),
(16, 2, '', 10, 'submenu', 0, '', '', '', '1', '', '1', 'cms', 0, 1, 2, 1, 2, '', 0, '_self', 0, '', '', '', '', 0, 0, 0, '', 1, '2019-09-21 15:56:50', '2019-09-24 13:34:07', '1,2,3', ''),
(17, 2, '', 10, 'submenu', 0, '', '', '', '1', '', '1', 'cms', 0, 1, 2, 1, 3, '', 0, '_self', 0, '', '', '', '', 0, 0, 0, '', 1, '2019-09-21 15:56:50', '2019-09-24 13:34:43', '1,2,3', ''),
(20, 2, '', 0, 'submenu', 0, '', '', '', '', '', '1', 'url', 0, 1, 1, 1, 5, '', 0, '_self', 0, '', '', '', '', 0, 0, 0, '', 1, '2019-09-21 15:56:50', '2019-09-24 13:25:36', '1,2,3', ''),
(21, 2, '', 20, 'submenu', 0, '', '', '', '', '', '1', 'html', 0, 0, 2, 1, 2, '', 0, '_self', 0, '', '', '', '', 0, 0, 0, '', 1, '2019-09-21 15:56:50', '2019-10-09 08:56:18', '1,2,3', ''),
(23, 2, '', 20, 'submenu', 0, '', '', '', '', '', '1', 'html', 0, 0, 2, 1, 3, '', 0, '_self', 0, '', '', '', '', 0, 0, 0, '', 1, '2019-09-21 15:56:50', '2019-12-11 08:53:06', '1,2,3', ''),
(33, 2, '', 8, 'submenu', 0, '', '', '', '', '', '1', 'html', 0, 0, 2, 1, 0, '', 0, '_self', 0, '', '', '', '', 0, 0, 0, '', 1, '2019-10-01 15:20:52', '2019-10-18 15:49:19', '1,2,3', ''),
(34, 2, '', 8, 'submenu', 0, '', '', '', '', '', '1', 'html', 0, 0, 2, 1, 1, '', 0, '_self', 0, '', '', '', '', 0, 0, 0, '', 1, '2019-10-01 16:11:28', '2019-10-07 13:14:25', '1,2,3', ''),
(35, 2, '', 8, 'submenu', 0, '', '', '', '', '', '1', 'html', 0, 0, 2, 1, 2, '', 0, '_self', 0, '', '', '', '', 0, 0, 0, '', 1, '2019-10-01 16:12:51', '2019-10-07 13:14:53', '1,2,3', ''),
(36, 2, '', 8, 'submenu', 0, '', '', '', '', '', '1', 'html', 0, 0, 2, 1, 3, '', 0, '_self', 0, '', '', '', '', 0, 0, 0, '', 1, '2019-10-01 16:14:12', '2019-10-07 13:15:27', '1,2,3', ''),
(37, 2, '', 0, 'submenu', 0, '', '', '', '153', '', '1', 'category', 0, 1, 1, 1, 2, '', 0, '_self', 0, '', '', '', '', 0, 0, 0, '', 1, '2019-10-01 16:18:15', '2019-10-25 14:13:52', '1,2,3', 'eyJzdWJ3aXRoIjoid2lkZ2V0Iiwic3VibWVudSI6MSwic3Vid2lkdGgiOjgwMCwiY29scyI6MSwiZ3JvdXAiOjAsInJvd3MiOlt7ImNvbHMiOlt7IndpZGdldHMiOiJ3aWQtMTU3MjAwMTY4MiIsImNvbHdpZHRoIjo3fSx7IndpZGdldHMiOiJ3aWQtMTU3MjAwMTQwNiIsImNvbHdpZHRoIjozfV19XX0='),
(38, 2, '', 37, 'submenu', 0, '', '', '', '', '', '1', 'html', 0, 0, 2, 1, 0, '', 0, '_self', 0, '', '', '', '', 0, 0, 0, '', 1, '2019-10-01 16:20:09', '2019-10-07 13:16:05', '1,2,3', ''),
(39, 2, '', 37, 'submenu', 0, '', '', '', '', '', '1', 'html', 0, 0, 2, 1, 1, '', 0, '_self', 0, '', '', '', '', 0, 0, 0, '', 1, '2019-10-01 16:21:52', '2019-10-07 13:16:31', '1,2,3', ''),
(40, 2, '', 37, 'submenu', 0, '', '', '', '', '', '1', 'html', 0, 0, 2, 1, 2, '', 0, '_self', 0, '', '', '', '', 0, 0, 0, '', 1, '2019-10-01 16:22:35', '2019-10-07 13:16:58', '1,2,3', ''),
(41, 2, '', 37, 'submenu', 0, '', '', '', '', '', '1', 'html', 0, 0, 2, 1, 3, '', 0, '_self', 0, '', '', '', '', 0, 0, 0, '', 1, '2019-10-01 16:23:22', '2019-10-07 13:17:59', '1,2,3', ''),
(42, 2, '', 0, 'submenu', 0, '', '', '', '155', '', '1', 'category', 0, 1, 1, 1, 3, '', 0, '_self', 0, '', '', '', '', 0, 0, 0, '', 1, '2019-10-01 16:24:45', '2019-10-25 14:14:21', '1,2,3', 'eyJzdWJ3aXRoIjoid2lkZ2V0Iiwic3VibWVudSI6MSwiZ3JvdXAiOjAsInN1YndpZHRoIjo4MDAsImNvbHMiOjIsInJvd3MiOlt7ImNvbHMiOltdfSx7ImNvbHMiOlt7IndpZGdldHMiOiJ3aWQtMTU3MjAwMzU2MSIsImNvbHdpZHRoIjo4fSx7ImNvbHdpZHRoIjoiMyIsIndpZGdldHMiOiJ3aWQtMTU3MjAwMjc1MSJ9XX1dfQ=='),
(43, 2, '', 42, 'submenu', 0, '', '', '', '', '', '1', 'html', 0, 0, 2, 1, 0, '', 0, '_self', 0, '', '', '', '', 0, 0, 0, '', 1, '2019-10-01 16:28:10', '2019-10-07 13:18:32', '1,2,3', ''),
(44, 2, '', 42, 'submenu', 0, '', '', '', '', '', '1', 'html', 0, 0, 2, 1, 1, '', 0, '_self', 0, '', '', '', '', 0, 0, 0, '', 1, '2019-10-01 16:30:00', '2019-10-07 13:19:00', '1,2,3', ''),
(45, 2, '', 42, 'submenu', 0, '', '', '', '', '', '1', 'html', 0, 0, 2, 1, 2, '', 0, '_self', 0, '', '', '', '', 0, 0, 0, '', 1, '2019-10-01 16:31:17', '2019-10-07 13:19:44', '1,2,3', ''),
(46, 2, '', 42, 'submenu', 0, '', '', '', '', '', '1', 'html', 0, 0, 2, 1, 3, '', 0, '_self', 0, '', '', '', '', 0, 0, 0, '', 1, '2019-10-01 16:32:10', '2019-10-07 13:20:15', '1,2,3', ''),
(47, 2, '', 0, 'submenu', 0, '', '', '', '154', '', '1', 'category', 0, 1, 1, 1, 4, '', 0, '_self', 0, '', '', '', '', 0, 0, 0, '', 1, '2019-10-01 16:39:50', '2019-10-01 16:39:50', '1,2,3', ''),
(48, 2, '', 47, 'submenu', 0, '', '', '', '', '', '1', 'html', 0, 0, 2, 1, 0, '', 0, '_self', 0, '', '', '', '', 0, 0, 0, '', 1, '2019-10-01 16:40:23', '2019-10-07 13:21:17', '1,2,3', ''),
(49, 2, '', 47, 'submenu', 0, '', '', '', '', '', '1', 'html', 0, 0, 2, 1, 1, '', 0, '_self', 0, '', '', '', '', 0, 0, 0, '', 1, '2019-10-01 16:41:37', '2019-10-07 13:22:00', '1,2,3', ''),
(50, 2, '', 4, 'submenu', 0, '', '', '', 'contact', '', '1', 'controller', 0, 1, 2, 1, 0, '', 0, '_self', 0, '', '', '', '', 0, 0, 0, '', 1, '2019-10-02 09:15:58', '2019-10-02 09:19:25', '1,2,3', ''),
(54, 2, '', 20, 'none', 0, '', '', '', '1', '', '1', 'html', 0, 0, 2, 1, 0, '', 0, '_self', 0, '', '', '', '', 0, 0, 0, '', 1, '2019-10-23 14:09:09', '2019-10-23 14:13:02', '1,2,3', 'eyJzdWJ3aXRoIjoid2lkZ2V0Iiwic3VibWVudSI6MSwiYWxpZ24iOiJhbGlnbmVkLWZ1bGx3aWR0aCIsImNvbHMiOjEsImdyb3VwIjowLCJyb3dzIjpbeyJjb2xzIjpbeyJ3aWRnZXRzIjoid2lkLTE1MTAzMDA4NjF8d2lkLTE1MTAzMDEwNTEiLCJjb2x3aWR0aCI6NH0seyJ3aWRnZXRzIjoid2lkLTE1MTAzMDE4MDEiLCJjb2x3aWR0aCI6NH0seyJ3aWRnZXRzIjoid2lkLTE1MTAzMDI0MTciLCJjb2x3aWR0aCI6NH1dfSx7ImNvbHMiOlt7IndpZGdldHMiOiJ3aWQtMTUxMDMwMzQ2NSIsImNvbHdpZHRoIjoxMiwiY29sY2xhc3MiOiJjb2wtbWVudWluZm8ifV19XX0='),
(55, 2, '', 8, 'submenu', 0, '', '', '', '', '', '1', 'html', 0, 0, 2, 1, 5, '', 0, '_self', 0, '', '', '', '', 0, 0, 0, '', 1, '2019-10-23 15:41:11', '2019-10-23 15:46:02', '1,2,3', ''),
(56, 2, '', 8, 'submenu', 0, '', '', '', '', '', '1', 'html', 0, 0, 2, 1, 4, '', 0, '_self', 0, '', '', '', '', 0, 0, 0, '', 1, '2019-10-23 15:42:02', '2019-10-23 15:45:09', '1,2,3', ''),
(57, 2, '', 8, 'submenu', 0, '', '', '', '', '', '1', 'html', 0, 0, 2, 1, 6, '', 0, '_self', 0, '', '', '', '', 0, 0, 0, '', 1, '2019-10-23 15:46:37', '2019-10-23 15:48:00', '1,2,3', ''),
(58, 2, '', 8, 'submenu', 0, '', '', '', '', '', '1', 'html', 0, 0, 2, 1, 7, '', 0, '_self', 0, '', '', '', '', 0, 0, 0, '', 1, '2019-10-23 15:48:11', '2019-10-23 15:49:04', '1,2,3', ''),
(78, 7, '', 0, 'submenu', 0, '', '', '', 'contact', '', '1', 'url', 0, 0, 1, 1, 1, '', 0, '_self', 0, '', '', '', '<i class=\"material-icons\">home</i>', 0, 0, 0, '', 1, '2019-11-29 10:44:59', '2019-11-29 10:44:59', '1,2,3', 'eyJzdWJ3aXRoIjoid2lkZ2V0Iiwic3VibWVudSI6MSwiY29scyI6MSwiZ3JvdXAiOjAsInJvd3MiOlt7ImNvbHMiOlt7IndpZGdldHMiOiJ3aWQtMTU2OTk5OTQ5MSIsImNvbHdpZHRoIjoxMH1dfV19'),
(79, 7, '', 0, 'submenu', 0, '', '', '', '153', '', '1', 'category', 0, 1, 1, 1, 4, '', 0, '_self', 0, '', '', '', '', 0, 0, 0, '', 1, '2019-11-29 10:44:59', '2019-11-29 10:44:59', '1,2,3', 'eyJzdWJ3aXRoIjoid2lkZ2V0Iiwic3VibWVudSI6MSwic3Vid2lkdGgiOjgwMCwiY29scyI6MSwiZ3JvdXAiOjAsInJvd3MiOlt7ImNvbHMiOlt7IndpZGdldHMiOiJ3aWQtMTU3MjAwMTY4MiIsImNvbHdpZHRoIjo3fSx7IndpZGdldHMiOiJ3aWQtMTU3MjAwMTQwNiIsImNvbHdpZHRoIjozfV19XX0='),
(80, 7, '', 0, 'submenu', 0, '', '', '', '155', '', '1', 'category', 0, 1, 1, 1, 7, '', 0, '_self', 0, '', '', '', '', 0, 0, 0, '', 1, '2019-11-29 10:44:59', '2019-11-29 10:44:59', '1,2,3', 'eyJzdWJ3aXRoIjoid2lkZ2V0Iiwic3VibWVudSI6MSwiZ3JvdXAiOjAsInN1YndpZHRoIjo4MDAsImNvbHMiOjIsInJvd3MiOlt7ImNvbHMiOltdfSx7ImNvbHMiOlt7IndpZGdldHMiOiJ3aWQtMTU3MjAwMzU2MSIsImNvbHdpZHRoIjo4fSx7ImNvbHdpZHRoIjoiMyIsIndpZGdldHMiOiJ3aWQtMTU3MjAwMjc1MSJ9XX1dfQ=='),
(81, 7, '', 0, 'submenu', 0, '', '', '', '', '', '1', 'url', 0, 1, 1, 1, 11, '', 0, '_self', 0, '', '', '', '', 0, 0, 0, '', 1, '2019-11-29 10:44:59', '2019-11-29 10:44:59', '1,2,3', ''),
(82, 7, '', 0, 'submenu', 0, '', '', '', '154', '', '1', 'category', 0, 1, 1, 1, 9, '', 0, '_self', 0, '', '', '', '', 0, 0, 0, '', 1, '2019-11-29 10:44:59', '2019-11-29 10:44:59', '1,2,3', ''),
(83, 7, '', 0, 'none', 0, '', '', '', '2', '', '1', 'category', 0, 1, 1, 0, 12, '', 0, '_self', 0, '', '', '', '', 0, 0, 0, '', 1, '2019-11-29 10:44:59', '2019-11-29 10:44:59', '1,2,3', ''),
(84, 7, '', 0, 'widget', 0, '', '', '', '30', '', '1', 'category', 0, 1, 1, 1, 3, '', 0, '_self', 0, '', '', '', '', 0, 0, 0, '', 1, '2019-11-29 10:44:59', '2019-11-29 10:44:59', '1,2,3', 'eyJzdWJ3aXRoIjoid2lkZ2V0Iiwic3VibWVudSI6MSwiZ3JvdXAiOjAsImFsaWduIjoiYWxpZ25lZC1mdWxsd2lkdGgiLCJzdWJ3aWR0aCI6MTAwMCwiY29scyI6MSwicm93cyI6W3siY29scyI6W3sid2lkZ2V0cyI6IndpZC0xNTcxODQzNTUxIiwiY29sd2lkdGgiOjJ9LHsid2lkZ2V0cyI6IndpZC0xNTEwMzAyNjE2IiwiY29sd2lkdGgiOjN9LHsid2lkZ2V0cyI6IndpZC0xNTcxODk5MDI4IiwiY29sd2lkdGgiOiIzIn0seyJ3aWRnZXRzIjoid2lkLTE1NzE4OTk2NjMiLCJjb2x3aWR0aCI6M31dfV19'),
(85, 7, '', 78, 'submenu', 0, '', '', '', 'contact', '', '1', 'controller', 0, 1, 2, 1, 0, '', 0, '_self', 0, '', '', '', '', 0, 0, 0, '', 1, '2019-11-29 10:44:59', '2019-11-29 10:44:59', '1,2,3', ''),
(86, 7, '', 84, 'submenu', 0, '', '', '', '', '', '1', 'html', 0, 0, 2, 1, 5, '', 0, '_self', 0, '', '', '', '', 0, 0, 0, '', 1, '2019-11-29 10:44:59', '2019-11-29 10:44:59', '1,2,3', ''),
(87, 7, '', 84, 'submenu', 0, '', '', '', '', '', '1', 'html', 0, 0, 2, 1, 4, '', 0, '_self', 0, '', '', '', '', 0, 0, 0, '', 1, '2019-11-29 10:44:59', '2019-11-29 10:44:59', '1,2,3', ''),
(88, 7, '', 84, 'submenu', 0, '', '', '', '', '', '1', 'html', 0, 0, 2, 1, 6, '', 0, '_self', 0, '', '', '', '', 0, 0, 0, '', 1, '2019-11-29 10:44:59', '2019-11-29 10:44:59', '1,2,3', ''),
(89, 7, '', 84, 'submenu', 0, '', '', '', '', '', '1', 'html', 0, 0, 2, 1, 7, '', 0, '_self', 0, '', '', '', '', 0, 0, 0, '', 1, '2019-11-29 10:44:59', '2019-11-29 10:44:59', '1,2,3', ''),
(90, 7, '', 84, 'submenu', 0, '', '', '', '', '', '1', 'html', 0, 0, 2, 1, 3, '', 0, '_self', 0, '', '', '', '', 0, 0, 0, '', 1, '2019-11-29 10:44:59', '2019-11-29 10:44:59', '1,2,3', ''),
(91, 7, '', 84, 'submenu', 0, '', '', '', '', '', '1', 'html', 0, 0, 2, 1, 2, '', 0, '_self', 0, '', '', '', '', 0, 0, 0, '', 1, '2019-11-29 10:44:59', '2019-11-29 10:44:59', '1,2,3', ''),
(92, 7, '', 84, 'submenu', 0, '', '', '', '', '', '1', 'html', 0, 0, 2, 1, 1, '', 0, '_self', 0, '', '', '', '', 0, 0, 0, '', 1, '2019-11-29 10:44:59', '2019-11-29 10:44:59', '1,2,3', ''),
(93, 7, '', 84, 'submenu', 0, '', '', '', '', '', '1', 'html', 0, 0, 2, 1, 0, '', 0, '_self', 0, '', '', '', '', 0, 0, 0, '', 1, '2019-11-29 10:45:00', '2019-11-29 10:45:00', '1,2,3', ''),
(94, 7, '', 83, 'submenu', 0, '', '', '', '1', '', '1', 'cms', 0, 1, 2, 1, 2, '', 0, '_self', 0, '', '', '', '', 0, 0, 0, '', 1, '2019-11-29 10:45:00', '2019-11-29 10:45:00', '1,2,3', ''),
(95, 7, '', 83, 'submenu', 0, '', '', '', '1', '', '1', 'cms', 0, 1, 2, 1, 1, '', 0, '_self', 0, '', '', '', '', 0, 0, 0, '', 1, '2019-11-29 10:45:00', '2019-11-29 10:45:00', '1,2,3', ''),
(96, 7, '', 83, 'submenu', 0, '', '', '', '1', '', '1', 'cms', 0, 1, 2, 1, 0, '', 0, '_self', 0, '', '', '', '', 0, 0, 0, '', 1, '2019-11-29 10:45:00', '2019-11-29 10:45:00', '1,2,3', ''),
(97, 7, '', 83, 'submenu', 0, '', '', '', '1', '', '1', 'cms', 0, 1, 2, 1, 3, '', 0, '_self', 0, '', '', '', '', 0, 0, 0, '', 1, '2019-11-29 10:45:00', '2019-11-29 10:45:00', '1,2,3', ''),
(98, 7, '', 81, 'none', 0, '', '', '', '1', '', '1', 'html', 0, 0, 2, 1, 1, '', 0, '_self', 0, '', '', '', '', 0, 0, 0, '', 1, '2019-11-29 10:45:00', '2019-11-29 10:45:00', '1,2,3', 'eyJzdWJ3aXRoIjoid2lkZ2V0Iiwic3VibWVudSI6MSwiYWxpZ24iOiJhbGlnbmVkLWZ1bGx3aWR0aCIsImNvbHMiOjEsImdyb3VwIjowLCJyb3dzIjpbeyJjb2xzIjpbeyJ3aWRnZXRzIjoid2lkLTE1MTAzMDA4NjF8d2lkLTE1MTAzMDEwNTEiLCJjb2x3aWR0aCI6NH0seyJ3aWRnZXRzIjoid2lkLTE1MTAzMDE4MDEiLCJjb2x3aWR0aCI6NH0seyJ3aWRnZXRzIjoid2lkLTE1MTAzMDI0MTciLCJjb2x3aWR0aCI6NH1dfSx7ImNvbHMiOlt7IndpZGdldHMiOiJ3aWQtMTUxMDMwMzQ2NSIsImNvbHdpZHRoIjoxMiwiY29sY2xhc3MiOiJjb2wtbWVudWluZm8ifV19XX0='),
(99, 7, '', 81, 'submenu', 0, '', '', '', '1', '', '1', 'html', 0, 0, 2, 1, 3, '', 0, '_self', 0, '', '', '', '', 0, 0, 0, '', 1, '2019-11-29 10:45:00', '2019-11-29 10:45:00', '1,2,3', ''),
(100, 7, '', 81, 'submenu', 0, '', '', '', '', '', '1', 'html', 0, 0, 2, 1, 5, '', 0, '_self', 0, '', '', '', '', 0, 0, 0, '', 1, '2019-11-29 10:45:00', '2019-11-29 10:45:00', '1,2,3', ''),
(101, 7, '', 81, 'submenu', 0, '', '', '', '', '', '1', 'html', 0, 0, 2, 1, 2, '', 0, '_self', 0, '', '', '', '', 0, 0, 0, '', 1, '2019-11-29 10:45:00', '2019-11-29 10:45:00', '1,2,3', ''),
(102, 7, '', 81, 'none', 0, '', '', '', '1', '', '1', 'html', 0, 0, 2, 1, 0, '', 0, '_self', 0, '', '', '', '', 0, 0, 0, '', 1, '2019-11-29 10:45:00', '2019-11-29 10:45:00', '1,2,3', 'eyJzdWJ3aXRoIjoid2lkZ2V0Iiwic3VibWVudSI6MSwiYWxpZ24iOiJhbGlnbmVkLWZ1bGx3aWR0aCIsImNvbHMiOjEsImdyb3VwIjowLCJyb3dzIjpbeyJjb2xzIjpbeyJ3aWRnZXRzIjoid2lkLTE1MTAzMDA4NjF8d2lkLTE1MTAzMDEwNTEiLCJjb2x3aWR0aCI6NH0seyJ3aWRnZXRzIjoid2lkLTE1MTAzMDE4MDEiLCJjb2x3aWR0aCI6NH0seyJ3aWRnZXRzIjoid2lkLTE1MTAzMDI0MTciLCJjb2x3aWR0aCI6NH1dfSx7ImNvbHMiOlt7IndpZGdldHMiOiJ3aWQtMTUxMDMwMzQ2NSIsImNvbHdpZHRoIjoxMiwiY29sY2xhc3MiOiJjb2wtbWVudWluZm8ifV19XX0='),
(103, 7, '', 81, 'submenu', 0, '', '', '', '1', '', '1', 'html', 0, 0, 2, 1, 4, '', 0, '_self', 0, '', '', '', '', 0, 0, 0, '', 1, '2019-11-29 10:45:00', '2019-11-29 10:45:00', '1,2,3', ''),
(104, 7, '', 79, 'submenu', 0, '', '', '', '', '', '1', 'html', 0, 0, 2, 1, 0, '', 0, '_self', 0, '', '', '', '', 0, 0, 0, '', 1, '2019-11-29 10:45:00', '2019-11-29 10:45:00', '1,2,3', ''),
(105, 7, '', 79, 'submenu', 0, '', '', '', '', '', '1', 'html', 0, 0, 2, 1, 1, '', 0, '_self', 0, '', '', '', '', 0, 0, 0, '', 1, '2019-11-29 10:45:00', '2019-11-29 10:45:00', '1,2,3', ''),
(106, 7, '', 79, 'submenu', 0, '', '', '', '', '', '1', 'html', 0, 0, 2, 1, 2, '', 0, '_self', 0, '', '', '', '', 0, 0, 0, '', 1, '2019-11-29 10:45:00', '2019-11-29 10:45:00', '1,2,3', ''),
(107, 7, '', 79, 'submenu', 0, '', '', '', '', '', '1', 'html', 0, 0, 2, 1, 3, '', 0, '_self', 0, '', '', '', '', 0, 0, 0, '', 1, '2019-11-29 10:45:00', '2019-11-29 10:45:00', '1,2,3', ''),
(108, 7, '', 80, 'submenu', 0, '', '', '', '', '', '1', 'html', 0, 0, 2, 1, 3, '', 0, '_self', 0, '', '', '', '', 0, 0, 0, '', 1, '2019-11-29 10:45:00', '2019-11-29 10:45:00', '1,2,3', ''),
(109, 7, '', 80, 'submenu', 0, '', '', '', '', '', '1', 'html', 0, 0, 2, 1, 0, '', 0, '_self', 0, '', '', '', '', 0, 0, 0, '', 1, '2019-11-29 10:45:00', '2019-11-29 10:45:00', '1,2,3', ''),
(110, 7, '', 80, 'submenu', 0, '', '', '', '', '', '1', 'html', 0, 0, 2, 1, 1, '', 0, '_self', 0, '', '', '', '', 0, 0, 0, '', 1, '2019-11-29 10:45:00', '2019-11-29 10:45:00', '1,2,3', ''),
(111, 7, '', 80, 'submenu', 0, '', '', '', '', '', '1', 'html', 0, 0, 2, 1, 2, '', 0, '_self', 0, '', '', '', '', 0, 0, 0, '', 1, '2019-11-29 10:45:00', '2019-11-29 10:45:00', '1,2,3', ''),
(112, 7, '', 82, 'submenu', 0, '', '', '', '', '', '1', 'html', 0, 0, 2, 1, 1, '', 0, '_self', 0, '', '', '', '', 0, 0, 0, '', 1, '2019-11-29 10:45:00', '2019-11-29 10:45:00', '1,2,3', ''),
(113, 7, '', 82, 'submenu', 0, '', '', '', '', '', '1', 'html', 0, 0, 2, 1, 0, '', 0, '_self', 0, '', '', '', '', 0, 0, 0, '', 1, '2019-11-29 10:45:00', '2019-11-29 10:45:00', '1,2,3', ''),
(114, 2, '', 4, 'submenu', 0, '', '', '', '1', '', '1', 'cms', 0, 1, 2, 1, 1, '', 0, '_self', 0, '', '', '', '', 0, 0, 0, '', 1, '2019-12-11 08:57:50', '2019-12-11 08:58:37', '1,2,3', ''),
(115, 2, '', 4, 'submenu', 0, '', '', '', '7', '', '1', 'cms', 0, 1, 2, 1, 2, '', 0, '_self', 0, '', '', '', '', 0, 0, 0, '', 1, '2019-12-11 09:05:10', '2019-12-11 09:05:46', '1,2,3', ''),
(117, 2, '', 4, 'submenu', 0, '', '', '', '', '', '1', 'url', 0, 1, 1, 1, 3, '', 0, '_self', 0, '', '', '', '', 0, 0, 0, '', 1, '2019-12-11 09:06:35', '2019-12-11 09:06:35', '1,2,3', ''),
(118, 2, '', 4, 'submenu', 0, '', '', '', '', '', '1', 'html', 0, 0, 2, 1, 4, '', 0, '_self', 0, '', '', '', '', 0, 0, 0, '', 1, '2019-12-11 09:08:13', '2019-12-11 09:27:42', '1,2,3', '');

-- --------------------------------------------------------

--
-- Table structure for table `ps_btmegamenu_group`
--

CREATE TABLE `ps_btmegamenu_group` (
  `id_btmegamenu_group` int(11) NOT NULL,
  `id_shop` int(10) UNSIGNED NOT NULL,
  `hook` varchar(64) DEFAULT NULL,
  `position` int(11) NOT NULL,
  `active` tinyint(1) UNSIGNED NOT NULL DEFAULT 1,
  `params` text NOT NULL,
  `active_ap` tinyint(1) DEFAULT NULL,
  `randkey` varchar(255) DEFAULT NULL,
  `form_id` varchar(255) DEFAULT NULL
) ENGINE=InnoDB DEFAULT CHARSET=utf8;

--
-- Dumping data for table `ps_btmegamenu_group`
--

INSERT INTO `ps_btmegamenu_group` (`id_btmegamenu_group`, `id_shop`, `hook`, `position`, `active`, `params`, `active_ap`, `randkey`, `form_id`) VALUES
(2, 1, '', 0, 1, 'eyJncm91cF90eXBlIjoiaG9yaXpvbnRhbCIsInNob3dfY2F2YXMiOiIxIiwidHlwZV9zdWIiOiJhdXRvIiwiZ3JvdXBfY2xhc3MiOiJoaWRkZW4tc3AifQ==', 1, 'cdf12604c03e0de855bdca69c9a0725a', '10602968889820492'),
(7, 1, '', 1, 1, 'eyJncm91cF90eXBlIjoidmVydGljYWwiLCJzaG93X2NhdmFzIjoiMSIsInR5cGVfc3ViIjoiYXV0byIsImdyb3VwX2NsYXNzIjoiIn0=', 1, 'cef6bfb226c27df8e605834234c7962e', '4784463710576222');

-- --------------------------------------------------------

--
-- Table structure for table `ps_btmegamenu_group_lang`
--

CREATE TABLE `ps_btmegamenu_group_lang` (
  `id_btmegamenu_group` int(11) NOT NULL,
  `id_lang` int(11) NOT NULL,
  `title` varchar(255) DEFAULT NULL,
  `title_fo` varchar(255) DEFAULT NULL
) ENGINE=InnoDB DEFAULT CHARSET=utf8;

--
-- Dumping data for table `ps_btmegamenu_group_lang`
--

INSERT INTO `ps_btmegamenu_group_lang` (`id_btmegamenu_group`, `id_lang`, `title`, `title_fo`) VALUES
(2, 1, 'main menu', 'Catégories'),
(7, 1, 'Menu smartphone', 'Catégories');

-- --------------------------------------------------------

--
-- Table structure for table `ps_btmegamenu_lang`
--

CREATE TABLE `ps_btmegamenu_lang` (
  `id_btmegamenu` int(11) NOT NULL,
  `id_lang` int(11) NOT NULL,
  `title` varchar(255) DEFAULT NULL,
  `text` varchar(255) DEFAULT NULL,
  `url` varchar(255) DEFAULT NULL,
  `description` text DEFAULT NULL,
  `content_text` text DEFAULT NULL,
  `submenu_content_text` text DEFAULT NULL
) ENGINE=InnoDB DEFAULT CHARSET=utf8;

--
-- Dumping data for table `ps_btmegamenu_lang`
--

INSERT INTO `ps_btmegamenu_lang` (`id_btmegamenu`, `id_lang`, `title`, `text`, `url`, `description`, `content_text`, `submenu_content_text`) VALUES
(4, 1, 'accueil', '', 'index.php', '', '', NULL),
(8, 1, 'Electronique', '', '', '', '', NULL),
(9, 1, 'Principes/Solutions', '', 'content/4-about-us', '', '<p><span style=\"color: #2445a2;\"><a href=\"https://comelec.fr/content/10-principes-solutions\"><span style=\"color: #2445a2;\"> <span style=\"font-size: medium;\"> Principes & Solutions</span></span></a></span></p>', NULL),
(10, 1, 'Qui sommes-nous ?', '', 'blog.html', '', '<p><span style=\"color: #2c9ffd;\">Qui sommes-nous ?</span></p>', NULL),
(11, 1, 'Comelec', '', '#', '', '', NULL),
(12, 1, 'Localisation', '', '#', '', '', NULL),
(16, 1, 'Nos évenements', '', '#', '', '', NULL),
(17, 1, 'Nos réalisations', '', '#', '', '', NULL),
(20, 1, 'Services', '', '3-Modern', '', '', NULL),
(21, 1, 'Formation', '', '3-Modern?plist_key=plist1501781109&leopanelchange', '', '<p><span style=\"color: #2445a2;\"><a href=\"https://comelec.fr/content/8-formation\"><span style=\"color: #2445a2;\"> <span style=\"font-size: medium;\"> Formation</span></span></a></span></p>', NULL),
(23, 1, 'S.A.V', '', '3-Modern?plist_key=plist1510937024&leopanelchange', '', '<p><span style=\"color: #2445a2;\"><a href=\"https://comelec.fr/content/5-service-apres-vente\"><span style=\"color: #2445a2;\"> <span style=\"font-size: medium;\"> S.A.V</span></span></a></span></p>', NULL),
(33, 1, 'Sondes & Capteurs', '', '', '', '<p><a href=\"https://comelec.fr/index.php?id_category=33&controller=category\"><span style=\"color: #0080ff;\"> <span style=\"font-size: medium;\"> Sondes & Capteurs</span></span></a></p>', NULL),
(34, 1, 'Régulateurs communicants de Laboratoires', '', '', '', '<p><a href=\"https://comelec.fr/index.php?id_category=55&controller=category\"><span style=\"color: #0080ff;\"><span style=\"font-size: medium;\">Régulateurs communicants de Laboratoires</span></span></a></p>', NULL),
(35, 1, 'Contrôleurs/Régulateurs de sorbonnes', '', '', '', '<p><a href=\"https://comelec.fr/index.php?id_category=36&controller=category\"><span style=\"color: #0080ff;\"><span style=\"font-size: medium;\">Contrôleurs/Régulateurs de sorbonnes</span></span></a></p>', NULL),
(36, 1, 'Capteurs/Régulateurs de sorbonnes', '', '', '', '<p><a href=\"https://comelec.fr/index.php?id_category=31&controller=category\"><span style=\"color: #0080ff;\"><span style=\"font-size: medium;\">Capteurs/Régulateurs de sorbonnes</span></span></a></p>', NULL),
(37, 1, 'Traitement d\'air', '', '', '', '', NULL),
(38, 1, 'Caissons de filtration', '', '', '', '<p><a href=\"https://comelec.fr/index.php?id_category=77&controller=category\"><span style=\"color: #04b404;\"><span style=\"font-size: medium;\">Caissons de filtration</span></span></a></p>', NULL),
(39, 1, 'Hottes', '', '', '', '<p><a href=\"https://comelec.fr/index.php?id_category=27&controller=category\"><span style=\"color: #04b404;\"><span style=\"font-size: medium;\">Hottes</span></span></a></p>', NULL),
(40, 1, 'Bras d\'aspiration', '', '', '', '<p><a href=\"https://comelec.fr/index.php?id_category=10&controller=category\"><span style=\"color: #04b404;\"><span style=\"font-size: medium;\">Bras d\'aspiration</span></span></a></p>', NULL),
(41, 1, 'Tour de lavage de gaz', '', '', '', '<p><a href=\"https://comelec.fr/index.php?id_category=88&controller=category\"><span style=\"color: #04b404;\"><span style=\"font-size: medium;\">Tour de lavage de gaz</span></span></a></p>', NULL),
(42, 1, 'Réseaux PVC & Cuves PP', '', '', '', '', NULL),
(43, 1, 'Réseaux PVC', '', '', '', '<p><a href=\"https://comelec.fr/index.php?id_category=110&controller=category\"><span style=\"color: #fe642e;\"><span style=\"font-size: medium;\">Réseaux PVC</span></span></a></p>', NULL),
(44, 1, 'Registres & Régulateurs', '', '', '', '<p><a href=\"https://comelec.fr/index.php?id_category=156&controller=category\"><span style=\"color: #fe642e;\"><span style=\"font-size: medium;\">Registres & Régulateurs</span></span></a></p>', NULL),
(45, 1, 'Grilles de ventilation', '', '', '', '<p><a href=\"https://comelec.fr/index.php?id_category=161&controller=category\"><span style=\"color: #fe642e;\"><span style=\"font-size: medium;\">Grilles de ventilation</span></span></a></p>', NULL),
(46, 1, 'Cuves injectées en PP', '', '', '', '<p><a href=\"https://comelec.fr/index.php?id_category=71&controller=category\"><span style=\"color: #fe642e;\"><span style=\"font-size: medium;\">Cuves injectées en PP</span></span></a></p>', NULL),
(47, 1, 'Ventilateurs & Accessoires', '', '', '', '', NULL),
(48, 1, 'Ventilateurs plastiques', '', '', '', '<p><a href=\"https://comelec.fr/index.php?id_category=140&controller=category\"><span style=\"color: #a4a4a4;\"><span style=\"font-size: medium;\">Ventilateurs plastiques</span></span></a></p>', NULL),
(49, 1, 'Accessoires de Ventilateurs', '', '', '', '<p><a href=\"https://comelec.fr/index.php?id_category=68&controller=category\"><span style=\"color: #a4a4a4;\"><span style=\"font-size: medium;\">Accessoires de Ventilateurs</span></span></a></p>', NULL),
(50, 1, 'Contactez-nous', '', 'https://comelec.fr/nous-contacter', '', '', NULL),
(54, 1, 'Téléchargement', '', 'content/4-about-us', '', '<p><span style=\"color: #2445a2;\"><a href=\"https://comelec.fr/content/12-telechargements\"><span style=\"color: #2445a2;\"> <span style=\"font-size: medium;\">Téléchargements</span></span></a></span></p>', NULL),
(55, 1, 'Moteurs', '', '', '', '<p><a href=\"https://comelec.fr/48-moteurs\"><span style=\"color: #0080ff;\"> <span style=\"font-size: medium;\">Moteurs</span></span></a></p>', NULL),
(56, 1, 'Variateurs de fréquence', '', 'https://comelec.fr/39-variateurs-de-frequence', '', '<p><a href=\"https://comelec.fr/39-variateurs-de-frequence\"><span style=\"color: #0080ff;\"> <span style=\"font-size: medium;\">Variateurs de fréquence</span></span></a></p>', NULL),
(57, 1, 'Disjoncteurs', '', '', '', '<p><a href=\"https://comelec.fr/63-disjoncteurs\"><span style=\"color: #0080ff;\"> <span style=\"font-size: medium;\">Disjoncteurs</span></span></a></p>', NULL),
(58, 1, 'Alimentations', '', '', '', '<p><a href=\"https://comelec.fr/60-alimentations-230vac-12-vdc-ou-24-vdc\"><span style=\"color: #0080ff;\"> <span style=\"font-size: medium;\">Alimentations</span></span></a></p>', NULL),
(78, 1, 'accueil', '', 'index.php', '', '', NULL),
(79, 1, 'Traitement d\'air', '', '', '', '', NULL),
(80, 1, 'Réseaux PVC & Cuves PP', '', '', '', '', NULL),
(81, 1, 'Services', '', '3-Modern', '', '', NULL),
(82, 1, 'Ventilateurs & Accessoires', '', '', '', '', NULL),
(83, 1, 'Qui sommes-nous ?', '', 'blog.html', '', '<p><span style=\"color: #2c9ffd;\">Qui sommes-nous ?</span></p>', NULL),
(84, 1, 'Electronique', '', '', '', '', NULL),
(85, 1, 'Contactez-nous', '', 'https://comelec.fr/nous-contacter', '', '', NULL),
(86, 1, 'Moteurs', '', '', '', '<p><a href=\"https://comelec.fr/48-moteurs\"><span style=\"color: #0080ff;\"> <span style=\"font-size: medium;\">Moteurs</span></span></a></p>', NULL),
(87, 1, 'Variateurs de fréquence', '', 'https://comelec.fr/39-variateurs-de-frequence', '', '<p><a href=\"https://comelec.fr/39-variateurs-de-frequence\"><span style=\"color: #0080ff;\"> <span style=\"font-size: medium;\">Variateurs de fréquence</span></span></a></p>', NULL),
(88, 1, 'Disjoncteurs', '', '', '', '<p><a href=\"https://comelec.fr/63-disjoncteurs\"><span style=\"color: #0080ff;\"> <span style=\"font-size: medium;\">Disjoncteurs</span></span></a></p>', NULL),
(89, 1, 'Alimentations', '', '', '', '<p><a href=\"https://comelec.fr/60-alimentations-230vac-12-vdc-ou-24-vdc\"><span style=\"color: #0080ff;\"> <span style=\"font-size: medium;\">Alimentations</span></span></a></p>', NULL),
(90, 1, 'Capteurs/Régulateurs de sorbonnes', '', '', '', '<p><a href=\"https://comelec.fr/index.php?id_category=31&controller=category\"><span style=\"color: #0080ff;\"><span style=\"font-size: medium;\">Capteurs/Régulateurs de sorbonnes</span></span></a></p>', NULL),
(91, 1, 'Contrôleurs/Régulateurs de sorbonnes', '', '', '', '<p><a href=\"https://comelec.fr/index.php?id_category=36&controller=category\"><span style=\"color: #0080ff;\"><span style=\"font-size: medium;\">Contrôleurs/Régulateurs de sorbonnes</span></span></a></p>', NULL),
(92, 1, 'Régulateurs communicants de Laboratoires', '', '', '', '<p><a href=\"https://comelec.fr/index.php?id_category=55&controller=category\"><span style=\"color: #0080ff;\"><span style=\"font-size: medium;\">Régulateurs communicants de Laboratoires</span></span></a></p>', NULL),
(93, 1, 'Sondes & Capteurs', '', '', '', '<p><a href=\"https://comelec.fr/index.php?id_category=33&controller=category\"><span style=\"color: #0080ff;\"> <span style=\"font-size: medium;\"> Sondes & Capteurs</span></span></a></p>', NULL),
(94, 1, 'Nos évenements', '', '#', '', '', NULL),
(95, 1, 'Localisation', '', '#', '', '', NULL),
(96, 1, 'Comelec', '', '#', '', '', NULL),
(97, 1, 'Nos réalisations', '', '#', '', '', NULL),
(98, 1, 'Principes/Solutions', '', 'content/4-about-us', '', '<p><span style=\"color: #2445a2;\"><a href=\"https://comelec.fr/content/10-principes-solutions\"><span style=\"color: #2445a2;\"> <span style=\"font-size: medium;\"> Principes & Solutions</span></span></a></span></p>', NULL),
(99, 1, 'Etalonnage', '', '3-Modern?plist_key=plist1510921072&leopanelchange', '', '<p><span style=\"color: #2445a2;\"><a href=\"https://comelec.fr/content/6-etalonnage\"><span style=\"color: #2445a2;\"> <span style=\"font-size: medium;\">Etalonnage</span></span></a></span></p>', NULL),
(100, 1, 'Service Après Vente', '', '3-Modern?plist_key=plist1510937024&leopanelchange', '', '<p><span style=\"color: #2445a2;\"><a href=\"https://comelec.fr/content/5-service-apres-vente\"><span style=\"color: #2445a2;\"> <span style=\"font-size: medium;\"> Service Après Vente</span></span></a></span></p>', NULL),
(101, 1, 'Formation', '', '3-Modern?plist_key=plist1501781109&leopanelchange', '', '<p><span style=\"color: #2445a2;\"><a href=\"https://comelec.fr/content/8-formation\"><span style=\"color: #2445a2;\"> <span style=\"font-size: medium;\"> Formation</span></span></a></span></p>', NULL),
(102, 1, 'Téléchargement', '', 'content/4-about-us', '', '<p><span style=\"color: #2445a2;\"><a href=\"https://comelec.fr/content/12-telechargements\"><span style=\"color: #2445a2;\"> <span style=\"font-size: medium;\">Téléchargements</span></span></a></span></p>', NULL),
(103, 1, 'Câblage/Montage', '', '3-Modern?plist_key=plist1512131371&leopanelchange', '', '<p><span style=\"color: #2445a2;\"><a href=\"https://comelec.fr/content/9-cablagemontage\"><span style=\"color: #2445a2;\"> <span style=\"font-size: medium;\"> Câblage/Montage</span></span></a></span></p>', NULL),
(104, 1, 'Caissons de filtration', '', '', '', '<p><a href=\"https://comelec.fr/index.php?id_category=77&controller=category\"><span style=\"color: #04b404;\"><span style=\"font-size: medium;\">Caissons de filtration</span></span></a></p>', NULL),
(105, 1, 'Hottes', '', '', '', '<p><a href=\"https://comelec.fr/index.php?id_category=27&controller=category\"><span style=\"color: #04b404;\"><span style=\"font-size: medium;\">Hottes</span></span></a></p>', NULL),
(106, 1, 'Bras d\'aspiration', '', '', '', '<p><a href=\"https://comelec.fr/index.php?id_category=10&controller=category\"><span style=\"color: #04b404;\"><span style=\"font-size: medium;\">Bras d\'aspiration</span></span></a></p>', NULL),
(107, 1, 'Tour de lavage de gaz', '', '', '', '<p><a href=\"https://comelec.fr/index.php?id_category=88&controller=category\"><span style=\"color: #04b404;\"><span style=\"font-size: medium;\">Tour de lavage de gaz</span></span></a></p>', NULL),
(108, 1, 'Cuves injectées en PP', '', '', '', '<p><a href=\"https://comelec.fr/index.php?id_category=71&controller=category\"><span style=\"color: #fe642e;\"><span style=\"font-size: medium;\">Cuves injectées en PP</span></span></a></p>', NULL),
(109, 1, 'Réseaux PVC', '', '', '', '<p><a href=\"https://comelec.fr/index.php?id_category=110&controller=category\"><span style=\"color: #fe642e;\"><span style=\"font-size: medium;\">Réseaux PVC</span></span></a></p>', NULL),
(110, 1, 'Registres & Régulateurs', '', '', '', '<p><a href=\"https://comelec.fr/index.php?id_category=156&controller=category\"><span style=\"color: #fe642e;\"><span style=\"font-size: medium;\">Registres & Régulateurs</span></span></a></p>', NULL),
(111, 1, 'Grilles de ventilation', '', '', '', '<p><a href=\"https://comelec.fr/index.php?id_category=161&controller=category\"><span style=\"color: #fe642e;\"><span style=\"font-size: medium;\">Grilles de ventilation</span></span></a></p>', NULL),
(112, 1, 'Accessoires de Ventilateurs', '', '', '', '<p><a href=\"https://comelec.fr/index.php?id_category=68&controller=category\"><span style=\"color: #a4a4a4;\"><span style=\"font-size: medium;\">Accessoires de Ventilateurs</span></span></a></p>', NULL),
(113, 1, 'Ventilateurs plastiques', '', '', '', '<p><a href=\"https://comelec.fr/index.php?id_category=140&controller=category\"><span style=\"color: #a4a4a4;\"><span style=\"font-size: medium;\">Ventilateurs plastiques</span></span></a></p>', NULL),
(114, 1, 'Qui sommes-nous ?', '', 'https://comelec.fr/nous-contacter', '', '', NULL),
(115, 1, 'Nos références', '', 'https://comelec.fr/nous-contacter', '', '', NULL),
(117, 1, 'CGV', '', 'https://comelec.fr/telechargements/catalogue/COMELEC-CGV_2019.pdf', '', '', NULL),
(118, 1, 'Telephone', '', 'https://comelec.fr/telechargements/catalogue/COMELEC-CGV_2019.pdf', '', '<p><span style=\"color: #ffffff;\">-------------------------</span></p>\r\n<hr width=\"100%\" align=\"left\" />\r\n<p>Tél : +33(0)4 427 063 90<br />Fax : +33(0)4 427 063 95<br />Email : contact@comelec.fr</p>', NULL);

-- --------------------------------------------------------

--
-- Table structure for table `ps_btmegamenu_shop`
--

CREATE TABLE `ps_btmegamenu_shop` (
  `id_btmegamenu` int(11) NOT NULL DEFAULT 0,
  `id_shop` int(11) NOT NULL DEFAULT 0
) ENGINE=InnoDB DEFAULT CHARSET=utf8;

--
-- Dumping data for table `ps_btmegamenu_shop`
--

INSERT INTO `ps_btmegamenu_shop` (`id_btmegamenu`, `id_shop`) VALUES
(4, 1),
(8, 1),
(9, 1),
(10, 1),
(11, 1),
(12, 1),
(16, 1),
(17, 1),
(20, 1),
(21, 1),
(23, 1),
(33, 1),
(34, 1),
(35, 1),
(36, 1),
(37, 1),
(38, 1),
(39, 1),
(40, 1),
(41, 1),
(42, 1),
(43, 1),
(44, 1),
(45, 1),
(46, 1),
(47, 1),
(48, 1),
(49, 1),
(50, 1),
(54, 1),
(55, 1),
(56, 1),
(57, 1),
(58, 1),
(78, 1),
(79, 1),
(80, 1),
(81, 1),
(82, 1),
(83, 1),
(84, 1),
(85, 1),
(86, 1),
(87, 1),
(88, 1),
(89, 1),
(90, 1),
(91, 1),
(92, 1),
(93, 1),
(94, 1),
(95, 1),
(96, 1),
(97, 1),
(98, 1),
(99, 1),
(100, 1),
(101, 1),
(102, 1),
(103, 1),
(104, 1),
(105, 1),
(106, 1),
(107, 1),
(108, 1),
(109, 1),
(110, 1),
(111, 1),
(112, 1),
(113, 1),
(114, 1),
(115, 1),
(117, 1),
(118, 1);

-- --------------------------------------------------------

--
-- Table structure for table `ps_btmegamenu_widgets`
--

CREATE TABLE `ps_btmegamenu_widgets` (
  `id_btmegamenu_widgets` int(11) NOT NULL,
  `name` varchar(250) NOT NULL,
  `type` varchar(250) NOT NULL,
  `params` longtext DEFAULT NULL,
  `id_shop` int(11) UNSIGNED NOT NULL,
  `key_widget` int(11) NOT NULL
) ENGINE=InnoDB DEFAULT CHARSET=utf8;

--
-- Dumping data for table `ps_btmegamenu_widgets`
--

INSERT INTO `ps_btmegamenu_widgets` (`id_btmegamenu_widgets`, `name`, `type`, `params`, `id_shop`, `key_widget`) VALUES
(1, 'cate 1', 'sub_categories', 'eyJhZGRidG1lZ2FtZW51X3dpZGdldHMiOiIxIiwiaWRfYnRtZWdhbWVudV93aWRnZXRzIjoiIiwid2lkZ2V0X25hbWUiOiJjYXRlIDEiLCJ3aWRnZXRfdHlwZSI6InN1Yl9jYXRlZ29yaWVzIiwic2F2ZWFuZHN0YXlsZW93aWRnZXQiOiIiLCJjYXRlZ29yeV9pZCI6IjMiLCJ3aWRnZXRfdGl0bGVfZW4iOiIiLCJ3aWRnZXRfdGl0bGVfMSI6IiIsIndpZGdldF90aXRsZV9kZSI6IiIsIndpZGdldF90aXRsZV9pdCI6IiIsIndpZGdldF90aXRsZV9lcyI6IiIsIndpZGdldF90aXRsZV9hciI6IiJ9', 1, 1510300861),
(2, 'cate 2', 'sub_categories', 'eyJhZGRidG1lZ2FtZW51X3dpZGdldHMiOiIxIiwiaWRfYnRtZWdhbWVudV93aWRnZXRzIjoiIiwid2lkZ2V0X25hbWUiOiJjYXRlIDIiLCJ3aWRnZXRfdHlwZSI6InN1Yl9jYXRlZ29yaWVzIiwic2F2ZWFuZHN0YXlsZW93aWRnZXQiOiIiLCJjYXRlZ29yeV9pZCI6IjQiLCJ3aWRnZXRfdGl0bGVfZW4iOiIiLCJ3aWRnZXRfdGl0bGVfMSI6IiIsIndpZGdldF90aXRsZV9kZSI6IiIsIndpZGdldF90aXRsZV9pdCI6IiIsIndpZGdldF90aXRsZV9lcyI6IiIsIndpZGdldF90aXRsZV9hciI6IiJ9', 1, 1510301051),
(3, 'cate 3', 'sub_categories', 'eyJhZGRidG1lZ2FtZW51X3dpZGdldHMiOiIxIiwiaWRfYnRtZWdhbWVudV93aWRnZXRzIjoiIiwid2lkZ2V0X25hbWUiOiJjYXRlIDMiLCJ3aWRnZXRfdHlwZSI6InN1Yl9jYXRlZ29yaWVzIiwic2F2ZWFuZHN0YXlsZW93aWRnZXQiOiIiLCJjYXRlZ29yeV9pZCI6IjgiLCJ3aWRnZXRfdGl0bGVfZW4iOiIiLCJ3aWRnZXRfdGl0bGVfMSI6IiIsIndpZGdldF90aXRsZV9kZSI6IiIsIndpZGdldF90aXRsZV9pdCI6IiIsIndpZGdldF90aXRsZV9lcyI6IiIsIndpZGdldF90aXRsZV9hciI6IiJ9', 1, 1510301064),
(4, 'Block link 1', 'links', '[encoded data, 5852 characters]', 1, 1510301443),
(5, 'Block link 2', 'links', '[encoded data, 5736 characters]', 1, 1510301713),
(6, 'Product new', 'product_list', 'eyJhZGRidG1lZ2FtZW51X3dpZGdldHMiOiIxIiwiaWRfYnRtZWdhbWVudV93aWRnZXRzIjoiNiIsIndpZGdldF9uYW1lIjoiUHJvZHVjdCBuZXciLCJ3aWRnZXRfdHlwZSI6InByb2R1Y3RfbGlzdCIsInNhdmVhbmRzdGF5bGVvd2lkZ2V0IjoiIiwic291cmNlIjoicHR5cGUiLCJjYXRlZ29yaWVzIjoiIiwicHR5cGUiOiJuZXdlc3QiLCJwcHJvZHVjdGlkcyI6IiIsImxpbWl0IjoiMyIsIm9yZGVyYnkiOiJkYXRlX2FkZCIsIm9yZGVyd2F5IjoiQVNDIiwid2lkZ2V0X3RpdGxlX2VuIjoiTmV3IHByb2R1Y3RzIiwid2lkZ2V0X3RpdGxlXzEiOiJOb3V2ZWF1IHByb2R1aXRzIiwid2lkZ2V0X3RpdGxlX2RlIjoiTmV1ZXMgUHJvZHVrdCIsIndpZGdldF90aXRsZV9pdCI6Ik51b3ZvIHByb2RvdHRvIiwid2lkZ2V0X3RpdGxlX2VzIjoiTnVldm8gcHJvZHVjdG8iLCJ3aWRnZXRfdGl0bGVfYXIiOiJcdTA2NDVcdTA2NDZcdTA2MmFcdTA2MmMgXHUwNjJjXHUwNjJmXHUwNjRhXHUwNjJmIn0=', 1, 1510301801),
(7, 'Product feature', 'product_list', 'eyJhZGRidG1lZ2FtZW51X3dpZGdldHMiOiIxIiwiaWRfYnRtZWdhbWVudV93aWRnZXRzIjoiIiwid2lkZ2V0X25hbWUiOiJQcm9kdWN0IGZlYXR1cmUiLCJ3aWRnZXRfdHlwZSI6InByb2R1Y3RfbGlzdCIsInNhdmVhbmRzdGF5bGVvd2lkZ2V0IjoiIiwic291cmNlIjoicHR5cGUiLCJjYXRlZ29yaWVzIjoiIiwicHR5cGUiOiJmZWF0dXJlZCIsInBwcm9kdWN0aWRzIjoiIiwibGltaXQiOiIzIiwib3JkZXJieSI6ImRhdGVfYWRkIiwib3JkZXJ3YXkiOiJBU0MiLCJ3aWRnZXRfdGl0bGVfZW4iOiJGZWF0dXJlZCBwcm9kdWN0cyIsIndpZGdldF90aXRsZV8xIjoiQ291cHMgY29ldXIiLCJ3aWRnZXRfdGl0bGVfZGUiOiJFbXBmb2hsZW5lIFByb2R1a3RlIiwid2lkZ2V0X3RpdGxlX2l0IjoiUHJvZG90dGkgdmV0cmluYSIsIndpZGdldF90aXRsZV9lcyI6IlByb2R1Y3RvcyBkZXN0YWNhZG9zIiwid2lkZ2V0X3RpdGxlX2FyIjoiXHUwNjI3XHUwNjQ0XHUwNjQ1XHUwNjQ2XHUwNjJhXHUwNjJjXHUwNjI3XHUwNjJhIFx1MDYyOFx1MDY0N1x1MDYyNyJ9', 1, 1510301975),
(8, 'About us', 'html', '[encoded data, 6124 characters]', 1, 1510302417),
(9, 'Image Electronique', 'html', 'eyJhZGRidG1lZ2FtZW51X3dpZGdldHMiOiIxIiwiaWRfYnRtZWdhbWVudV93aWRnZXRzIjoiOSIsIndpZGdldF9uYW1lIjoiSW1hZ2UgRWxlY3Ryb25pcXVlIiwid2lkZ2V0X3R5cGUiOiJodG1sIiwic2F2ZWFuZHN0YXlsZW93aWRnZXQiOiIiLCJ3aWRnZXRfdGl0bGVfMSI6IiIsImh0bWxjb250ZW50XzEiOiI8cD48YSBocmVmPVwiaHR0cHM6XC9cL2NvbWVsZWMuZnJcLzMxLWNhcHRldXJzLXJlZ3VsYXRldXJzLW11bHRpdm9pZXNcIj48aW1nIHNyYz1cImh0dHBzOlwvXC9jb21lbGVjLmZyXC9pbWdcL2Ntc1wvQUZYOS5wbmdcIiBhbHQ9XCJcIiB3aWR0aD1cIjExMVwiIGhlaWdodD1cIjE0NVwiIFwvPjxcL2E+PGltZyBzcmM9XCJodHRwczpcL1wvY29tZWxlYy5mclwvaW1nXC9jbXNcL1Zpc3VfRUNSTy1SVi5wbmdcIiBhbHQ9XCJcIiB3aWR0aD1cIjEwMlwiIGhlaWdodD1cIjkwXCIgXC8+PFwvcD4iLCJjb250ZW50XzEiOiI8cD48YSBocmVmPVwiaHR0cHM6XC9cL2NvbWVsZWMuZnJcLzMxLWNhcHRldXJzLXJlZ3VsYXRldXJzLW11bHRpdm9pZXNcIj48aW1nIHNyYz1cImh0dHBzOlwvXC9jb21lbGVjLmZyXC9pbWdcL2Ntc1wvQUZYOS5wbmdcIiBhbHQ9XCJcIiB3aWR0aD1cIjExMVwiIGhlaWdodD1cIjE0NVwiIFwvPjxcL2E+PGltZyBzcmM9XCJodHRwczpcL1wvY29tZWxlYy5mclwvaW1nXC9jbXNcL1Zpc3VfRUNSTy1SVi5wbmdcIiBhbHQ9XCJcIiB3aWR0aD1cIjEwMlwiIGhlaWdodD1cIjkwXCIgXC8+PFwvcD4ifQ==', 1, 1510302616),
(10, 'menu info', 'raw_html', 'eyJhZGRidG1lZ2FtZW51X3dpZGdldHMiOiIxIiwiaWRfYnRtZWdhbWVudV93aWRnZXRzIjoiIiwid2lkZ2V0X25hbWUiOiJtZW51IGluZm8iLCJ3aWRnZXRfdHlwZSI6InJhd19odG1sIiwic2F2ZWFuZHN0YXlsZW93aWRnZXQiOiIiLCJyYXdfaHRtbCI6IjxwPmVuaW0gYWQgbWluaW0gdmVuaWFtIDxzdHJvbmc+JDMuOTk8XC9zdHJvbmc+IGFsaXF1aXAgZXggPGEgY2xhc3M9XCJzaG9wLW5vd1wiIGhyZWY9XCIjXCIgdGl0bGU9XCJcIj5kZXNlcnVudCBtb2xsaXQ8XC9hPjxcL3A+Iiwid2lkZ2V0X3RpdGxlX2VuIjoiIiwid2lkZ2V0X3RpdGxlXzEiOiIiLCJ3aWRnZXRfdGl0bGVfZGUiOiIiLCJ3aWRnZXRfdGl0bGVfaXQiOiIiLCJ3aWRnZXRfdGl0bGVfZXMiOiIiLCJ3aWRnZXRfdGl0bGVfYXIiOiIifQ==', 1, 1510303465),
(11, 'img detail 1', 'html', 'eyJhZGRidG1lZ2FtZW51X3dpZGdldHMiOiIxIiwiaWRfYnRtZWdhbWVudV93aWRnZXRzIjoiNDEiLCJ3aWRnZXRfbmFtZSI6ImltZyBkZXRhaWwgMSIsIndpZGdldF90eXBlIjoiaHRtbCIsInNhdmVhbmRzdGF5bGVvd2lkZ2V0IjoiIiwid2lkZ2V0X3RpdGxlX2VuIjoiIiwid2lkZ2V0X3RpdGxlXzEiOiIiLCJ3aWRnZXRfdGl0bGVfZGUiOiIiLCJ3aWRnZXRfdGl0bGVfaXQiOiIiLCJ3aWRnZXRfdGl0bGVfZXMiOiIiLCJ3aWRnZXRfdGl0bGVfYXIiOiIiLCJodG1sY29udGVudF9lbiI6IjxwPjxhIGhyZWY9XCIxLTYtZmFkZWQtc2hvcnQtc2xlZXZlcy10c2hpcnQuaHRtbD9sYXlvdXQ9ZGV0YWlsMTUyMTc0MzA1OVwiIHRpdGxlPVwiXCI+PGltZyBzcmM9XCJcL3RoZW1lc1wvYXRfbW92aWNcL2Fzc2V0c1wvaW1nXC9tb2R1bGVzXC9sZW9ib290c3RyYXBtZW51XC9wMS5qcGdcIiBhbHQ9XCJcIiBcLz48XC9hPjxcL3A+IiwiY29udGVudF9lbiI6IjxwPjxhIGhyZWY9XCIxLTYtZmFkZWQtc2hvcnQtc2xlZXZlcy10c2hpcnQuaHRtbD9sYXlvdXQ9ZGV0YWlsMTUyMTc0MzA1OVwiIHRpdGxlPVwiXCI+PGltZyBzcmM9XCJcL3RoZW1lc1wvYXRfbW92aWNcL2Fzc2V0c1wvaW1nXC9tb2R1bGVzXC9sZW9ib290c3RyYXBtZW51XC9wMS5qcGdcIiBhbHQ9XCJcIiBcLz48XC9hPjxcL3A+IiwiY29udGVudF8xIjoiPHA+PGEgaHJlZj1cIjEtNi1mYWRlZC1zaG9ydC1zbGVldmVzLXRzaGlydC5odG1sP2xheW91dD1kZXRhaWwxNTIxNzQzMDU5XCIgdGl0bGU9XCJcIj48aW1nIHNyYz1cIlwvdGhlbWVzXC9hdF9tb3ZpY1wvYXNzZXRzXC9pbWdcL21vZHVsZXNcL2xlb2Jvb3RzdHJhcG1lbnVcL3AxLmpwZ1wiIGFsdD1cIlwiIFwvPjxcL2E+PFwvcD4iLCJjb250ZW50X2RlIjoiPHA+PGEgaHJlZj1cIjEtNi1mYWRlZC1zaG9ydC1zbGVldmVzLXRzaGlydC5odG1sP2xheW91dD1kZXRhaWwxNTIxNzQzMDU5XCIgdGl0bGU9XCJcIj48aW1nIHNyYz1cIlwvdGhlbWVzXC9hdF9tb3ZpY1wvYXNzZXRzXC9pbWdcL21vZHVsZXNcL2xlb2Jvb3RzdHJhcG1lbnVcL3AxLmpwZ1wiIGFsdD1cIlwiIFwvPjxcL2E+PFwvcD4iLCJjb250ZW50X2l0IjoiPHA+PGEgaHJlZj1cIjEtNi1mYWRlZC1zaG9ydC1zbGVldmVzLXRzaGlydC5odG1sP2xheW91dD1kZXRhaWwxNTIxNzQzMDU5XCIgdGl0bGU9XCJcIj48aW1nIHNyYz1cIlwvdGhlbWVzXC9hdF9tb3ZpY1wvYXNzZXRzXC9pbWdcL21vZHVsZXNcL2xlb2Jvb3RzdHJhcG1lbnVcL3AxLmpwZ1wiIGFsdD1cIlwiIFwvPjxcL2E+PFwvcD4iLCJjb250ZW50X2VzIjoiPHA+PGEgaHJlZj1cIjEtNi1mYWRlZC1zaG9ydC1zbGVldmVzLXRzaGlydC5odG1sP2xheW91dD1kZXRhaWwxNTIxNzQzMDU5XCIgdGl0bGU9XCJcIj48aW1nIHNyYz1cIlwvdGhlbWVzXC9hdF9tb3ZpY1wvYXNzZXRzXC9pbWdcL21vZHVsZXNcL2xlb2Jvb3RzdHJhcG1lbnVcL3AxLmpwZ1wiIGFsdD1cIlwiIFwvPjxcL2E+PFwvcD4iLCJjb250ZW50X2FyIjoiPHA+PGEgaHJlZj1cIjEtNi1mYWRlZC1zaG9ydC1zbGVldmVzLXRzaGlydC5odG1sP2xheW91dD1kZXRhaWwxNTIxNzQzMDU5XCIgdGl0bGU9XCJcIj48aW1nIHNyYz1cIlwvdGhlbWVzXC9hdF9tb3ZpY1wvYXNzZXRzXC9pbWdcL21vZHVsZXNcL2xlb2Jvb3RzdHJhcG1lbnVcL3AxLmpwZ1wiIGFsdD1cIlwiIFwvPjxcL2E+PFwvcD4iLCJodG1sY29udGVudF8xIjoiPHA+PGEgaHJlZj1cIjEtNi1mYWRlZC1zaG9ydC1zbGVldmVzLXRzaGlydC5odG1sP2xheW91dD1kZXRhaWwxNTIxNzQzMDU5XCIgdGl0bGU9XCJcIj48aW1nIHNyYz1cIlwvdGhlbWVzXC9hdF9tb3ZpY1wvYXNzZXRzXC9pbWdcL21vZHVsZXNcL2xlb2Jvb3RzdHJhcG1lbnVcL3AxLmpwZ1wiIGFsdD1cIlwiIFwvPjxcL2E+PFwvcD4iLCJodG1sY29udGVudF9kZSI6IjxwPjxhIGhyZWY9XCIxLTYtZmFkZWQtc2hvcnQtc2xlZXZlcy10c2hpcnQuaHRtbD9sYXlvdXQ9ZGV0YWlsMTUyMTc0MzA1OVwiIHRpdGxlPVwiXCI+PGltZyBzcmM9XCJcL3RoZW1lc1wvYXRfbW92aWNcL2Fzc2V0c1wvaW1nXC9tb2R1bGVzXC9sZW9ib290c3RyYXBtZW51XC9wMS5qcGdcIiBhbHQ9XCJcIiBcLz48XC9hPjxcL3A+IiwiaHRtbGNvbnRlbnRfaXQiOiI8cD48YSBocmVmPVwiMS02LWZhZGVkLXNob3J0LXNsZWV2ZXMtdHNoaXJ0Lmh0bWw/bGF5b3V0PWRldGFpbDE1MjE3NDMwNTlcIiB0aXRsZT1cIlwiPjxpbWcgc3JjPVwiXC90aGVtZXNcL2F0X21vdmljXC9hc3NldHNcL2ltZ1wvbW9kdWxlc1wvbGVvYm9vdHN0cmFwbWVudVwvcDEuanBnXCIgYWx0PVwiXCIgXC8+PFwvYT48XC9wPiIsImh0bWxjb250ZW50X2VzIjoiPHA+PGEgaHJlZj1cIjEtNi1mYWRlZC1zaG9ydC1zbGVldmVzLXRzaGlydC5odG1sP2xheW91dD1kZXRhaWwxNTIxNzQzMDU5XCIgdGl0bGU9XCJcIj48aW1nIHNyYz1cIlwvdGhlbWVzXC9hdF9tb3ZpY1wvYXNzZXRzXC9pbWdcL21vZHVsZXNcL2xlb2Jvb3RzdHJhcG1lbnVcL3AxLmpwZ1wiIGFsdD1cIlwiIFwvPjxcL2E+PFwvcD4iLCJodG1sY29udGVudF9hciI6IjxwPjxhIGhyZWY9XCIxLTYtZmFkZWQtc2hvcnQtc2xlZXZlcy10c2hpcnQuaHRtbD9sYXlvdXQ9ZGV0YWlsMTUyMTc0MzA1OVwiIHRpdGxlPVwiXCI+PGltZyBzcmM9XCJcL3RoZW1lc1wvYXRfbW92aWNcL2Fzc2V0c1wvaW1nXC9tb2R1bGVzXC9sZW9ib290c3RyYXBtZW51XC9wMS5qcGdcIiBhbHQ9XCJcIiBcLz48XC9hPjxcL3A+In0=', 1, 1521789469),
(12, 'img detail 2', 'html', 'eyJhZGRidG1lZ2FtZW51X3dpZGdldHMiOiIxIiwiaWRfYnRtZWdhbWVudV93aWRnZXRzIjoiNDIiLCJ3aWRnZXRfbmFtZSI6ImltZyBkZXRhaWwgMiIsIndpZGdldF90eXBlIjoiaHRtbCIsInNhdmVhbmRzdGF5bGVvd2lkZ2V0IjoiIiwid2lkZ2V0X3RpdGxlX2VuIjoiIiwid2lkZ2V0X3RpdGxlXzEiOiIiLCJ3aWRnZXRfdGl0bGVfZGUiOiIiLCJ3aWRnZXRfdGl0bGVfaXQiOiIiLCJ3aWRnZXRfdGl0bGVfZXMiOiIiLCJ3aWRnZXRfdGl0bGVfYXIiOiIiLCJodG1sY29udGVudF9lbiI6IjxwPjxhIGhyZWY9XCIxLTYtZmFkZWQtc2hvcnQtc2xlZXZlcy10c2hpcnQuaHRtbD9sYXlvdXQ9ZGV0YWlsMTUyMTcyNzk2NVwiIHRpdGxlPVwiXCI+PGltZyBzcmM9XCJcL3RoZW1lc1wvYXRfbW92aWNcL2Fzc2V0c1wvaW1nXC9tb2R1bGVzXC9sZW9ib290c3RyYXBtZW51XC9wMi5qcGdcIiBhbHQ9XCJcIiBcLz48XC9hPjxcL3A+IiwiY29udGVudF9lbiI6IjxwPjxhIGhyZWY9XCIxLTYtZmFkZWQtc2hvcnQtc2xlZXZlcy10c2hpcnQuaHRtbD9sYXlvdXQ9ZGV0YWlsMTUyMTcyNzk2NVwiIHRpdGxlPVwiXCI+PGltZyBzcmM9XCJcL3RoZW1lc1wvYXRfbW92aWNcL2Fzc2V0c1wvaW1nXC9tb2R1bGVzXC9sZW9ib290c3RyYXBtZW51XC9wMi5qcGdcIiBhbHQ9XCJcIiBcLz48XC9hPjxcL3A+IiwiY29udGVudF8xIjoiPHA+PGEgaHJlZj1cIjEtNi1mYWRlZC1zaG9ydC1zbGVldmVzLXRzaGlydC5odG1sP2xheW91dD1kZXRhaWwxNTIxNzI3OTY1XCIgdGl0bGU9XCJcIj48aW1nIHNyYz1cIlwvdGhlbWVzXC9hdF9tb3ZpY1wvYXNzZXRzXC9pbWdcL21vZHVsZXNcL2xlb2Jvb3RzdHJhcG1lbnVcL3AyLmpwZ1wiIGFsdD1cIlwiIFwvPjxcL2E+PFwvcD4iLCJjb250ZW50X2RlIjoiPHA+PGEgaHJlZj1cIjEtNi1mYWRlZC1zaG9ydC1zbGVldmVzLXRzaGlydC5odG1sP2xheW91dD1kZXRhaWwxNTIxNzI3OTY1XCIgdGl0bGU9XCJcIj48aW1nIHNyYz1cIlwvdGhlbWVzXC9hdF9tb3ZpY1wvYXNzZXRzXC9pbWdcL21vZHVsZXNcL2xlb2Jvb3RzdHJhcG1lbnVcL3AyLmpwZ1wiIGFsdD1cIlwiIFwvPjxcL2E+PFwvcD4iLCJjb250ZW50X2l0IjoiPHA+PGEgaHJlZj1cIjEtNi1mYWRlZC1zaG9ydC1zbGVldmVzLXRzaGlydC5odG1sP2xheW91dD1kZXRhaWwxNTIxNzI3OTY1XCIgdGl0bGU9XCJcIj48aW1nIHNyYz1cIlwvdGhlbWVzXC9hdF9tb3ZpY1wvYXNzZXRzXC9pbWdcL21vZHVsZXNcL2xlb2Jvb3RzdHJhcG1lbnVcL3AyLmpwZ1wiIGFsdD1cIlwiIFwvPjxcL2E+PFwvcD4iLCJjb250ZW50X2VzIjoiPHA+PGEgaHJlZj1cIjEtNi1mYWRlZC1zaG9ydC1zbGVldmVzLXRzaGlydC5odG1sP2xheW91dD1kZXRhaWwxNTIxNzI3OTY1XCIgdGl0bGU9XCJcIj48aW1nIHNyYz1cIlwvdGhlbWVzXC9hdF9tb3ZpY1wvYXNzZXRzXC9pbWdcL21vZHVsZXNcL2xlb2Jvb3RzdHJhcG1lbnVcL3AyLmpwZ1wiIGFsdD1cIlwiIFwvPjxcL2E+PFwvcD4iLCJjb250ZW50X2FyIjoiPHA+PGEgaHJlZj1cIjEtNi1mYWRlZC1zaG9ydC1zbGVldmVzLXRzaGlydC5odG1sP2xheW91dD1kZXRhaWwxNTIxNzI3OTY1XCIgdGl0bGU9XCJcIj48aW1nIHNyYz1cIlwvdGhlbWVzXC9hdF9tb3ZpY1wvYXNzZXRzXC9pbWdcL21vZHVsZXNcL2xlb2Jvb3RzdHJhcG1lbnVcL3AyLmpwZ1wiIGFsdD1cIlwiIFwvPjxcL2E+PFwvcD4iLCJodG1sY29udGVudF8xIjoiPHA+PGEgaHJlZj1cIjEtNi1mYWRlZC1zaG9ydC1zbGVldmVzLXRzaGlydC5odG1sP2xheW91dD1kZXRhaWwxNTIxNzI3OTY1XCIgdGl0bGU9XCJcIj48aW1nIHNyYz1cIlwvdGhlbWVzXC9hdF9tb3ZpY1wvYXNzZXRzXC9pbWdcL21vZHVsZXNcL2xlb2Jvb3RzdHJhcG1lbnVcL3AyLmpwZ1wiIGFsdD1cIlwiIFwvPjxcL2E+PFwvcD4iLCJodG1sY29udGVudF9kZSI6IjxwPjxhIGhyZWY9XCIxLTYtZmFkZWQtc2hvcnQtc2xlZXZlcy10c2hpcnQuaHRtbD9sYXlvdXQ9ZGV0YWlsMTUyMTcyNzk2NVwiIHRpdGxlPVwiXCI+PGltZyBzcmM9XCJcL3RoZW1lc1wvYXRfbW92aWNcL2Fzc2V0c1wvaW1nXC9tb2R1bGVzXC9sZW9ib290c3RyYXBtZW51XC9wMi5qcGdcIiBhbHQ9XCJcIiBcLz48XC9hPjxcL3A+IiwiaHRtbGNvbnRlbnRfaXQiOiI8cD48YSBocmVmPVwiMS02LWZhZGVkLXNob3J0LXNsZWV2ZXMtdHNoaXJ0Lmh0bWw/bGF5b3V0PWRldGFpbDE1MjE3Mjc5NjVcIiB0aXRsZT1cIlwiPjxpbWcgc3JjPVwiXC90aGVtZXNcL2F0X21vdmljXC9hc3NldHNcL2ltZ1wvbW9kdWxlc1wvbGVvYm9vdHN0cmFwbWVudVwvcDIuanBnXCIgYWx0PVwiXCIgXC8+PFwvYT48XC9wPiIsImh0bWxjb250ZW50X2VzIjoiPHA+PGEgaHJlZj1cIjEtNi1mYWRlZC1zaG9ydC1zbGVldmVzLXRzaGlydC5odG1sP2xheW91dD1kZXRhaWwxNTIxNzI3OTY1XCIgdGl0bGU9XCJcIj48aW1nIHNyYz1cIlwvdGhlbWVzXC9hdF9tb3ZpY1wvYXNzZXRzXC9pbWdcL21vZHVsZXNcL2xlb2Jvb3RzdHJhcG1lbnVcL3AyLmpwZ1wiIGFsdD1cIlwiIFwvPjxcL2E+PFwvcD4iLCJodG1sY29udGVudF9hciI6IjxwPjxhIGhyZWY9XCIxLTYtZmFkZWQtc2hvcnQtc2xlZXZlcy10c2hpcnQuaHRtbD9sYXlvdXQ9ZGV0YWlsMTUyMTcyNzk2NVwiIHRpdGxlPVwiXCI+PGltZyBzcmM9XCJcL3RoZW1lc1wvYXRfbW92aWNcL2Fzc2V0c1wvaW1nXC9tb2R1bGVzXC9sZW9ib290c3RyYXBtZW51XC9wMi5qcGdcIiBhbHQ9XCJcIiBcLz48XC9hPjxcL3A+In0=', 1, 1521789494),
(13, 'img detail 3', 'html', 'eyJhZGRidG1lZ2FtZW51X3dpZGdldHMiOiIxIiwiaWRfYnRtZWdhbWVudV93aWRnZXRzIjoiNDMiLCJ3aWRnZXRfbmFtZSI6ImltZyBkZXRhaWwgMyIsIndpZGdldF90eXBlIjoiaHRtbCIsInNhdmVhbmRzdGF5bGVvd2lkZ2V0IjoiIiwid2lkZ2V0X3RpdGxlX2VuIjoiIiwid2lkZ2V0X3RpdGxlXzEiOiIiLCJ3aWRnZXRfdGl0bGVfZGUiOiIiLCJ3aWRnZXRfdGl0bGVfaXQiOiIiLCJ3aWRnZXRfdGl0bGVfZXMiOiIiLCJ3aWRnZXRfdGl0bGVfYXIiOiIiLCJodG1sY29udGVudF9lbiI6IjxwPjxhIGhyZWY9XCIxLTYtZmFkZWQtc2hvcnQtc2xlZXZlcy10c2hpcnQuaHRtbD9sYXlvdXQ9ZGV0YWlsMTUyMTczNzM4MFwiIHRpdGxlPVwiXCI+PGltZyBzcmM9XCJcL3RoZW1lc1wvYXRfbW92aWNcL2Fzc2V0c1wvaW1nXC9tb2R1bGVzXC9sZW9ib290c3RyYXBtZW51XC9wMy5qcGdcIiBhbHQ9XCJcIiBcLz48XC9hPjxcL3A+IiwiY29udGVudF9lbiI6IjxwPjxhIGhyZWY9XCIxLTYtZmFkZWQtc2hvcnQtc2xlZXZlcy10c2hpcnQuaHRtbD9sYXlvdXQ9ZGV0YWlsMTUyMTczNzM4MFwiIHRpdGxlPVwiXCI+PGltZyBzcmM9XCJcL3RoZW1lc1wvYXRfbW92aWNcL2Fzc2V0c1wvaW1nXC9tb2R1bGVzXC9sZW9ib290c3RyYXBtZW51XC9wMy5qcGdcIiBhbHQ9XCJcIiBcLz48XC9hPjxcL3A+IiwiY29udGVudF8xIjoiPHA+PGEgaHJlZj1cIjEtNi1mYWRlZC1zaG9ydC1zbGVldmVzLXRzaGlydC5odG1sP2xheW91dD1kZXRhaWwxNTIxNzM3MzgwXCIgdGl0bGU9XCJcIj48aW1nIHNyYz1cIlwvdGhlbWVzXC9hdF9tb3ZpY1wvYXNzZXRzXC9pbWdcL21vZHVsZXNcL2xlb2Jvb3RzdHJhcG1lbnVcL3AzLmpwZ1wiIGFsdD1cIlwiIFwvPjxcL2E+PFwvcD4iLCJjb250ZW50X2RlIjoiPHA+PGEgaHJlZj1cIjEtNi1mYWRlZC1zaG9ydC1zbGVldmVzLXRzaGlydC5odG1sP2xheW91dD1kZXRhaWwxNTIxNzM3MzgwXCIgdGl0bGU9XCJcIj48aW1nIHNyYz1cIlwvdGhlbWVzXC9hdF9tb3ZpY1wvYXNzZXRzXC9pbWdcL21vZHVsZXNcL2xlb2Jvb3RzdHJhcG1lbnVcL3AzLmpwZ1wiIGFsdD1cIlwiIFwvPjxcL2E+PFwvcD4iLCJjb250ZW50X2l0IjoiPHA+PGEgaHJlZj1cIjEtNi1mYWRlZC1zaG9ydC1zbGVldmVzLXRzaGlydC5odG1sP2xheW91dD1kZXRhaWwxNTIxNzM3MzgwXCIgdGl0bGU9XCJcIj48aW1nIHNyYz1cIlwvdGhlbWVzXC9hdF9tb3ZpY1wvYXNzZXRzXC9pbWdcL21vZHVsZXNcL2xlb2Jvb3RzdHJhcG1lbnVcL3AzLmpwZ1wiIGFsdD1cIlwiIFwvPjxcL2E+PFwvcD4iLCJjb250ZW50X2VzIjoiPHA+PGEgaHJlZj1cIjEtNi1mYWRlZC1zaG9ydC1zbGVldmVzLXRzaGlydC5odG1sP2xheW91dD1kZXRhaWwxNTIxNzM3MzgwXCIgdGl0bGU9XCJcIj48aW1nIHNyYz1cIlwvdGhlbWVzXC9hdF9tb3ZpY1wvYXNzZXRzXC9pbWdcL21vZHVsZXNcL2xlb2Jvb3RzdHJhcG1lbnVcL3AzLmpwZ1wiIGFsdD1cIlwiIFwvPjxcL2E+PFwvcD4iLCJjb250ZW50X2FyIjoiPHA+PGEgaHJlZj1cIjEtNi1mYWRlZC1zaG9ydC1zbGVldmVzLXRzaGlydC5odG1sP2xheW91dD1kZXRhaWwxNTIxNzM3MzgwXCIgdGl0bGU9XCJcIj48aW1nIHNyYz1cIlwvdGhlbWVzXC9hdF9tb3ZpY1wvYXNzZXRzXC9pbWdcL21vZHVsZXNcL2xlb2Jvb3RzdHJhcG1lbnVcL3AzLmpwZ1wiIGFsdD1cIlwiIFwvPjxcL2E+PFwvcD4iLCJodG1sY29udGVudF8xIjoiPHA+PGEgaHJlZj1cIjEtNi1mYWRlZC1zaG9ydC1zbGVldmVzLXRzaGlydC5odG1sP2xheW91dD1kZXRhaWwxNTIxNzM3MzgwXCIgdGl0bGU9XCJcIj48aW1nIHNyYz1cIlwvdGhlbWVzXC9hdF9tb3ZpY1wvYXNzZXRzXC9pbWdcL21vZHVsZXNcL2xlb2Jvb3RzdHJhcG1lbnVcL3AzLmpwZ1wiIGFsdD1cIlwiIFwvPjxcL2E+PFwvcD4iLCJodG1sY29udGVudF9kZSI6IjxwPjxhIGhyZWY9XCIxLTYtZmFkZWQtc2hvcnQtc2xlZXZlcy10c2hpcnQuaHRtbD9sYXlvdXQ9ZGV0YWlsMTUyMTczNzM4MFwiIHRpdGxlPVwiXCI+PGltZyBzcmM9XCJcL3RoZW1lc1wvYXRfbW92aWNcL2Fzc2V0c1wvaW1nXC9tb2R1bGVzXC9sZW9ib290c3RyYXBtZW51XC9wMy5qcGdcIiBhbHQ9XCJcIiBcLz48XC9hPjxcL3A+IiwiaHRtbGNvbnRlbnRfaXQiOiI8cD48YSBocmVmPVwiMS02LWZhZGVkLXNob3J0LXNsZWV2ZXMtdHNoaXJ0Lmh0bWw/bGF5b3V0PWRldGFpbDE1MjE3MzczODBcIiB0aXRsZT1cIlwiPjxpbWcgc3JjPVwiXC90aGVtZXNcL2F0X21vdmljXC9hc3NldHNcL2ltZ1wvbW9kdWxlc1wvbGVvYm9vdHN0cmFwbWVudVwvcDMuanBnXCIgYWx0PVwiXCIgXC8+PFwvYT48XC9wPiIsImh0bWxjb250ZW50X2VzIjoiPHA+PGEgaHJlZj1cIjEtNi1mYWRlZC1zaG9ydC1zbGVldmVzLXRzaGlydC5odG1sP2xheW91dD1kZXRhaWwxNTIxNzM3MzgwXCIgdGl0bGU9XCJcIj48aW1nIHNyYz1cIlwvdGhlbWVzXC9hdF9tb3ZpY1wvYXNzZXRzXC9pbWdcL21vZHVsZXNcL2xlb2Jvb3RzdHJhcG1lbnVcL3AzLmpwZ1wiIGFsdD1cIlwiIFwvPjxcL2E+PFwvcD4iLCJodG1sY29udGVudF9hciI6IjxwPjxhIGhyZWY9XCIxLTYtZmFkZWQtc2hvcnQtc2xlZXZlcy10c2hpcnQuaHRtbD9sYXlvdXQ9ZGV0YWlsMTUyMTczNzM4MFwiIHRpdGxlPVwiXCI+PGltZyBzcmM9XCJcL3RoZW1lc1wvYXRfbW92aWNcL2Fzc2V0c1wvaW1nXC9tb2R1bGVzXC9sZW9ib290c3RyYXBtZW51XC9wMy5qcGdcIiBhbHQ9XCJcIiBcLz48XC9hPjxcL3A+In0=', 1, 1521789615),
(14, 'img detail 4', 'html', 'eyJhZGRidG1lZ2FtZW51X3dpZGdldHMiOiIxIiwiaWRfYnRtZWdhbWVudV93aWRnZXRzIjoiNDQiLCJ3aWRnZXRfbmFtZSI6ImltZyBkZXRhaWwgNCIsIndpZGdldF90eXBlIjoiaHRtbCIsInNhdmVhbmRzdGF5bGVvd2lkZ2V0IjoiIiwid2lkZ2V0X3RpdGxlX2VuIjoiIiwid2lkZ2V0X3RpdGxlXzEiOiIiLCJ3aWRnZXRfdGl0bGVfZGUiOiIiLCJ3aWRnZXRfdGl0bGVfaXQiOiIiLCJ3aWRnZXRfdGl0bGVfZXMiOiIiLCJ3aWRnZXRfdGl0bGVfYXIiOiIiLCJodG1sY29udGVudF9lbiI6IjxwPjxhIGhyZWY9XCIxLTYtZmFkZWQtc2hvcnQtc2xlZXZlcy10c2hpcnQuaHRtbD9sYXlvdXQ9ZGV0YWlsMTUyMTczNzIzOFwiIHRpdGxlPVwiXCI+PGltZyBzcmM9XCJcL3RoZW1lc1wvYXRfbW92aWNcL2Fzc2V0c1wvaW1nXC9tb2R1bGVzXC9sZW9ib290c3RyYXBtZW51XC9wNC5qcGdcIiBhbHQ9XCJcIiBcLz48XC9hPjxcL3A+IiwiY29udGVudF9lbiI6IjxwPjxhIGhyZWY9XCIxLTYtZmFkZWQtc2hvcnQtc2xlZXZlcy10c2hpcnQuaHRtbD9sYXlvdXQ9ZGV0YWlsMTUyMTczNzIzOFwiIHRpdGxlPVwiXCI+PGltZyBzcmM9XCJcL3RoZW1lc1wvYXRfbW92aWNcL2Fzc2V0c1wvaW1nXC9tb2R1bGVzXC9sZW9ib290c3RyYXBtZW51XC9wNC5qcGdcIiBhbHQ9XCJcIiBcLz48XC9hPjxcL3A+IiwiY29udGVudF8xIjoiPHA+PGEgaHJlZj1cIjEtNi1mYWRlZC1zaG9ydC1zbGVldmVzLXRzaGlydC5odG1sP2xheW91dD1kZXRhaWwxNTIxNzM3MjM4XCIgdGl0bGU9XCJcIj48aW1nIHNyYz1cIlwvdGhlbWVzXC9hdF9tb3ZpY1wvYXNzZXRzXC9pbWdcL21vZHVsZXNcL2xlb2Jvb3RzdHJhcG1lbnVcL3A0LmpwZ1wiIGFsdD1cIlwiIFwvPjxcL2E+PFwvcD4iLCJjb250ZW50X2RlIjoiPHA+PGEgaHJlZj1cIjEtNi1mYWRlZC1zaG9ydC1zbGVldmVzLXRzaGlydC5odG1sP2xheW91dD1kZXRhaWwxNTIxNzM3MjM4XCIgdGl0bGU9XCJcIj48aW1nIHNyYz1cIlwvdGhlbWVzXC9hdF9tb3ZpY1wvYXNzZXRzXC9pbWdcL21vZHVsZXNcL2xlb2Jvb3RzdHJhcG1lbnVcL3A0LmpwZ1wiIGFsdD1cIlwiIFwvPjxcL2E+PFwvcD4iLCJjb250ZW50X2l0IjoiPHA+PGEgaHJlZj1cIjEtNi1mYWRlZC1zaG9ydC1zbGVldmVzLXRzaGlydC5odG1sP2xheW91dD1kZXRhaWwxNTIxNzM3MjM4XCIgdGl0bGU9XCJcIj48aW1nIHNyYz1cIlwvdGhlbWVzXC9hdF9tb3ZpY1wvYXNzZXRzXC9pbWdcL21vZHVsZXNcL2xlb2Jvb3RzdHJhcG1lbnVcL3A0LmpwZ1wiIGFsdD1cIlwiIFwvPjxcL2E+PFwvcD4iLCJjb250ZW50X2VzIjoiPHA+PGEgaHJlZj1cIjEtNi1mYWRlZC1zaG9ydC1zbGVldmVzLXRzaGlydC5odG1sP2xheW91dD1kZXRhaWwxNTIxNzM3MjM4XCIgdGl0bGU9XCJcIj48aW1nIHNyYz1cIlwvdGhlbWVzXC9hdF9tb3ZpY1wvYXNzZXRzXC9pbWdcL21vZHVsZXNcL2xlb2Jvb3RzdHJhcG1lbnVcL3A0LmpwZ1wiIGFsdD1cIlwiIFwvPjxcL2E+PFwvcD4iLCJjb250ZW50X2FyIjoiPHA+PGEgaHJlZj1cIjEtNi1mYWRlZC1zaG9ydC1zbGVldmVzLXRzaGlydC5odG1sP2xheW91dD1kZXRhaWwxNTIxNzM3MjM4XCIgdGl0bGU9XCJcIj48aW1nIHNyYz1cIlwvdGhlbWVzXC9hdF9tb3ZpY1wvYXNzZXRzXC9pbWdcL21vZHVsZXNcL2xlb2Jvb3RzdHJhcG1lbnVcL3A0LmpwZ1wiIGFsdD1cIlwiIFwvPjxcL2E+PFwvcD4iLCJodG1sY29udGVudF8xIjoiPHA+PGEgaHJlZj1cIjEtNi1mYWRlZC1zaG9ydC1zbGVldmVzLXRzaGlydC5odG1sP2xheW91dD1kZXRhaWwxNTIxNzM3MjM4XCIgdGl0bGU9XCJcIj48aW1nIHNyYz1cIlwvdGhlbWVzXC9hdF9tb3ZpY1wvYXNzZXRzXC9pbWdcL21vZHVsZXNcL2xlb2Jvb3RzdHJhcG1lbnVcL3A0LmpwZ1wiIGFsdD1cIlwiIFwvPjxcL2E+PFwvcD4iLCJodG1sY29udGVudF9kZSI6IjxwPjxhIGhyZWY9XCIxLTYtZmFkZWQtc2hvcnQtc2xlZXZlcy10c2hpcnQuaHRtbD9sYXlvdXQ9ZGV0YWlsMTUyMTczNzIzOFwiIHRpdGxlPVwiXCI+PGltZyBzcmM9XCJcL3RoZW1lc1wvYXRfbW92aWNcL2Fzc2V0c1wvaW1nXC9tb2R1bGVzXC9sZW9ib290c3RyYXBtZW51XC9wNC5qcGdcIiBhbHQ9XCJcIiBcLz48XC9hPjxcL3A+IiwiaHRtbGNvbnRlbnRfaXQiOiI8cD48YSBocmVmPVwiMS02LWZhZGVkLXNob3J0LXNsZWV2ZXMtdHNoaXJ0Lmh0bWw/bGF5b3V0PWRldGFpbDE1MjE3MzcyMzhcIiB0aXRsZT1cIlwiPjxpbWcgc3JjPVwiXC90aGVtZXNcL2F0X21vdmljXC9hc3NldHNcL2ltZ1wvbW9kdWxlc1wvbGVvYm9vdHN0cmFwbWVudVwvcDQuanBnXCIgYWx0PVwiXCIgXC8+PFwvYT48XC9wPiIsImh0bWxjb250ZW50X2VzIjoiPHA+PGEgaHJlZj1cIjEtNi1mYWRlZC1zaG9ydC1zbGVldmVzLXRzaGlydC5odG1sP2xheW91dD1kZXRhaWwxNTIxNzM3MjM4XCIgdGl0bGU9XCJcIj48aW1nIHNyYz1cIlwvdGhlbWVzXC9hdF9tb3ZpY1wvYXNzZXRzXC9pbWdcL21vZHVsZXNcL2xlb2Jvb3RzdHJhcG1lbnVcL3A0LmpwZ1wiIGFsdD1cIlwiIFwvPjxcL2E+PFwvcD4iLCJodG1sY29udGVudF9hciI6IjxwPjxhIGhyZWY9XCIxLTYtZmFkZWQtc2hvcnQtc2xlZXZlcy10c2hpcnQuaHRtbD9sYXlvdXQ9ZGV0YWlsMTUyMTczNzIzOFwiIHRpdGxlPVwiXCI+PGltZyBzcmM9XCJcL3RoZW1lc1wvYXRfbW92aWNcL2Fzc2V0c1wvaW1nXC9tb2R1bGVzXC9sZW9ib290c3RyYXBtZW51XC9wNC5qcGdcIiBhbHQ9XCJcIiBcLz48XC9hPjxcL3A+In0=', 1, 1521789763),
(15, 'img detail 5', 'html', 'eyJhZGRidG1lZ2FtZW51X3dpZGdldHMiOiIxIiwiaWRfYnRtZWdhbWVudV93aWRnZXRzIjoiNDUiLCJ3aWRnZXRfbmFtZSI6ImltZyBkZXRhaWwgNSIsIndpZGdldF90eXBlIjoiaHRtbCIsInNhdmVhbmRzdGF5bGVvd2lkZ2V0IjoiIiwid2lkZ2V0X3RpdGxlX2VuIjoiIiwid2lkZ2V0X3RpdGxlXzEiOiIiLCJ3aWRnZXRfdGl0bGVfZGUiOiIiLCJ3aWRnZXRfdGl0bGVfaXQiOiIiLCJ3aWRnZXRfdGl0bGVfZXMiOiIiLCJ3aWRnZXRfdGl0bGVfYXIiOiIiLCJodG1sY29udGVudF9lbiI6IjxwPjxhIGhyZWY9XCIxLTYtZmFkZWQtc2hvcnQtc2xlZXZlcy10c2hpcnQuaHRtbD9sYXlvdXQ9ZGV0YWlsMTUyMTczOTYyOFwiIHRpdGxlPVwiXCI+PGltZyBzcmM9XCJcL3RoZW1lc1wvYXRfbW92aWNcL2Fzc2V0c1wvaW1nXC9tb2R1bGVzXC9sZW9ib290c3RyYXBtZW51XC9wNS5qcGdcIiBhbHQ9XCJcIiBcLz48XC9hPjxcL3A+IiwiY29udGVudF9lbiI6IjxwPjxhIGhyZWY9XCIxLTYtZmFkZWQtc2hvcnQtc2xlZXZlcy10c2hpcnQuaHRtbD9sYXlvdXQ9ZGV0YWlsMTUyMTczOTYyOFwiIHRpdGxlPVwiXCI+PGltZyBzcmM9XCJcL3RoZW1lc1wvYXRfbW92aWNcL2Fzc2V0c1wvaW1nXC9tb2R1bGVzXC9sZW9ib290c3RyYXBtZW51XC9wNS5qcGdcIiBhbHQ9XCJcIiBcLz48XC9hPjxcL3A+IiwiY29udGVudF8xIjoiPHA+PGEgaHJlZj1cIjEtNi1mYWRlZC1zaG9ydC1zbGVldmVzLXRzaGlydC5odG1sP2xheW91dD1kZXRhaWwxNTIxNzM5NjI4XCIgdGl0bGU9XCJcIj48aW1nIHNyYz1cIlwvdGhlbWVzXC9hdF9tb3ZpY1wvYXNzZXRzXC9pbWdcL21vZHVsZXNcL2xlb2Jvb3RzdHJhcG1lbnVcL3A1LmpwZ1wiIGFsdD1cIlwiIFwvPjxcL2E+PFwvcD4iLCJjb250ZW50X2RlIjoiPHA+PGEgaHJlZj1cIjEtNi1mYWRlZC1zaG9ydC1zbGVldmVzLXRzaGlydC5odG1sP2xheW91dD1kZXRhaWwxNTIxNzM5NjI4XCIgdGl0bGU9XCJcIj48aW1nIHNyYz1cIlwvdGhlbWVzXC9hdF9tb3ZpY1wvYXNzZXRzXC9pbWdcL21vZHVsZXNcL2xlb2Jvb3RzdHJhcG1lbnVcL3A1LmpwZ1wiIGFsdD1cIlwiIFwvPjxcL2E+PFwvcD4iLCJjb250ZW50X2l0IjoiPHA+PGEgaHJlZj1cIjEtNi1mYWRlZC1zaG9ydC1zbGVldmVzLXRzaGlydC5odG1sP2xheW91dD1kZXRhaWwxNTIxNzM5NjI4XCIgdGl0bGU9XCJcIj48aW1nIHNyYz1cIlwvdGhlbWVzXC9hdF9tb3ZpY1wvYXNzZXRzXC9pbWdcL21vZHVsZXNcL2xlb2Jvb3RzdHJhcG1lbnVcL3A1LmpwZ1wiIGFsdD1cIlwiIFwvPjxcL2E+PFwvcD4iLCJjb250ZW50X2VzIjoiPHA+PGEgaHJlZj1cIjEtNi1mYWRlZC1zaG9ydC1zbGVldmVzLXRzaGlydC5odG1sP2xheW91dD1kZXRhaWwxNTIxNzM5NjI4XCIgdGl0bGU9XCJcIj48aW1nIHNyYz1cIlwvdGhlbWVzXC9hdF9tb3ZpY1wvYXNzZXRzXC9pbWdcL21vZHVsZXNcL2xlb2Jvb3RzdHJhcG1lbnVcL3A1LmpwZ1wiIGFsdD1cIlwiIFwvPjxcL2E+PFwvcD4iLCJjb250ZW50X2FyIjoiPHA+PGEgaHJlZj1cIjEtNi1mYWRlZC1zaG9ydC1zbGVldmVzLXRzaGlydC5odG1sP2xheW91dD1kZXRhaWwxNTIxNzM5NjI4XCIgdGl0bGU9XCJcIj48aW1nIHNyYz1cIlwvdGhlbWVzXC9hdF9tb3ZpY1wvYXNzZXRzXC9pbWdcL21vZHVsZXNcL2xlb2Jvb3RzdHJhcG1lbnVcL3A1LmpwZ1wiIGFsdD1cIlwiIFwvPjxcL2E+PFwvcD4iLCJodG1sY29udGVudF8xIjoiPHA+PGEgaHJlZj1cIjEtNi1mYWRlZC1zaG9ydC1zbGVldmVzLXRzaGlydC5odG1sP2xheW91dD1kZXRhaWwxNTIxNzM5NjI4XCIgdGl0bGU9XCJcIj48aW1nIHNyYz1cIlwvdGhlbWVzXC9hdF9tb3ZpY1wvYXNzZXRzXC9pbWdcL21vZHVsZXNcL2xlb2Jvb3RzdHJhcG1lbnVcL3A1LmpwZ1wiIGFsdD1cIlwiIFwvPjxcL2E+PFwvcD4iLCJodG1sY29udGVudF9kZSI6IjxwPjxhIGhyZWY9XCIxLTYtZmFkZWQtc2hvcnQtc2xlZXZlcy10c2hpcnQuaHRtbD9sYXlvdXQ9ZGV0YWlsMTUyMTczOTYyOFwiIHRpdGxlPVwiXCI+PGltZyBzcmM9XCJcL3RoZW1lc1wvYXRfbW92aWNcL2Fzc2V0c1wvaW1nXC9tb2R1bGVzXC9sZW9ib290c3RyYXBtZW51XC9wNS5qcGdcIiBhbHQ9XCJcIiBcLz48XC9hPjxcL3A+IiwiaHRtbGNvbnRlbnRfaXQiOiI8cD48YSBocmVmPVwiMS02LWZhZGVkLXNob3J0LXNsZWV2ZXMtdHNoaXJ0Lmh0bWw/bGF5b3V0PWRldGFpbDE1MjE3Mzk2MjhcIiB0aXRsZT1cIlwiPjxpbWcgc3JjPVwiXC90aGVtZXNcL2F0X21vdmljXC9hc3NldHNcL2ltZ1wvbW9kdWxlc1wvbGVvYm9vdHN0cmFwbWVudVwvcDUuanBnXCIgYWx0PVwiXCIgXC8+PFwvYT48XC9wPiIsImh0bWxjb250ZW50X2VzIjoiPHA+PGEgaHJlZj1cIjEtNi1mYWRlZC1zaG9ydC1zbGVldmVzLXRzaGlydC5odG1sP2xheW91dD1kZXRhaWwxNTIxNzM5NjI4XCIgdGl0bGU9XCJcIj48aW1nIHNyYz1cIlwvdGhlbWVzXC9hdF9tb3ZpY1wvYXNzZXRzXC9pbWdcL21vZHVsZXNcL2xlb2Jvb3RzdHJhcG1lbnVcL3A1LmpwZ1wiIGFsdD1cIlwiIFwvPjxcL2E+PFwvcD4iLCJodG1sY29udGVudF9hciI6IjxwPjxhIGhyZWY9XCIxLTYtZmFkZWQtc2hvcnQtc2xlZXZlcy10c2hpcnQuaHRtbD9sYXlvdXQ9ZGV0YWlsMTUyMTczOTYyOFwiIHRpdGxlPVwiXCI+PGltZyBzcmM9XCJcL3RoZW1lc1wvYXRfbW92aWNcL2Fzc2V0c1wvaW1nXC9tb2R1bGVzXC9sZW9ib290c3RyYXBtZW51XC9wNS5qcGdcIiBhbHQ9XCJcIiBcLz48XC9hPjxcL3A+In0=', 1, 1521789826),
(16, 'img detail 6', 'html', 'eyJhZGRidG1lZ2FtZW51X3dpZGdldHMiOiIxIiwiaWRfYnRtZWdhbWVudV93aWRnZXRzIjoiIiwid2lkZ2V0X25hbWUiOiJpbWcgZGV0YWlsIDYiLCJ3aWRnZXRfdHlwZSI6Imh0bWwiLCJzYXZlYW5kc3RheWxlb3dpZGdldCI6IiIsIndpZGdldF90aXRsZV9lbiI6IiIsIndpZGdldF90aXRsZV8xIjoiIiwid2lkZ2V0X3RpdGxlX2RlIjoiIiwid2lkZ2V0X3RpdGxlX2l0IjoiIiwid2lkZ2V0X3RpdGxlX2VzIjoiIiwid2lkZ2V0X3RpdGxlX2FyIjoiIiwiaHRtbGNvbnRlbnRfZW4iOiI8cD48YSBocmVmPVwidmFzZXNcLzEtNi1mYWRlZC1zaG9ydC1zbGVldmVzLXRzaGlydC5odG1sP2xheW91dD1kZXRhaWwxNTIxNzM3MDI4XCIgdGl0bGU9XCJcIj48aW1nIHNyYz1cIlwvdGhlbWVzXC9hdF9tb3ZpY1wvYXNzZXRzXC9pbWdcL21vZHVsZXNcL2xlb2Jvb3RzdHJhcG1lbnVcL3A2LmpwZ1wiIGFsdD1cIlwiIFwvPjxcL2E+PFwvcD4iLCJodG1sY29udGVudF9pdCI6IjxwPjxhIGhyZWY9XCJ2YXNlc1wvMS02LWZhZGVkLXNob3J0LXNsZWV2ZXMtdHNoaXJ0Lmh0bWw/bGF5b3V0PWRldGFpbDE1MjE3MzcwMjhcIiB0aXRsZT1cIlwiPjxpbWcgc3JjPVwiXC90aGVtZXNcL2F0X21vdmljXC9hc3NldHNcL2ltZ1wvbW9kdWxlc1wvbGVvYm9vdHN0cmFwbWVudVwvcDYuanBnXCIgYWx0PVwiXCIgXC8+PFwvYT48XC9wPiIsImNvbnRlbnRfZW4iOiI8cD48YSBocmVmPVwidmFzZXNcLzEtNi1mYWRlZC1zaG9ydC1zbGVldmVzLXRzaGlydC5odG1sP2xheW91dD1kZXRhaWwxNTIxNzM3MDI4XCIgdGl0bGU9XCJcIj48aW1nIHNyYz1cIlwvdGhlbWVzXC9hdF9tb3ZpY1wvYXNzZXRzXC9pbWdcL21vZHVsZXNcL2xlb2Jvb3RzdHJhcG1lbnVcL3A2LmpwZ1wiIGFsdD1cIlwiIFwvPjxcL2E+PFwvcD4iLCJjb250ZW50XzEiOiI8cD48YSBocmVmPVwidmFzZXNcLzEtNi1mYWRlZC1zaG9ydC1zbGVldmVzLXRzaGlydC5odG1sP2xheW91dD1kZXRhaWwxNTIxNzM3MDI4XCIgdGl0bGU9XCJcIj48aW1nIHNyYz1cIlwvdGhlbWVzXC9hdF9tb3ZpY1wvYXNzZXRzXC9pbWdcL21vZHVsZXNcL2xlb2Jvb3RzdHJhcG1lbnVcL3A2LmpwZ1wiIGFsdD1cIlwiIFwvPjxcL2E+PFwvcD4iLCJjb250ZW50X2RlIjoiPHA+PGEgaHJlZj1cInZhc2VzXC8xLTYtZmFkZWQtc2hvcnQtc2xlZXZlcy10c2hpcnQuaHRtbD9sYXlvdXQ9ZGV0YWlsMTUyMTczNzAyOFwiIHRpdGxlPVwiXCI+PGltZyBzcmM9XCJcL3RoZW1lc1wvYXRfbW92aWNcL2Fzc2V0c1wvaW1nXC9tb2R1bGVzXC9sZW9ib290c3RyYXBtZW51XC9wNi5qcGdcIiBhbHQ9XCJcIiBcLz48XC9hPjxcL3A+IiwiY29udGVudF9pdCI6IjxwPjxhIGhyZWY9XCJ2YXNlc1wvMS02LWZhZGVkLXNob3J0LXNsZWV2ZXMtdHNoaXJ0Lmh0bWw/bGF5b3V0PWRldGFpbDE1MjE3MzcwMjhcIiB0aXRsZT1cIlwiPjxpbWcgc3JjPVwiXC90aGVtZXNcL2F0X21vdmljXC9hc3NldHNcL2ltZ1wvbW9kdWxlc1wvbGVvYm9vdHN0cmFwbWVudVwvcDYuanBnXCIgYWx0PVwiXCIgXC8+PFwvYT48XC9wPiIsImNvbnRlbnRfZXMiOiI8cD48YSBocmVmPVwidmFzZXNcLzEtNi1mYWRlZC1zaG9ydC1zbGVldmVzLXRzaGlydC5odG1sP2xheW91dD1kZXRhaWwxNTIxNzM3MDI4XCIgdGl0bGU9XCJcIj48aW1nIHNyYz1cIlwvdGhlbWVzXC9hdF9tb3ZpY1wvYXNzZXRzXC9pbWdcL21vZHVsZXNcL2xlb2Jvb3RzdHJhcG1lbnVcL3A2LmpwZ1wiIGFsdD1cIlwiIFwvPjxcL2E+PFwvcD4iLCJjb250ZW50X2FyIjoiPHA+PGEgaHJlZj1cInZhc2VzXC8xLTYtZmFkZWQtc2hvcnQtc2xlZXZlcy10c2hpcnQuaHRtbD9sYXlvdXQ9ZGV0YWlsMTUyMTczNzAyOFwiIHRpdGxlPVwiXCI+PGltZyBzcmM9XCJcL3RoZW1lc1wvYXRfbW92aWNcL2Fzc2V0c1wvaW1nXC9tb2R1bGVzXC9sZW9ib290c3RyYXBtZW51XC9wNi5qcGdcIiBhbHQ9XCJcIiBcLz48XC9hPjxcL3A+IiwiaHRtbGNvbnRlbnRfMSI6IjxwPjxhIGhyZWY9XCJ2YXNlc1wvMS02LWZhZGVkLXNob3J0LXNsZWV2ZXMtdHNoaXJ0Lmh0bWw/bGF5b3V0PWRldGFpbDE1MjE3MzcwMjhcIiB0aXRsZT1cIlwiPjxpbWcgc3JjPVwiXC90aGVtZXNcL2F0X21vdmljXC9hc3NldHNcL2ltZ1wvbW9kdWxlc1wvbGVvYm9vdHN0cmFwbWVudVwvcDYuanBnXCIgYWx0PVwiXCIgXC8+PFwvYT48XC9wPiIsImh0bWxjb250ZW50X2RlIjoiPHA+PGEgaHJlZj1cInZhc2VzXC8xLTYtZmFkZWQtc2hvcnQtc2xlZXZlcy10c2hpcnQuaHRtbD9sYXlvdXQ9ZGV0YWlsMTUyMTczNzAyOFwiIHRpdGxlPVwiXCI+PGltZyBzcmM9XCJcL3RoZW1lc1wvYXRfbW92aWNcL2Fzc2V0c1wvaW1nXC9tb2R1bGVzXC9sZW9ib290c3RyYXBtZW51XC9wNi5qcGdcIiBhbHQ9XCJcIiBcLz48XC9hPjxcL3A+IiwiaHRtbGNvbnRlbnRfZXMiOiI8cD48YSBocmVmPVwidmFzZXNcLzEtNi1mYWRlZC1zaG9ydC1zbGVldmVzLXRzaGlydC5odG1sP2xheW91dD1kZXRhaWwxNTIxNzM3MDI4XCIgdGl0bGU9XCJcIj48aW1nIHNyYz1cIlwvdGhlbWVzXC9hdF9tb3ZpY1wvYXNzZXRzXC9pbWdcL21vZHVsZXNcL2xlb2Jvb3RzdHJhcG1lbnVcL3A2LmpwZ1wiIGFsdD1cIlwiIFwvPjxcL2E+PFwvcD4iLCJodG1sY29udGVudF9hciI6IjxwPjxhIGhyZWY9XCJ2YXNlc1wvMS02LWZhZGVkLXNob3J0LXNsZWV2ZXMtdHNoaXJ0Lmh0bWw/bGF5b3V0PWRldGFpbDE1MjE3MzcwMjhcIiB0aXRsZT1cIlwiPjxpbWcgc3JjPVwiXC90aGVtZXNcL2F0X21vdmljXC9hc3NldHNcL2ltZ1wvbW9kdWxlc1wvbGVvYm9vdHN0cmFwbWVudVwvcDYuanBnXCIgYWx0PVwiXCIgXC8+PFwvYT48XC9wPiJ9', 1, 1521789885),
(17, 'img detail 7', 'html', 'eyJhZGRidG1lZ2FtZW51X3dpZGdldHMiOiIxIiwiaWRfYnRtZWdhbWVudV93aWRnZXRzIjoiNDciLCJ3aWRnZXRfbmFtZSI6ImltZyBkZXRhaWwgNyIsIndpZGdldF90eXBlIjoiaHRtbCIsInNhdmVhbmRzdGF5bGVvd2lkZ2V0IjoiIiwid2lkZ2V0X3RpdGxlX2VuIjoiIiwid2lkZ2V0X3RpdGxlXzEiOiIiLCJ3aWRnZXRfdGl0bGVfZGUiOiIiLCJ3aWRnZXRfdGl0bGVfaXQiOiIiLCJ3aWRnZXRfdGl0bGVfZXMiOiIiLCJ3aWRnZXRfdGl0bGVfYXIiOiIiLCJodG1sY29udGVudF9lbiI6IjxwPjxhIGhyZWY9XCIxLTYtZmFkZWQtc2hvcnQtc2xlZXZlcy10c2hpcnQuaHRtbD9sYXlvdXQ9ZGV0YWlsMTUyMTcyMzA5N1wiIHRpdGxlPVwiXCI+PGltZyBzcmM9XCJcL3RoZW1lc1wvYXRfbW92aWNcL2Fzc2V0c1wvaW1nXC9tb2R1bGVzXC9sZW9ib290c3RyYXBtZW51XC9wNy5qcGdcIiBhbHQ9XCJcIiBcLz48XC9hPjxcL3A+IiwiY29udGVudF9lbiI6IjxwPjxhIGhyZWY9XCIxLTYtZmFkZWQtc2hvcnQtc2xlZXZlcy10c2hpcnQuaHRtbD9sYXlvdXQ9ZGV0YWlsMTUyMTcyMzA5N1wiIHRpdGxlPVwiXCI+PGltZyBzcmM9XCJcL3RoZW1lc1wvYXRfbW92aWNcL2Fzc2V0c1wvaW1nXC9tb2R1bGVzXC9sZW9ib290c3RyYXBtZW51XC9wNy5qcGdcIiBhbHQ9XCJcIiBcLz48XC9hPjxcL3A+IiwiY29udGVudF8xIjoiPHA+PGEgaHJlZj1cIjEtNi1mYWRlZC1zaG9ydC1zbGVldmVzLXRzaGlydC5odG1sP2xheW91dD1kZXRhaWwxNTIxNzIzMDk3XCIgdGl0bGU9XCJcIj48aW1nIHNyYz1cIlwvdGhlbWVzXC9hdF9tb3ZpY1wvYXNzZXRzXC9pbWdcL21vZHVsZXNcL2xlb2Jvb3RzdHJhcG1lbnVcL3A3LmpwZ1wiIGFsdD1cIlwiIFwvPjxcL2E+PFwvcD4iLCJjb250ZW50X2RlIjoiPHA+PGEgaHJlZj1cIjEtNi1mYWRlZC1zaG9ydC1zbGVldmVzLXRzaGlydC5odG1sP2xheW91dD1kZXRhaWwxNTIxNzIzMDk3XCIgdGl0bGU9XCJcIj48aW1nIHNyYz1cIlwvdGhlbWVzXC9hdF9tb3ZpY1wvYXNzZXRzXC9pbWdcL21vZHVsZXNcL2xlb2Jvb3RzdHJhcG1lbnVcL3A3LmpwZ1wiIGFsdD1cIlwiIFwvPjxcL2E+PFwvcD4iLCJjb250ZW50X2l0IjoiPHA+PGEgaHJlZj1cIjEtNi1mYWRlZC1zaG9ydC1zbGVldmVzLXRzaGlydC5odG1sP2xheW91dD1kZXRhaWwxNTIxNzIzMDk3XCIgdGl0bGU9XCJcIj48aW1nIHNyYz1cIlwvdGhlbWVzXC9hdF9tb3ZpY1wvYXNzZXRzXC9pbWdcL21vZHVsZXNcL2xlb2Jvb3RzdHJhcG1lbnVcL3A3LmpwZ1wiIGFsdD1cIlwiIFwvPjxcL2E+PFwvcD4iLCJjb250ZW50X2VzIjoiPHA+PGEgaHJlZj1cIjEtNi1mYWRlZC1zaG9ydC1zbGVldmVzLXRzaGlydC5odG1sP2xheW91dD1kZXRhaWwxNTIxNzIzMDk3XCIgdGl0bGU9XCJcIj48aW1nIHNyYz1cIlwvdGhlbWVzXC9hdF9tb3ZpY1wvYXNzZXRzXC9pbWdcL21vZHVsZXNcL2xlb2Jvb3RzdHJhcG1lbnVcL3A3LmpwZ1wiIGFsdD1cIlwiIFwvPjxcL2E+PFwvcD4iLCJjb250ZW50X2FyIjoiPHA+PGEgaHJlZj1cIjEtNi1mYWRlZC1zaG9ydC1zbGVldmVzLXRzaGlydC5odG1sP2xheW91dD1kZXRhaWwxNTIxNzIzMDk3XCIgdGl0bGU9XCJcIj48aW1nIHNyYz1cIlwvdGhlbWVzXC9hdF9tb3ZpY1wvYXNzZXRzXC9pbWdcL21vZHVsZXNcL2xlb2Jvb3RzdHJhcG1lbnVcL3A3LmpwZ1wiIGFsdD1cIlwiIFwvPjxcL2E+PFwvcD4iLCJodG1sY29udGVudF8xIjoiPHA+PGEgaHJlZj1cIjEtNi1mYWRlZC1zaG9ydC1zbGVldmVzLXRzaGlydC5odG1sP2xheW91dD1kZXRhaWwxNTIxNzIzMDk3XCIgdGl0bGU9XCJcIj48aW1nIHNyYz1cIlwvdGhlbWVzXC9hdF9tb3ZpY1wvYXNzZXRzXC9pbWdcL21vZHVsZXNcL2xlb2Jvb3RzdHJhcG1lbnVcL3A3LmpwZ1wiIGFsdD1cIlwiIFwvPjxcL2E+PFwvcD4iLCJodG1sY29udGVudF9kZSI6IjxwPjxhIGhyZWY9XCJ2YXNlc1wvMS02LWZhZGVkLXNob3J0LXNsZWV2ZXMtdHNoaXJ0Lmh0bWw/bGF5b3V0PWRldGFpbDE1MjE3MjMwOTdcIiB0aXRsZT1cIlwiPjxpbWcgc3JjPVwiXC90aGVtZXNcL2F0X21vdmljXC9hc3NldHNcL2ltZ1wvbW9kdWxlc1wvbGVvYm9vdHN0cmFwbWVudVwvcDcuanBnXCIgYWx0PVwiXCIgXC8+PFwvYT48XC9wPiIsImh0bWxjb250ZW50X2l0IjoiPHA+PGEgaHJlZj1cIjEtNi1mYWRlZC1zaG9ydC1zbGVldmVzLXRzaGlydC5odG1sP2xheW91dD1kZXRhaWwxNTIxNzIzMDk3XCIgdGl0bGU9XCJcIj48aW1nIHNyYz1cIlwvdGhlbWVzXC9hdF9tb3ZpY1wvYXNzZXRzXC9pbWdcL21vZHVsZXNcL2xlb2Jvb3RzdHJhcG1lbnVcL3A3LmpwZ1wiIGFsdD1cIlwiIFwvPjxcL2E+PFwvcD4iLCJodG1sY29udGVudF9lcyI6IjxwPjxhIGhyZWY9XCIxLTYtZmFkZWQtc2hvcnQtc2xlZXZlcy10c2hpcnQuaHRtbD9sYXlvdXQ9ZGV0YWlsMTUyMTcyMzA5N1wiIHRpdGxlPVwiXCI+PGltZyBzcmM9XCJcL3RoZW1lc1wvYXRfbW92aWNcL2Fzc2V0c1wvaW1nXC9tb2R1bGVzXC9sZW9ib290c3RyYXBtZW51XC9wNy5qcGdcIiBhbHQ9XCJcIiBcLz48XC9hPjxcL3A+IiwiaHRtbGNvbnRlbnRfYXIiOiI8cD48YSBocmVmPVwiMS02LWZhZGVkLXNob3J0LXNsZWV2ZXMtdHNoaXJ0Lmh0bWw/bGF5b3V0PWRldGFpbDE1MjE3MjMwOTdcIiB0aXRsZT1cIlwiPjxpbWcgc3JjPVwiXC90aGVtZXNcL2F0X21vdmljXC9hc3NldHNcL2ltZ1wvbW9kdWxlc1wvbGVvYm9vdHN0cmFwbWVudVwvcDcuanBnXCIgYWx0PVwiXCIgXC8+PFwvYT48XC9wPiJ9', 1, 1521789946),
(18, 'Qui sommes-nous ?', 'html', 'eyJhZGRidG1lZ2FtZW51X3dpZGdldHMiOiIxIiwiaWRfYnRtZWdhbWVudV93aWRnZXRzIjoiMTgiLCJ3aWRnZXRfbmFtZSI6IlF1aSBzb21tZXMtbm91cyA/Iiwid2lkZ2V0X3R5cGUiOiJodG1sIiwic2F2ZWFuZHN0YXlsZW93aWRnZXQiOiIiLCJ3aWRnZXRfdGl0bGVfMSI6IiIsImh0bWxjb250ZW50XzEiOiI8cD48c3BhbiBzdHlsZT1cImNvbG9yOiAjMjQ0NWEyO1wiPlF1aSBzb21tZXMtbm91cyA/PFwvc3Bhbj48XC9wPiIsImNvbnRlbnRfMSI6IjxwPjxzcGFuIHN0eWxlPVwiY29sb3I6ICMyNDQ1YTI7XCI+UXVpIHNvbW1lcy1ub3VzID88XC9zcGFuPjxcL3A+In0=', 1, 1569935313),
(19, 'Product Layout 1', 'html', 'eyJ3aWRnZXRfdGl0bGVfMSI6IiIsImh0bWxjb250ZW50XzEiOiI8YSBocmVmPVwiP2xheW91dD1kZXRhaWwxNTIxNzQzMDU5XCIgdGl0bGU9XCJQcm9kdWN0IGltYWdlIHRodW1icyBib3R0b21cIj48aW1nIGNsYXNzPVwiaW1nLWZsdWlkXCIgc3JjPVwiaHR0cHM6XC9cL2kucGluaW1nLmNvbVwvb3JpZ2luYWxzXC84Y1wvMTZcL2Y5XC84YzE2ZjlmMDI0YWYxNjk3N2FkYzFmNjE4ODcyZWI4Yi5qcGdcIiBhbHQ9XCJQcm9kdWN0IGltYWdlIHRodW1icyBib3R0b21cIj48XC9hPiIsIndpZGdldF9uYW1lIjoiUHJvZHVjdCBMYXlvdXQgMSIsIndpZGdldF90eXBlIjoiaHRtbCJ9', 1, 1569935476),
(20, 'Product Layout 2', 'html', 'eyJ3aWRnZXRfdGl0bGVfMSI6IiIsImh0bWxjb250ZW50XzEiOiI8YSBocmVmPVwiP2xheW91dD1kZXRhaWwxNTIxNzI3OTY1XCIgdGl0bGU9XCJQcm9kdWN0IGltYWdlIHRodW1icyBsZWZ0XCI+PGltZyBjbGFzcz1cImltZy1mbHVpZFwiIHNyYz1cImh0dHBzOlwvXC9pLnBpbmltZy5jb21cL29yaWdpbmFsc1wvOThcL2I0XC9iMFwvOThiNGIwNWZlZjg5MTNiMmEzN2NiYjU5MmI5MjFlN2IuanBnXCIgYWx0PVwiUHJvZHVjdCBpbWFnZSB0aHVtYnMgbGVmdFwiPjxcL2E+Iiwid2lkZ2V0X25hbWUiOiJQcm9kdWN0IExheW91dCAyIiwid2lkZ2V0X3R5cGUiOiJodG1sIn0=', 1, 1569935477);
INSERT INTO `ps_btmegamenu_widgets` (`id_btmegamenu_widgets`, `name`, `type`, `params`, `id_shop`, `key_widget`) VALUES
(21, 'Product Layout 3', 'html', 'eyJ3aWRnZXRfdGl0bGVfMSI6IiIsImh0bWxjb250ZW50XzEiOiI8YSBocmVmPVwiP2xheW91dD1kZXRhaWwxNTIxNzM3MzgwXCIgdGl0bGU9XCJQcm9kdWN0IGltYWdlIHRodW1icyByaWdodFwiPjxpbWcgY2xhc3M9XCJpbWctZmx1aWRcIiBzcmM9XCJodHRwczpcL1wvaS5waW5pbWcuY29tXC9vcmlnaW5hbHNcLzgxXC9jNFwvNDFcLzgxYzQ0MWMxYjJmNmMzZTU2YjNkYTU2YjY1MzI0NDIzLmpwZ1wiIGFsdD1cIlByb2R1Y3QgaW1hZ2UgdGh1bWJzIHJpZ2h0XCI+PFwvYT4iLCJ3aWRnZXRfbmFtZSI6IlByb2R1Y3QgTGF5b3V0IDMiLCJ3aWRnZXRfdHlwZSI6Imh0bWwifQ==', 1, 1569935478),
(22, 'Product Layout 4', 'html', 'eyJ3aWRnZXRfdGl0bGVfMSI6IiIsImh0bWxjb250ZW50XzEiOiI8YSBocmVmPVwiP2xheW91dD1kZXRhaWwxNTIxNzM3MjM4XCIgdGl0bGU9XCJQcm9kdWN0IGltYWdlIG5vIHRodW1ic1wiPjxpbWcgY2xhc3M9XCJpbWctZmx1aWRcIiBzcmM9XCJodHRwczpcL1wvaS5waW5pbWcuY29tXC9vcmlnaW5hbHNcLzYwXC9jYVwvNTdcLzYwY2E1NzBmNmE4MjU0YzM3NDFkOGM5ZGI3OGViM2Q1LmpwZ1wiIGFsdD1cIlByb2R1Y3QgaW1hZ2Ugbm8gdGh1bWJzXCI+PFwvYT4iLCJ3aWRnZXRfbmFtZSI6IlByb2R1Y3QgTGF5b3V0IDQiLCJ3aWRnZXRfdHlwZSI6Imh0bWwifQ==', 1, 1569935479),
(23, 'Product Layout 5', 'html', 'eyJ3aWRnZXRfdGl0bGVfMSI6IiIsImh0bWxjb250ZW50XzEiOiI8YSBocmVmPVwiP2xheW91dD1kZXRhaWwxNTIxNzM5NjI4XCIgdGl0bGU9XCJQcm9kdWN0IGltYWdlIG5vIHRodW1icyBjZW50ZXJcIj48aW1nIGNsYXNzPVwiaW1nLWZsdWlkXCIgc3JjPVwiaHR0cHM6XC9cL2kucGluaW1nLmNvbVwvb3JpZ2luYWxzXC8zOFwvOTlcLzFhXC8zODk5MWE4YzE1ODI2NjlkMjlhYmU4ODliYzBkNWY1Mi5qcGdcIiBhbHQ9XCJQcm9kdWN0IGltYWdlIG5vIHRodW1icyBjZW50ZXJcIj48XC9hPiIsIndpZGdldF9uYW1lIjoiUHJvZHVjdCBMYXlvdXQgNSIsIndpZGdldF90eXBlIjoiaHRtbCJ9', 1, 1569935480),
(24, 'Product Layout 6', 'html', 'eyJ3aWRnZXRfdGl0bGVfMSI6IiIsImh0bWxjb250ZW50XzEiOiI8YSBocmVmPVwiP2xheW91dD1kZXRhaWwxNTIxNzM3MDI4XCIgdGl0bGU9XCJQcm9kdWN0IGltYWdlIG5vIHRodW1icyBmdWxsd2lkdGhcIj48aW1nIGNsYXNzPVwiaW1nLWZsdWlkXCIgc3JjPVwiaHR0cHM6XC9cL2kucGluaW1nLmNvbVwvb3JpZ2luYWxzXC9jNVwvZDlcLzAyXC9jNWQ5MDI1YjY4MjUwODMyYTMxZWFjM2I2ZDM0NDk1NS5qcGdcIiBhbHQ9XCJQcm9kdWN0IGltYWdlIG5vIHRodW1icyBmdWxsd2lkdGhcIj48XC9hPiIsIndpZGdldF9uYW1lIjoiUHJvZHVjdCBMYXlvdXQgNiIsIndpZGdldF90eXBlIjoiaHRtbCJ9', 1, 1569935481),
(25, 'Product Layout 7', 'html', 'eyJ3aWRnZXRfdGl0bGVfMSI6IiIsImh0bWxjb250ZW50XzEiOiI8YSBocmVmPVwiP2xheW91dD1kZXRhaWwxNTIxNzIzMDk3XCIgdGl0bGU9XCJQcm9kdWN0IGltYWdlIGdhbGxlcnlcIj48aW1nIGNsYXNzPVwiaW1nLWZsdWlkXCIgc3JjPVwiaHR0cHM6XC9cL2kucGluaW1nLmNvbVwvb3JpZ2luYWxzXC9iMVwvYThcL2I5XC9iMWE4YjkzODFkOGQzZTNjNGQxM2RmZTI0MjMxNTgxZi5qcGdcIiBhbHQ9XCJQcm9kdWN0IGltYWdlIGdhbGxlcnlcIj48XC9hPiIsIndpZGdldF9uYW1lIjoiUHJvZHVjdCBMYXlvdXQgNyIsIndpZGdldF90eXBlIjoiaHRtbCJ9', 1, 1569935482),
(27, 'Electronique', 'links', 'eyJhZGRidG1lZ2FtZW51X3dpZGdldHMiOiIxIiwiaWRfYnRtZWdhbWVudV93aWRnZXRzIjoiMjciLCJ3aWRnZXRfbmFtZSI6IkVsZWN0cm9uaXF1ZSIsIndpZGdldF90eXBlIjoibGlua3MiLCJzYXZlYW5kc3RheWxlb3dpZGdldCI6IiIsIndpZGdldF90aXRsZV8xIjoiIiwibGlzdF9pZF9saW5rIjoiMSwyLDMsNCwiLCJsaXN0X2ZpZWxkIjoibGlua190eXBlXzEscHJvZHVjdF90eXBlXzEsY21zX3R5cGVfMSxjYXRlZ29yeV90eXBlXzEsbWFudWZhY3R1cmVfdHlwZV8xLHN1cHBsaWVyX3R5cGVfMSxjb250cm9sbGVyX3R5cGVfMSxsaW5rX3R5cGVfMixwcm9kdWN0X3R5cGVfMixjbXNfdHlwZV8yLGNhdGVnb3J5X3R5cGVfMixtYW51ZmFjdHVyZV90eXBlXzIsc3VwcGxpZXJfdHlwZV8yLGNvbnRyb2xsZXJfdHlwZV8yLGxpbmtfdHlwZV8zLHByb2R1Y3RfdHlwZV8zLGNtc190eXBlXzMsY2F0ZWdvcnlfdHlwZV8zLG1hbnVmYWN0dXJlX3R5cGVfMyxzdXBwbGllcl90eXBlXzMsY29udHJvbGxlcl90eXBlXzMsbGlua190eXBlXzQscHJvZHVjdF90eXBlXzQsY21zX3R5cGVfNCxjYXRlZ29yeV90eXBlXzQsbWFudWZhY3R1cmVfdHlwZV80LHN1cHBsaWVyX3R5cGVfNCxjb250cm9sbGVyX3R5cGVfNCwiLCJsaXN0X2ZpZWxkX2xhbmciOiJ0ZXh0X2xpbmtfMSx1cmxfdHlwZV8xLGNvbnRyb2xsZXJfdHlwZV9wYXJhbWV0ZXJfMSx0ZXh0X2xpbmtfMix1cmxfdHlwZV8yLGNvbnRyb2xsZXJfdHlwZV9wYXJhbWV0ZXJfMix0ZXh0X2xpbmtfMyx1cmxfdHlwZV8zLGNvbnRyb2xsZXJfdHlwZV9wYXJhbWV0ZXJfMyx0ZXh0X2xpbmtfNCx1cmxfdHlwZV80LGNvbnRyb2xsZXJfdHlwZV9wYXJhbWV0ZXJfNCwiLCJsaW5rX3R5cGVfMSI6ImNhdGVnb3J5IiwicHJvZHVjdF90eXBlXzEiOiIiLCJjbXNfdHlwZV8xIjoiMSIsImNhdGVnb3J5X3R5cGVfMSI6IjMzIiwibWFudWZhY3R1cmVfdHlwZV8xIjoiMTE0Iiwic3VwcGxpZXJfdHlwZV8xIjoiIiwiY29udHJvbGxlcl90eXBlXzEiOiJpbmRleCIsImxpbmtfdHlwZV8yIjoiY2F0ZWdvcnkiLCJwcm9kdWN0X3R5cGVfMiI6IiIsImNtc190eXBlXzIiOiIxIiwiY2F0ZWdvcnlfdHlwZV8yIjoiNTUiLCJtYW51ZmFjdHVyZV90eXBlXzIiOiIxMTQiLCJzdXBwbGllcl90eXBlXzIiOiIiLCJjb250cm9sbGVyX3R5cGVfMiI6ImluZGV4IiwibGlua190eXBlXzMiOiJjYXRlZ29yeSIsInByb2R1Y3RfdHlwZV8zIjoiIiwiY21zX3R5cGVfMyI6IjEiLCJjYXRlZ29yeV90eXBlXzMiOiIzNiIsIm1hbnVmYWN0dXJlX3R5cGVfMyI6IjExNCIsInN1cHBsaWVyX3R5cGVfMyI6IiIsImNvbnRyb2xsZXJfdHlwZV8zIjoiaW5kZXgiLCJsaW5rX3R5cGVfNCI6ImNhdGVnb3J5IiwicHJvZHVjdF90eXBlXzQiOiIiLCJjbXNfdHlwZV80IjoiMSIsImNhdGVnb3J5X3R5cGVfNCI6IjMxIiwibWFudWZhY3R1cmVfdHlwZV80IjoiMTE0Iiwic3VwcGxpZXJfdHlwZV80IjoiIiwiY29udHJvbGxlcl90eXBlXzQiOiJpbmRleCIsInRleHRfbGlua18xXzEiOiJTb25kZSBldCBjYXB0ZXVyIiwidGV4dF9saW5rXzEiOiJDYXB0ZXVycyBcLyBSXHUwMGU5Z3VsYXRldXJzIG11bHRpdm9pZXMiLCJ1cmxfdHlwZV8xXzEiOiIjIiwiY29udHJvbGxlcl90eXBlX3BhcmFtZXRlcl8xXzEiOiIiLCJ0ZXh0X2xpbmtfMl8xIjoiUlx1MDBlOWd1bGF0ZXVycyBjb21tdW5pY2FudHMiLCJ1cmxfdHlwZV8yXzEiOiIjIiwiY29udHJvbGxlcl90eXBlX3BhcmFtZXRlcl8yXzEiOiIiLCJ0ZXh0X2xpbmtfM18xIjoiQ29udHJcdTAwZjRsZXVycyBcLyBSXHUwMGU5Z3VsYXRldXJzIGRlIHNvcmJvbm5lcyIsInVybF90eXBlXzNfMSI6IiMiLCJjb250cm9sbGVyX3R5cGVfcGFyYW1ldGVyXzNfMSI6IiIsInRleHRfbGlua180XzEiOiJDYXB0ZXVycyBcLyBSXHUwMGU5Z3VsYXRldXJzIG11bHRpdm9pZXMiLCJ1cmxfdHlwZV80XzEiOiIjIiwiY29udHJvbGxlcl90eXBlX3BhcmFtZXRlcl80XzEiOiIifQ==', 1, 1571843551),
(28, 'Electronique 2', 'links', 'eyJhZGRidG1lZ2FtZW51X3dpZGdldHMiOiIxIiwiaWRfYnRtZWdhbWVudV93aWRnZXRzIjoiMjgiLCJ3aWRnZXRfbmFtZSI6IkVsZWN0cm9uaXF1ZSAyIiwid2lkZ2V0X3R5cGUiOiJsaW5rcyIsInNhdmVhbmRzdGF5bGVvd2lkZ2V0IjoiIiwid2lkZ2V0X3RpdGxlXzEiOiIiLCJsaXN0X2lkX2xpbmsiOiIxLDIsMyw0LDUsNiwiLCJsaXN0X2ZpZWxkIjoibGlua190eXBlXzEscHJvZHVjdF90eXBlXzEsY21zX3R5cGVfMSxjYXRlZ29yeV90eXBlXzEsbWFudWZhY3R1cmVfdHlwZV8xLHN1cHBsaWVyX3R5cGVfMSxjb250cm9sbGVyX3R5cGVfMSxsaW5rX3R5cGVfMixwcm9kdWN0X3R5cGVfMixjbXNfdHlwZV8yLGNhdGVnb3J5X3R5cGVfMixtYW51ZmFjdHVyZV90eXBlXzIsc3VwcGxpZXJfdHlwZV8yLGNvbnRyb2xsZXJfdHlwZV8yLGxpbmtfdHlwZV8zLHByb2R1Y3RfdHlwZV8zLGNtc190eXBlXzMsY2F0ZWdvcnlfdHlwZV8zLG1hbnVmYWN0dXJlX3R5cGVfMyxzdXBwbGllcl90eXBlXzMsY29udHJvbGxlcl90eXBlXzMsbGlua190eXBlXzQscHJvZHVjdF90eXBlXzQsY21zX3R5cGVfNCxjYXRlZ29yeV90eXBlXzQsbWFudWZhY3R1cmVfdHlwZV80LHN1cHBsaWVyX3R5cGVfNCxjb250cm9sbGVyX3R5cGVfNCxsaW5rX3R5cGVfNSxwcm9kdWN0X3R5cGVfNSxjbXNfdHlwZV81LGNhdGVnb3J5X3R5cGVfNSxtYW51ZmFjdHVyZV90eXBlXzUsc3VwcGxpZXJfdHlwZV81LGNvbnRyb2xsZXJfdHlwZV81LGxpbmtfdHlwZV82LHByb2R1Y3RfdHlwZV82LGNtc190eXBlXzYsY2F0ZWdvcnlfdHlwZV82LG1hbnVmYWN0dXJlX3R5cGVfNixzdXBwbGllcl90eXBlXzYsY29udHJvbGxlcl90eXBlXzYsIiwibGlzdF9maWVsZF9sYW5nIjoidGV4dF9saW5rXzEsdXJsX3R5cGVfMSxjb250cm9sbGVyX3R5cGVfcGFyYW1ldGVyXzEsdGV4dF9saW5rXzIsdXJsX3R5cGVfMixjb250cm9sbGVyX3R5cGVfcGFyYW1ldGVyXzIsdGV4dF9saW5rXzMsdXJsX3R5cGVfMyxjb250cm9sbGVyX3R5cGVfcGFyYW1ldGVyXzMsdGV4dF9saW5rXzQsdXJsX3R5cGVfNCxjb250cm9sbGVyX3R5cGVfcGFyYW1ldGVyXzQsdGV4dF9saW5rXzUsdXJsX3R5cGVfNSxjb250cm9sbGVyX3R5cGVfcGFyYW1ldGVyXzUsdGV4dF9saW5rXzYsdXJsX3R5cGVfNixjb250cm9sbGVyX3R5cGVfcGFyYW1ldGVyXzYsIiwibGlua190eXBlXzEiOiJjYXRlZ29yeSIsInByb2R1Y3RfdHlwZV8xIjoiIiwiY21zX3R5cGVfMSI6IjEiLCJjYXRlZ29yeV90eXBlXzEiOiIzOSIsIm1hbnVmYWN0dXJlX3R5cGVfMSI6IjExNCIsInN1cHBsaWVyX3R5cGVfMSI6IiIsImNvbnRyb2xsZXJfdHlwZV8xIjoiaW5kZXgiLCJsaW5rX3R5cGVfMiI6ImNhdGVnb3J5IiwicHJvZHVjdF90eXBlXzIiOiIiLCJjbXNfdHlwZV8yIjoiMSIsImNhdGVnb3J5X3R5cGVfMiI6IjQ4IiwibWFudWZhY3R1cmVfdHlwZV8yIjoiMTE0Iiwic3VwcGxpZXJfdHlwZV8yIjoiIiwiY29udHJvbGxlcl90eXBlXzIiOiJpbmRleCIsImxpbmtfdHlwZV8zIjoiY2F0ZWdvcnkiLCJwcm9kdWN0X3R5cGVfMyI6IiIsImNtc190eXBlXzMiOiIxIiwiY2F0ZWdvcnlfdHlwZV8zIjoiNjMiLCJtYW51ZmFjdHVyZV90eXBlXzMiOiIxMTQiLCJzdXBwbGllcl90eXBlXzMiOiIiLCJjb250cm9sbGVyX3R5cGVfMyI6ImluZGV4IiwibGlua190eXBlXzQiOiJjYXRlZ29yeSIsInByb2R1Y3RfdHlwZV80IjoiIiwiY21zX3R5cGVfNCI6IjEiLCJjYXRlZ29yeV90eXBlXzQiOiI2MCIsIm1hbnVmYWN0dXJlX3R5cGVfNCI6IjExNCIsInN1cHBsaWVyX3R5cGVfNCI6IiIsImNvbnRyb2xsZXJfdHlwZV80IjoiaW5kZXgiLCJsaW5rX3R5cGVfNSI6ImNhdGVnb3J5IiwicHJvZHVjdF90eXBlXzUiOiIiLCJjbXNfdHlwZV81IjoiMSIsImNhdGVnb3J5X3R5cGVfNSI6IjU4IiwibWFudWZhY3R1cmVfdHlwZV81IjoiMTE0Iiwic3VwcGxpZXJfdHlwZV81IjoiIiwiY29udHJvbGxlcl90eXBlXzUiOiJpbmRleCIsImxpbmtfdHlwZV82IjoiY2F0ZWdvcnkiLCJwcm9kdWN0X3R5cGVfNiI6IiIsImNtc190eXBlXzYiOiIxIiwiY2F0ZWdvcnlfdHlwZV82IjoiNTIiLCJtYW51ZmFjdHVyZV90eXBlXzYiOiIxMTQiLCJzdXBwbGllcl90eXBlXzYiOiIiLCJjb250cm9sbGVyX3R5cGVfNiI6ImluZGV4IiwidGV4dF9saW5rXzFfMSI6IlZhcmlhdGV1cnMgZGUgZnJcdTAwZTlxdWVuY2UiLCJ0ZXh0X2xpbmtfMSI6IkRpc2pvbmN0ZXVycyBtYWduXHUwMGU5dG90aGVybWlxdWVzIiwidXJsX3R5cGVfMV8xIjoiIyIsImNvbnRyb2xsZXJfdHlwZV9wYXJhbWV0ZXJfMV8xIjoiIiwidGV4dF9saW5rXzJfMSI6Ik1vdGV1cnMiLCJ1cmxfdHlwZV8yXzEiOiIjIiwiY29udHJvbGxlcl90eXBlX3BhcmFtZXRlcl8yXzEiOiIiLCJ0ZXh0X2xpbmtfM18xIjoiRGlzam9uY3RldXJzIiwidXJsX3R5cGVfM18xIjoiIyIsImNvbnRyb2xsZXJfdHlwZV9wYXJhbWV0ZXJfM18xIjoiIiwidGV4dF9saW5rXzRfMSI6IkFsaW1lbnRhdGlvbnMiLCJ1cmxfdHlwZV80XzEiOiIjIiwiY29udHJvbGxlcl90eXBlX3BhcmFtZXRlcl80XzEiOiIiLCJ0ZXh0X2xpbmtfNV8xIjoiSW50ZXJydXB0ZXVycyBldCBwb3RlbnRpb21cdTAwZTh0cmVzIGRcdTAwZTlwb3J0XHUwMGU5cyIsInVybF90eXBlXzVfMSI6IiMiLCJjb250cm9sbGVyX3R5cGVfcGFyYW1ldGVyXzVfMSI6IiIsInRleHRfbGlua182XzEiOiJEaXNqb25jdGV1cnMgbWFnblx1MDBlOXRvdGhlcm1pcXVlcyIsInVybF90eXBlXzZfMSI6IiMiLCJjb250cm9sbGVyX3R5cGVfcGFyYW1ldGVyXzZfMSI6IiJ9', 1, 1571899028),
(29, 'Image Electronique2', 'html', 'eyJhZGRidG1lZ2FtZW51X3dpZGdldHMiOiIxIiwiaWRfYnRtZWdhbWVudV93aWRnZXRzIjoiMjkiLCJ3aWRnZXRfbmFtZSI6IkltYWdlIEVsZWN0cm9uaXF1ZTIiLCJ3aWRnZXRfdHlwZSI6Imh0bWwiLCJzYXZlYW5kc3RheWxlb3dpZGdldCI6IiIsIndpZGdldF90aXRsZV8xIjoiIiwiaHRtbGNvbnRlbnRfMSI6IjxwPjxhIGhyZWY9XCJodHRwczpcL1wvY29tZWxlYy5mclwvMzktdmFyaWF0ZXVycy1kZS1mcmVxdWVuY2VcIj48aW1nIHNyYz1cImh0dHBzOlwvXC9jb21lbGVjLmZyXC9pbWdcL2Ntc1wvaW1hZ2Utc2l0ZS1zZXJpZS5wbmdcIiBhbHQ9XCJcIiB3aWR0aD1cIjEyMlwiIGhlaWdodD1cIjgzXCIgXC8+PFwvYT48YSBocmVmPVwiaHR0cHM6XC9cL2NvbWVsZWMuZnJcLzYwLWFsaW1lbnRhdGlvbnMtMjMwdmFjLTEyLXZkYy1vdS0yNC12ZGNcIj48aW1nIHNyYz1cImh0dHBzOlwvXC9jb21lbGVjLmZyXC9pbWdcL2Ntc1wvQWxpbV9JTU8uanBnXCIgYWx0PVwiXCIgd2lkdGg9XCIxMDBcIiBoZWlnaHQ9XCI5NlwiIFwvPjxcL2E+PFwvcD4iLCJjb250ZW50XzEiOiI8cD48YSBocmVmPVwiaHR0cHM6XC9cL2NvbWVsZWMuZnJcLzM5LXZhcmlhdGV1cnMtZGUtZnJlcXVlbmNlXCI+PGltZyBzcmM9XCJodHRwczpcL1wvY29tZWxlYy5mclwvaW1nXC9jbXNcL2ltYWdlLXNpdGUtc2VyaWUucG5nXCIgYWx0PVwiXCIgd2lkdGg9XCIxMjJcIiBoZWlnaHQ9XCI4M1wiIFwvPjxcL2E+PGEgaHJlZj1cImh0dHBzOlwvXC9jb21lbGVjLmZyXC82MC1hbGltZW50YXRpb25zLTIzMHZhYy0xMi12ZGMtb3UtMjQtdmRjXCI+PGltZyBzcmM9XCJodHRwczpcL1wvY29tZWxlYy5mclwvaW1nXC9jbXNcL0FsaW1fSU1PLmpwZ1wiIGFsdD1cIlwiIHdpZHRoPVwiMTAwXCIgaGVpZ2h0PVwiOTZcIiBcLz48XC9hPjxcL3A+In0=', 1, 1571899663),
(30, 'Traitement d\'air', 'links', 'eyJhZGRidG1lZ2FtZW51X3dpZGdldHMiOiIxIiwiaWRfYnRtZWdhbWVudV93aWRnZXRzIjoiMzAiLCJ3aWRnZXRfbmFtZSI6IlRyYWl0ZW1lbnQgZCdhaXIiLCJ3aWRnZXRfdHlwZSI6ImxpbmtzIiwic2F2ZWFuZHN0YXlsZW93aWRnZXQiOiIiLCJ3aWRnZXRfdGl0bGVfMSI6IiIsImxpc3RfaWRfbGluayI6IjEsMiwzLDQsIiwibGlzdF9maWVsZCI6ImxpbmtfdHlwZV8xLHByb2R1Y3RfdHlwZV8xLGNtc190eXBlXzEsY2F0ZWdvcnlfdHlwZV8xLG1hbnVmYWN0dXJlX3R5cGVfMSxzdXBwbGllcl90eXBlXzEsY29udHJvbGxlcl90eXBlXzEsbGlua190eXBlXzIscHJvZHVjdF90eXBlXzIsY21zX3R5cGVfMixjYXRlZ29yeV90eXBlXzIsbWFudWZhY3R1cmVfdHlwZV8yLHN1cHBsaWVyX3R5cGVfMixjb250cm9sbGVyX3R5cGVfMixsaW5rX3R5cGVfMyxwcm9kdWN0X3R5cGVfMyxjbXNfdHlwZV8zLGNhdGVnb3J5X3R5cGVfMyxtYW51ZmFjdHVyZV90eXBlXzMsc3VwcGxpZXJfdHlwZV8zLGNvbnRyb2xsZXJfdHlwZV8zLGxpbmtfdHlwZV80LHByb2R1Y3RfdHlwZV80LGNtc190eXBlXzQsY2F0ZWdvcnlfdHlwZV80LG1hbnVmYWN0dXJlX3R5cGVfNCxzdXBwbGllcl90eXBlXzQsY29udHJvbGxlcl90eXBlXzQsIiwibGlzdF9maWVsZF9sYW5nIjoidGV4dF9saW5rXzEsdXJsX3R5cGVfMSxjb250cm9sbGVyX3R5cGVfcGFyYW1ldGVyXzEsdGV4dF9saW5rXzIsdXJsX3R5cGVfMixjb250cm9sbGVyX3R5cGVfcGFyYW1ldGVyXzIsdGV4dF9saW5rXzMsdXJsX3R5cGVfMyxjb250cm9sbGVyX3R5cGVfcGFyYW1ldGVyXzMsdGV4dF9saW5rXzQsdXJsX3R5cGVfNCxjb250cm9sbGVyX3R5cGVfcGFyYW1ldGVyXzQsIiwibGlua190eXBlXzEiOiJjYXRlZ29yeSIsInByb2R1Y3RfdHlwZV8xIjoiIiwiY21zX3R5cGVfMSI6IjEiLCJjYXRlZ29yeV90eXBlXzEiOiIxMCIsIm1hbnVmYWN0dXJlX3R5cGVfMSI6IjExNCIsInN1cHBsaWVyX3R5cGVfMSI6IiIsImNvbnRyb2xsZXJfdHlwZV8xIjoiaW5kZXgiLCJsaW5rX3R5cGVfMiI6ImNhdGVnb3J5IiwicHJvZHVjdF90eXBlXzIiOiIiLCJjbXNfdHlwZV8yIjoiMSIsImNhdGVnb3J5X3R5cGVfMiI6Ijc3IiwibWFudWZhY3R1cmVfdHlwZV8yIjoiMTE0Iiwic3VwcGxpZXJfdHlwZV8yIjoiIiwiY29udHJvbGxlcl90eXBlXzIiOiJpbmRleCIsImxpbmtfdHlwZV8zIjoiY2F0ZWdvcnkiLCJwcm9kdWN0X3R5cGVfMyI6IiIsImNtc190eXBlXzMiOiIxIiwiY2F0ZWdvcnlfdHlwZV8zIjoiMjciLCJtYW51ZmFjdHVyZV90eXBlXzMiOiIxMTQiLCJzdXBwbGllcl90eXBlXzMiOiIiLCJjb250cm9sbGVyX3R5cGVfMyI6ImluZGV4IiwibGlua190eXBlXzQiOiJjYXRlZ29yeSIsInByb2R1Y3RfdHlwZV80IjoiIiwiY21zX3R5cGVfNCI6IjEiLCJjYXRlZ29yeV90eXBlXzQiOiI4OCIsIm1hbnVmYWN0dXJlX3R5cGVfNCI6IjExNCIsInN1cHBsaWVyX3R5cGVfNCI6IiIsImNvbnRyb2xsZXJfdHlwZV80IjoiaW5kZXgiLCJ0ZXh0X2xpbmtfMV8xIjoiQnJhcyBkJ2FzcGlyYXRpb24iLCJ0ZXh0X2xpbmtfMSI6IlRvdXJzIGRlIGxhdmFnZSIsInVybF90eXBlXzFfMSI6IiMiLCJjb250cm9sbGVyX3R5cGVfcGFyYW1ldGVyXzFfMSI6IiIsInRleHRfbGlua18yXzEiOiJDYWlzc29ucyBkZSBmaWx0cmF0aW9uIiwidXJsX3R5cGVfMl8xIjoiIyIsImNvbnRyb2xsZXJfdHlwZV9wYXJhbWV0ZXJfMl8xIjoiIiwidGV4dF9saW5rXzNfMSI6IkhvdHRlcyIsInVybF90eXBlXzNfMSI6IiMiLCJjb250cm9sbGVyX3R5cGVfcGFyYW1ldGVyXzNfMSI6IiIsInRleHRfbGlua180XzEiOiJUb3VycyBkZSBsYXZhZ2UiLCJ1cmxfdHlwZV80XzEiOiIjIiwiY29udHJvbGxlcl90eXBlX3BhcmFtZXRlcl80XzEiOiIifQ==', 1, 1572001406),
(31, 'Image traitement d\'air', 'html', 'eyJhZGRidG1lZ2FtZW51X3dpZGdldHMiOiIxIiwiaWRfYnRtZWdhbWVudV93aWRnZXRzIjoiMzEiLCJ3aWRnZXRfbmFtZSI6IkltYWdlIHRyYWl0ZW1lbnQgZCdhaXIiLCJ3aWRnZXRfdHlwZSI6Imh0bWwiLCJzYXZlYW5kc3RheWxlb3dpZGdldCI6IiIsIndpZGdldF90aXRsZV8xIjoiIiwiaHRtbGNvbnRlbnRfMSI6IjxwPjxhIGhyZWY9XCJodHRwczpcL1wvY29tZWxlYy5mclwvNzctY2Fpc3NvbnMtZGUtZmlsdHJhdGlvblwiPjxpbWcgc3JjPVwiaHR0cHM6XC9cL2NvbWVsZWMuZnJcL2ltZ1wvY21zXC9DYWlzc29uLWRlLWZpbHRyYXRpb24ucG5nXCIgd2lkdGg9XCI0MDBcIiBoZWlnaHQ9XCIyNDRcIiBcLz48XC9hPjxcL3A+IiwiY29udGVudF8xIjoiPHA+PGEgaHJlZj1cImh0dHBzOlwvXC9jb21lbGVjLmZyXC83Ny1jYWlzc29ucy1kZS1maWx0cmF0aW9uXCI+PGltZyBzcmM9XCJodHRwczpcL1wvY29tZWxlYy5mclwvaW1nXC9jbXNcL0NhaXNzb24tZGUtZmlsdHJhdGlvbi5wbmdcIiB3aWR0aD1cIjQwMFwiIGhlaWdodD1cIjI0NFwiIFwvPjxcL2E+PFwvcD4ifQ==', 1, 1572001682),
(32, 'Réseaux PVC & Cuves', 'links', 'eyJhZGRidG1lZ2FtZW51X3dpZGdldHMiOiIxIiwiaWRfYnRtZWdhbWVudV93aWRnZXRzIjoiMzIiLCJ3aWRnZXRfbmFtZSI6IlJcdTAwZTlzZWF1eCBQVkMgJiBDdXZlcyIsIndpZGdldF90eXBlIjoibGlua3MiLCJzYXZlYW5kc3RheWxlb3dpZGdldCI6IiIsIndpZGdldF90aXRsZV8xIjoiIiwibGlzdF9pZF9saW5rIjoiMSwyLDMsNCwiLCJsaXN0X2ZpZWxkIjoibGlua190eXBlXzEscHJvZHVjdF90eXBlXzEsY21zX3R5cGVfMSxjYXRlZ29yeV90eXBlXzEsbWFudWZhY3R1cmVfdHlwZV8xLHN1cHBsaWVyX3R5cGVfMSxjb250cm9sbGVyX3R5cGVfMSxsaW5rX3R5cGVfMixwcm9kdWN0X3R5cGVfMixjbXNfdHlwZV8yLGNhdGVnb3J5X3R5cGVfMixtYW51ZmFjdHVyZV90eXBlXzIsc3VwcGxpZXJfdHlwZV8yLGNvbnRyb2xsZXJfdHlwZV8yLGxpbmtfdHlwZV8zLHByb2R1Y3RfdHlwZV8zLGNtc190eXBlXzMsY2F0ZWdvcnlfdHlwZV8zLG1hbnVmYWN0dXJlX3R5cGVfMyxzdXBwbGllcl90eXBlXzMsY29udHJvbGxlcl90eXBlXzMsbGlua190eXBlXzQscHJvZHVjdF90eXBlXzQsY21zX3R5cGVfNCxjYXRlZ29yeV90eXBlXzQsbWFudWZhY3R1cmVfdHlwZV80LHN1cHBsaWVyX3R5cGVfNCxjb250cm9sbGVyX3R5cGVfNCwiLCJsaXN0X2ZpZWxkX2xhbmciOiJ0ZXh0X2xpbmtfMSx1cmxfdHlwZV8xLGNvbnRyb2xsZXJfdHlwZV9wYXJhbWV0ZXJfMSx0ZXh0X2xpbmtfMix1cmxfdHlwZV8yLGNvbnRyb2xsZXJfdHlwZV9wYXJhbWV0ZXJfMix0ZXh0X2xpbmtfMyx1cmxfdHlwZV8zLGNvbnRyb2xsZXJfdHlwZV9wYXJhbWV0ZXJfMyx0ZXh0X2xpbmtfNCx1cmxfdHlwZV80LGNvbnRyb2xsZXJfdHlwZV9wYXJhbWV0ZXJfNCwiLCJsaW5rX3R5cGVfMSI6ImNhdGVnb3J5IiwicHJvZHVjdF90eXBlXzEiOiIiLCJjbXNfdHlwZV8xIjoiMSIsImNhdGVnb3J5X3R5cGVfMSI6IjcxIiwibWFudWZhY3R1cmVfdHlwZV8xIjoiMTE0Iiwic3VwcGxpZXJfdHlwZV8xIjoiIiwiY29udHJvbGxlcl90eXBlXzEiOiJpbmRleCIsImxpbmtfdHlwZV8yIjoiY2F0ZWdvcnkiLCJwcm9kdWN0X3R5cGVfMiI6IiIsImNtc190eXBlXzIiOiIxIiwiY2F0ZWdvcnlfdHlwZV8yIjoiMTYxIiwibWFudWZhY3R1cmVfdHlwZV8yIjoiMTE0Iiwic3VwcGxpZXJfdHlwZV8yIjoiIiwiY29udHJvbGxlcl90eXBlXzIiOiJpbmRleCIsImxpbmtfdHlwZV8zIjoiY2F0ZWdvcnkiLCJwcm9kdWN0X3R5cGVfMyI6IiIsImNtc190eXBlXzMiOiIxIiwiY2F0ZWdvcnlfdHlwZV8zIjoiMTU2IiwibWFudWZhY3R1cmVfdHlwZV8zIjoiMTE0Iiwic3VwcGxpZXJfdHlwZV8zIjoiIiwiY29udHJvbGxlcl90eXBlXzMiOiJpbmRleCIsImxpbmtfdHlwZV80IjoiY2F0ZWdvcnkiLCJwcm9kdWN0X3R5cGVfNCI6IiIsImNtc190eXBlXzQiOiIxIiwiY2F0ZWdvcnlfdHlwZV80IjoiMTEwIiwibWFudWZhY3R1cmVfdHlwZV80IjoiMTE0Iiwic3VwcGxpZXJfdHlwZV80IjoiIiwiY29udHJvbGxlcl90eXBlXzQiOiJpbmRleCIsInRleHRfbGlua18xXzEiOiJDdXZlcyBpbmplY3RcdTAwZTllcyBlbiBQUCIsInRleHRfbGlua18xIjoiUlx1MDBlOXNlYXV4IFBWQyIsInVybF90eXBlXzFfMSI6IiMiLCJjb250cm9sbGVyX3R5cGVfcGFyYW1ldGVyXzFfMSI6IiIsInRleHRfbGlua18yXzEiOiJHcmlsbGVzIGRlIHZlbnRpbGF0aW9uIiwidXJsX3R5cGVfMl8xIjoiIyIsImNvbnRyb2xsZXJfdHlwZV9wYXJhbWV0ZXJfMl8xIjoiIiwidGV4dF9saW5rXzNfMSI6IlJlZ2lzdHJlcyAmIFJcdTAwZTlndWxhdGV1cnMiLCJ1cmxfdHlwZV8zXzEiOiIjIiwiY29udHJvbGxlcl90eXBlX3BhcmFtZXRlcl8zXzEiOiIiLCJ0ZXh0X2xpbmtfNF8xIjoiUlx1MDBlOXNlYXV4IFBWQyIsInVybF90eXBlXzRfMSI6IiMiLCJjb250cm9sbGVyX3R5cGVfcGFyYW1ldGVyXzRfMSI6IiJ9', 1, 1572002751),
(33, 'Image réseaux PVC', 'html', 'eyJhZGRidG1lZ2FtZW51X3dpZGdldHMiOiIxIiwiaWRfYnRtZWdhbWVudV93aWRnZXRzIjoiMzMiLCJ3aWRnZXRfbmFtZSI6IkltYWdlIHJcdTAwZTlzZWF1eCBQVkMiLCJ3aWRnZXRfdHlwZSI6Imh0bWwiLCJzYXZlYW5kc3RheWxlb3dpZGdldCI6IiIsIndpZGdldF90aXRsZV8xIjoiIiwiaHRtbGNvbnRlbnRfMSI6IjxwPjxcL3A+XHJcbjx0YWJsZT5cclxuPHRib2R5PlxyXG48dHI+XHJcbjx0ZD48YSBocmVmPVwiaHR0cHM6XC9cL2NvbWVsZWMuZnJcLzExMC1yZXNlYXV4LXB2Y1wiPjxpbWcgc3JjPVwiaHR0cHM6XC9cL2NvbWVsZWMuZnJcL2ltZ1wvY21zXC90dWJlcy1ldC1yYWNjb3JkczIucG5nXCIgd2lkdGg9XCIyMDBcIiBoZWlnaHQ9XCIyMTVcIiBcLz48XC9hPjxcL3RkPlxyXG48dGQ+PGEgaHJlZj1cImh0dHBzOlwvXC9jb21lbGVjLmZyXC8xNTYtcmVnaXN0cmVzLXJlZ3VsYXRldXJzXCI+PGltZyBzcmM9XCJodHRwczpcL1wvY29tZWxlYy5mclwvaW1nXC9jbXNcL3JlZ3VsYXRldXItbWV0YWxpcXVlMi5wbmdcIiB3aWR0aD1cIjMwMFwiIGhlaWdodD1cIjE4MlwiIFwvPjxcL2E+PFwvdGQ+XHJcbjxcL3RyPlxyXG48XC90Ym9keT5cclxuPFwvdGFibGU+XHJcbjxwPjxcL3A+IiwiY29udGVudF8xIjoiPHA+PFwvcD5cclxuPHRhYmxlPlxyXG48dGJvZHk+XHJcbjx0cj5cclxuPHRkPjxhIGhyZWY9XCJodHRwczpcL1wvY29tZWxlYy5mclwvMTEwLXJlc2VhdXgtcHZjXCI+PGltZyBzcmM9XCJodHRwczpcL1wvY29tZWxlYy5mclwvaW1nXC9jbXNcL3R1YmVzLWV0LXJhY2NvcmRzMi5wbmdcIiB3aWR0aD1cIjIwMFwiIGhlaWdodD1cIjIxNVwiIFwvPjxcL2E+PFwvdGQ+XHJcbjx0ZD48YSBocmVmPVwiaHR0cHM6XC9cL2NvbWVsZWMuZnJcLzE1Ni1yZWdpc3RyZXMtcmVndWxhdGV1cnNcIj48aW1nIHNyYz1cImh0dHBzOlwvXC9jb21lbGVjLmZyXC9pbWdcL2Ntc1wvcmVndWxhdGV1ci1tZXRhbGlxdWUyLnBuZ1wiIHdpZHRoPVwiMzAwXCIgaGVpZ2h0PVwiMTgyXCIgXC8+PFwvYT48XC90ZD5cclxuPFwvdHI+XHJcbjxcL3Rib2R5PlxyXG48XC90YWJsZT5cclxuPHA+PFwvcD4ifQ==', 1, 1572003561);

-- --------------------------------------------------------

--
-- Table structure for table `ps_carrier`
--

CREATE TABLE `ps_carrier` (
  `id_carrier` int(10) UNSIGNED NOT NULL,
  `id_reference` int(10) UNSIGNED NOT NULL,
  `id_tax_rules_group` int(10) UNSIGNED DEFAULT 0,
  `name` varchar(64) NOT NULL,
  `url` varchar(255) DEFAULT NULL,
  `active` tinyint(1) UNSIGNED NOT NULL DEFAULT 0,
  `deleted` tinyint(1) UNSIGNED NOT NULL DEFAULT 0,
  `shipping_handling` tinyint(1) UNSIGNED NOT NULL DEFAULT 1,
  `range_behavior` tinyint(1) UNSIGNED NOT NULL DEFAULT 0,
  `is_module` tinyint(1) UNSIGNED NOT NULL DEFAULT 0,
  `is_free` tinyint(1) UNSIGNED NOT NULL DEFAULT 0,
  `shipping_external` tinyint(1) UNSIGNED NOT NULL DEFAULT 0,
  `need_range` tinyint(1) UNSIGNED NOT NULL DEFAULT 0,
  `external_module_name` varchar(64) DEFAULT NULL,
  `shipping_method` int(2) NOT NULL DEFAULT 0,
  `position` int(10) UNSIGNED NOT NULL DEFAULT 0,
  `max_width` int(10) DEFAULT 0,
  `max_height` int(10) DEFAULT 0,
  `max_depth` int(10) DEFAULT 0,
  `max_weight` decimal(20,6) DEFAULT 0.000000,
  `grade` int(10) DEFAULT 0
) ENGINE=InnoDB DEFAULT CHARSET=utf8;

--
-- Dumping data for table `ps_carrier`
--

INSERT INTO `ps_carrier` (`id_carrier`, `id_reference`, `id_tax_rules_group`, `name`, `url`, `active`, `deleted`, `shipping_handling`, `range_behavior`, `is_module`, `is_free`, `shipping_external`, `need_range`, `external_module_name`, `shipping_method`, `position`, `max_width`, `max_height`, `max_depth`, `max_weight`, `grade`) VALUES
(1, 1, 0, '0', '', 1, 0, 0, 0, 0, 1, 0, 0, '', 0, 0, 0, 0, 0, 0.000000, 0),
(2, 2, 0, 'My carrier', '', 1, 0, 1, 0, 0, 0, 0, 0, '', 0, 1, 0, 0, 0, 0.000000, 0);

-- --------------------------------------------------------

--
-- Table structure for table `ps_carrier_group`
--

CREATE TABLE `ps_carrier_group` (
  `id_carrier` int(10) UNSIGNED NOT NULL,
  `id_group` int(10) UNSIGNED NOT NULL
) ENGINE=InnoDB DEFAULT CHARSET=utf8;

--
-- Dumping data for table `ps_carrier_group`
--

INSERT INTO `ps_carrier_group` (`id_carrier`, `id_group`) VALUES
(1, 1),
(1, 2),
(1, 3),
(2, 1),
(2, 2),
(2, 3);

-- --------------------------------------------------------

--
-- Table structure for table `ps_carrier_lang`
--

CREATE TABLE `ps_carrier_lang` (
  `id_carrier` int(10) UNSIGNED NOT NULL,
  `id_shop` int(11) UNSIGNED NOT NULL DEFAULT 1,
  `id_lang` int(10) UNSIGNED NOT NULL,
  `delay` varchar(512) DEFAULT NULL
) ENGINE=InnoDB DEFAULT CHARSET=utf8;

--
-- Dumping data for table `ps_carrier_lang`
--

INSERT INTO `ps_carrier_lang` (`id_carrier`, `id_shop`, `id_lang`, `delay`) VALUES
(1, 1, 1, 'Retrait en magasin'),
(2, 1, 1, 'Livraison le lendemain !');

-- --------------------------------------------------------

--
-- Table structure for table `ps_carrier_shop`
--

CREATE TABLE `ps_carrier_shop` (
  `id_carrier` int(11) UNSIGNED NOT NULL,
  `id_shop` int(11) UNSIGNED NOT NULL
) ENGINE=InnoDB DEFAULT CHARSET=utf8;

--
-- Dumping data for table `ps_carrier_shop`
--

INSERT INTO `ps_carrier_shop` (`id_carrier`, `id_shop`) VALUES
(1, 1),
(2, 1);

-- --------------------------------------------------------

--
-- Table structure for table `ps_carrier_tax_rules_group_shop`
--

CREATE TABLE `ps_carrier_tax_rules_group_shop` (
  `id_carrier` int(11) UNSIGNED NOT NULL,
  `id_tax_rules_group` int(11) UNSIGNED NOT NULL,
  `id_shop` int(11) UNSIGNED NOT NULL
) ENGINE=InnoDB DEFAULT CHARSET=utf8;

--
-- Dumping data for table `ps_carrier_tax_rules_group_shop`
--

INSERT INTO `ps_carrier_tax_rules_group_shop` (`id_carrier`, `id_tax_rules_group`, `id_shop`) VALUES
(1, 1, 1),
(2, 1, 1);

-- --------------------------------------------------------

--
-- Table structure for table `ps_carrier_zone`
--

CREATE TABLE `ps_carrier_zone` (
  `id_carrier` int(10) UNSIGNED NOT NULL,
  `id_zone` int(10) UNSIGNED NOT NULL
) ENGINE=InnoDB DEFAULT CHARSET=utf8;

--
-- Dumping data for table `ps_carrier_zone`
--

INSERT INTO `ps_carrier_zone` (`id_carrier`, `id_zone`) VALUES
(1, 1),
(2, 1),
(2, 2);

-- --------------------------------------------------------

--
-- Table structure for table `ps_cart`
--

CREATE TABLE `ps_cart` (
  `id_cart` int(10) UNSIGNED NOT NULL,
  `id_shop_group` int(11) UNSIGNED NOT NULL DEFAULT 1,
  `id_shop` int(11) UNSIGNED NOT NULL DEFAULT 1,
  `id_carrier` int(10) UNSIGNED NOT NULL,
  `delivery_option` text NOT NULL,
  `id_lang` int(10) UNSIGNED NOT NULL,
  `id_address_delivery` int(10) UNSIGNED NOT NULL,
  `id_address_invoice` int(10) UNSIGNED NOT NULL,
  `id_currency` int(10) UNSIGNED NOT NULL,
  `id_customer` int(10) UNSIGNED NOT NULL,
  `id_guest` int(10) UNSIGNED NOT NULL,
  `secure_key` varchar(32) NOT NULL DEFAULT '-1',
  `recyclable` tinyint(1) UNSIGNED NOT NULL DEFAULT 1,
  `gift` tinyint(1) UNSIGNED NOT NULL DEFAULT 0,
  `gift_message` text DEFAULT NULL,
  `mobile_theme` tinyint(1) NOT NULL DEFAULT 0,
  `allow_seperated_package` tinyint(1) UNSIGNED NOT NULL DEFAULT 0,
  `date_add` datetime NOT NULL,
  `date_upd` datetime NOT NULL,
  `checkout_session_data` mediumtext DEFAULT NULL
) ENGINE=InnoDB DEFAULT CHARSET=utf8;

--
-- Dumping data for table `ps_cart`
--

INSERT INTO `ps_cart` (`id_cart`, `id_shop_group`, `id_shop`, `id_carrier`, `delivery_option`, `id_lang`, `id_address_delivery`, `id_address_invoice`, `id_currency`, `id_customer`, `id_guest`, `secure_key`, `recyclable`, `gift`, `gift_message`, `mobile_theme`, `allow_seperated_package`, `date_add`, `date_upd`, `checkout_session_data`) VALUES
(2, 1, 1, 1, '{\"6\":\"1,\"}', 1, 6, 6, 1, 1, 51, '60a024fd1fce52394d837d97747b0d94', 0, 0, '', 0, 0, '2019-10-03 16:43:02', '2019-10-03 17:09:16', '{\"checkout-personal-information-step\":{\"step_is_reachable\":true,\"step_is_complete\":true},\"checkout-addresses-step\":{\"step_is_reachable\":true,\"step_is_complete\":true,\"use_same_address\":true},\"checkout-delivery-step\":{\"step_is_reachable\":true,\"step_is_complete\":true},\"checkout-payment-step\":{\"step_is_reachable\":true,\"step_is_complete\":false},\"checksum\":\"6101460ba3d4d1300d37368c548bc018952f3b99\"}'),
(3, 1, 1, 1, '{\"6\":\"1,\"}', 1, 6, 6, 1, 1, 62, '60a024fd1fce52394d837d97747b0d94', 0, 0, '', 0, 0, '2019-10-04 09:32:11', '2019-10-04 09:33:53', '{\"checkout-personal-information-step\":{\"step_is_reachable\":true,\"step_is_complete\":true},\"checkout-addresses-step\":{\"step_is_reachable\":true,\"step_is_complete\":true,\"use_same_address\":true},\"checkout-delivery-step\":{\"step_is_reachable\":true,\"step_is_complete\":true},\"checkout-payment-step\":{\"step_is_reachable\":true,\"step_is_complete\":false},\"checksum\":\"774d3a9fd598ab67981a85d2e455cc12196efd72\"}'),
(4, 1, 1, 1, '{\"6\":\"1,\"}', 1, 6, 6, 1, 1, 63, '60a024fd1fce52394d837d97747b0d94', 0, 0, '', 0, 0, '2019-10-04 09:40:26', '2019-12-06 11:57:31', '{\"checkout-personal-information-step\":{\"step_is_reachable\":true,\"step_is_complete\":true},\"checkout-addresses-step\":{\"step_is_reachable\":true,\"step_is_complete\":true,\"use_same_address\":true},\"checkout-delivery-step\":{\"step_is_reachable\":true,\"step_is_complete\":true},\"checkout-payment-step\":{\"step_is_reachable\":true,\"step_is_complete\":false},\"checksum\":\"cf2da4345beccd136404d80ff745e0987b362100\"}'),
(5, 1, 1, 1, '{\"6\":\"1,\"}', 1, 6, 6, 1, 1, 59, '60a024fd1fce52394d837d97747b0d94', 0, 0, '', 0, 0, '2019-10-22 15:30:21', '2019-12-06 10:21:14', '{\"checkout-personal-information-step\":{\"step_is_reachable\":true,\"step_is_complete\":true},\"checkout-addresses-step\":{\"step_is_reachable\":true,\"step_is_complete\":true,\"use_same_address\":true},\"checkout-delivery-step\":{\"step_is_reachable\":true,\"step_is_complete\":true},\"checkout-payment-step\":{\"step_is_reachable\":true,\"step_is_complete\":false},\"checksum\":\"97aa37933551b110a2d5743fdd791d126fec6a97\"}'),
(15, 1, 1, 1, '{\"6\":\"1,\"}', 1, 6, 6, 1, 1, 706, '60a024fd1fce52394d837d97747b0d94', 0, 0, '', 0, 0, '2019-12-09 09:23:59', '2020-01-23 10:35:27', '{\"checkout-personal-information-step\":{\"step_is_reachable\":true,\"step_is_complete\":true},\"checkout-addresses-step\":{\"step_is_reachable\":true,\"step_is_complete\":true,\"use_same_address\":true},\"checkout-delivery-step\":{\"step_is_reachable\":true,\"step_is_complete\":false},\"checkout-payment-step\":{\"step_is_reachable\":false,\"step_is_complete\":false},\"checksum\":\"96845fdb5a6882f0efdf7ac3dd7a7b6074a0cf5d\"}'),
(16, 1, 1, 0, '', 1, 6, 6, 1, 1, 835, '60a024fd1fce52394d837d97747b0d94', 0, 0, '', 0, 0, '2020-01-27 12:05:35', '2020-01-27 12:05:35', NULL),
(17, 1, 1, 1, '{\"6\":\"1,\"}', 1, 6, 6, 1, 1, 706, '60a024fd1fce52394d837d97747b0d94', 0, 0, '', 0, 0, '2020-01-27 21:41:19', '2020-01-27 21:41:19', NULL),
(18, 1, 1, 0, '', 1, 6, 6, 1, 1, 59, '60a024fd1fce52394d837d97747b0d94', 0, 0, '', 0, 0, '2020-01-27 21:41:19', '2020-01-27 21:41:20', '{\"checkout-personal-information-step\":{\"step_is_reachable\":true,\"step_is_complete\":true},\"checkout-addresses-step\":{\"step_is_reachable\":true,\"step_is_complete\":false,\"use_same_address\":true},\"checkout-delivery-step\":{\"step_is_reachable\":false,\"step_is_complete\":false},\"checkout-payment-step\":{\"step_is_reachable\":false,\"step_is_complete\":false},\"checksum\":\"f02e1251ec3886d9e7aa8490e0921524ffc61f0a\"}');

-- --------------------------------------------------------

--
-- Table structure for table `ps_cart_cart_rule`
--

CREATE TABLE `ps_cart_cart_rule` (
  `id_cart` int(10) UNSIGNED NOT NULL,
  `id_cart_rule` int(10) UNSIGNED NOT NULL
) ENGINE=InnoDB DEFAULT CHARSET=utf8;

-- --------------------------------------------------------

--
-- Table structure for table `ps_cart_product`
--

CREATE TABLE `ps_cart_product` (
  `id_cart` int(10) UNSIGNED NOT NULL,
  `id_product` int(10) UNSIGNED NOT NULL,
  `id_address_delivery` int(10) UNSIGNED NOT NULL DEFAULT 0,
  `id_shop` int(10) UNSIGNED NOT NULL DEFAULT 1,
  `id_product_attribute` int(10) UNSIGNED NOT NULL DEFAULT 0,
  `id_customization` int(10) UNSIGNED NOT NULL DEFAULT 0,
  `quantity` int(10) UNSIGNED NOT NULL DEFAULT 0,
  `date_add` datetime NOT NULL
) ENGINE=InnoDB DEFAULT CHARSET=utf8;

--
-- Dumping data for table `ps_cart_product`
--

INSERT INTO `ps_cart_product` (`id_cart`, `id_product`, `id_address_delivery`, `id_shop`, `id_product_attribute`, `id_customization`, `quantity`, `date_add`) VALUES
(5, 50, 6, 1, 14848, 0, 1, '2019-12-05 16:00:13'),
(15, 1665, 6, 1, 16816, 0, 1, '2020-01-23 10:33:29'),
(15, 1665, 6, 1, 16817, 0, 6, '2020-01-23 10:34:13'),
(18, 1665, 6, 1, 16818, 0, 1, '2020-01-27 21:41:19'),
(18, 1665, 6, 1, 16819, 0, 6, '2020-01-27 21:41:19');

-- --------------------------------------------------------

--
-- Table structure for table `ps_cart_rule`
--

CREATE TABLE `ps_cart_rule` (
  `id_cart_rule` int(10) UNSIGNED NOT NULL,
  `id_customer` int(10) UNSIGNED NOT NULL DEFAULT 0,
  `date_from` datetime NOT NULL,
  `date_to` datetime NOT NULL,
  `description` text DEFAULT NULL,
  `quantity` int(10) UNSIGNED NOT NULL DEFAULT 0,
  `quantity_per_user` int(10) UNSIGNED NOT NULL DEFAULT 0,
  `priority` int(10) UNSIGNED NOT NULL DEFAULT 1,
  `partial_use` tinyint(1) UNSIGNED NOT NULL DEFAULT 0,
  `code` varchar(254) NOT NULL,
  `minimum_amount` decimal(17,2) NOT NULL DEFAULT 0.00,
  `minimum_amount_tax` tinyint(1) NOT NULL DEFAULT 0,
  `minimum_amount_currency` int(10) UNSIGNED NOT NULL DEFAULT 0,
  `minimum_amount_shipping` tinyint(1) NOT NULL DEFAULT 0,
  `country_restriction` tinyint(1) UNSIGNED NOT NULL DEFAULT 0,
  `carrier_restriction` tinyint(1) UNSIGNED NOT NULL DEFAULT 0,
  `group_restriction` tinyint(1) UNSIGNED NOT NULL DEFAULT 0,
  `cart_rule_restriction` tinyint(1) UNSIGNED NOT NULL DEFAULT 0,
  `product_restriction` tinyint(1) UNSIGNED NOT NULL DEFAULT 0,
  `shop_restriction` tinyint(1) UNSIGNED NOT NULL DEFAULT 0,
  `free_shipping` tinyint(1) NOT NULL DEFAULT 0,
  `reduction_percent` decimal(5,2) NOT NULL DEFAULT 0.00,
  `reduction_amount` decimal(17,2) NOT NULL DEFAULT 0.00,
  `reduction_tax` tinyint(1) UNSIGNED NOT NULL DEFAULT 0,
  `reduction_currency` int(10) UNSIGNED NOT NULL DEFAULT 0,
  `reduction_product` int(10) NOT NULL DEFAULT 0,
  `reduction_exclude_special` tinyint(1) UNSIGNED NOT NULL DEFAULT 0,
  `gift_product` int(10) UNSIGNED NOT NULL DEFAULT 0,
  `gift_product_attribute` int(10) UNSIGNED NOT NULL DEFAULT 0,
  `highlight` tinyint(1) UNSIGNED NOT NULL DEFAULT 0,
  `active` tinyint(1) UNSIGNED NOT NULL DEFAULT 0,
  `date_add` datetime NOT NULL,
  `date_upd` datetime NOT NULL
) ENGINE=InnoDB DEFAULT CHARSET=utf8;

-- --------------------------------------------------------

--
-- Table structure for table `ps_cart_rule_carrier`
--

CREATE TABLE `ps_cart_rule_carrier` (
  `id_cart_rule` int(10) UNSIGNED NOT NULL,
  `id_carrier` int(10) UNSIGNED NOT NULL
) ENGINE=InnoDB DEFAULT CHARSET=utf8;

-- --------------------------------------------------------

--
-- Table structure for table `ps_cart_rule_combination`
--

CREATE TABLE `ps_cart_rule_combination` (
  `id_cart_rule_1` int(10) UNSIGNED NOT NULL,
  `id_cart_rule_2` int(10) UNSIGNED NOT NULL
) ENGINE=InnoDB DEFAULT CHARSET=utf8;

-- --------------------------------------------------------

--
-- Table structure for table `ps_cart_rule_country`
--

CREATE TABLE `ps_cart_rule_country` (
  `id_cart_rule` int(10) UNSIGNED NOT NULL,
  `id_country` int(10) UNSIGNED NOT NULL
) ENGINE=InnoDB DEFAULT CHARSET=utf8;

-- --------------------------------------------------------

--
-- Table structure for table `ps_cart_rule_group`
--

CREATE TABLE `ps_cart_rule_group` (
  `id_cart_rule` int(10) UNSIGNED NOT NULL,
  `id_group` int(10) UNSIGNED NOT NULL
) ENGINE=InnoDB DEFAULT CHARSET=utf8;

-- --------------------------------------------------------

--
-- Table structure for table `ps_cart_rule_lang`
--

CREATE TABLE `ps_cart_rule_lang` (
  `id_cart_rule` int(10) UNSIGNED NOT NULL,
  `id_lang` int(10) UNSIGNED NOT NULL,
  `name` varchar(254) NOT NULL
) ENGINE=InnoDB DEFAULT CHARSET=utf8;

-- --------------------------------------------------------

--
-- Table structure for table `ps_cart_rule_product_rule`
--

CREATE TABLE `ps_cart_rule_product_rule` (
  `id_product_rule` int(10) UNSIGNED NOT NULL,
  `id_product_rule_group` int(10) UNSIGNED NOT NULL,
  `type` enum('products','categories','attributes','manufacturers','suppliers') NOT NULL
) ENGINE=InnoDB DEFAULT CHARSET=utf8;

-- --------------------------------------------------------

--
-- Table structure for table `ps_cart_rule_product_rule_group`
--

CREATE TABLE `ps_cart_rule_product_rule_group` (
  `id_product_rule_group` int(10) UNSIGNED NOT NULL,
  `id_cart_rule` int(10) UNSIGNED NOT NULL,
  `quantity` int(10) UNSIGNED NOT NULL DEFAULT 1
) ENGINE=InnoDB DEFAULT CHARSET=utf8;

-- --------------------------------------------------------

--
-- Table structure for table `ps_cart_rule_product_rule_value`
--

CREATE TABLE `ps_cart_rule_product_rule_value` (
  `id_product_rule` int(10) UNSIGNED NOT NULL,
  `id_item` int(10) UNSIGNED NOT NULL
) ENGINE=InnoDB DEFAULT CHARSET=utf8;

-- --------------------------------------------------------

--
-- Table structure for table `ps_cart_rule_shop`
--

CREATE TABLE `ps_cart_rule_shop` (
  `id_cart_rule` int(10) UNSIGNED NOT NULL,
  `id_shop` int(10) UNSIGNED NOT NULL
) ENGINE=InnoDB DEFAULT CHARSET=utf8;

-- --------------------------------------------------------

--
-- Table structure for table `ps_category`
--

CREATE TABLE `ps_category` (
  `id_category` int(10) UNSIGNED NOT NULL,
  `id_parent` int(10) UNSIGNED NOT NULL,
  `id_shop_default` int(10) UNSIGNED NOT NULL DEFAULT 1,
  `level_depth` tinyint(3) UNSIGNED NOT NULL DEFAULT 0,
  `nleft` int(10) UNSIGNED NOT NULL DEFAULT 0,
  `nright` int(10) UNSIGNED NOT NULL DEFAULT 0,
  `active` tinyint(1) UNSIGNED NOT NULL DEFAULT 0,
  `date_add` datetime NOT NULL,
  `date_upd` datetime NOT NULL,
  `position` int(10) UNSIGNED NOT NULL DEFAULT 0,
  `is_root_category` tinyint(1) NOT NULL DEFAULT 0
) ENGINE=InnoDB DEFAULT CHARSET=utf8;

--
-- Dumping data for table `ps_category`
--

INSERT INTO `ps_category` (`id_category`, `id_parent`, `id_shop_default`, `level_depth`, `nleft`, `nright`, `active`, `date_add`, `date_upd`, `position`, `is_root_category`) VALUES
(1, 0, 1, 0, 1, 340, 1, '2019-09-21 15:44:31', '2019-09-21 15:44:31', 0, 0),
(2, 1, 1, 1, 2, 339, 1, '2019-09-21 15:44:31', '2019-09-21 15:44:31', 0, 1),
(10, 153, 1, 3, 238, 247, 1, '2019-10-01 10:41:12', '2019-10-24 14:57:10', 2, 0),
(11, 10, 1, 4, 239, 240, 1, '2019-10-01 10:41:13', '2019-10-01 15:51:23', 0, 0),
(12, 10, 1, 4, 241, 242, 1, '2019-10-01 10:41:15', '2019-10-01 15:51:26', 1, 0),
(13, 10, 1, 4, 243, 244, 1, '2019-10-01 10:41:17', '2019-10-01 15:55:30', 2, 0),
(14, 10, 1, 4, 245, 246, 1, '2019-10-01 10:41:18', '2019-10-01 15:55:50', 3, 0),
(15, 2, 1, 2, 71, 72, 0, '2019-10-01 10:41:19', '2019-10-01 16:54:03', 1, 0),
(16, 2, 1, 2, 73, 104, 0, '2019-10-01 10:41:21', '2019-10-01 16:54:03', 2, 0),
(17, 16, 1, 3, 74, 75, 0, '2019-10-01 10:41:22', '2019-10-01 10:41:22', 0, 0),
(18, 16, 1, 3, 76, 77, 0, '2019-10-01 10:41:24', '2019-10-01 10:41:24', 0, 0),
(19, 16, 1, 3, 78, 79, 0, '2019-10-01 10:41:26', '2019-10-01 10:41:26', 0, 0),
(20, 16, 1, 3, 80, 81, 0, '2019-10-01 10:41:31', '2019-10-01 10:41:31', 0, 0),
(21, 16, 1, 3, 82, 83, 0, '2019-10-01 10:41:44', '2019-10-01 10:41:44', 0, 0),
(22, 16, 1, 3, 84, 85, 0, '2019-10-01 10:41:52', '2019-10-01 10:41:52', 0, 0),
(23, 16, 1, 3, 86, 87, 0, '2019-10-01 10:42:20', '2019-10-01 10:42:20', 0, 0),
(24, 16, 1, 3, 88, 89, 0, '2019-10-01 10:42:25', '2019-10-01 10:42:25', 0, 0),
(25, 16, 1, 3, 90, 91, 0, '2019-10-01 10:42:48', '2019-10-01 10:42:48', 0, 0),
(26, 16, 1, 3, 92, 93, 0, '2019-10-01 10:43:04', '2019-10-01 10:43:04', 0, 0),
(27, 153, 1, 3, 226, 237, 1, '2019-10-01 10:43:16', '2019-10-24 14:34:34', 1, 0),
(28, 27, 1, 4, 229, 230, 1, '2019-10-01 10:43:16', '2019-10-21 15:05:44', 1, 0),
(29, 16, 1, 3, 94, 95, 0, '2019-10-01 10:43:27', '2019-10-01 10:43:27', 0, 0),
(30, 2, 1, 2, 3, 70, 1, '2019-10-01 10:43:47', '2019-10-01 16:54:03', 0, 0),
(31, 30, 1, 3, 52, 57, 1, '2019-10-01 10:43:50', '2019-11-05 09:45:09', 3, 0),
(32, 31, 1, 4, 53, 54, 0, '2019-10-01 10:43:51', '2019-10-01 10:43:51', 0, 0),
(33, 30, 1, 3, 4, 23, 1, '2019-10-01 10:43:52', '2019-11-05 09:32:18', 0, 0),
(34, 33, 1, 4, 11, 12, 0, '2019-10-01 10:43:53', '2019-10-29 11:31:02', 3, 0),
(35, 33, 1, 4, 13, 14, 0, '2019-10-01 10:44:01', '2019-10-29 18:11:40', 4, 0),
(36, 30, 1, 3, 38, 51, 1, '2019-10-01 10:44:35', '2019-11-05 09:39:34', 2, 0),
(37, 36, 1, 4, 47, 48, 0, '2019-10-01 10:44:36', '2019-10-01 15:20:44', 4, 0),
(38, 16, 1, 3, 96, 97, 0, '2019-10-01 10:44:39', '2019-10-01 10:44:39', 0, 0),
(39, 30, 1, 3, 62, 63, 1, '2019-10-01 10:44:46', '2019-11-05 15:36:33', 6, 0),
(40, 2, 1, 2, 157, 158, 0, '2019-10-01 10:44:49', '2019-10-01 16:54:03', 4, 0),
(41, 36, 1, 4, 45, 46, 0, '2019-10-01 10:45:06', '2019-10-01 15:20:44', 3, 0),
(42, 2, 1, 2, 159, 160, 0, '2019-10-01 10:45:34', '2019-10-01 16:54:03', 5, 0),
(43, 16, 1, 3, 98, 99, 0, '2019-10-01 10:45:48', '2019-10-01 10:45:48', 0, 0),
(44, 31, 1, 4, 55, 56, 0, '2019-10-01 10:45:49', '2019-10-01 10:45:49', 0, 0),
(45, 16, 1, 3, 100, 101, 0, '2019-10-01 10:45:57', '2019-10-01 10:45:57', 0, 0),
(46, 33, 1, 4, 17, 18, 0, '2019-10-01 10:46:00', '2019-10-25 06:52:08', 6, 0),
(47, 2, 1, 2, 161, 162, 0, '2019-10-01 10:46:04', '2019-10-01 16:54:03', 6, 0),
(48, 30, 1, 3, 64, 65, 1, '2019-10-01 10:46:05', '2019-11-05 09:59:43', 7, 0),
(49, 2, 1, 2, 163, 164, 0, '2019-10-01 10:46:42', '2019-10-01 16:54:03', 7, 0),
(50, 36, 1, 4, 49, 50, 0, '2019-10-01 10:46:51', '2019-10-01 15:20:35', 3, 0),
(51, 16, 1, 3, 102, 103, 0, '2019-10-01 10:46:51', '2019-10-01 10:46:51', 0, 0),
(52, 30, 1, 3, 66, 67, 1, '2019-10-01 10:46:59', '2019-10-30 13:39:11', 8, 0),
(53, 33, 1, 4, 21, 22, 0, '2019-10-01 10:47:05', '2019-10-25 06:56:04', 11, 0),
(54, 33, 1, 4, 7, 8, 0, '2019-10-01 10:47:22', '2019-10-25 06:44:14', 1, 0),
(55, 30, 1, 3, 24, 37, 1, '2019-10-01 10:47:26', '2019-11-08 14:20:28', 1, 0),
(56, 55, 1, 4, 29, 30, 0, '2019-10-01 10:47:27', '2019-10-01 15:14:48', 2, 0),
(57, 36, 1, 4, 39, 40, 0, '2019-10-01 10:47:34', '2019-10-01 15:16:23', 0, 0),
(58, 30, 1, 3, 68, 69, 1, '2019-10-01 10:47:35', '2019-11-05 10:02:00', 9, 0),
(59, 36, 1, 4, 41, 42, 0, '2019-10-01 10:47:36', '2019-10-01 15:20:33', 1, 0),
(60, 30, 1, 3, 58, 59, 1, '2019-10-01 10:47:37', '2019-11-05 09:48:20', 4, 0),
(61, 2, 1, 2, 165, 168, 0, '2019-10-01 10:47:43', '2019-10-01 16:54:03', 8, 0),
(62, 61, 1, 3, 166, 167, 0, '2019-10-01 10:47:44', '2019-10-01 10:47:44', 0, 0),
(63, 30, 1, 3, 60, 61, 1, '2019-10-01 10:47:47', '2019-11-05 10:04:51', 5, 0),
(64, 55, 1, 4, 25, 26, 0, '2019-10-01 10:47:53', '2019-10-01 15:14:44', 0, 0),
(65, 2, 1, 2, 169, 170, 0, '2019-10-01 10:48:20', '2019-10-01 16:54:03', 9, 0),
(66, 2, 1, 2, 171, 172, 0, '2019-10-01 10:48:40', '2019-10-01 16:54:03', 10, 0),
(67, 55, 1, 4, 31, 32, 0, '2019-10-01 10:49:01', '2019-10-01 15:14:48', 1, 0),
(68, 154, 1, 3, 282, 323, 1, '2019-10-01 10:49:06', '2019-11-05 15:46:00', 1, 0),
(69, 68, 1, 4, 319, 320, 0, '2019-10-01 10:49:07', '2019-11-06 17:02:24', 18, 0),
(70, 153, 1, 3, 248, 249, 0, '2019-10-01 10:49:09', '2019-10-24 14:15:17', 3, 0),
(71, 155, 1, 3, 146, 155, 1, '2019-10-01 10:49:11', '2019-11-28 17:51:04', 3, 0),
(72, 71, 1, 4, 147, 148, 0, '2019-10-01 10:49:12', '2019-10-01 10:49:12', 0, 0),
(73, 71, 1, 4, 149, 150, 0, '2019-10-01 10:49:15', '2019-10-01 10:49:15', 0, 0),
(74, 71, 1, 4, 151, 152, 0, '2019-10-01 10:49:16', '2019-10-01 10:49:16', 0, 0),
(75, 71, 1, 4, 153, 154, 0, '2019-10-01 10:49:17', '2019-10-01 10:49:17', 0, 0),
(76, 2, 1, 2, 173, 174, 0, '2019-10-01 10:49:22', '2019-10-01 16:54:03', 11, 0),
(77, 153, 1, 3, 208, 225, 1, '2019-10-01 10:49:33', '2019-11-05 15:41:32', 0, 0),
(78, 2, 1, 2, 175, 196, 0, '2019-10-01 10:49:35', '2019-10-01 16:54:03', 12, 0),
(79, 78, 1, 3, 176, 177, 0, '2019-10-01 10:49:36', '2019-10-01 10:49:36', 0, 0),
(80, 78, 1, 3, 178, 179, 0, '2019-10-01 10:50:58', '2019-10-01 10:50:58', 0, 0),
(81, 78, 1, 3, 180, 181, 0, '2019-10-01 10:51:01', '2019-10-01 10:51:01', 0, 0),
(82, 78, 1, 3, 182, 183, 0, '2019-10-01 10:51:02', '2019-10-01 10:51:02', 0, 0),
(83, 78, 1, 3, 184, 185, 0, '2019-10-01 10:51:05', '2019-10-01 10:51:05', 0, 0),
(84, 78, 1, 3, 186, 187, 0, '2019-10-01 10:51:33', '2019-10-01 10:51:33', 0, 0),
(85, 78, 1, 3, 188, 189, 0, '2019-10-01 10:51:43', '2019-10-01 10:51:43', 0, 0),
(86, 78, 1, 3, 190, 191, 0, '2019-10-01 10:52:11', '2019-10-01 10:52:11', 0, 0),
(87, 78, 1, 3, 192, 193, 0, '2019-10-01 10:52:51', '2019-10-01 10:52:51', 0, 0),
(88, 153, 1, 3, 250, 251, 1, '2019-10-01 10:52:55', '2019-10-21 16:56:02', 4, 0),
(89, 33, 1, 4, 5, 6, 0, '2019-10-01 10:53:10', '2019-10-25 06:40:22', 0, 0),
(90, 55, 1, 4, 35, 36, 0, '2019-10-01 10:53:11', '2019-10-01 15:25:49', 2, 0),
(91, 36, 1, 4, 43, 44, 0, '2019-10-01 10:53:16', '2019-10-01 15:20:35', 2, 0),
(92, 33, 1, 4, 15, 16, 0, '2019-10-01 10:53:27', '2019-10-25 06:52:15', 5, 0),
(93, 55, 1, 4, 33, 34, 0, '2019-10-01 10:53:41', '2019-10-01 15:25:49', 4, 0),
(94, 33, 1, 4, 9, 10, 0, '2019-10-01 10:53:57', '2019-10-25 06:44:20', 2, 0),
(95, 33, 1, 4, 19, 20, 0, '2019-10-01 10:54:07', '2019-10-18 15:44:00', 8, 0),
(96, 55, 1, 4, 27, 28, 0, '2019-10-01 10:54:09', '2019-10-01 15:14:48', 1, 0),
(97, 77, 1, 4, 219, 220, 1, '2019-10-01 10:54:29', '2019-10-08 10:08:45', 5, 0),
(98, 77, 1, 4, 217, 218, 1, '2019-10-01 10:54:31', '2019-10-21 13:33:55', 4, 0),
(100, 77, 1, 4, 209, 210, 1, '2019-10-01 10:55:04', '2019-10-21 13:31:48', 0, 0),
(101, 77, 1, 4, 213, 214, 1, '2019-10-01 10:55:11', '2019-10-21 13:32:24', 2, 0),
(102, 77, 1, 4, 215, 216, 1, '2019-10-01 10:55:15', '2019-10-21 13:33:10', 3, 0),
(103, 77, 1, 4, 211, 212, 1, '2019-10-01 10:55:23', '2019-10-21 13:32:07', 1, 0),
(104, 68, 1, 4, 317, 318, 0, '2019-10-01 10:55:35', '2019-11-06 17:02:24', 17, 0),
(105, 27, 1, 4, 233, 234, 1, '2019-10-01 10:55:37', '2019-10-21 15:04:12', 3, 0),
(106, 27, 1, 4, 231, 232, 1, '2019-10-01 10:55:41', '2019-10-21 15:03:54', 2, 0),
(107, 27, 1, 4, 235, 236, 1, '2019-10-01 10:55:52', '2019-10-21 15:04:49', 4, 0),
(108, 27, 1, 4, 227, 228, 1, '2019-10-01 10:57:03', '2019-10-21 15:03:29', 0, 0),
(110, 155, 1, 3, 106, 127, 1, '2019-10-01 10:57:16', '2019-11-05 15:49:10', 0, 0),
(111, 110, 1, 4, 107, 108, 1, '2019-10-01 10:57:17', '2019-10-16 11:33:52', 0, 0),
(112, 2, 1, 2, 197, 198, 0, '2019-10-01 11:09:59', '2019-10-01 16:54:03', 13, 0),
(113, 2, 1, 2, 199, 200, 0, '2019-10-01 11:10:39', '2019-10-01 16:54:03', 14, 0),
(114, 2, 1, 2, 201, 202, 0, '2019-10-01 11:11:47', '2019-10-01 16:54:03', 15, 0),
(115, 2, 1, 2, 203, 204, 0, '2019-10-01 11:11:55', '2019-10-01 16:54:03', 16, 0),
(116, 68, 1, 4, 287, 288, 0, '2019-10-01 11:11:57', '2019-11-06 17:02:24', 2, 0),
(117, 110, 1, 4, 109, 110, 1, '2019-10-01 11:12:05', '2019-10-16 11:34:05', 1, 0),
(118, 68, 1, 4, 297, 298, 0, '2019-10-01 11:12:14', '2019-11-06 17:02:24', 7, 0),
(119, 68, 1, 4, 305, 306, 0, '2019-10-01 11:12:22', '2019-11-06 17:02:24', 11, 0),
(120, 68, 1, 4, 285, 286, 0, '2019-10-01 11:12:30', '2019-11-06 17:02:24', 1, 0),
(121, 68, 1, 4, 307, 308, 0, '2019-10-01 11:12:38', '2019-11-06 17:02:24', 12, 0),
(122, 68, 1, 4, 309, 310, 0, '2019-10-01 11:12:39', '2019-11-06 17:02:24', 13, 0),
(123, 2, 1, 2, 205, 206, 0, '2019-10-01 11:12:46', '2019-10-01 16:54:03', 17, 0),
(124, 110, 1, 4, 111, 112, 1, '2019-10-01 11:12:59', '2019-10-16 11:33:33', 2, 0),
(125, 68, 1, 4, 295, 296, 0, '2019-10-01 11:13:21', '2019-11-06 17:02:24', 6, 0),
(126, 110, 1, 4, 113, 114, 1, '2019-10-01 11:13:27', '2019-11-08 14:25:02', 3, 0),
(127, 68, 1, 4, 301, 302, 0, '2019-10-01 11:13:44', '2019-11-06 17:02:24', 9, 0),
(128, 68, 1, 4, 289, 290, 0, '2019-10-01 11:14:04', '2019-11-06 17:02:24', 3, 0),
(129, 110, 1, 4, 115, 116, 0, '2019-10-01 11:14:22', '2019-10-01 11:14:22', 0, 0),
(130, 68, 1, 4, 303, 304, 0, '2019-10-01 11:14:27', '2019-11-06 17:02:24', 10, 0),
(132, 78, 1, 3, 194, 195, 0, '2019-10-01 11:15:03', '2019-10-01 11:15:03', 0, 0),
(133, 68, 1, 4, 293, 294, 0, '2019-10-01 11:15:05', '2019-11-06 17:02:24', 5, 0),
(134, 68, 1, 4, 299, 300, 0, '2019-10-01 11:15:11', '2019-11-06 17:02:24', 8, 0),
(135, 68, 1, 4, 311, 312, 0, '2019-10-01 11:16:38', '2019-11-06 17:02:24', 14, 0),
(136, 68, 1, 4, 291, 292, 0, '2019-10-01 11:16:42', '2019-11-06 17:02:24', 4, 0),
(137, 68, 1, 4, 283, 284, 0, '2019-10-01 11:16:46', '2019-11-06 17:02:24', 0, 0),
(138, 68, 1, 4, 313, 314, 0, '2019-10-01 11:16:55', '2019-11-06 17:02:24', 15, 0),
(139, 110, 1, 4, 117, 118, 0, '2019-10-01 11:17:17', '2019-10-01 11:17:17', 0, 0),
(140, 154, 1, 3, 254, 281, 1, '2019-10-01 11:17:49', '2019-10-21 16:49:41', 0, 0),
(141, 68, 1, 4, 315, 316, 0, '2019-10-01 11:17:59', '2019-11-06 17:02:24', 16, 0),
(142, 140, 1, 4, 255, 256, 0, '2019-10-01 11:18:57', '2019-10-01 11:18:57', 0, 0),
(143, 140, 1, 4, 259, 260, 0, '2019-10-01 11:20:18', '2019-10-01 16:16:05', 1, 0),
(144, 140, 1, 4, 269, 270, 0, '2019-10-01 11:20:38', '2019-10-01 16:16:31', 5, 0),
(145, 140, 1, 4, 261, 262, 0, '2019-10-01 11:20:42', '2019-10-01 16:16:18', 3, 0),
(146, 140, 1, 4, 263, 264, 0, '2019-10-01 11:21:14', '2019-10-01 16:16:23', 4, 0),
(147, 140, 1, 4, 257, 258, 0, '2019-10-01 11:21:27', '2019-10-01 16:16:05', 1, 0),
(148, 140, 1, 4, 267, 268, 0, '2019-10-01 11:21:43', '2019-10-01 16:16:31', 6, 0),
(149, 140, 1, 4, 265, 266, 0, '2019-10-01 11:21:48', '2019-10-01 16:16:26', 5, 0),
(150, 140, 1, 4, 271, 272, 0, '2019-10-01 11:21:53', '2019-10-01 11:21:53', 0, 0),
(151, 140, 1, 4, 273, 274, 0, '2019-10-01 11:22:48', '2019-10-01 11:22:48', 0, 0),
(152, 140, 1, 4, 275, 276, 0, '2019-10-01 11:22:49', '2019-10-01 11:22:49', 0, 0),
(153, 2, 1, 2, 207, 252, 1, '2019-10-01 15:01:52', '2019-10-01 16:54:03', 18, 0),
(154, 2, 1, 2, 253, 324, 1, '2019-10-01 15:42:07', '2019-10-01 16:54:03', 19, 0),
(155, 2, 1, 2, 105, 156, 1, '2019-10-01 15:45:09', '2019-10-01 16:54:03', 3, 0),
(156, 155, 1, 3, 128, 137, 1, '2019-10-01 16:38:49', '2019-10-16 16:35:31', 1, 0),
(157, 156, 1, 4, 129, 130, 1, '2019-10-01 16:42:43', '2019-10-18 10:50:55', 0, 0),
(158, 156, 1, 4, 131, 132, 1, '2019-10-01 16:43:24', '2019-10-18 10:51:45', 1, 0),
(159, 156, 1, 4, 133, 134, 1, '2019-10-01 16:43:56', '2019-10-18 10:52:45', 2, 0),
(160, 156, 1, 4, 135, 136, 1, '2019-10-01 16:44:23', '2019-10-18 10:53:10', 3, 0),
(161, 155, 1, 3, 138, 145, 1, '2019-10-01 17:23:51', '2019-11-05 15:54:53', 2, 0),
(162, 161, 1, 4, 139, 140, 1, '2019-10-01 17:31:50', '2019-11-29 08:53:26', 0, 0),
(163, 161, 1, 4, 141, 142, 1, '2019-10-01 17:32:20', '2019-11-29 08:57:46', 1, 0),
(164, 161, 1, 4, 143, 144, 1, '2019-10-01 17:32:43', '2019-11-29 08:55:04', 2, 0),
(165, 2, 1, 2, 325, 326, 0, '2019-11-13 10:20:01', '2019-11-26 13:00:49', 20, 0),
(166, 140, 1, 4, 277, 278, 1, '2019-11-13 10:20:49', '2019-11-13 15:35:18', 11, 0),
(167, 140, 1, 4, 279, 280, 1, '2019-11-13 10:21:13', '2019-11-13 15:35:44', 12, 0),
(168, 2, 1, 2, 327, 332, 0, '2019-12-06 12:01:42', '2019-12-06 12:01:42', 0, 0),
(169, 2, 1, 2, 333, 334, 0, '2019-12-06 12:02:11', '2019-12-06 12:02:11', 0, 0),
(170, 2, 1, 2, 335, 336, 0, '2019-12-06 12:02:13', '2019-12-06 12:02:13', 0, 0),
(171, 2, 1, 2, 337, 338, 0, '2019-12-06 12:04:32', '2019-12-06 12:04:32', 0, 0),
(172, 77, 1, 4, 221, 222, 0, '2019-12-06 12:11:05', '2019-12-06 12:11:05', 0, 0),
(173, 77, 1, 4, 223, 224, 0, '2019-12-06 12:11:37', '2019-12-06 12:11:37', 0, 0),
(174, 168, 1, 3, 328, 329, 0, '2019-12-06 12:13:17', '2019-12-06 12:13:17', 0, 0),
(175, 168, 1, 3, 330, 331, 0, '2019-12-06 12:13:23', '2019-12-06 12:13:23', 0, 0),
(176, 110, 1, 4, 119, 120, 0, '2019-12-06 12:13:31', '2019-12-06 12:13:31', 0, 0),
(177, 110, 1, 4, 121, 122, 0, '2019-12-06 12:28:35', '2019-12-06 12:28:35', 0, 0),
(178, 110, 1, 4, 123, 124, 0, '2019-12-06 12:29:18', '2019-12-06 12:29:18', 0, 0),
(179, 110, 1, 4, 125, 126, 0, '2019-12-06 12:29:45', '2019-12-06 12:29:45', 0, 0),
(180, 68, 1, 4, 321, 322, 0, '2019-12-06 12:30:49', '2019-12-06 12:30:49', 0, 0);

-- --------------------------------------------------------

--
-- Table structure for table `ps_category_group`
--

CREATE TABLE `ps_category_group` (
  `id_category` int(10) UNSIGNED NOT NULL,
  `id_group` int(10) UNSIGNED NOT NULL
) ENGINE=InnoDB DEFAULT CHARSET=utf8;

--
-- Dumping data for table `ps_category_group`
--

INSERT INTO `ps_category_group` (`id_category`, `id_group`) VALUES
(2, 1),
(2, 2),
(2, 3),
(10, 1),
(10, 2),
(10, 3),
(11, 1),
(11, 2),
(11, 3),
(12, 1),
(12, 2),
(12, 3),
(13, 1),
(13, 2),
(13, 3),
(14, 1),
(14, 2),
(14, 3),
(15, 1),
(15, 2),
(15, 3),
(16, 1),
(16, 2),
(16, 3),
(17, 1),
(17, 2),
(17, 3),
(18, 1),
(18, 2),
(18, 3),
(19, 1),
(19, 2),
(19, 3),
(20, 1),
(20, 2),
(20, 3),
(21, 1),
(21, 2),
(21, 3),
(22, 1),
(22, 2),
(22, 3),
(23, 1),
(23, 2),
(23, 3),
(24, 1),
(24, 2),
(24, 3),
(25, 1),
(25, 2),
(25, 3),
(26, 1),
(26, 2),
(26, 3),
(27, 1),
(27, 2),
(27, 3),
(28, 1),
(28, 2),
(28, 3),
(29, 1),
(29, 2),
(29, 3),
(30, 1),
(30, 2),
(30, 3),
(31, 1),
(31, 2),
(31, 3),
(32, 1),
(32, 2),
(32, 3),
(33, 1),
(33, 2),
(33, 3),
(34, 1),
(34, 2),
(34, 3),
(35, 1),
(35, 2),
(35, 3),
(36, 1),
(36, 2),
(36, 3),
(37, 1),
(37, 2),
(37, 3),
(38, 1),
(38, 2),
(38, 3),
(39, 1),
(39, 2),
(39, 3),
(40, 1),
(40, 2),
(40, 3),
(41, 1),
(41, 2),
(41, 3),
(42, 1),
(42, 2),
(42, 3),
(43, 1),
(43, 2),
(43, 3),
(44, 1),
(44, 2),
(44, 3),
(45, 1),
(45, 2),
(45, 3),
(46, 1),
(46, 2),
(46, 3),
(47, 1),
(47, 2),
(47, 3),
(48, 1),
(48, 2),
(48, 3),
(49, 1),
(49, 2),
(49, 3),
(50, 1),
(50, 2),
(50, 3),
(51, 1),
(51, 2),
(51, 3),
(52, 1),
(52, 2),
(52, 3),
(53, 1),
(53, 2),
(53, 3),
(54, 1),
(54, 2),
(54, 3),
(55, 1),
(55, 2),
(55, 3),
(56, 1),
(56, 2),
(56, 3),
(57, 1),
(57, 2),
(57, 3),
(58, 1),
(58, 2),
(58, 3),
(59, 1),
(59, 2),
(59, 3),
(60, 1),
(60, 2),
(60, 3),
(61, 1),
(61, 2),
(61, 3),
(62, 1),
(62, 2),
(62, 3),
(63, 1),
(63, 2),
(63, 3),
(64, 1),
(64, 2),
(64, 3),
(65, 1),
(65, 2),
(65, 3),
(66, 1),
(66, 2),
(66, 3),
(67, 1),
(67, 2),
(67, 3),
(68, 1),
(68, 2),
(68, 3),
(69, 1),
(69, 2),
(69, 3),
(70, 1),
(70, 2),
(70, 3),
(71, 1),
(71, 2),
(71, 3),
(72, 1),
(72, 2),
(72, 3),
(73, 1),
(73, 2),
(73, 3),
(74, 1),
(74, 2),
(74, 3),
(75, 1),
(75, 2),
(75, 3),
(76, 1),
(76, 2),
(76, 3),
(77, 1),
(77, 2),
(77, 3),
(78, 1),
(78, 2),
(78, 3),
(79, 1),
(79, 2),
(79, 3),
(80, 1),
(80, 2),
(80, 3),
(81, 1),
(81, 2),
(81, 3),
(82, 1),
(82, 2),
(82, 3),
(83, 1),
(83, 2),
(83, 3),
(84, 1),
(84, 2),
(84, 3),
(85, 1),
(85, 2),
(85, 3),
(86, 1),
(86, 2),
(86, 3),
(87, 1),
(87, 2),
(87, 3),
(88, 1),
(88, 2),
(88, 3),
(89, 1),
(89, 2),
(89, 3),
(90, 1),
(90, 2),
(90, 3),
(91, 1),
(91, 2),
(91, 3),
(92, 1),
(92, 2),
(92, 3),
(93, 1),
(93, 2),
(93, 3),
(94, 1),
(94, 2),
(94, 3),
(95, 1),
(95, 2),
(95, 3),
(96, 1),
(96, 2),
(96, 3),
(97, 1),
(97, 2),
(97, 3),
(98, 1),
(98, 2),
(98, 3),
(100, 1),
(100, 2),
(100, 3),
(101, 1),
(101, 2),
(101, 3),
(102, 1),
(102, 2),
(102, 3),
(103, 1),
(103, 2),
(103, 3),
(104, 1),
(104, 2),
(104, 3),
(105, 1),
(105, 2),
(105, 3),
(106, 1),
(106, 2),
(106, 3),
(107, 1),
(107, 2),
(107, 3),
(108, 1),
(108, 2),
(108, 3),
(110, 1),
(110, 2),
(110, 3),
(111, 1),
(111, 2),
(111, 3),
(112, 1),
(112, 2),
(112, 3),
(113, 1),
(113, 2),
(113, 3),
(114, 1),
(114, 2),
(114, 3),
(115, 1),
(115, 2),
(115, 3),
(116, 1),
(116, 2),
(116, 3),
(117, 1),
(117, 2),
(117, 3),
(118, 1),
(118, 2),
(118, 3),
(119, 1),
(119, 2),
(119, 3),
(120, 1),
(120, 2),
(120, 3),
(121, 1),
(121, 2),
(121, 3),
(122, 1),
(122, 2),
(122, 3),
(123, 1),
(123, 2),
(123, 3),
(124, 1),
(124, 2),
(124, 3),
(125, 1),
(125, 2),
(125, 3),
(126, 1),
(126, 2),
(126, 3),
(127, 1),
(127, 2),
(127, 3),
(128, 1),
(128, 2),
(128, 3),
(129, 1),
(129, 2),
(129, 3),
(130, 1),
(130, 2),
(130, 3),
(132, 1),
(132, 2),
(132, 3),
(133, 1),
(133, 2),
(133, 3),
(134, 1),
(134, 2),
(134, 3),
(135, 1),
(135, 2),
(135, 3),
(136, 1),
(136, 2),
(136, 3),
(137, 1),
(137, 2),
(137, 3),
(138, 1),
(138, 2),
(138, 3),
(139, 1),
(139, 2),
(139, 3),
(140, 1),
(140, 2),
(140, 3),
(141, 1),
(141, 2),
(141, 3),
(142, 1),
(142, 2),
(142, 3),
(143, 1),
(143, 2),
(143, 3),
(144, 1),
(144, 2),
(144, 3),
(145, 1),
(145, 2),
(145, 3),
(146, 1),
(146, 2),
(146, 3),
(147, 1),
(147, 2),
(147, 3),
(148, 1),
(148, 2),
(148, 3),
(149, 1),
(149, 2),
(149, 3),
(150, 1),
(150, 2),
(150, 3),
(151, 1),
(151, 2),
(151, 3),
(152, 1),
(152, 2),
(152, 3),
(153, 1),
(153, 2),
(153, 3),
(154, 1),
(154, 2),
(154, 3),
(155, 1),
(155, 2),
(155, 3),
(156, 1),
(156, 2),
(156, 3),
(157, 1),
(157, 2),
(157, 3),
(158, 1),
(158, 2),
(158, 3),
(159, 1),
(159, 2),
(159, 3),
(160, 1),
(160, 2),
(160, 3),
(161, 1),
(161, 2),
(161, 3),
(162, 1),
(162, 2),
(162, 3),
(163, 1),
(163, 2),
(163, 3),
(164, 1),
(164, 2),
(164, 3),
(165, 1),
(165, 2),
(165, 3),
(166, 1),
(166, 2),
(166, 3),
(167, 1),
(167, 2),
(167, 3),
(168, 1),
(168, 2),
(168, 3),
(169, 1),
(169, 2),
(169, 3),
(170, 1),
(170, 2),
(170, 3),
(171, 1),
(171, 2),
(171, 3),
(172, 1),
(172, 2),
(172, 3),
(173, 1),
(173, 2),
(173, 3),
(174, 1),
(174, 2),
(174, 3),
(175, 1),
(175, 2),
(175, 3),
(176, 1),
(176, 2),
(176, 3),
(177, 1),
(177, 2),
(177, 3),
(178, 1),
(178, 2),
(178, 3),
(179, 1),
(179, 2),
(179, 3),
(180, 1),
(180, 2),
(180, 3);

-- --------------------------------------------------------

--
-- Table structure for table `ps_category_lang`
--

CREATE TABLE `ps_category_lang` (
  `id_category` int(10) UNSIGNED NOT NULL,
  `id_shop` int(11) UNSIGNED NOT NULL DEFAULT 1,
  `id_lang` int(10) UNSIGNED NOT NULL,
  `name` varchar(128) NOT NULL,
  `description` text DEFAULT NULL,
  `link_rewrite` varchar(128) NOT NULL,
  `meta_title` varchar(255) DEFAULT NULL,
  `meta_keywords` varchar(255) DEFAULT NULL,
  `meta_description` varchar(512) DEFAULT NULL
) ENGINE=InnoDB DEFAULT CHARSET=utf8;

--
-- Dumping data for table `ps_category_lang`
--

INSERT INTO `ps_category_lang` (`id_category`, `id_shop`, `id_lang`, `name`, `description`, `link_rewrite`, `meta_title`, `meta_keywords`, `meta_description`) VALUES
(1, 1, 1, 'Racine', '', 'racine', '', '', ''),
(2, 1, 1, 'Accueil', '', 'accueil', '', '', ''),
(10, 1, 1, 'Bras d\'aspiration', '', 'bras-d-aspiration', '', '', ''),
(11, 1, 1, 'Bras d\'aspiration montage mural', '', 'bras-d-aspiration-montage-mural', '', '', ''),
(12, 1, 1, 'Bras d\'aspiration montage plafond', '', 'bras-d-aspiration-montage-plafond', '', '', ''),
(13, 1, 1, 'Bras d\'aspiration montage table', '', 'bras-d-aspiration-montage-table', '', '', ''),
(14, 1, 1, 'Accessoires bras d\'aspiration', '', 'accessoires-bras-d-aspiration', '', '', ''),
(15, 1, 1, 'Frais de bureautique', '', 'frais-de-bureautique', '', '', ''),
(16, 1, 1, 'Carte Cricuits Composants electronique', '', 'carte-cricuits-composants-electronique', '', '', ''),
(17, 1, 1, 'Bornier et connecteur', '', 'bornier-et-connecteur', '', '', ''),
(18, 1, 1, 'Composants electronique', '', 'composants-electronique', '', '', ''),
(19, 1, 1, 'Condensateurs', '', 'condensateurs', '', '', ''),
(20, 1, 1, 'Circuits intégrés et porte CI', '', 'circuits-integres-et-porte-ci', '', '', ''),
(21, 1, 1, 'Coffret / boitier / Plaque d\'adaptation', '', 'coffret-boitier-plaque-d-adaptation', '', '', ''),
(22, 1, 1, 'Câbles et  cordons', '', 'cables-et-cordons', '', '', ''),
(23, 1, 1, 'Visserie ecrou boulon', '', 'visserie-ecrou-boulon', '', '', ''),
(24, 1, 1, 'Diode', '', 'diode', '', '', ''),
(25, 1, 1, 'LED', '', 'led', '', '', ''),
(26, 1, 1, 'Quartz', '', 'quartz', '', '', ''),
(27, 1, 1, 'Hottes', '', 'hottes', '', '', ''),
(28, 1, 1, 'Options pour hottes PVC', '', 'options-pour-hottes-pvc', '', '', ''),
(29, 1, 1, 'Transformateurs', '', 'transformateurs', '', '', ''),
(30, 1, 1, 'Electronique', '', 'electronique-', '', '', ''),
(31, 1, 1, 'Capteurs / Régulateurs multivoies', '', 'capteurs-regulateurs-multivoies', 'Capteurs / Régulateurs multivoies', '', ''),
(32, 1, 1, 'AFX9', '', 'afx9', '', '', ''),
(33, 1, 1, 'Sonde et capteur', '', 'sonde-et-capteur', 'Sonde et capteurs de labroatoire et salle propre', '', ''),
(34, 1, 1, 'Ailes de mesure pour conduit circulaire', '', 'ailes-de-mesure-pour-conduit-circulaire', '', '', ''),
(35, 1, 1, 'Régulateurs de débit dair', '', 'regulateurs-de-debit-dair', '', '', ''),
(36, 1, 1, 'Contrôleurs / Régulateurs de sorbonnes', '', 'controleurs-regulateurs-de-sorbonnes', '', '', ''),
(37, 1, 1, 'Accessoires et Options pour ECRO Rx', '', 'accessoires-et-options-pour-ecro-rx', '', '', ''),
(38, 1, 1, 'Carte et circuits', '', 'carte-et-circuits', '', '', ''),
(39, 1, 1, 'Variateurs de fréquence', '', 'variateurs-de-frequence', '', '', ''),
(40, 1, 1, 'Services divers', '', 'services-divers', '', '', ''),
(41, 1, 1, 'Croix de mesure', '', 'croix-de-mesure', '', '', ''),
(42, 1, 1, 'CTA monobloc', '', 'cta-monobloc', '', '', ''),
(43, 1, 1, 'Lexan / Facade', '', 'lexan-facade', '', '', ''),
(44, 1, 1, 'AFX5', '', 'afx5', '', '', ''),
(45, 1, 1, 'IHM / Facade', '', 'ihm-facade', '', '', ''),
(46, 1, 1, 'Détecteurs de niveau', '', 'detecteurs-de-niveau', '', '', ''),
(47, 1, 1, 'Logiciel ECRO', '', 'logiciel-ecro', '', '', ''),
(48, 1, 1, 'Moteurs', '', 'moteurs', '', '', ''),
(49, 1, 1, 'Frais d\'outillage', '', 'frais-d-outillage', '', '', ''),
(50, 1, 1, 'Motorisation auto de vitre pour sorbonne', '', 'motorisation-auto-de-vitre-pour-sorbonne', '', '', ''),
(51, 1, 1, 'Injection plastique et accessoires', '', 'injection-plastique-et-accessoires', '', '', ''),
(52, 1, 1, 'Disjoncteurs magnétothermiques', '', 'disjoncteurs-magnetothermiques', 'Disjoncteurs  / Démarreur magnétothermiques', '', 'Disjoncteurs  / Démarreur magnétothermiques'),
(53, 1, 1, 'Automates de gestion - Sommateurs / Sous', '', 'automates-de-gestion-sommateurs-sous', '', '', ''),
(54, 1, 1, 'Sondes de pression', '', 'sondes-de-pression', '', '', ''),
(55, 1, 1, 'Régulateurs communicants', '', 'regulateurs-communicants-', 'Régulateurs communicants de laboratoires soufflage et extraction', '', ''),
(56, 1, 1, 'HFR Régulateurs communicants  éléments a', '', 'hfr-regulateurs-communicants-elements-a', '', '', ''),
(57, 1, 1, 'Contrôleurs /Régulateurs de sorbonnes RS', '', 'controleurs-regulateurs-de-sorbonnes-rs', '', '', ''),
(58, 1, 1, 'Interrupteurs et potentiomètres déportés', '', 'interrupteurs-et-potentiometres-deportes', '', '', ''),
(59, 1, 1, 'Contrôleurs /Régulateurs de sorbonnes RV', '', 'controleurs-regulateurs-de-sorbonnes-rv', '', '', ''),
(60, 1, 1, 'Alimentations 230Vac - 12 Vdc ou 24 Vdc', '', 'alimentations-230vac-12-vdc-ou-24-vdc', '', '', ''),
(61, 1, 1, 'langlois', '', 'langlois', '', '', ''),
(62, 1, 1, 'CO1000 et CO1020', '', 'co1000-et-co1020', '', '', ''),
(63, 1, 1, 'Disjoncteurs', '', 'disjoncteurs', 'Disjoncteurs différentiels', 'Disjoncteurs différentiels, disjoncteur IMO', 'Disjoncteurs différentiels'),
(64, 1, 1, 'LFR Régulateurs communicants centralisés', '', 'lfr-regulateurs-communicants-centralises', '', '', ''),
(65, 1, 1, 'SAV réparation', '', 'sav-reparation', '', '', ''),
(66, 1, 1, 'Emballage carton palette', '', 'emballage-carton-palette', '', '', ''),
(67, 1, 1, 'Passerelle et interface de com', '', 'passerelle-et-interface-de-com', '', '', ''),
(68, 1, 1, 'Accessoires de ventilateurs', '', 'accessoires-de-ventilateurs', '', '', ''),
(69, 1, 1, 'Fabrication produits sur demandes', '', 'fabrication-produits-sur-demandes', '', '', ''),
(70, 1, 1, 'Bras d\'aspiration AERIA', '', 'bras-d-aspiration-aeria', '', '', ''),
(71, 1, 1, 'Cuves injectées en PP', '', 'cuves-injectees-en-pp', '', '', 'Cuves / Éviers en polypropylène pour laboratoires hôpitaux et environnements industriels'),
(72, 1, 1, 'Accessoires de cuves', '', 'accessoires-de-cuves', '', '', ''),
(73, 1, 1, 'Cuves blanches', '', 'cuves-blanches', '', '', ''),
(74, 1, 1, 'Cuves grises', '', 'cuves-grises', '', '', ''),
(75, 1, 1, 'Cuves Noires', '', 'cuves-noires', '', '', ''),
(76, 1, 1, 'Hottes et plan de travail', '', 'hottes-et-plan-de-travail', '', '', ''),
(77, 1, 1, 'Caissons de filtration', '', 'caissons-de-filtration', '', '', ''),
(78, 1, 1, 'Plaques PVC et PP jonc', '', 'plaques-pvc-et-pp-jonc', '', '', ''),
(79, 1, 1, 'Jonc', '', 'jonc', '', '', ''),
(80, 1, 1, 'Plaque PEHD', '', 'plaque-pehd', '', '', ''),
(81, 1, 1, 'X-PMMA', '', 'x-pmma', '', '', ''),
(82, 1, 1, 'P laque PP', '', 'p-laque-pp', '', '', ''),
(83, 1, 1, 'PVC blanc', '', 'pvc-blanc', '', '', ''),
(84, 1, 1, 'Plaque PVC gris', '', 'plaque-pvc-gris', '', '', ''),
(85, 1, 1, 'Plaque PVC transparent', '', 'plaque-pvc-transparent', '', '', ''),
(86, 1, 1, 'Profilé PVC', '', 'profile-pvc', '', '', ''),
(87, 1, 1, 'Soudure', '', 'soudure', '', '', ''),
(88, 1, 1, 'Tours de lavage', '', 'tours-de-lavage', '', '', ''),
(89, 1, 1, 'Sondes de CO2', '', 'sondes-de-co2', '', '', ''),
(90, 1, 1, 'Régulateur de débit pour sorbonne RDE', '', 'regulateur-de-debit-pour-sorbonne-rde', '', '', ''),
(91, 1, 1, 'Contrôleurs /Régulateurs de sorbonnes RD', '', 'controleurs-regulateurs-de-sorbonnes-rd', '', '', ''),
(92, 1, 1, 'Régulateur de pression', '', 'regulateur-de-pression', '', '', ''),
(93, 1, 1, 'Régulateur de vitesse pour sorbonne RVE', '', 'regulateur-de-vitesse-pour-sorbonne-rve', '', '', ''),
(94, 1, 1, 'Sondes de débit d\'air', '', 'sondes-de-debit-d-air', '', '', ''),
(95, 1, 1, 'Variateurs en coffret plug   play', '', 'variateurs-en-coffret-plug-play', '', '', ''),
(96, 1, 1, 'VFR Régulateurs communicants de compensa', '', 'vfr-regulateurs-communicants-de-compensa', '', '', ''),
(97, 1, 1, 'Accessoires CDF', '', 'accessoires-cdf', '', '', ''),
(98, 1, 1, 'Filtres à charbon actif', '', 'filtres-a-charbon-actif', '', '', ''),
(100, 1, 1, 'Caissons simples de 0 à 7500 m3/h', '', 'caissons-simples-de-0-a-7500-m3-h', '', '', ''),
(101, 1, 1, 'Caissons doubles charbons', '', 'caissons-doubles-charbons', '', '', ''),
(102, 1, 1, 'Caissons doubles charbon + hepa', '', 'caissons-doubles-charbon-hepa', '', '', ''),
(103, 1, 1, 'Caissons simples traitement hepa', '', 'caissons-simples-traitement-hepa', '', '', ''),
(104, 1, 1, 'Caisson d\'insonorisation', '', 'caisson-d-insonorisation', '', '', ''),
(105, 1, 1, 'Filtres à plaque', '', 'filtres-a-plaque', '', '', ''),
(106, 1, 1, 'Hottes centrales Inox', '', 'hottes-centrales-inox', '', '', ''),
(107, 1, 1, 'Hottes murales Inox', '', 'hottes-murales-inox', '', '', ''),
(108, 1, 1, 'Hottes PVC', '', 'hottes-pvc', '', '', ''),
(110, 1, 1, 'Réseaux pvc', '', 'reseaux-pvc', '', '', ''),
(111, 1, 1, 'Réseau standard', '', 'reseau-standard', '', '', ''),
(112, 1, 1, 'NOTE D\'INFORMATION', '', 'note-d-information', '', '', ''),
(113, 1, 1, 'Réseaux PEHD', '', 'reseaux-pehd', '', '', ''),
(114, 1, 1, 'Montage câblage', '', 'montage-cablage', '', '', ''),
(115, 1, 1, 'Mise en service', '', 'mise-en-service', '', '', ''),
(116, 1, 1, 'Plots antivibratiles', '', 'plots-antivibratiles', '', '', ''),
(117, 1, 1, 'Réseau de ventilation', '', 'reseau-de-ventilation', '', '', ''),
(118, 1, 1, 'Chaises de ventilateurs', '', 'chaises-de-ventilateurs', '', '', ''),
(119, 1, 1, 'Clapets anti-retour', '', 'clapets-anti-retour', '', '', ''),
(120, 1, 1, 'Capots moteurs', '', 'capots-moteurs', '', '', ''),
(121, 1, 1, 'Colliers de supportage galva', '', 'colliers-de-supportage-galva', '', '', ''),
(122, 1, 1, 'Colliers de serrage', '', 'colliers-de-serrage', '', '', ''),
(123, 1, 1, 'Réseaux Galva', '', 'reseaux-galva', '', '', ''),
(124, 1, 1, 'Réseau blanc', '', 'reseau-blanc', '', '', ''),
(125, 1, 1, 'Grilles circulaires Inox', '', 'grilles-circulaires-inox', '', '', ''),
(126, 1, 1, 'Gaine souple PVC', '', 'gaine-souple-pvc', '', '', ''),
(127, 1, 1, 'Habillages de souches pour tourelles', '', 'habillages-de-souches-pour-tourelles', '', '', ''),
(128, 1, 1, 'Interrupteurs de proximité', '', 'interrupteurs-de-proximite', '', '', ''),
(129, 1, 1, 'Réseaux en PE', '', 'reseaux-en-pe', '', '', ''),
(130, 1, 1, 'Manchettes souples', '', 'manchettes-souples', '', '', ''),
(132, 1, 1, 'Plaque PETG', '', 'plaque-petg', '', '', ''),
(133, 1, 1, 'Pares éclats de volutes', '', 'pares-eclats-de-volutes', '', '', ''),
(134, 1, 1, 'Purges sur volutes', '', 'purges-sur-volutes', '', '', ''),
(135, 1, 1, 'Silencieux   circulaires', '', 'silencieux-circulaires', '', '', ''),
(136, 1, 1, 'Sorties de cheminées', '', 'sorties-de-cheminees', '', '', ''),
(137, 1, 1, 'Sorties sifflet grillagées', '', 'sorties-sifflet-grillagees', '', '', ''),
(138, 1, 1, 'Supports   fixations', '', 'supports-fixations', '', '', ''),
(139, 1, 1, 'Réseaux en PP', '', 'reseaux-en-pp', '', '', ''),
(140, 1, 1, 'Ventilateurs plastiques', '', 'ventilateurs-plastiques', '', '', ''),
(141, 1, 1, 'Volute pour ventilateur', '', 'volute-pour-ventilateur', '', '', ''),
(142, 1, 1, 'Ventilateurs série P / PT', '', 'ventilateurs-serie-p-pt', '', '', ''),
(143, 1, 1, 'Ventilateurs série PA', '', 'ventilateurs-serie-pa', '', '', ''),
(144, 1, 1, 'Ventilateurs série PAS', '', 'ventilateurs-serie-pas', '', '', ''),
(145, 1, 1, 'Ventilateurs série PC / PCT', '', 'ventilateurs-serie-pc-pct', '', '', ''),
(146, 1, 1, 'Ventilateurs série PCM', '', 'ventilateurs-serie-pcm', '', '', ''),
(147, 1, 1, 'Ventilateurs série PCO', '', 'ventilateurs-serie-pco', '', '', ''),
(148, 1, 1, 'Ventilateurs série PMS', '', 'ventilateurs-serie-pms', '', '', ''),
(149, 1, 1, 'Ventilateurs série PQ', '', 'ventilateurs-serie-pq', '', '', ''),
(150, 1, 1, 'Ventilateurs série PR-PRT', '', 'ventilateurs-serie-pr-prt', '', '', ''),
(151, 1, 1, 'Ventilateurs série tourelle verticale', '', 'ventilateurs-serie-tourelle-verticale', '', '', ''),
(152, 1, 1, 'Ventilateurs série tourelle horizontale', '', 'ventilateurs-serie-tourelle-horizontale', '', '', ''),
(153, 1, 1, 'Traitement d\'air', '', 'traitement-d-air', '', '', ''),
(154, 1, 1, 'Ventilateurs  & Accessoires', '', 'ventilateurs-accessoires', '', '', ''),
(155, 1, 1, 'Réseaux PVC & Cuves PP', '', 'reseaux-pvc-cuves-pp', '', '', ''),
(156, 1, 1, 'Registres & Régulateurs', '', 'registres-regulateurs', '', '', ''),
(157, 1, 1, 'Régulateurs métalliques à débit constant', '', 'regulateurs-metalliques-a-debit-constant', '', '', ''),
(158, 1, 1, 'Registres manuels', '', 'registres-manuels', '', '', ''),
(159, 1, 1, 'Registres motorisables', '', 'registres-motorisables', '', '', ''),
(160, 1, 1, 'Régulateurs mécaniques plastiques', '', 'regulateurs-mecaniques-plastiques', '', '', ''),
(161, 1, 1, 'Grilles de ventilation', '', 'grilles-de-ventilation', '', 'Grilles de ventilation', ''),
(162, 1, 1, 'Grille de ventilation Circulaire', '', 'grille-de-ventilation-circulaire', '', '', ''),
(163, 1, 1, 'Grille de ventilation rectangulaire', '', 'grille-de-ventilation-rectangulaire', '', '', ''),
(164, 1, 1, 'Grille de ventilation Carrée', '', 'grille-de-ventilation-carree', '', '', ''),
(165, 1, 1, 'Produits cachés', '', 'produits-caches', '', '', ''),
(166, 1, 1, 'Ventilateurs ATEX', '', 'ventilateurs-atex', '', '', ''),
(167, 1, 1, 'Ventilateurs PP', '', 'ventilateurs-pp', '', '', ''),
(168, 1, 1, 'Hottes Aspirantes', '', 'hottes-aspirantes', '', '', ''),
(169, 1, 1, 'BOUTIQUE COMELEC', '', 'boutique-comelec', '', '', ''),
(170, 1, 1, 'Sonde et capteur de laboratoires', '', 'sonde-et-capteur-de-laboratoires', '', '', ''),
(171, 1, 1, 'Régulateurs communicants de laboratoires', '', 'regulateurs-communicants-de-laboratoires', '', '', ''),
(172, 1, 1, 'Préf standard - filtre cartouche - HEPA', '', 'pref-standard-filtre-cartouche-hepa', '', '', ''),
(173, 1, 1, 'Filtres à charbon actif spéciaux', '', 'filtres-a-charbon-actif-speciaux', '', '', ''),
(174, 1, 1, 'Hottes centrales PVC', '', 'hottes-centrales-pvc', '', '', ''),
(175, 1, 1, 'Hottes murales PVC', '', 'hottes-murales-pvc', '', '', ''),
(176, 1, 1, 'Réseaux pvc gris standard M1', '', 'reseaux-pvc-gris-standard-m1', '', '', ''),
(177, 1, 1, 'Réseaux pvc gris de ventilation M1', '', 'reseaux-pvc-gris-de-ventilation-m1', '', '', ''),
(178, 1, 1, 'Réseaux pvc blanc M1', '', 'reseaux-pvc-blanc-m1', '', '', ''),
(179, 1, 1, 'Gaine souple PVC M1   Atex M2', '', 'gaine-souple-pvc-m1-atex-m2', '', '', ''),
(180, 1, 1, 'Manchettes souples ATEX', '', 'manchettes-souples-atex', '', '', '');

-- --------------------------------------------------------

--
