-- Table structure for table `ps_layered_filter_shop`
--

CREATE TABLE `ps_layered_filter_shop` (
  `id_layered_filter` int(10) UNSIGNED NOT NULL,
  `id_shop` int(11) UNSIGNED NOT NULL
) ENGINE=InnoDB DEFAULT CHARSET=utf8;

-- --------------------------------------------------------

--
-- Table structure for table `ps_layered_indexable_attribute_group`
--

CREATE TABLE `ps_layered_indexable_attribute_group` (
  `id_attribute_group` int(11) NOT NULL,
  `indexable` tinyint(1) NOT NULL DEFAULT 0
) ENGINE=InnoDB DEFAULT CHARSET=utf8;

--
-- Dumping data for table `ps_layered_indexable_attribute_group`
--

INSERT INTO `ps_layered_indexable_attribute_group` (`id_attribute_group`, `indexable`) VALUES
(2, 1),
(4, 1),
(5, 1),
(6, 1),
(7, 1),
(8, 1),
(9, 1),
(10, 1),
(11, 1),
(12, 1),
(13, 1),
(14, 1),
(15, 1),
(16, 1),
(17, 1),
(18, 1),
(19, 1),
(20, 1),
(21, 1),
(22, 1),
(23, 1),
(24, 1),
(25, 1),
(26, 1),
(27, 1),
(28, 1),
(29, 1),
(30, 1),
(31, 1),
(32, 1),
(33, 1),
(34, 1),
(35, 1),
(36, 1);

-- --------------------------------------------------------

--
-- Table structure for table `ps_layered_indexable_attribute_group_lang_value`
--

CREATE TABLE `ps_layered_indexable_attribute_group_lang_value` (
  `id_attribute_group` int(11) NOT NULL,
  `id_lang` int(11) NOT NULL,
  `url_name` varchar(128) DEFAULT NULL,
  `meta_title` varchar(128) DEFAULT NULL
) ENGINE=InnoDB DEFAULT CHARSET=utf8;

-- --------------------------------------------------------

--
-- Table structure for table `ps_layered_indexable_attribute_lang_value`
--

CREATE TABLE `ps_layered_indexable_attribute_lang_value` (
  `id_attribute` int(11) NOT NULL,
  `id_lang` int(11) NOT NULL,
  `url_name` varchar(128) DEFAULT NULL,
  `meta_title` varchar(128) DEFAULT NULL
) ENGINE=InnoDB DEFAULT CHARSET=utf8;

-- --------------------------------------------------------

--
-- Table structure for table `ps_layered_indexable_feature`
--

CREATE TABLE `ps_layered_indexable_feature` (
  `id_feature` int(11) NOT NULL,
  `indexable` tinyint(1) NOT NULL DEFAULT 0
) ENGINE=InnoDB DEFAULT CHARSET=utf8;

--
-- Dumping data for table `ps_layered_indexable_feature`
--

INSERT INTO `ps_layered_indexable_feature` (`id_feature`, `indexable`) VALUES
(1, 1),
(3, 1),
(4, 1),
(5, 1),
(6, 1),
(7, 1),
(8, 1),
(9, 1),
(10, 1);

-- --------------------------------------------------------

--
-- Table structure for table `ps_layered_indexable_feature_lang_value`
--

CREATE TABLE `ps_layered_indexable_feature_lang_value` (
  `id_feature` int(11) NOT NULL,
  `id_lang` int(11) NOT NULL,
  `url_name` varchar(128) NOT NULL,
  `meta_title` varchar(128) DEFAULT NULL
) ENGINE=InnoDB DEFAULT CHARSET=utf8;

-- --------------------------------------------------------

--
-- Table structure for table `ps_layered_indexable_feature_value_lang_value`
--

CREATE TABLE `ps_layered_indexable_feature_value_lang_value` (
  `id_feature_value` int(11) NOT NULL,
  `id_lang` int(11) NOT NULL,
  `url_name` varchar(128) DEFAULT NULL,
  `meta_title` varchar(128) DEFAULT NULL
) ENGINE=InnoDB DEFAULT CHARSET=utf8;

-- --------------------------------------------------------

--
-- Table structure for table `ps_layered_price_index`
--

CREATE TABLE `ps_layered_price_index` (
  `id_product` int(11) NOT NULL,
  `id_currency` int(11) NOT NULL,
  `id_shop` int(11) NOT NULL,
  `price_min` decimal(11,5) NOT NULL,
  `price_max` decimal(11,5) NOT NULL,
  `id_country` int(11) NOT NULL
) ENGINE=InnoDB DEFAULT CHARSET=utf8;

--
-- Dumping data for table `ps_layered_price_index`
--

INSERT INTO `ps_layered_price_index` (`id_product`, `id_currency`, `id_shop`, `price_min`, `price_max`, `id_country`) VALUES
(1, 1, 1, 503.00000, 503.00000, 8),
(2, 1, 1, 579.00000, 579.00000, 8),
(3, 1, 1, 505.00000, 505.00000, 8),
(4, 1, 1, 578.00000, 578.00000, 8),
(5, 1, 1, 254.00000, 254.00000, 8),
(6, 1, 1, 112.00000, 112.00000, 8),
(7, 1, 1, 140.80000, 140.80000, 8),
(8, 1, 1, 140.80000, 140.80000, 8),
(9, 1, 1, 140.80000, 140.80000, 8),
(10, 1, 1, 140.80000, 140.80000, 8),
(11, 1, 1, 140.80000, 140.80000, 8),
(12, 1, 1, 140.80000, 140.80000, 8),
(13, 1, 1, 140.80000, 140.80000, 8),
(14, 1, 1, 140.80000, 140.80000, 8),
(15, 1, 1, 140.80000, 140.80000, 8),
(16, 1, 1, 153.60000, 153.60000, 8),
(17, 1, 1, 208.00000, 208.00000, 8),
(18, 1, 1, 217.60000, 217.60000, 8),
(19, 1, 1, 272.00000, 272.00000, 8),
(20, 1, 1, 222.72000, 222.72000, 8),
(21, 1, 1, 278.40000, 278.40000, 8),
(22, 1, 1, 310.40000, 310.40000, 8),
(23, 1, 1, 514.80000, 514.80000, 8),
(24, 1, 1, 1020.00000, 1020.00000, 8),
(25, 1, 1, 20.00000, 20.00000, 8),
(26, 1, 1, 102.59000, 102.59000, 8),
(27, 1, 1, 132.30000, 132.30000, 8),
(28, 1, 1, 108.01000, 108.01000, 8),
(29, 1, 1, 116.10000, 116.10000, 8),
(30, 1, 1, 129.61000, 129.61000, 8),
(31, 1, 1, 132.30000, 132.30000, 8),
(32, 1, 1, 120.00000, 120.00000, 8),
(33, 1, 1, 120.00000, 120.00000, 8),
(34, 1, 1, 130.00000, 130.00000, 8),
(35, 1, 1, 135.00000, 135.00000, 8),
(36, 1, 1, 139.50000, 139.50000, 8),
(37, 1, 1, 148.50000, 148.50000, 8),
(38, 1, 1, 157.50000, 157.50000, 8),
(39, 1, 1, 180.00000, 180.00000, 8),
(40, 1, 1, 202.50000, 202.50000, 8),
(41, 1, 1, 929.00000, 929.00000, 8),
(42, 1, 1, 978.00000, 978.00000, 8),
(43, 1, 1, 881.00000, 881.00000, 8),
(44, 1, 1, 929.00000, 929.00000, 8),
(45, 1, 1, 953.00000, 953.00000, 8),
(46, 1, 1, 1000.00000, 1000.00000, 8),
(47, 1, 1, 448.00000, 448.00000, 8),
(48, 1, 1, 356.00000, 356.00000, 8),
(49, 1, 1, 190.00000, 190.00000, 8),
(50, 1, 1, 190.00000, 190.00000, 8),
(51, 1, 1, 312.00000, 312.00000, 8),
(52, 1, 1, 295.40000, 295.40000, 8),
(53, 1, 1, 11.12000, 11.12000, 8),
(54, 1, 1, 11.12000, 11.12000, 8),
(55, 1, 1, 13.33000, 13.33000, 8),
(56, 1, 1, 180.00000, 180.00000, 8),
(57, 1, 1, 6.66000, 6.66000, 8),
(58, 1, 1, 30.40000, 30.40000, 8),
(59, 1, 1, 1.80000, 1.80000, 8),
(60, 1, 1, 0.00000, 0.00000, 8),
(61, 1, 1, 0.00000, 0.00000, 8),
(62, 1, 1, 0.00000, 0.00000, 8),
(63, 1, 1, 0.00000, 0.00000, 8),
(64, 1, 1, 0.00000, 0.00000, 8),
(65, 1, 1, 0.00000, 0.00000, 8),
(66, 1, 1, 461.66000, 461.66000, 8),
(67, 1, 1, 497.70000, 497.70000, 8),
(68, 1, 1, 2880.00000, 2880.00000, 8),
(69, 1, 1, 468.38000, 468.38000, 8),
(70, 1, 1, 508.20000, 508.20000, 8),
(71, 1, 1, 483.37000, 483.37000, 8),
(72, 1, 1, 518.70000, 518.70000, 8),
(73, 1, 1, 493.52000, 493.52000, 8),
(74, 1, 1, 840.00000, 840.00000, 8),
(75, 1, 1, 860.00000, 860.00000, 8),
(76, 1, 1, 529.20000, 529.20000, 8),
(77, 1, 1, 517.10000, 517.10000, 8),
(78, 1, 1, 552.30000, 552.30000, 8),
(79, 1, 1, 840.00000, 840.00000, 8),
(80, 1, 1, 890.00000, 890.00000, 8),
(81, 1, 1, 540.69000, 540.69000, 8),
(82, 1, 1, 576.45000, 576.45000, 8),
(83, 1, 1, 569.02000, 569.02000, 8),
(84, 1, 1, 604.80000, 604.80000, 8),
(85, 1, 1, 599.70000, 599.70000, 8),
(86, 1, 1, 890.00000, 890.00000, 8),
(87, 1, 1, 900.00000, 900.00000, 8),
(88, 1, 1, 635.25000, 635.25000, 8),
(89, 1, 1, 599.70000, 599.70000, 8),
(90, 1, 1, 635.70000, 635.70000, 8),
(91, 1, 1, 633.26000, 633.26000, 8),
(92, 1, 1, 985.00000, 985.00000, 8),
(93, 1, 1, 985.00000, 985.00000, 8),
(94, 1, 1, 1065.00000, 1065.00000, 8),
(95, 1, 1, 1250.00000, 1250.00000, 8),
(96, 1, 1, 985.00000, 985.00000, 8),
(97, 1, 1, 669.00000, 669.00000, 8),
(98, 1, 1, 995.00000, 995.00000, 8),
(99, 1, 1, 1130.00000, 1130.00000, 8),
(100, 1, 1, 1320.00000, 1320.00000, 8),
(101, 1, 1, 1200.00000, 1200.00000, 8),
(102, 1, 1, 1260.00000, 1260.00000, 8),
(103, 1, 1, 1558.08000, 1558.08000, 8),
(104, 1, 1, 535.50000, 535.50000, 8),
(105, 1, 1, 565.50000, 565.50000, 8),
(106, 1, 1, 535.50000, 535.50000, 8),
(107, 1, 1, 565.50000, 565.50000, 8),
(108, 1, 1, 535.50000, 535.50000, 8),
(109, 1, 1, 565.50000, 565.50000, 8),
(110, 1, 1, 553.00000, 553.00000, 8),
(111, 1, 1, 583.00000, 583.00000, 8),
(112, 1, 1, 567.00000, 567.00000, 8),
(113, 1, 1, 597.00000, 597.00000, 8),
(114, 1, 1, 588.00000, 588.00000, 8),
(115, 1, 1, 602.00000, 602.00000, 8),
(116, 1, 1, 632.00000, 632.00000, 8),
(117, 1, 1, 632.00000, 632.00000, 8),
(118, 1, 1, 662.00000, 662.00000, 8),
(119, 1, 1, 566.00000, 566.00000, 8),
(120, 1, 1, 883.58000, 883.58000, 8),
(121, 1, 1, 888.00000, 888.00000, 8),
(122, 1, 1, 907.20000, 907.20000, 8),
(123, 1, 1, 921.00000, 921.00000, 8),
(124, 1, 1, 954.45000, 954.45000, 8),
(125, 1, 1, 992.00000, 992.00000, 8),
(126, 1, 1, 1034.25000, 1034.25000, 8),
(127, 1, 1, 1077.00000, 1077.00000, 8),
(128, 1, 1, 900.38000, 900.38000, 8),
(129, 1, 1, 916.00000, 916.00000, 8),
(130, 1, 1, 936.39000, 936.39000, 8),
(131, 1, 1, 952.00000, 952.00000, 8),
(132, 1, 1, 987.84000, 987.84000, 8),
(133, 1, 1, 1029.00000, 1029.00000, 8),
(134, 1, 1, 1075.31000, 1075.31000, 8),
(135, 1, 1, 1122.00000, 1122.00000, 8),
(136, 1, 1, 1152.00000, 1152.00000, 8),
(137, 1, 1, 55.00000, 55.00000, 8),
(138, 1, 1, 55.00000, 55.00000, 8),
(139, 1, 1, 50.68000, 50.68000, 8),
(140, 1, 1, 75.00000, 75.00000, 8),
(141, 1, 1, 43.24000, 43.24000, 8),
(142, 1, 1, 48.76000, 48.76000, 8),
(143, 1, 1, 126.92000, 126.92000, 8),
(144, 1, 1, 53.80000, 53.80000, 8),
(145, 1, 1, 186.84000, 186.84000, 8),
(146, 1, 1, 69.84000, 69.84000, 8),
(147, 1, 1, 312.00000, 312.00000, 8),
(148, 1, 1, 39.00000, 39.00000, 8),
(149, 1, 1, 83.72000, 83.72000, 8),
(150, 1, 1, 755.00000, 755.00000, 8),
(151, 1, 1, 755.00000, 755.00000, 8),
(152, 1, 1, 6.40000, 6.40000, 8),
(153, 1, 1, 6.40000, 6.40000, 8),
(154, 1, 1, 6.40000, 6.40000, 8),
(155, 1, 1, 7.68000, 7.68000, 8),
(156, 1, 1, 6.40000, 6.40000, 8),
(157, 1, 1, 6.40000, 6.40000, 8),
(158, 1, 1, 15.64000, 15.64000, 8),
(159, 1, 1, 15.64000, 15.64000, 8),
(160, 1, 1, 0.00000, 0.00000, 8),
(161, 1, 1, 11.15000, 11.15000, 8),
(162, 1, 1, 11.15000, 11.15000, 8),
(163, 1, 1, 24.40000, 24.40000, 8),
(164, 1, 1, 24.40000, 24.40000, 8),
(165, 1, 1, 24.40000, 24.40000, 8),
(166, 1, 1, 6.48000, 6.48000, 8),
(167, 1, 1, 44.68000, 44.68000, 8),
(168, 1, 1, 44.68000, 44.68000, 8),
(169, 1, 1, 44.68000, 44.68000, 8),
(170, 1, 1, 44.68000, 44.68000, 8),
(171, 1, 1, 891.00000, 891.00000, 8),
(172, 1, 1, 1002.00000, 1002.00000, 8),
(173, 1, 1, 1017.00000, 1017.00000, 8),
(174, 1, 1, 1052.00000, 1052.00000, 8),
(175, 1, 1, 1091.00000, 1091.00000, 8),
(176, 1, 1, 1136.00000, 1136.00000, 8),
(177, 1, 1, 1181.00000, 1181.00000, 8),
(178, 1, 1, 1240.00000, 1240.00000, 8),
(179, 1, 1, 921.00000, 921.00000, 8),
(180, 1, 1, 1035.00000, 1035.00000, 8),
(181, 1, 1, 1050.00000, 1050.00000, 8),
(182, 1, 1, 1085.00000, 1085.00000, 8),
(183, 1, 1, 1125.00000, 1125.00000, 8),
(184, 1, 1, 1158.00000, 1158.00000, 8),
(185, 1, 1, 1214.00000, 1214.00000, 8),
(186, 1, 1, 891.00000, 891.00000, 8),
(187, 1, 1, 1002.00000, 1002.00000, 8),
(188, 1, 1, 1017.00000, 1017.00000, 8),
(189, 1, 1, 1052.00000, 1052.00000, 8),
(190, 1, 1, 1091.00000, 1091.00000, 8),
(191, 1, 1, 1136.00000, 1136.00000, 8),
(192, 1, 1, 1181.00000, 1181.00000, 8),
(193, 1, 1, 1186.80000, 1186.80000, 8),
(194, 1, 1, 1240.00000, 1240.00000, 8),
(195, 1, 1, 921.00000, 921.00000, 8),
(196, 1, 1, 1035.00000, 1035.00000, 8),
(197, 1, 1, 1050.00000, 1050.00000, 8),
(198, 1, 1, 1085.00000, 1085.00000, 8),
(199, 1, 1, 1125.00000, 1125.00000, 8),
(200, 1, 1, 1158.00000, 1158.00000, 8),
(201, 1, 1, 1214.00000, 1214.00000, 8),
(202, 1, 1, 24.40000, 24.40000, 8),
(203, 1, 1, 24.40000, 24.40000, 8),
(204, 1, 1, 24.40000, 24.40000, 8),
(205, 1, 1, 329.60000, 329.60000, 8),
(206, 1, 1, 492.24000, 492.24000, 8),
(207, 1, 1, 620.80000, 620.80000, 8),
(208, 1, 1, 632.32000, 632.32000, 8),
(209, 1, 1, 328.00000, 328.00000, 8),
(210, 1, 1, 410.40000, 410.40000, 8),
(211, 1, 1, 632.32000, 632.32000, 8),
(212, 1, 1, 632.32000, 632.32000, 8),
(213, 1, 1, 582.00000, 582.00000, 8),
(214, 1, 1, 492.24000, 492.24000, 8),
(215, 1, 1, 776.00000, 776.00000, 8),
(216, 1, 1, 3828.00000, 3828.00000, 8),
(217, 1, 1, 3592.32000, 3592.32000, 8),
(218, 1, 1, 637.60000, 637.60000, 8),
(219, 1, 1, 859.60000, 859.60000, 8),
(220, 1, 1, 6300.00000, 6300.00000, 8),
(221, 1, 1, 6300.00000, 6300.00000, 8),
(222, 1, 1, 900.00000, 900.00000, 8),
(223, 1, 1, 1140.00000, 1140.00000, 8),
(224, 1, 1, 1580.00000, 1580.00000, 8),
(225, 1, 1, 1992.00000, 1992.00000, 8),
(226, 1, 1, 852.00000, 852.00000, 8),
(227, 1, 1, 950.80000, 950.80000, 8),
(228, 1, 1, 1092.00000, 1092.00000, 8),
(229, 1, 1, 1024.00000, 1024.00000, 8),
(230, 1, 1, 1195.68000, 1195.68000, 8),
(231, 1, 1, 2820.00000, 2820.00000, 8),
(232, 1, 1, 3220.00000, 3220.00000, 8),
(233, 1, 1, 1026.40000, 1026.40000, 8),
(234, 1, 1, 1269.00000, 1269.00000, 8),
(235, 1, 1, 5283.92000, 5283.92000, 8),
(236, 1, 1, 1554.76000, 1554.76000, 8),
(237, 1, 1, 426.00000, 426.00000, 8),
(238, 1, 1, 60.72000, 60.72000, 8),
(239, 1, 1, 506.00000, 506.00000, 8),
(240, 1, 1, 74.88000, 74.88000, 8),
(241, 1, 1, 37.48000, 37.48000, 8),
(242, 1, 1, 95.44000, 95.44000, 8),
(243, 1, 1, 25.72000, 25.72000, 8),
(244, 1, 1, 304.84000, 304.84000, 8),
(245, 1, 1, 320.08000, 320.08000, 8),
(246, 1, 1, 1528.44000, 1528.44000, 8),
(247, 1, 1, 1628.44000, 1628.44000, 8),
(248, 1, 1, 67.70000, 67.70000, 8),
(249, 1, 1, 25.00000, 25.00000, 8),
(250, 1, 1, 20.00000, 20.00000, 8),
(251, 1, 1, 36.22000, 36.22000, 8),
(252, 1, 1, 36.22000, 36.22000, 8),
(253, 1, 1, 118.22000, 118.22000, 8),
(254, 1, 1, 118.22000, 118.22000, 8),
(255, 1, 1, 118.22000, 118.22000, 8),
(256, 1, 1, 140.44000, 140.44000, 8),
(257, 1, 1, 140.44000, 140.44000, 8),
(258, 1, 1, 140.44000, 140.44000, 8),
(259, 1, 1, 7.84000, 7.84000, 8),
(260, 1, 1, 192.00000, 192.00000, 8),
(261, 1, 1, 952.00000, 952.00000, 8),
(262, 1, 1, 2256.00000, 2256.00000, 8),
(263, 1, 1, 7560.00000, 7560.00000, 8),
(264, 1, 1, 9392.00000, 9392.00000, 8),
(265, 1, 1, 11800.00000, 11800.00000, 8),
(266, 1, 1, 14160.00000, 14160.00000, 8),
(267, 1, 1, 17464.00000, 17464.00000, 8),
(268, 1, 1, 19824.00000, 19824.00000, 8),
(269, 1, 1, 25960.00000, 25960.00000, 8),
(270, 1, 1, 47480.00000, 47480.00000, 8),
(271, 1, 1, 31624.00000, 31624.00000, 8),
(272, 1, 1, 39600.00000, 39600.00000, 8),
(273, 1, 1, 48144.00000, 48144.00000, 8),
(274, 1, 1, 54560.00000, 54560.00000, 8),
(275, 1, 1, 4760.00000, 4760.00000, 8),
(276, 1, 1, 1033.33000, 1033.33000, 8),
(277, 1, 1, 844.50000, 844.50000, 8),
(278, 1, 1, 1441.10000, 1441.10000, 8),
(279, 1, 1, 1535.83000, 1535.83000, 8),
(280, 1, 1, 1707.43000, 1707.43000, 8),
(281, 1, 1, 1763.03000, 1763.03000, 8),
(282, 1, 1, 1260.01000, 1260.01000, 8),
(283, 1, 1, 1757.75000, 1757.75000, 8),
(284, 1, 1, 1901.43000, 1901.43000, 8),
(285, 1, 1, 1985.03000, 1985.03000, 8),
(286, 1, 1, 939.50000, 939.50000, 8),
(287, 1, 1, 1716.10000, 1716.10000, 8),
(288, 1, 1, 1810.83000, 1810.83000, 8),
(289, 1, 1, 1982.43000, 1982.43000, 8),
(290, 1, 1, 2038.03000, 2038.03000, 8),
(291, 1, 1, 1535.01000, 1535.01000, 8),
(292, 1, 1, 2032.75000, 2032.75000, 8),
(293, 1, 1, 2176.43000, 2176.43000, 8),
(294, 1, 1, 2261.51000, 2261.51000, 8),
(295, 1, 1, 400.00000, 400.00000, 8),
(296, 1, 1, 450.00000, 450.00000, 8),
(297, 1, 1, 450.00000, 450.00000, 8),
(298, 1, 1, 586.95000, 586.95000, 8),
(299, 1, 1, 400.00000, 400.00000, 8),
(300, 1, 1, 450.00000, 450.00000, 8),
(301, 1, 1, 500.00000, 500.00000, 8),
(302, 1, 1, 450.00000, 450.00000, 8),
(303, 1, 1, 695.00000, 695.00000, 8),
(304, 1, 1, 588.88000, 588.88000, 8),
(305, 1, 1, 1151.39000, 1151.39000, 8),
(306, 1, 1, 1271.32000, 1271.32000, 8),
(307, 1, 1, 1442.93000, 1442.93000, 8),
(308, 1, 1, 1498.52000, 1498.52000, 8),
(309, 1, 1, 946.65000, 946.65000, 8),
(310, 1, 1, 1493.24000, 1493.24000, 8),
(311, 1, 1, 1636.92000, 1636.92000, 8),
(312, 1, 1, 1720.52000, 1720.52000, 8),
(313, 1, 1, 444.45000, 444.45000, 8),
(314, 1, 1, 797.77000, 797.77000, 8),
(315, 1, 1, 500.00000, 500.00000, 8),
(316, 1, 1, 1062.51000, 1062.51000, 8),
(317, 1, 1, 1182.44000, 1182.44000, 8),
(318, 1, 1, 1354.05000, 1354.05000, 8),
(319, 1, 1, 1409.64000, 1409.64000, 8),
(320, 1, 1, 857.77000, 857.77000, 8),
(321, 1, 1, 1404.36000, 1404.36000, 8),
(322, 1, 1, 1404.36000, 1404.36000, 8),
(323, 1, 1, 1548.04000, 1548.04000, 8),
(324, 1, 1, 1631.64000, 1631.64000, 8),
(325, 1, 1, 914.40000, 914.40000, 8),
(326, 1, 1, 655.55000, 655.55000, 8),
(327, 1, 1, 1252.20000, 1252.20000, 8),
(328, 1, 1, 1346.93000, 1346.93000, 8),
(329, 1, 1, 1518.53000, 1518.53000, 8),
(330, 1, 1, 1574.13000, 1574.13000, 8),
(331, 1, 1, 1071.11000, 1071.11000, 8),
(332, 1, 1, 1568.85000, 1568.85000, 8),
(333, 1, 1, 1712.53000, 1712.53000, 8),
(334, 1, 1, 1796.13000, 1796.13000, 8),
(335, 1, 1, 724.44000, 724.44000, 8),
(336, 1, 1, 1311.00000, 1311.00000, 8),
(337, 1, 1, 1405.73000, 1405.73000, 8),
(338, 1, 1, 1577.33000, 1577.33000, 8),
(339, 1, 1, 1632.93000, 1632.93000, 8),
(340, 1, 1, 1129.91000, 1129.91000, 8),
(341, 1, 1, 1627.65000, 1627.65000, 8),
(342, 1, 1, 1771.33000, 1771.33000, 8),
(343, 1, 1, 1854.93000, 1854.93000, 8),
(344, 1, 1, 364.44000, 364.44000, 8),
(345, 1, 1, 982.40000, 982.40000, 8),
(346, 1, 1, 364.44000, 364.44000, 8),
(347, 1, 1, 415.56000, 415.56000, 8),
(348, 1, 1, 386.88000, 386.88000, 8),
(349, 1, 1, 471.11000, 471.11000, 8),
(350, 1, 1, 426.60000, 426.60000, 8),
(351, 1, 1, 444.44000, 444.44000, 8),
(352, 1, 1, 460.00000, 460.00000, 8),
(353, 1, 1, 418.88000, 418.88000, 8),
(354, 1, 1, 360.00000, 360.00000, 8),
(355, 1, 1, 380.00000, 380.00000, 8),
(356, 1, 1, 380.00000, 380.00000, 8),
(357, 1, 1, 360.00000, 360.00000, 8),
(358, 1, 1, 300.00000, 300.00000, 8),
(359, 1, 1, 480.00000, 480.00000, 8),
(360, 1, 1, 300.00000, 300.00000, 8),
(361, 1, 1, 436.67000, 436.67000, 8),
(362, 1, 1, 517.47000, 517.47000, 8),
(363, 1, 1, 689.07000, 689.07000, 8),
(364, 1, 1, 744.67000, 744.67000, 8),
(365, 1, 1, 462.52000, 462.52000, 8),
(366, 1, 1, 543.32000, 543.32000, 8),
(367, 1, 1, 714.92000, 714.92000, 8),
(368, 1, 1, 770.52000, 770.52000, 8),
(369, 1, 1, 690.00000, 690.00000, 8),
(370, 1, 1, 739.39000, 739.39000, 8),
(371, 1, 1, 883.07000, 883.07000, 8),
(372, 1, 1, 3592.32000, 3592.32000, 8),
(373, 1, 1, 966.67000, 966.67000, 8),
(374, 1, 1, 724.00000, 724.00000, 8),
(375, 1, 1, 765.24000, 765.24000, 8),
(376, 1, 1, 908.92000, 908.92000, 8),
(377, 1, 1, 992.52000, 992.52000, 8),
(378, 1, 1, 883.58000, 883.58000, 8),
(379, 1, 1, 888.30000, 888.30000, 8),
(380, 1, 1, 907.20000, 907.20000, 8),
(381, 1, 1, 921.38000, 921.38000, 8),
(382, 1, 1, 954.45000, 954.45000, 8),
(383, 1, 1, 992.25000, 992.25000, 8),
(384, 1, 1, 1034.25000, 1034.25000, 8),
(385, 1, 1, 1077.30000, 1077.30000, 8),
(386, 1, 1, 1116.00000, 1116.00000, 8),
(387, 1, 1, 1116.00000, 1116.00000, 8),
(388, 1, 1, 900.38000, 900.38000, 8),
(389, 1, 1, 915.81000, 915.81000, 8),
(390, 1, 1, 936.39000, 936.39000, 8),
(391, 1, 1, 951.83000, 951.83000, 8),
(392, 1, 1, 987.84000, 987.84000, 8),
(393, 1, 1, 1029.00000, 1029.00000, 8),
(394, 1, 1, 1075.31000, 1075.31000, 8),
(395, 1, 1, 1121.61000, 1121.61000, 8),
(396, 1, 1, 883.58000, 883.58000, 8),
(397, 1, 1, 888.30000, 888.30000, 8),
(398, 1, 1, 907.20000, 907.20000, 8),
(399, 1, 1, 921.38000, 921.38000, 8),
(400, 1, 1, 954.45000, 954.45000, 8),
(401, 1, 1, 992.25000, 992.25000, 8),
(402, 1, 1, 1034.25000, 1034.25000, 8),
(403, 1, 1, 1077.30000, 1077.30000, 8),
(404, 1, 1, 900.38000, 900.38000, 8),
(405, 1, 1, 915.81000, 915.81000, 8),
(406, 1, 1, 936.39000, 936.39000, 8),
(407, 1, 1, 951.83000, 951.83000, 8),
(408, 1, 1, 987.84000, 987.84000, 8),
(409, 1, 1, 1029.00000, 1029.00000, 8),
(410, 1, 1, 1075.31000, 1075.31000, 8),
(411, 1, 1, 1121.61000, 1121.61000, 8),
(412, 1, 1, 480.00000, 480.00000, 8),
(413, 1, 1, 16.00000, 16.00000, 8),
(414, 1, 1, 49.20000, 49.20000, 8),
(415, 1, 1, 84.00000, 84.00000, 8),
(416, 1, 1, 177.00000, 177.00000, 8),
(417, 1, 1, 158.00000, 158.00000, 8),
(418, 1, 1, 188.00000, 188.00000, 8),
(419, 1, 1, 158.00000, 158.00000, 8),
(420, 1, 1, 194.00000, 194.00000, 8),
(421, 1, 1, 91.00000, 91.00000, 8),
(422, 1, 1, 135.00000, 135.00000, 8),
(423, 1, 1, 136.00000, 136.00000, 8),
(424, 1, 1, 177.00000, 177.00000, 8),
(425, 1, 1, 158.00000, 158.00000, 8),
(426, 1, 1, 188.00000, 188.00000, 8),
(427, 1, 1, 91.00000, 91.00000, 8),
(428, 1, 1, 158.00000, 158.00000, 8),
(429, 1, 1, 194.00000, 194.00000, 8),
(430, 1, 1, 91.00000, 91.00000, 8),
(431, 1, 1, 135.00000, 135.00000, 8),
(432, 1, 1, 136.00000, 136.00000, 8),
(433, 1, 1, 37.80000, 37.80000, 8),
(434, 1, 1, 18.00000, 18.00000, 8),
(435, 1, 1, 26.97000, 26.97000, 8),
(436, 1, 1, 36.50000, 36.50000, 8),
(437, 1, 1, 287.00000, 287.00000, 8),
(438, 1, 1, 458.00000, 458.00000, 8),
(439, 1, 1, 813.00000, 813.00000, 8),
(440, 1, 1, 28.00000, 28.00000, 8),
(441, 1, 1, 40.00000, 40.00000, 8),
(442, 1, 1, 1595.00000, 1595.00000, 8),
(443, 1, 1, 1678.00000, 1678.00000, 8),
(444, 1, 1, 1707.00000, 1707.00000, 8),
(445, 1, 1, 1766.00000, 1766.00000, 8),
(446, 1, 1, 1950.00000, 1950.00000, 8),
(447, 1, 1, 1040.00000, 1040.00000, 8),
(448, 1, 1, 1271.00000, 1271.00000, 8),
(449, 1, 1, 1480.00000, 1480.00000, 8),
(450, 1, 1, 1783.00000, 1783.00000, 8),
(456, 1, 1, 1271.00000, 1271.00000, 8),
(457, 1, 1, 1800.00000, 1800.00000, 8),
(458, 1, 1, 1250.00000, 1250.00000, 8),
(459, 1, 1, 2400.00000, 2400.00000, 8),
(461, 1, 1, 3200.00000, 3200.00000, 8),
(462, 1, 1, 1506.00000, 1506.00000, 8),
(463, 1, 1, 3800.00000, 3800.00000, 8),
(465, 1, 1, 1613.00000, 1613.00000, 8),
(466, 1, 1, 1461.00000, 1461.00000, 8),
(467, 1, 1, 1638.00000, 1638.00000, 8),
(468, 1, 1, 1256.00000, 1256.00000, 8),
(469, 1, 1, 2100.00000, 2100.00000, 8),
(470, 1, 1, 1359.00000, 1359.00000, 8),
(471, 1, 1, 1300.00000, 1300.00000, 8),
(472, 1, 1, 456.00000, 456.00000, 8),
(473, 1, 1, 696.00000, 696.00000, 8),
(474, 1, 1, 118.00000, 118.00000, 8),
(475, 1, 1, 53.00000, 53.00000, 8),
(476, 1, 1, 63.00000, 63.00000, 8),
(477, 1, 1, 87.00000, 87.00000, 8),
(478, 1, 1, 88.00000, 88.00000, 8),
(479, 1, 1, 1991.00000, 1991.00000, 8),
(480, 1, 1, 2195.00000, 2195.00000, 8),
(481, 1, 1, 2403.00000, 2403.00000, 8),
(482, 1, 1, 2598.00000, 2598.00000, 8),
(483, 1, 1, 2801.00000, 2801.00000, 8),
(484, 1, 1, 2086.00000, 2086.00000, 8),
(485, 1, 1, 2294.00000, 2294.00000, 8),
(486, 1, 1, 2502.00000, 2502.00000, 8),
(487, 1, 1, 2706.00000, 2706.00000, 8),
(488, 1, 1, 2923.00000, 2923.00000, 8),
(489, 1, 1, 1818.00000, 1818.00000, 8),
(490, 1, 1, 2004.00000, 2004.00000, 8),
(491, 1, 1, 2186.00000, 2186.00000, 8),
(492, 1, 1, 2381.00000, 2381.00000, 8),
(493, 1, 1, 2563.00000, 2563.00000, 8),
(494, 1, 1, 1900.00000, 1900.00000, 8),
(495, 1, 1, 2099.00000, 2099.00000, 8),
(496, 1, 1, 2294.00000, 2294.00000, 8),
(497, 1, 1, 2468.00000, 2468.00000, 8),
(498, 1, 1, 2680.00000, 2680.00000, 8),
(499, 1, 1, 1455.00000, 1455.00000, 8),
(500, 1, 1, 1495.00000, 1495.00000, 8),
(501, 1, 1, 1512.00000, 1512.00000, 8),
(502, 1, 1, 1530.00000, 1530.00000, 8),
(503, 1, 1, 1560.00000, 1560.00000, 8),
(504, 1, 1, 1573.00000, 1573.00000, 8),
(505, 1, 1, 1605.00000, 1605.00000, 8),
(506, 1, 1, 1641.00000, 1641.00000, 8),
(507, 1, 1, 1657.00000, 1657.00000, 8),
(508, 1, 1, 1706.00000, 1706.00000, 8),
(509, 1, 1, 1716.00000, 1716.00000, 8),
(510, 1, 1, 1761.00000, 1761.00000, 8),
(511, 1, 1, 1839.00000, 1839.00000, 8),
(512, 1, 1, 1924.00000, 1924.00000, 8),
(513, 1, 1, 1956.00000, 1956.00000, 8),
(514, 1, 1, 2027.00000, 2027.00000, 8),
(515, 1, 1, 2444.00000, 2444.00000, 8),
(516, 1, 1, 2495.00000, 2495.00000, 8),
(517, 1, 1, 2726.00000, 2726.00000, 8),
(518, 1, 1, 2812.00000, 2812.00000, 8),
(519, 1, 1, 1417.00000, 1417.00000, 8),
(520, 1, 1, 1462.00000, 1462.00000, 8),
(521, 1, 1, 1455.00000, 1455.00000, 8),
(522, 1, 1, 1495.00000, 1495.00000, 8),
(523, 1, 1, 1533.00000, 1533.00000, 8),
(524, 1, 1, 1576.00000, 1576.00000, 8),
(525, 1, 1, 1594.00000, 1594.00000, 8),
(526, 1, 1, 1613.00000, 1613.00000, 8),
(527, 1, 1, 1644.00000, 1644.00000, 8),
(528, 1, 1, 1659.00000, 1659.00000, 8),
(529, 1, 1, 1694.00000, 1694.00000, 8),
(530, 1, 1, 1732.00000, 1732.00000, 8),
(531, 1, 1, 1750.00000, 1750.00000, 8),
(532, 1, 1, 1800.00000, 1800.00000, 8),
(533, 1, 1, 1812.00000, 1812.00000, 8),
(534, 1, 1, 1860.00000, 1860.00000, 8),
(535, 1, 1, 1945.00000, 1945.00000, 8),
(536, 1, 1, 2034.00000, 2034.00000, 8),
(537, 1, 1, 2070.00000, 2070.00000, 8),
(538, 1, 1, 2145.00000, 2145.00000, 8),
(539, 1, 1, 2591.00000, 2591.00000, 8),
(540, 1, 1, 2645.00000, 2645.00000, 8),
(541, 1, 1, 2892.00000, 2892.00000, 8),
(542, 1, 1, 2985.00000, 2985.00000, 8),
(543, 1, 1, 1492.00000, 1492.00000, 8),
(544, 1, 1, 1540.00000, 1540.00000, 8),
(545, 1, 1, 1611.00000, 1611.00000, 8),
(546, 1, 1, 1663.00000, 1663.00000, 8),
(547, 1, 1, 1633.00000, 1633.00000, 8),
(548, 1, 1, 1680.00000, 1680.00000, 8),
(549, 1, 1, 1699.00000, 1699.00000, 8),
(550, 1, 1, 1720.00000, 1720.00000, 8),
(551, 1, 1, 1755.00000, 1755.00000, 8),
(552, 1, 1, 1769.00000, 1769.00000, 8),
(553, 1, 1, 1807.00000, 1807.00000, 8),
(554, 1, 1, 1849.00000, 1849.00000, 8),
(555, 1, 1, 1868.00000, 1868.00000, 8),
(556, 1, 1, 1924.00000, 1924.00000, 8),
(557, 1, 1, 1936.00000, 1936.00000, 8),
(558, 1, 1, 1988.00000, 1988.00000, 8),
(559, 1, 1, 2079.00000, 2079.00000, 8),
(560, 1, 1, 2176.00000, 2176.00000, 8),
(561, 1, 1, 2214.00000, 2214.00000, 8),
(562, 1, 1, 2296.00000, 2296.00000, 8),
(563, 1, 1, 2779.00000, 2779.00000, 8),
(564, 1, 1, 2839.00000, 2839.00000, 8),
(565, 1, 1, 3107.00000, 3107.00000, 8),
(566, 1, 1, 3207.00000, 3207.00000, 8),
(567, 1, 1, 1589.00000, 1589.00000, 8),
(568, 1, 1, 1642.00000, 1642.00000, 8),
(569, 1, 1, 1611.00000, 1611.00000, 8),
(570, 1, 1, 1663.00000, 1663.00000, 8),
(571, 1, 1, 1733.00000, 1733.00000, 8),
(572, 1, 1, 1782.00000, 1782.00000, 8),
(573, 1, 1, 1804.00000, 1804.00000, 8),
(574, 1, 1, 1826.00000, 1826.00000, 8),
(575, 1, 1, 1864.00000, 1864.00000, 8),
(576, 1, 1, 1880.00000, 1880.00000, 8),
(577, 1, 1, 1921.00000, 1921.00000, 8),
(578, 1, 1, 1964.00000, 1964.00000, 8),
(579, 1, 1, 1986.00000, 1986.00000, 8),
(580, 1, 1, 2046.00000, 2046.00000, 8),
(581, 1, 1, 2059.00000, 2059.00000, 8),
(582, 1, 1, 2116.00000, 2116.00000, 8),
(583, 1, 1, 2214.00000, 2214.00000, 8),
(584, 1, 1, 2319.00000, 2319.00000, 8),
(585, 1, 1, 2359.00000, 2359.00000, 8),
(586, 1, 1, 2448.00000, 2448.00000, 8),
(587, 1, 1, 2969.00000, 2969.00000, 8),
(588, 1, 1, 3033.00000, 3033.00000, 8),
(589, 1, 1, 3321.00000, 3321.00000, 8),
(590, 1, 1, 3428.00000, 3428.00000, 8),
(591, 1, 1, 1685.00000, 1685.00000, 8),
(592, 1, 1, 1742.00000, 1742.00000, 8),
(593, 1, 1, 1709.00000, 1709.00000, 8),
(594, 1, 1, 1765.00000, 1765.00000, 8),
(595, 1, 1, 1843.00000, 1843.00000, 8),
(596, 1, 1, 1898.00000, 1898.00000, 8),
(597, 1, 1, 1920.00000, 1920.00000, 8),
(598, 1, 1, 1945.00000, 1945.00000, 8),
(599, 1, 1, 1985.00000, 1985.00000, 8),
(600, 1, 1, 2003.00000, 2003.00000, 8),
(601, 1, 1, 2047.00000, 2047.00000, 8),
(602, 1, 1, 2094.00000, 2094.00000, 8),
(603, 1, 1, 2118.00000, 2118.00000, 8),
(604, 1, 1, 2181.00000, 2181.00000, 8),
(605, 1, 1, 2196.00000, 2196.00000, 8),
(606, 1, 1, 2258.00000, 2258.00000, 8),
(607, 1, 1, 2370.00000, 2370.00000, 8),
(608, 1, 1, 2476.00000, 2476.00000, 8),
(609, 1, 1, 2521.00000, 2521.00000, 8),
(610, 1, 1, 2616.00000, 2616.00000, 8),
(611, 1, 1, 3178.00000, 3178.00000, 8),
(612, 1, 1, 3247.00000, 3247.00000, 8),
(613, 1, 1, 3559.00000, 3559.00000, 8),
(614, 1, 1, 3675.00000, 3675.00000, 8),
(615, 1, 1, 1793.00000, 1793.00000, 8),
(616, 1, 1, 1854.00000, 1854.00000, 8),
(617, 1, 1, 1819.00000, 1819.00000, 8),
(618, 1, 1, 1878.00000, 1878.00000, 8),
(619, 1, 1, 1390.00000, 1390.00000, 8),
(620, 1, 1, 1427.00000, 1427.00000, 8),
(621, 1, 1, 1443.00000, 1443.00000, 8),
(622, 1, 1, 1460.00000, 1460.00000, 8),
(623, 1, 1, 1488.00000, 1488.00000, 8),
(624, 1, 1, 1500.00000, 1500.00000, 8),
(625, 1, 1, 1531.00000, 1531.00000, 8),
(626, 1, 1, 1564.00000, 1564.00000, 8),
(627, 1, 1, 1579.00000, 1579.00000, 8),
(628, 1, 1, 1625.00000, 1625.00000, 8),
(629, 1, 1, 1635.00000, 1635.00000, 8),
(630, 1, 1, 1678.00000, 1678.00000, 8),
(631, 1, 1, 1751.00000, 1751.00000, 8),
(632, 1, 1, 1830.00000, 1830.00000, 8),
(633, 1, 1, 1862.00000, 1862.00000, 8),
(634, 1, 1, 1928.00000, 1928.00000, 8),
(635, 1, 1, 2320.00000, 2320.00000, 8),
(636, 1, 1, 2367.00000, 2367.00000, 8),
(637, 1, 1, 2586.00000, 2586.00000, 8),
(638, 1, 1, 2666.00000, 2666.00000, 8),
(639, 1, 1, 1353.00000, 1353.00000, 8),
(640, 1, 1, 1396.00000, 1396.00000, 8),
(641, 1, 1, 1371.00000, 1371.00000, 8),
(642, 1, 1, 1413.00000, 1413.00000, 8),
(643, 1, 1, 1421.00000, 1421.00000, 8),
(644, 1, 1, 1460.00000, 1460.00000, 8),
(645, 1, 1, 1477.00000, 1477.00000, 8),
(646, 1, 1, 1495.00000, 1495.00000, 8),
(647, 1, 1, 1524.00000, 1524.00000, 8),
(648, 1, 1, 1537.00000, 1537.00000, 8),
(649, 1, 1, 1568.00000, 1568.00000, 8),
(650, 1, 1, 1602.00000, 1602.00000, 8),
(651, 1, 1, 1618.00000, 1618.00000, 8),
(652, 1, 1, 1665.00000, 1665.00000, 8),
(653, 1, 1, 1674.00000, 1674.00000, 8),
(654, 1, 1, 1719.00000, 1719.00000, 8),
(655, 1, 1, 1795.00000, 1795.00000, 8),
(656, 1, 1, 1877.00000, 1877.00000, 8),
(657, 1, 1, 1908.00000, 1908.00000, 8),
(658, 1, 1, 1976.00000, 1976.00000, 8),
(659, 1, 1, 2382.00000, 2382.00000, 8),
(660, 1, 1, 2430.00000, 2430.00000, 8),
(661, 1, 1, 2655.00000, 2655.00000, 8),
(662, 1, 1, 2738.00000, 2738.00000, 8),
(663, 1, 1, 1384.00000, 1384.00000, 8),
(664, 1, 1, 1429.00000, 1429.00000, 8),
(665, 1, 1, 1404.00000, 1404.00000, 8),
(666, 1, 1, 1447.00000, 1447.00000, 8),
(667, 1, 1, 188.00000, 188.00000, 8),
(668, 1, 1, 196.00000, 196.00000, 8),
(669, 1, 1, 200.00000, 200.00000, 8),
(670, 1, 1, 168.00000, 168.00000, 8),
(671, 1, 1, 174.00000, 174.00000, 8),
(672, 1, 1, 185.00000, 185.00000, 8),
(673, 1, 1, 1156.00000, 1156.00000, 8),
(674, 1, 1, 1289.00000, 1289.00000, 8),
(675, 1, 1, 1044.00000, 1044.00000, 8),
(676, 1, 1, 1200.00000, 1200.00000, 8),
(677, 1, 1, 1289.00000, 1289.00000, 8),
(678, 1, 1, 1400.00000, 1400.00000, 8),
(679, 1, 1, 1111.00000, 1111.00000, 8),
(680, 1, 1, 1333.00000, 1333.00000, 8),
(681, 1, 1, 1467.00000, 1467.00000, 8),
(682, 1, 1, 1222.00000, 1222.00000, 8),
(683, 1, 1, 1111.00000, 1111.00000, 8),
(684, 1, 1, 1240.00000, 1240.00000, 8),
(685, 1, 1, 1000.00000, 1000.00000, 8),
(686, 1, 1, 1000.00000, 1000.00000, 8),
(687, 1, 1, 1244.00000, 1244.00000, 8),
(688, 1, 1, 1356.00000, 1356.00000, 8),
(689, 1, 1, 1089.00000, 1089.00000, 8),
(690, 1, 1, 1289.00000, 1289.00000, 8),
(691, 1, 1, 1422.00000, 1422.00000, 8),
(692, 1, 1, 1178.00000, 1178.00000, 8),
(693, 1, 1, 145.00000, 145.00000, 8),
(694, 1, 1, 478.00000, 478.00000, 8),
(695, 1, 1, 511.00000, 511.00000, 8),
(696, 1, 1, 444.00000, 444.00000, 8),
(697, 1, 1, 444.00000, 444.00000, 8),
(698, 1, 1, 511.00000, 511.00000, 8),
(699, 1, 1, 544.00000, 544.00000, 8),
(700, 1, 1, 478.00000, 478.00000, 8),
(701, 1, 1, 544.00000, 544.00000, 8),
(702, 1, 1, 578.00000, 578.00000, 8),
(703, 1, 1, 511.00000, 511.00000, 8),
(704, 1, 1, 4.44000, 4.44000, 8),
(705, 1, 1, 5.64000, 5.64000, 8),
(706, 1, 1, 8.60000, 8.60000, 8),
(707, 1, 1, 9.54000, 9.54000, 8),
(708, 1, 1, 15.66000, 15.66000, 8),
(709, 1, 1, 18.62000, 18.62000, 8),
(710, 1, 1, 29.85000, 29.85000, 8),
(711, 1, 1, 39.56000, 39.56000, 8),
(712, 1, 1, 82.37000, 82.37000, 8),
(713, 1, 1, 1.12000, 1.12000, 8),
(714, 1, 1, 4.98000, 4.98000, 8),
(715, 1, 1, 5.88000, 5.88000, 8),
(716, 1, 1, 8.71000, 8.71000, 8),
(717, 1, 1, 10.14000, 10.14000, 8),
(718, 1, 1, 16.20000, 16.20000, 8),
(719, 1, 1, 36.02000, 36.02000, 8),
(720, 1, 1, 55.10000, 55.10000, 8),
(721, 1, 1, 98.95000, 98.95000, 8),
(722, 1, 1, 5.79000, 5.79000, 8),
(723, 1, 1, 19.56000, 19.56000, 8),
(724, 1, 1, 30.89000, 30.89000, 8),
(725, 1, 1, 20.84000, 20.84000, 8),
(726, 1, 1, 10.12000, 10.12000, 8),
(727, 1, 1, 10.25000, 10.25000, 8),
(728, 1, 1, 5.50000, 5.50000, 8),
(729, 1, 1, 6.04000, 6.04000, 8),
(730, 1, 1, 21.09000, 21.09000, 8),
(731, 1, 1, 14.16000, 14.16000, 8),
(732, 1, 1, 9.37000, 9.37000, 8),
(733, 1, 1, 20.09000, 20.09000, 8),
(734, 1, 1, 22.22000, 22.22000, 8),
(735, 1, 1, 22.22000, 22.22000, 8),
(736, 1, 1, 14.20000, 14.20000, 8),
(737, 1, 1, 23.82000, 23.82000, 8),
(738, 1, 1, 6.71000, 6.71000, 8),
(739, 1, 1, 9.94000, 9.94000, 8),
(740, 1, 1, 17.32000, 17.32000, 8),
(741, 1, 1, 13.35000, 13.35000, 8),
(742, 1, 1, 32.55000, 32.55000, 8),
(743, 1, 1, 17.89000, 17.89000, 8),
(744, 1, 1, 26.70000, 26.70000, 8),
(745, 1, 1, 4.53000, 4.53000, 8),
(746, 1, 1, 2.72000, 2.72000, 8),
(747, 1, 1, 4.53000, 4.53000, 8),
(748, 1, 1, 3.92000, 3.92000, 8),
(749, 1, 1, 6.53000, 6.53000, 8),
(750, 1, 1, 7.08000, 7.08000, 8),
(751, 1, 1, 11.80000, 11.80000, 8),
(752, 1, 1, 10.08000, 10.08000, 8),
(753, 1, 1, 14.00000, 14.00000, 8),
(754, 1, 1, 15.04000, 15.04000, 8),
(755, 1, 1, 24.44000, 24.44000, 8),
(756, 1, 1, 44.52000, 44.52000, 8),
(757, 1, 1, 89.92000, 89.92000, 8),
(758, 1, 1, 9.32000, 9.32000, 8),
(759, 1, 1, 4.45000, 4.45000, 8),
(760, 1, 1, 7.28000, 7.28000, 8),
(761, 1, 1, 6.58000, 6.58000, 8),
(762, 1, 1, 6.37000, 6.37000, 8),
(763, 1, 1, 16.94000, 16.94000, 8),
(764, 1, 1, 10.99000, 10.99000, 8),
(765, 1, 1, 18.72000, 18.72000, 8),
(766, 1, 1, 8.61000, 8.61000, 8),
(767, 1, 1, 12.64000, 12.64000, 8),
(768, 1, 1, 38.22000, 38.22000, 8),
(769, 1, 1, 30.63000, 30.63000, 8),
(770, 1, 1, 30.63000, 30.63000, 8),
(771, 1, 1, 20.86000, 20.86000, 8),
(772, 1, 1, 93.24000, 93.24000, 8),
(773, 1, 1, 84.42000, 84.42000, 8),
(774, 1, 1, 8.95000, 8.95000, 8),
(775, 1, 1, 8.16000, 8.16000, 8),
(776, 1, 1, 13.29000, 13.29000, 8),
(777, 1, 1, 15.28000, 15.28000, 8),
(778, 1, 1, 37.99000, 37.99000, 8),
(779, 1, 1, 75.22000, 75.22000, 8),
(780, 1, 1, 215.90000, 215.90000, 8),
(781, 1, 1, 2.33000, 2.33000, 8),
(782, 1, 1, 7.10000, 7.10000, 8),
(783, 1, 1, 7.87000, 7.87000, 8),
(784, 1, 1, 13.65000, 13.65000, 8),
(785, 1, 1, 15.76000, 15.76000, 8),
(786, 1, 1, 37.80000, 37.80000, 8),
(787, 1, 1, 49.92000, 49.92000, 8),
(788, 1, 1, 196.72000, 196.72000, 8),
(789, 1, 1, 2.30000, 2.30000, 8),
(790, 1, 1, 6.27000, 6.27000, 8),
(791, 1, 1, 8.45000, 8.45000, 8),
(792, 1, 1, 7.60000, 7.60000, 8),
(793, 1, 1, 9.72000, 9.72000, 8),
(794, 1, 1, 7.25000, 7.25000, 8),
(795, 1, 1, 8.09000, 8.09000, 8),
(796, 1, 1, 8.92000, 8.92000, 8),
(797, 1, 1, 12.10000, 12.10000, 8),
(798, 1, 1, 13.95000, 13.95000, 8),
(799, 1, 1, 15.97000, 15.97000, 8),
(800, 1, 1, 21.08000, 21.08000, 8),
(801, 1, 1, 34.66000, 34.66000, 8),
(802, 1, 1, 22.00000, 22.00000, 8),
(803, 1, 1, 3.48000, 3.48000, 8),
(804, 1, 1, 4.92000, 4.92000, 8),
(805, 1, 1, 89.40000, 89.40000, 8),
(806, 1, 1, 162.84000, 162.84000, 8),
(807, 1, 1, 20.00000, 20.00000, 8),
(808, 1, 1, 5.69000, 5.69000, 8),
(809, 1, 1, 117.60000, 117.60000, 8),
(810, 1, 1, 117.60000, 117.60000, 8),
(811, 1, 1, 128.63000, 128.63000, 8),
(812, 1, 1, 168.00000, 168.00000, 8),
(813, 1, 1, 122.50000, 122.50000, 8),
(814, 1, 1, 176.40000, 176.40000, 8),
(815, 1, 1, 128.63000, 128.63000, 8),
(816, 1, 1, 128.63000, 128.63000, 8),
(817, 1, 1, 176.40000, 176.40000, 8),
(818, 1, 1, 128.63000, 128.63000, 8),
(819, 1, 1, 686.00000, 686.00000, 8),
(820, 1, 1, 128.63000, 128.63000, 8),
(821, 1, 1, 777.00000, 777.00000, 8),
(822, 1, 1, 128.63000, 128.63000, 8),
(823, 1, 1, 55.13000, 55.13000, 8),
(824, 1, 1, 1481.00000, 1481.00000, 8),
(825, 1, 1, 0.00000, 0.00000, 8),
(826, 1, 1, 192.00000, 192.00000, 8),
(827, 1, 1, 192.00000, 192.00000, 8),
(828, 1, 1, 112.00000, 112.00000, 8),
(829, 1, 1, 192.00000, 192.00000, 8),
(830, 1, 1, 340.00000, 340.00000, 8),
(831, 1, 1, 120.00000, 120.00000, 8),
(832, 1, 1, 122.22000, 122.22000, 8),
(833, 1, 1, 128.89000, 128.89000, 8),
(834, 1, 1, 128.89000, 128.89000, 8),
(835, 1, 1, 137.78000, 137.78000, 8),
(836, 1, 1, 146.67000, 146.67000, 8),
(837, 1, 1, 142.22000, 142.22000, 8),
(838, 1, 1, 146.67000, 146.67000, 8),
(839, 1, 1, 153.33000, 153.33000, 8),
(840, 1, 1, 168.89000, 168.89000, 8),
(841, 1, 1, 228.89000, 228.89000, 8),
(842, 1, 1, 277.78000, 277.78000, 8),
(843, 1, 1, 297.78000, 297.78000, 8),
(844, 1, 1, 322.22000, 322.22000, 8),
(845, 1, 1, 355.56000, 355.56000, 8),
(846, 1, 1, 395.00000, 395.00000, 8),
(847, 1, 1, 16.40000, 16.40000, 8),
(848, 1, 1, 18.60000, 18.60000, 8),
(849, 1, 1, 28.10000, 28.10000, 8),
(850, 1, 1, 36.00000, 36.00000, 8),
(851, 1, 1, 30.40000, 30.40000, 8),
(852, 1, 1, 32.60000, 32.60000, 8),
(853, 1, 1, 34.90000, 34.90000, 8),
(854, 1, 1, 39.80000, 39.80000, 8),
(855, 1, 1, 42.00000, 42.00000, 8),
(856, 1, 1, 44.30000, 44.30000, 8),
(857, 1, 1, 49.50000, 49.50000, 8),
(858, 1, 1, 51.80000, 51.80000, 8),
(859, 1, 1, 126.87000, 126.87000, 8),
(860, 1, 1, 126.87000, 126.87000, 8),
(861, 1, 1, 4800.00000, 4800.00000, 8),
(862, 1, 1, 4800.00000, 4800.00000, 8),
(863, 1, 1, 4800.00000, 4800.00000, 8),
(864, 1, 1, 16.13000, 16.13000, 8),
(865, 1, 1, 32.00000, 32.00000, 8),
(866, 1, 1, 6.48000, 6.48000, 8),
(867, 1, 1, 7.30000, 7.30000, 8),
(868, 1, 1, 9.00000, 9.00000, 8),
(869, 1, 1, 9.95000, 9.95000, 8),
(870, 1, 1, 0.95000, 0.95000, 8),
(871, 1, 1, 6.18000, 6.18000, 8),
(872, 1, 1, 6.62000, 6.62000, 8),
(873, 1, 1, 7.22000, 7.22000, 8),
(874, 1, 1, 8.04000, 8.04000, 8),
(875, 1, 1, 8.80000, 8.80000, 8),
(876, 1, 1, 12.67000, 12.67000, 8),
(877, 1, 1, 14.33000, 14.33000, 8),
(878, 1, 1, 14.89000, 14.89000, 8),
(879, 1, 1, 15.38000, 15.38000, 8),
(880, 1, 1, 24.33000, 24.33000, 8),
(881, 1, 1, 2496.29000, 2496.29000, 8),
(882, 1, 1, 23.83000, 23.83000, 8),
(883, 1, 1, 28.74000, 28.74000, 8),
(884, 1, 1, 36.26000, 36.26000, 8),
(885, 1, 1, 32.01000, 32.01000, 8),
(886, 1, 1, 37.18000, 37.18000, 8),
(887, 1, 1, 37.90000, 37.90000, 8),
(888, 1, 1, 44.17000, 44.17000, 8),
(889, 1, 1, 42.61000, 42.61000, 8),
(890, 1, 1, 0.00000, 0.00000, 8),
(891, 1, 1, 84.93000, 84.93000, 8),
(892, 1, 1, 74.30000, 74.30000, 8),
(893, 1, 1, 137.22000, 137.22000, 8),
(894, 1, 1, 278.00000, 278.00000, 8),
(895, 1, 1, 21.54000, 21.54000, 8),
(896, 1, 1, 320.40000, 320.40000, 8),
(897, 1, 1, 21.92000, 21.92000, 8),
(898, 1, 1, 1160.00000, 1160.00000, 8),
(899, 1, 1, 18.66000, 18.66000, 8),
(900, 1, 1, 1347.81000, 1347.81000, 8),
(901, 1, 1, 22.22000, 22.22000, 8),
(902, 1, 1, 1374.00000, 1374.00000, 8),
(903, 1, 1, 40.25000, 40.25000, 8),
(904, 1, 1, 0.00000, 0.00000, 8),
(905, 1, 1, 31.40000, 31.40000, 8),
(906, 1, 1, 43.84000, 43.84000, 8),
(907, 1, 1, 37.18000, 37.18000, 8),
(908, 1, 1, 51.64000, 51.64000, 8),
(909, 1, 1, 43.10000, 43.10000, 8),
(910, 1, 1, 59.87000, 59.87000, 8),
(911, 1, 1, 53.21000, 53.21000, 8),
(912, 1, 1, 73.94000, 73.94000, 8),
(913, 1, 1, 64.08000, 64.08000, 8),
(914, 1, 1, 63.44000, 63.44000, 8),
(915, 1, 1, 89.14000, 89.14000, 8),
(916, 1, 1, 0.00000, 0.00000, 8),
(917, 1, 1, 96.43000, 96.43000, 8),
(918, 1, 1, 115.27000, 115.27000, 8),
(919, 1, 1, 159.62000, 159.62000, 8),
(920, 1, 1, 108.56000, 108.56000, 8),
(921, 1, 1, 194.45000, 194.45000, 8),
(922, 1, 1, 389.00000, 389.00000, 8),
(923, 1, 1, 19.10000, 19.10000, 8),
(924, 1, 1, 439.00000, 439.00000, 8),
(925, 1, 1, 19.10000, 19.10000, 8),
(926, 1, 1, 656.94000, 656.94000, 8),
(927, 1, 1, 1639.00000, 1639.00000, 8),
(928, 1, 1, 19.10000, 19.10000, 8),
(929, 1, 1, 27.67000, 27.67000, 8),
(930, 1, 1, 2269.00000, 2269.00000, 8),
(931, 1, 1, 27.76000, 27.76000, 8),
(932, 1, 1, 2550.00000, 2550.00000, 8),
(933, 1, 1, 206.78000, 206.78000, 8),
(934, 1, 1, 16.13000, 16.13000, 8),
(935, 1, 1, 28.00000, 28.00000, 8),
(936, 1, 1, 32.33000, 32.33000, 8),
(937, 1, 1, 48.40000, 48.40000, 8),
(938, 1, 1, 61.44000, 61.44000, 8),
(939, 1, 1, 140.96000, 140.96000, 8),
(940, 1, 1, 176.00000, 176.00000, 8),
(941, 1, 1, 534.55000, 534.55000, 8),
(942, 1, 1, 104.00000, 104.00000, 8),
(943, 1, 1, 136.00000, 136.00000, 8),
(944, 1, 1, 42.00000, 42.00000, 8),
(945, 1, 1, 42.50000, 42.50000, 8),
(946, 1, 1, 43.00000, 43.00000, 8),
(947, 1, 1, 45.50000, 45.50000, 8),
(948, 1, 1, 45.50000, 45.50000, 8),
(949, 1, 1, 52.50000, 52.50000, 8),
(950, 1, 1, 56.00000, 56.00000, 8),
(951, 1, 1, 63.00000, 63.00000, 8),
(952, 1, 1, 77.00000, 77.00000, 8),
(953, 1, 1, 84.00000, 84.00000, 8),
(954, 1, 1, 93.00000, 93.00000, 8),
(955, 1, 1, 436.42000, 436.42000, 8),
(956, 1, 1, 270.40000, 270.40000, 8),
(971, 1, 1, 641.90000, 641.90000, 8),
(985, 1, 1, 702.40000, 702.40000, 8),
(996, 1, 1, 0.00000, 0.00000, 8),
(997, 1, 1, 0.00000, 0.00000, 8),
(998, 1, 1, 0.00000, 0.00000, 8),
(999, 1, 1, 0.00000, 0.00000, 8),
(1000, 1, 1, 0.00000, 0.00000, 8),
(1001, 1, 1, 486.91000, 486.91000, 8),
(1002, 1, 1, 2012.26000, 2012.26000, 8),
(1003, 1, 1, 550.80000, 550.80000, 8),
(1004, 1, 1, 2342.74000, 2342.74000, 8),
(1005, 1, 1, 660.96000, 660.96000, 8),
(1006, 1, 1, 2809.08000, 2809.08000, 8),
(1007, 1, 1, 117.50000, 117.50000, 8),
(1008, 1, 1, 102.82000, 102.82000, 8),
(1009, 1, 1, 102.82000, 102.82000, 8),
(1010, 1, 1, 102.82000, 102.82000, 8),
(1011, 1, 1, 102.82000, 102.82000, 8),
(1012, 1, 1, 102.82000, 102.82000, 8),
(1013, 1, 1, 146.88000, 146.88000, 8),
(1014, 1, 1, 146.88000, 146.88000, 8),
(1015, 1, 1, 220.32000, 220.32000, 8),
(1016, 1, 1, 146.88000, 146.88000, 8),
(1017, 1, 1, 220.32000, 220.32000, 8),
(1018, 1, 1, 146.88000, 146.88000, 8),
(1019, 1, 1, 220.32000, 220.32000, 8),
(1020, 1, 1, 194.62000, 194.62000, 8),
(1021, 1, 1, 194.62000, 194.62000, 8),
(1022, 1, 1, 194.62000, 194.62000, 8),
(1023, 1, 1, 194.62000, 194.62000, 8),
(1024, 1, 1, 194.62000, 194.62000, 8),
(1025, 1, 1, 228.48000, 228.48000, 8),
(1026, 1, 1, 228.48000, 228.48000, 8),
(1027, 1, 1, 228.48000, 228.48000, 8),
(1028, 1, 1, 220.32000, 220.32000, 8),
(1029, 1, 1, 428.40000, 428.40000, 8),
(1030, 1, 1, 581.40000, 581.40000, 8),
(1031, 1, 1, 385.56000, 385.56000, 8),
(1032, 1, 1, 1487.16000, 1487.16000, 8),
(1033, 1, 1, 385.56000, 385.56000, 8),
(1034, 1, 1, 1487.16000, 1487.16000, 8),
(1035, 1, 1, 405.60000, 405.60000, 8),
(1036, 1, 1, 50.85000, 50.85000, 8),
(1037, 1, 1, 338.73000, 338.73000, 8),
(1038, 1, 1, 405.60000, 405.60000, 8),
(1039, 1, 1, 66.56000, 66.56000, 8),
(1040, 1, 1, 75.20000, 75.20000, 8),
(1041, 1, 1, 14.94000, 14.94000, 8),
(1042, 1, 1, 15.54000, 15.54000, 8),
(1043, 1, 1, 19.90000, 19.90000, 8),
(1044, 1, 1, 23.70000, 23.70000, 8),
(1045, 1, 1, 23.84000, 23.84000, 8),
(1046, 1, 1, 24.12000, 24.12000, 8),
(1047, 1, 1, 28.98000, 28.98000, 8),
(1048, 1, 1, 27.88000, 27.88000, 8),
(1049, 1, 1, 38.40000, 38.40000, 8),
(1050, 1, 1, 36.95000, 36.95000, 8),
(1051, 1, 1, 48.61000, 48.61000, 8),
(1052, 1, 1, 47.64000, 47.64000, 8),
(1053, 1, 1, 45.85000, 45.85000, 8),
(1054, 1, 1, 58.58000, 58.58000, 8),
(1055, 1, 1, 63.60000, 63.60000, 8),
(1056, 1, 1, 61.22000, 61.22000, 8),
(1057, 1, 1, 82.53000, 82.53000, 8),
(1058, 1, 1, 86.16000, 86.16000, 8),
(1059, 1, 1, 95.85000, 95.85000, 8),
(1060, 1, 1, 13.26000, 13.26000, 8),
(1061, 1, 1, 108.00000, 108.00000, 8),
(1062, 1, 1, 12.47000, 12.47000, 8),
(1063, 1, 1, 57.04000, 57.04000, 8),
(1064, 1, 1, 65.49000, 65.49000, 8),
(1065, 1, 1, 74.24000, 74.24000, 8),
(1066, 1, 1, 99.54000, 99.54000, 8),
(1067, 1, 1, 115.08000, 115.08000, 8),
(1068, 1, 1, 173.78000, 173.78000, 8),
(1069, 1, 1, 189.33000, 189.33000, 8),
(1070, 1, 1, 268.92000, 268.92000, 8),
(1071, 1, 1, 298.27000, 298.27000, 8),
(1072, 1, 1, 48.94000, 48.94000, 8),
(1073, 1, 1, 74.24000, 74.24000, 8),
(1074, 1, 1, 74.24000, 74.24000, 8),
(1075, 1, 1, 20.25000, 20.25000, 8),
(1076, 1, 1, 20.25000, 20.25000, 8),
(1077, 1, 1, 126.00000, 126.00000, 8),
(1078, 1, 1, 20.25000, 20.25000, 8),
(1079, 1, 1, 20.25000, 20.25000, 8),
(1080, 1, 1, 589.50000, 589.50000, 8),
(1081, 1, 1, 23.40000, 23.40000, 8),
(1082, 1, 1, 23.85000, 23.85000, 8),
(1083, 1, 1, 24.30000, 24.30000, 8),
(1084, 1, 1, 25.20000, 25.20000, 8),
(1085, 1, 1, 26.10000, 26.10000, 8),
(1086, 1, 1, 29.25000, 29.25000, 8),
(1087, 1, 1, 35.10000, 35.10000, 8),
(1088, 1, 1, 40.50000, 40.50000, 8),
(1089, 1, 1, 44.10000, 44.10000, 8),
(1090, 1, 1, 47.70000, 47.70000, 8),
(1091, 1, 1, 51.30000, 51.30000, 8),
(1092, 1, 1, 82.00000, 82.00000, 8),
(1093, 1, 1, 20.25000, 20.25000, 8),
(1094, 1, 1, 99.00000, 99.00000, 8),
(1095, 1, 1, 20.25000, 20.25000, 8),
(1096, 1, 1, 20.25000, 20.25000, 8),
(1097, 1, 1, 112.50000, 112.50000, 8),
(1098, 1, 1, 20.25000, 20.25000, 8),
(1099, 1, 1, 126.00000, 126.00000, 8),
(1100, 1, 1, 95.92000, 95.92000, 8),
(1101, 1, 1, 96.12000, 96.12000, 8),
(1102, 1, 1, 96.44000, 96.44000, 8),
(1103, 1, 1, 96.44000, 96.44000, 8),
(1104, 1, 1, 96.56000, 96.56000, 8),
(1105, 1, 1, 97.48000, 97.48000, 8),
(1106, 1, 1, 97.56000, 97.56000, 8),
(1107, 1, 1, 97.68000, 97.68000, 8),
(1108, 1, 1, 99.20000, 99.20000, 8),
(1109, 1, 1, 99.60000, 99.60000, 8),
(1110, 1, 1, 100.92000, 100.92000, 8),
(1111, 1, 1, 100.92000, 100.92000, 8),
(1112, 1, 1, 102.84000, 102.84000, 8),
(1113, 1, 1, 95.72000, 95.72000, 8),
(1114, 1, 1, 204.44000, 204.44000, 8),
(1115, 1, 1, 61.20000, 61.20000, 8),
(1116, 1, 1, 61.20000, 61.20000, 8),
(1117, 1, 1, 100.80000, 100.80000, 8),
(1118, 1, 1, 111.59000, 111.59000, 8),
(1119, 1, 1, 122.39000, 122.39000, 8),
(1120, 1, 1, 122.39000, 122.39000, 8),
(1121, 1, 1, 136.80000, 136.80000, 8),
(1122, 1, 1, 367.21000, 367.21000, 8),
(1123, 1, 1, 165.10000, 165.10000, 8),
(1124, 1, 1, 428.41000, 428.41000, 8),
(1125, 1, 1, 60.75000, 60.75000, 8),
(1126, 1, 1, 60.75000, 60.75000, 8),
(1127, 1, 1, 60.75000, 60.75000, 8),
(1128, 1, 1, 18.00000, 18.00000, 8),
(1129, 1, 1, 33.33000, 33.33000, 8),
(1130, 1, 1, 72.23000, 72.23000, 8),
(1131, 1, 1, 48.96000, 48.96000, 8),
(1132, 1, 1, 53.28000, 53.28000, 8),
(1133, 1, 1, 60.52000, 60.52000, 8),
(1134, 1, 1, 70.36000, 70.36000, 8),
(1135, 1, 1, 76.44000, 76.44000, 8),
(1136, 1, 1, 94.80000, 94.80000, 8),
(1137, 1, 1, 122.92000, 122.92000, 8),
(1138, 1, 1, 153.64000, 153.64000, 8),
(1139, 1, 1, 291.20000, 291.20000, 8),
(1140, 1, 1, 43.20000, 43.20000, 8),
(1141, 1, 1, 425.78000, 425.78000, 8),
(1142, 1, 1, 0.00000, 0.00000, 8),
(1143, 1, 1, 116.96000, 116.96000, 8),
(1144, 1, 1, 120.00000, 120.00000, 8),
(1145, 1, 1, 142.00000, 142.00000, 8),
(1146, 1, 1, 172.00000, 172.00000, 8),
(1147, 1, 1, 185.11000, 185.11000, 8),
(1148, 1, 1, 222.89000, 222.89000, 8),
(1149, 1, 1, 0.00000, 0.00000, 8),
(1150, 1, 1, 265.20000, 265.20000, 8),
(1151, 1, 1, 290.89000, 290.89000, 8),
(1152, 1, 1, 311.11000, 311.11000, 8),
(1153, 1, 1, 0.00000, 0.00000, 8),
(1154, 1, 1, 960.38000, 960.38000, 8),
(1155, 1, 1, 28.93000, 28.93000, 8),
(1156, 1, 1, 28.77000, 28.77000, 8),
(1157, 1, 1, 127.18000, 127.18000, 8),
(1158, 1, 1, 32.57000, 32.57000, 8),
(1159, 1, 1, 31.98000, 31.98000, 8),
(1160, 1, 1, 33.39000, 33.39000, 8),
(1161, 1, 1, 42.32000, 42.32000, 8),
(1162, 1, 1, 35.77000, 35.77000, 8),
(1163, 1, 1, 54.83000, 54.83000, 8),
(1164, 1, 1, 72.31000, 72.31000, 8),
(1165, 1, 1, 42.32000, 42.32000, 8),
(1166, 1, 1, 59.04000, 59.04000, 8),
(1167, 1, 1, 90.26000, 90.26000, 8),
(1168, 1, 1, 88.60000, 88.60000, 8),
(1169, 1, 1, 42.32000, 42.32000, 8),
(1170, 1, 1, 54.88000, 54.88000, 8),
(1171, 1, 1, 62.61000, 62.61000, 8),
(1172, 1, 1, 105.35000, 105.35000, 8),
(1173, 1, 1, 82.66000, 82.66000, 8),
(1174, 1, 1, 49.38000, 49.38000, 8),
(1175, 1, 1, 63.15000, 63.15000, 8),
(1176, 1, 1, 92.10000, 92.10000, 8),
(1177, 1, 1, 90.26000, 90.26000, 8),
(1178, 1, 1, 55.87000, 55.87000, 8),
(1179, 1, 1, 110.09000, 110.09000, 8),
(1180, 1, 1, 66.31000, 66.31000, 8),
(1181, 1, 1, 52.30000, 52.30000, 8),
(1182, 1, 1, 53.99000, 53.99000, 8),
(1183, 1, 1, 70.09000, 70.09000, 8),
(1184, 1, 1, 55.71000, 55.71000, 8),
(1185, 1, 1, 75.71000, 75.71000, 8),
(1186, 1, 1, 55.71000, 55.71000, 8),
(1187, 1, 1, 74.76000, 74.76000, 8),
(1188, 1, 1, 70.09000, 70.09000, 8),
(1189, 1, 1, 110.09000, 110.09000, 8),
(1190, 1, 1, 111.43000, 111.43000, 8),
(1191, 1, 1, 72.24000, 72.24000, 8),
(1192, 1, 1, 113.90000, 113.90000, 8),
(1193, 1, 1, 70.75000, 70.75000, 8),
(1194, 1, 1, 64.30000, 64.30000, 8),
(1195, 1, 1, 64.30000, 64.30000, 8),
(1196, 1, 1, 58.38000, 58.38000, 8),
(1197, 1, 1, 96.86000, 96.86000, 8),
(1198, 1, 1, 124.64000, 124.64000, 8),
(1199, 1, 1, 60.92000, 60.92000, 8),
(1200, 1, 1, 81.98000, 81.98000, 8),
(1201, 1, 1, 97.86000, 97.86000, 8),
(1202, 1, 1, 110.09000, 110.09000, 8),
(1203, 1, 1, 134.07000, 134.07000, 8),
(1204, 1, 1, 88.60000, 88.60000, 8),
(1205, 1, 1, 117.37000, 117.37000, 8),
(1206, 1, 1, 107.28000, 107.28000, 8),
(1207, 1, 1, 123.64000, 123.64000, 8),
(1208, 1, 1, 125.30000, 125.30000, 8),
(1209, 1, 1, 131.92000, 131.92000, 8),
(1210, 1, 1, 133.73000, 133.73000, 8),
(1211, 1, 1, 117.69000, 117.69000, 8),
(1212, 1, 1, 113.63000, 113.63000, 8),
(1213, 1, 1, 157.70000, 157.70000, 8),
(1214, 1, 1, 121.60000, 121.60000, 8),
(1215, 1, 1, 121.60000, 121.60000, 8),
(1216, 1, 1, 121.60000, 121.60000, 8),
(1217, 1, 1, 151.20000, 151.20000, 8),
(1218, 1, 1, 121.60000, 121.60000, 8),
(1219, 1, 1, 121.60000, 121.60000, 8),
(1220, 1, 1, 148.64000, 148.64000, 8),
(1221, 1, 1, 148.64000, 148.64000, 8),
(1222, 1, 1, 469.54000, 469.54000, 8),
(1223, 1, 1, 469.54000, 469.54000, 8),
(1224, 1, 1, 705.98000, 705.98000, 8),
(1225, 1, 1, 807.33000, 807.33000, 8),
(1226, 1, 1, 23.26000, 23.26000, 8),
(1227, 1, 1, 11.90000, 11.90000, 8),
(1228, 1, 1, 34.56000, 34.56000, 8),
(1229, 1, 1, 38.56000, 38.56000, 8),
(1230, 1, 1, 44.12000, 44.12000, 8),
(1231, 1, 1, 51.80000, 51.80000, 8),
(1232, 1, 1, 56.28000, 56.28000, 8),
(1233, 1, 1, 71.00000, 71.00000, 8),
(1234, 1, 1, 94.36000, 94.36000, 8),
(1235, 1, 1, 120.28000, 120.28000, 8),
(1236, 1, 1, 152.28000, 152.28000, 8),
(1237, 1, 1, 62.58000, 62.58000, 8),
(1238, 1, 1, 58.09000, 58.09000, 8),
(1239, 1, 1, 0.00000, 0.00000, 8),
(1240, 1, 1, 63.40000, 63.40000, 8),
(1241, 1, 1, 73.48000, 73.48000, 8),
(1242, 1, 1, 82.22000, 82.22000, 8),
(1243, 1, 1, 82.78000, 82.78000, 8),
(1244, 1, 1, 142.22000, 142.22000, 8),
(1245, 1, 1, 128.44000, 128.44000, 8),
(1246, 1, 1, 158.10000, 158.10000, 8),
(1247, 1, 1, 148.00000, 148.00000, 8),
(1248, 1, 1, 288.89000, 288.89000, 8),
(1249, 1, 1, 488.89000, 488.89000, 8),
(1250, 1, 1, 914.74000, 914.74000, 8),
(1251, 1, 1, 57.87000, 57.87000, 8),
(1252, 1, 1, 889.00000, 889.00000, 8),
(1253, 1, 1, 60.62000, 60.62000, 8),
(1254, 1, 1, 1000.00000, 1000.00000, 8),
(1255, 1, 1, 56.89000, 56.89000, 8),
(1256, 1, 1, 132.30000, 132.30000, 8),
(1257, 1, 1, 143.10000, 143.10000, 8),
(1258, 1, 1, 148.50000, 148.50000, 8),
(1259, 1, 1, 148.50000, 148.50000, 8),
(1260, 1, 1, 159.30000, 159.30000, 8),
(1261, 1, 1, 175.50000, 175.50000, 8),
(1262, 1, 1, 253.80000, 253.80000, 8),
(1263, 1, 1, 329.40000, 329.40000, 8),
(1264, 1, 1, 361.80000, 361.80000, 8),
(1265, 1, 1, 773.76000, 773.76000, 8),
(1266, 1, 1, 409.70000, 409.70000, 8),
(1267, 1, 1, 137.70000, 137.70000, 8),
(1268, 1, 1, 507.60000, 507.60000, 8),
(1269, 1, 1, 932.40000, 932.40000, 8),
(1270, 1, 1, 932.40000, 932.40000, 8),
(1271, 1, 1, 1004.40000, 1004.40000, 8),
(1272, 1, 1, 1026.00000, 1026.00000, 8),
(1273, 1, 1, 1026.00000, 1026.00000, 8),
(1274, 1, 1, 1053.00000, 1053.00000, 8),
(1275, 1, 1, 38.65000, 38.65000, 8),
(1276, 1, 1, 41.95000, 41.95000, 8),
(1277, 1, 1, 43.90000, 43.90000, 8),
(1278, 1, 1, 67.42000, 67.42000, 8),
(1279, 1, 1, 89.60000, 89.60000, 8),
(1280, 1, 1, 124.80000, 124.80000, 8),
(1281, 1, 1, 30.82000, 30.82000, 8),
(1282, 1, 1, 632.00000, 632.00000, 8),
(1283, 1, 1, 632.00000, 632.00000, 8),
(1284, 1, 1, 820.00000, 820.00000, 8),
(1285, 1, 1, 956.00000, 956.00000, 8),
(1286, 1, 1, 1320.00000, 1320.00000, 8),
(1287, 1, 1, 1320.00000, 1320.00000, 8),
(1288, 1, 1, 1796.00000, 1796.00000, 8),
(1289, 1, 1, 2540.00000, 2540.00000, 8),
(1290, 1, 1, 2540.00000, 2540.00000, 8),
(1291, 1, 1, 105.44000, 105.44000, 8),
(1292, 1, 1, 128.12000, 128.12000, 8),
(1293, 1, 1, 130.64000, 130.64000, 8),
(1294, 1, 1, 144.92000, 144.92000, 8),
(1295, 1, 1, 270.48000, 270.48000, 8),
(1296, 1, 1, 102.00000, 102.00000, 8),
(1297, 1, 1, 102.00000, 102.00000, 8),
(1298, 1, 1, 102.00000, 102.00000, 8),
(1299, 1, 1, 40.30000, 40.30000, 8),
(1300, 1, 1, 41.00000, 41.00000, 8),
(1301, 1, 1, 42.25000, 42.25000, 8),
(1302, 1, 1, 45.50000, 45.50000, 8),
(1303, 1, 1, 48.75000, 48.75000, 8),
(1304, 1, 1, 52.00000, 52.00000, 8),
(1305, 1, 1, 55.25000, 55.25000, 8),
(1306, 1, 1, 58.50000, 58.50000, 8),
(1307, 1, 1, 61.80000, 61.80000, 8),
(1308, 1, 1, 78.00000, 78.00000, 8),
(1309, 1, 1, 97.50000, 97.50000, 8),
(1310, 1, 1, 117.00000, 117.00000, 8),
(1311, 1, 1, 143.00000, 143.00000, 8),
(1312, 1, 1, 169.00000, 169.00000, 8),
(1313, 1, 1, 195.00000, 195.00000, 8),
(1314, 1, 1, 210.00000, 210.00000, 8),
(1315, 1, 1, 227.50000, 227.50000, 8),
(1316, 1, 1, 37.70000, 37.70000, 8),
(1317, 1, 1, 38.35000, 38.35000, 8),
(1318, 1, 1, 292.50000, 292.50000, 8),
(1319, 1, 1, 39.00000, 39.00000, 8),
(1320, 1, 1, 29.44000, 29.44000, 8),
(1321, 1, 1, 33.00000, 33.00000, 8),
(1322, 1, 1, 44.00000, 44.00000, 8),
(1323, 1, 1, 122.40000, 122.40000, 8),
(1324, 1, 1, 144.00000, 144.00000, 8),
(1325, 1, 1, 305.12000, 305.12000, 8),
(1326, 1, 1, 140.40000, 140.40000, 8),
(1327, 1, 1, 151.20000, 151.20000, 8),
(1328, 1, 1, 439.20000, 439.20000, 8),
(1329, 1, 1, 471.60000, 471.60000, 8),
(1330, 1, 1, 540.00000, 540.00000, 8),
(1331, 1, 1, 84.32000, 84.32000, 8),
(1332, 1, 1, 149.25000, 149.25000, 8),
(1333, 1, 1, 455.49000, 455.49000, 8),
(1334, 1, 1, 84.32000, 84.32000, 8),
(1335, 1, 1, 38.36000, 38.36000, 8),
(1336, 1, 1, 71.49000, 71.49000, 8),
(1337, 1, 1, 115.10000, 115.10000, 8),
(1338, 1, 1, 75.30000, 75.30000, 8),
(1339, 1, 1, 72.48000, 72.48000, 8),
(1340, 1, 1, 94.80000, 94.80000, 8),
(1341, 1, 1, 62.20000, 62.20000, 8),
(1342, 1, 1, 126.78000, 126.78000, 8),
(1343, 1, 1, 122.08000, 122.08000, 8),
(1344, 1, 1, 0.00000, 0.00000, 8),
(1345, 1, 1, 151.00000, 151.00000, 8),
(1346, 1, 1, 177.52000, 177.52000, 8),
(1347, 1, 1, 262.59000, 262.59000, 8),
(1348, 1, 1, 283.35000, 283.35000, 8),
(1349, 1, 1, 272.83000, 272.83000, 8),
(1350, 1, 1, 390.66000, 390.66000, 8),
(1351, 1, 1, 410.07000, 410.07000, 8),
(1352, 1, 1, 610.00000, 610.00000, 8),
(1353, 1, 1, 680.70000, 680.70000, 8),
(1354, 1, 1, 385.60000, 385.60000, 8),
(1355, 1, 1, 24.80000, 24.80000, 8),
(1356, 1, 1, 51.86000, 51.86000, 8),
(1357, 1, 1, 32.83000, 32.83000, 8),
(1358, 1, 1, 38.51000, 38.51000, 8),
(1359, 1, 1, 55.94000, 55.94000, 8),
(1360, 1, 1, 146.24000, 146.24000, 8),
(1361, 1, 1, 214.08000, 214.08000, 8),
(1362, 1, 1, 44.74000, 44.74000, 8),
(1363, 1, 1, 49.12000, 49.12000, 8),
(1364, 1, 1, 28.70000, 28.70000, 8),
(1365, 1, 1, 21.62000, 21.62000, 8),
(1366, 1, 1, 28.24000, 28.24000, 8),
(1367, 1, 1, 35.58000, 35.58000, 8),
(1368, 1, 1, 47.92000, 47.92000, 8),
(1369, 1, 1, 76.30000, 76.30000, 8),
(1370, 1, 1, 95.25000, 95.25000, 8),
(1371, 1, 1, 122.60000, 122.60000, 8),
(1372, 1, 1, 14.80000, 14.80000, 8),
(1373, 1, 1, 852.96000, 852.96000, 8),
(1374, 1, 1, 11.90000, 11.90000, 8),
(1375, 1, 1, 14.85000, 14.85000, 8),
(1376, 1, 1, 1421.63000, 1421.63000, 8),
(1377, 1, 1, 14.80000, 14.80000, 8),
(1378, 1, 1, 22.35000, 22.35000, 8),
(1379, 1, 1, 17.11000, 17.11000, 8),
(1380, 1, 1, 31.20000, 31.20000, 8),
(1381, 1, 1, 28.19000, 28.19000, 8),
(1382, 1, 1, 19.45000, 19.45000, 8),
(1383, 1, 1, 34.52000, 34.52000, 8),
(1384, 1, 1, 30.88000, 30.88000, 8),
(1385, 1, 1, 26.68000, 26.68000, 8),
(1386, 1, 1, 45.56000, 45.56000, 8),
(1387, 1, 1, 48.96000, 48.96000, 8),
(1388, 1, 1, 42.38000, 42.38000, 8),
(1389, 1, 1, 67.19000, 67.19000, 8),
(1390, 1, 1, 79.52000, 79.52000, 8),
(1391, 1, 1, 119.54000, 119.54000, 8),
(1392, 1, 1, 138.88000, 138.88000, 8),
(1393, 1, 1, 225.00000, 225.00000, 8),
(1394, 1, 1, 10.27000, 10.27000, 8),
(1395, 1, 1, 10.38000, 10.38000, 8),
(1396, 1, 1, 490.00000, 490.00000, 8),
(1397, 1, 1, 11.77000, 11.77000, 8),
(1398, 1, 1, 549.06000, 549.06000, 8),
(1399, 1, 1, 68.00000, 68.00000, 8),
(1400, 1, 1, 144.00000, 144.00000, 8),
(1401, 1, 1, 220.00000, 220.00000, 8),
(1402, 1, 1, 224.00000, 224.00000, 8),
(1403, 1, 1, 224.00000, 224.00000, 8),
(1404, 1, 1, 268.00000, 268.00000, 8),
(1405, 1, 1, 356.00000, 356.00000, 8),
(1406, 1, 1, 56.00000, 56.00000, 8),
(1407, 1, 1, 68.80000, 68.80000, 8),
(1408, 1, 1, 160.00000, 160.00000, 8),
(1409, 1, 1, 200.00000, 200.00000, 8),
(1410, 1, 1, 196.00000, 196.00000, 8),
(1411, 1, 1, 196.00000, 196.00000, 8),
(1412, 1, 1, 648.00000, 648.00000, 8),
(1413, 1, 1, 1780.00000, 1780.00000, 8),
(1414, 1, 1, 188.50000, 188.50000, 8),
(1415, 1, 1, 188.50000, 188.50000, 8),
(1416, 1, 1, 200.00000, 200.00000, 8),
(1417, 1, 1, 200.00000, 200.00000, 8),
(1418, 1, 1, 188.50000, 188.50000, 8),
(1419, 1, 1, 206.98000, 206.98000, 8),
(1420, 1, 1, 440.00000, 440.00000, 8),
(1421, 1, 1, 960.00000, 960.00000, 8),
(1422, 1, 1, 0.00000, 0.00000, 8),
(1423, 1, 1, 0.00000, 0.00000, 8),
(1424, 1, 1, 964.77000, 964.77000, 8),
(1425, 1, 1, 964.77000, 964.77000, 8),
(1426, 1, 1, 1260.53000, 1260.53000, 8),
(1427, 1, 1, 1260.53000, 1260.53000, 8),
(1428, 1, 1, 606.90000, 606.90000, 8);
INSERT INTO `ps_layered_price_index` (`id_product`, `id_currency`, `id_shop`, `price_min`, `price_max`, `id_country`) VALUES
(1429, 1, 1, 606.90000, 606.90000, 8),
(1430, 1, 1, 1256.85000, 1256.85000, 8),
(1431, 1, 1, 1256.85000, 1256.85000, 8),
(1432, 1, 1, 603.33000, 603.33000, 8),
(1433, 1, 1, 603.33000, 603.33000, 8),
(1434, 1, 1, 856.80000, 856.80000, 8),
(1435, 1, 1, 856.80000, 856.80000, 8),
(1436, 1, 1, 1411.20000, 1411.20000, 8),
(1437, 1, 1, 1411.20000, 1411.20000, 8),
(1438, 1, 1, 631.89000, 631.89000, 8),
(1439, 1, 1, 631.89000, 631.89000, 8),
(1440, 1, 1, 631.89000, 631.89000, 8),
(1441, 1, 1, 631.89000, 631.89000, 8),
(1442, 1, 1, 624.75000, 624.75000, 8),
(1443, 1, 1, 624.75000, 624.75000, 8),
(1444, 1, 1, 999.60000, 999.60000, 8),
(1445, 1, 1, 1153.11000, 1153.11000, 8),
(1446, 1, 1, 1701.53000, 1701.53000, 8),
(1447, 1, 1, 1720.62000, 1720.62000, 8),
(1448, 1, 1, 849.66000, 849.66000, 8),
(1449, 1, 1, 849.66000, 849.66000, 8),
(1450, 1, 1, 753.27000, 753.27000, 8),
(1451, 1, 1, 753.27000, 753.27000, 8),
(1452, 1, 1, 753.27000, 753.27000, 8),
(1453, 1, 1, 753.27000, 753.27000, 8),
(1454, 1, 1, 703.29000, 703.29000, 8),
(1455, 1, 1, 703.29000, 703.29000, 8),
(1456, 1, 1, 1959.93000, 1959.93000, 8),
(1457, 1, 1, 1959.93000, 1959.93000, 8),
(1458, 1, 1, 971.04000, 971.04000, 8),
(1459, 1, 1, 971.04000, 971.04000, 8),
(1460, 1, 1, 1778.70000, 1778.70000, 8),
(1461, 1, 1, 1778.70000, 1778.70000, 8),
(1462, 1, 1, 838.95000, 838.95000, 8),
(1463, 1, 1, 838.95000, 838.95000, 8),
(1464, 1, 1, 2466.87000, 2466.87000, 8),
(1465, 1, 1, 2466.87000, 2466.87000, 8),
(1466, 1, 1, 1195.95000, 1195.95000, 8),
(1467, 1, 1, 1195.95000, 1195.95000, 8),
(1468, 1, 1, 2046.98000, 2046.98000, 8),
(1469, 1, 1, 2046.98000, 2046.98000, 8),
(1470, 1, 1, 971.04000, 971.04000, 8),
(1471, 1, 1, 971.04000, 971.04000, 8),
(1472, 1, 1, 2065.35000, 2065.35000, 8),
(1473, 1, 1, 2065.35000, 2065.35000, 8),
(1474, 1, 1, 1003.17000, 1003.17000, 8),
(1475, 1, 1, 1003.17000, 1003.17000, 8),
(1476, 1, 1, 2827.44000, 2827.44000, 8),
(1477, 1, 1, 2827.44000, 2827.44000, 8),
(1478, 1, 1, 1474.41000, 1474.41000, 8),
(1479, 1, 1, 1474.41000, 1474.41000, 8),
(1480, 1, 1, 2266.95000, 2266.95000, 8),
(1481, 1, 1, 2266.95000, 2266.95000, 8),
(1482, 1, 1, 1213.80000, 1213.80000, 8),
(1483, 1, 1, 1213.80000, 1213.80000, 8),
(1484, 1, 1, 1224.51000, 1224.51000, 8),
(1485, 1, 1, 1224.51000, 1224.51000, 8),
(1486, 1, 1, 2616.60000, 2616.60000, 8),
(1487, 1, 1, 2616.60000, 2616.60000, 8),
(1488, 1, 1, 1513.68000, 1513.68000, 8),
(1489, 1, 1, 1513.68000, 1513.68000, 8),
(1490, 1, 1, 5826.24000, 5826.24000, 8),
(1491, 1, 1, 5997.60000, 5997.60000, 8),
(1492, 1, 1, 3773.49000, 3773.49000, 8),
(1493, 1, 1, 3252.38000, 3252.38000, 8),
(1494, 1, 1, 3252.38000, 3252.38000, 8),
(1495, 1, 1, 1949.22000, 1949.22000, 8),
(1496, 1, 1, 1949.22000, 1949.22000, 8),
(1497, 1, 1, 1767.15000, 1767.15000, 8),
(1498, 1, 1, 1767.15000, 1767.15000, 8),
(1499, 1, 1, 1139.25000, 1139.25000, 8),
(1500, 1, 1, 1139.25000, 1139.25000, 8),
(1501, 1, 1, 503.37000, 503.37000, 8),
(1502, 1, 1, 503.37000, 503.37000, 8),
(1503, 1, 1, 1021.02000, 1021.02000, 8),
(1504, 1, 1, 1021.02000, 1021.02000, 8),
(1505, 1, 1, 499.80000, 499.80000, 8),
(1506, 1, 1, 499.80000, 499.80000, 8),
(1507, 1, 1, 546.21000, 546.21000, 8),
(1508, 1, 1, 546.21000, 546.21000, 8),
(1509, 1, 1, 1749.30000, 1749.30000, 8),
(1510, 1, 1, 1749.30000, 1749.30000, 8),
(1511, 1, 1, 674.73000, 674.73000, 8),
(1512, 1, 1, 674.73000, 674.73000, 8),
(1513, 1, 1, 1392.30000, 1392.30000, 8),
(1514, 1, 1, 1392.30000, 1392.30000, 8),
(1515, 1, 1, 528.36000, 528.36000, 8),
(1516, 1, 1, 1308.30000, 1308.30000, 8),
(1517, 1, 1, 1308.30000, 1308.30000, 8),
(1518, 1, 1, 628.32000, 628.32000, 8),
(1519, 1, 1, 628.32000, 628.32000, 8),
(1520, 1, 1, 1289.93000, 1289.93000, 8),
(1521, 1, 1, 1289.93000, 1289.93000, 8),
(1522, 1, 1, 621.18000, 621.18000, 8),
(1523, 1, 1, 621.18000, 621.18000, 8),
(1524, 1, 1, 0.00000, 0.00000, 8),
(1525, 1, 1, 0.00000, 0.00000, 8),
(1526, 1, 1, 1771.35000, 1771.35000, 8),
(1527, 1, 1, 1771.35000, 1771.35000, 8),
(1528, 1, 1, 860.37000, 860.37000, 8),
(1529, 1, 1, 860.37000, 860.37000, 8),
(1530, 1, 1, 1690.50000, 1690.50000, 8),
(1531, 1, 1, 1690.50000, 1690.50000, 8),
(1532, 1, 1, 724.71000, 724.71000, 8),
(1533, 1, 1, 724.71000, 724.71000, 8),
(1534, 1, 1, 2186.63000, 2186.63000, 8),
(1535, 1, 1, 2186.63000, 2186.63000, 8),
(1536, 1, 1, 1074.57000, 1074.57000, 8),
(1537, 1, 1, 1074.57000, 1074.57000, 8),
(1538, 1, 1, 2046.98000, 2046.98000, 8),
(1539, 1, 1, 2046.98000, 2046.98000, 8),
(1540, 1, 1, 906.78000, 906.78000, 8),
(1541, 1, 1, 906.78000, 906.78000, 8),
(1542, 1, 1, 2572.50000, 2572.50000, 8),
(1543, 1, 1, 2572.50000, 2572.50000, 8),
(1544, 1, 1, 1288.77000, 1288.77000, 8),
(1545, 1, 1, 1288.77000, 1288.77000, 8),
(1546, 1, 1, 2355.68000, 2355.68000, 8),
(1547, 1, 1, 2355.68000, 2355.68000, 8),
(1548, 1, 1, 1063.86000, 1063.86000, 8),
(1549, 1, 1, 1063.86000, 1063.86000, 8),
(1550, 1, 1, 2548.98000, 2548.98000, 8),
(1551, 1, 1, 2548.98000, 2548.98000, 8),
(1552, 1, 1, 2833.43000, 2833.43000, 8),
(1553, 1, 1, 2833.43000, 2833.43000, 8),
(1554, 1, 1, 1531.53000, 1531.53000, 8),
(1555, 1, 1, 1531.53000, 1531.53000, 8),
(1556, 1, 1, 1675.80000, 1675.80000, 8),
(1557, 1, 1, 1042.44000, 1042.44000, 8),
(1558, 1, 1, 1672.13000, 1672.13000, 8),
(1559, 1, 1, 1042.44000, 1042.44000, 8),
(1560, 1, 1, 1815.45000, 1815.45000, 8),
(1561, 1, 1, 1095.99000, 1095.99000, 8),
(1562, 1, 1, 1745.63000, 1745.63000, 8),
(1563, 1, 1, 1085.28000, 1085.28000, 8),
(1564, 1, 1, 1944.08000, 1944.08000, 8),
(1565, 1, 1, 1220.94000, 1220.94000, 8),
(1566, 1, 1, 1885.28000, 1885.28000, 8),
(1567, 1, 1, 1173.82000, 1173.82000, 8),
(1568, 1, 1, 1463.70000, 1463.70000, 8),
(1569, 1, 1, 1324.47000, 1324.47000, 8),
(1570, 1, 1, 2601.90000, 2601.90000, 8),
(1571, 1, 1, 1731.45000, 1731.45000, 8),
(1572, 1, 1, 2260.13000, 2260.13000, 8),
(1573, 1, 1, 1510.11000, 1510.11000, 8),
(1574, 1, 1, 3087.00000, 3087.00000, 8),
(1575, 1, 1, 1995.63000, 1995.63000, 8),
(1576, 1, 1, 1699.32000, 1699.32000, 8),
(1577, 1, 1, 1692.18000, 1692.18000, 8),
(1578, 1, 1, 2976.75000, 2976.75000, 8),
(1579, 1, 1, 1970.64000, 1970.64000, 8),
(1580, 1, 1, 4790.94000, 4790.94000, 8),
(1581, 1, 1, 3325.88000, 3325.88000, 8),
(1582, 1, 1, 2381.19000, 2381.19000, 8),
(1583, 1, 1, 2191.98000, 2191.98000, 8),
(1584, 1, 1, 4358.97000, 4358.97000, 8),
(1585, 1, 1, 13755.92000, 13755.92000, 8),
(1586, 1, 1, 11027.73000, 11027.73000, 8),
(1587, 1, 1, 7436.73000, 7436.73000, 8),
(1588, 1, 1, 7436.73000, 7436.73000, 8),
(1589, 1, 1, 5376.42000, 5376.42000, 8),
(1590, 1, 1, 5376.42000, 5376.42000, 8),
(1591, 1, 1, 5044.41000, 5044.41000, 8),
(1592, 1, 1, 5044.41000, 5044.41000, 8),
(1593, 1, 1, 1804.43000, 1804.43000, 8),
(1594, 1, 1, 1210.23000, 1210.23000, 8),
(1595, 1, 1, 1764.00000, 1764.00000, 8),
(1596, 1, 1, 1210.23000, 1210.23000, 8),
(1597, 1, 1, 1220.94000, 1220.94000, 8),
(1598, 1, 1, 2076.38000, 2076.38000, 8),
(1599, 1, 1, 1295.91000, 1295.91000, 8),
(1600, 1, 1, 1815.45000, 1815.45000, 8),
(1601, 1, 1, 1260.21000, 1260.21000, 8),
(1602, 1, 1, 2285.85000, 2285.85000, 8),
(1603, 1, 1, 1442.28000, 1442.28000, 8),
(1604, 1, 1, 1899.98000, 1899.98000, 8),
(1605, 1, 1, 1303.05000, 1303.05000, 8),
(1606, 1, 1, 1606.50000, 1606.50000, 8),
(1607, 1, 1, 1999.20000, 1999.20000, 8),
(1608, 1, 1, 1399.44000, 1399.44000, 8),
(1609, 1, 1, 1952.79000, 1952.79000, 8),
(1610, 1, 1, 1442.28000, 1442.28000, 8),
(1611, 1, 1, 2193.98000, 2193.98000, 8),
(1612, 1, 1, 1652.91000, 1652.91000, 8),
(1613, 1, 1, 1524.39000, 1524.39000, 8),
(1614, 1, 1, 2063.46000, 2063.46000, 8),
(1615, 1, 1, 2605.58000, 2605.58000, 8),
(1616, 1, 1, 1677.90000, 1677.90000, 8),
(1617, 1, 1, 2587.20000, 2587.20000, 8),
(1618, 1, 1, 1677.90000, 1677.90000, 8),
(1619, 1, 1, 2958.38000, 2958.38000, 8),
(1620, 1, 1, 1938.51000, 1938.51000, 8),
(1621, 1, 1, 6726.85000, 6726.85000, 8),
(1622, 1, 1, 1806.42000, 1806.42000, 8),
(1623, 1, 1, 7294.88000, 7294.88000, 8),
(1624, 1, 1, 5147.94000, 5147.94000, 8),
(1625, 1, 1, 4690.98000, 4690.98000, 8),
(1626, 1, 1, 2017.58000, 2017.58000, 8),
(1627, 1, 1, 967.47000, 967.47000, 8),
(1628, 1, 1, 1642.73000, 1642.73000, 8),
(1629, 1, 1, 1024.59000, 1024.59000, 8),
(1630, 1, 1, 942.48000, 942.48000, 8),
(1631, 1, 1, 2159.85000, 2159.85000, 8),
(1632, 1, 1, 1263.78000, 1263.78000, 8),
(1633, 1, 1, 1888.53000, 1888.53000, 8),
(1634, 1, 1, 1210.23000, 1210.23000, 8),
(1635, 1, 1, 3312.96000, 3312.96000, 8),
(1636, 1, 1, 1852.83000, 1852.83000, 8),
(1637, 1, 1, 2363.34000, 2363.34000, 8),
(1638, 1, 1, 1413.72000, 1413.72000, 8),
(1639, 1, 1, 1449.42000, 1449.42000, 8),
(1640, 1, 1, 3555.72000, 3555.72000, 8),
(1641, 1, 1, 1974.21000, 1974.21000, 8),
(1642, 1, 1, 2602.53000, 2602.53000, 8),
(1643, 1, 1, 1592.22000, 1592.22000, 8),
(1644, 1, 1, 2474.01000, 2474.01000, 8),
(1645, 1, 1, 1556.52000, 1556.52000, 8),
(1646, 1, 1, 3687.81000, 3687.81000, 8),
(1647, 1, 1, 2099.16000, 2099.16000, 8),
(1648, 1, 1, 3623.55000, 3623.55000, 8),
(1649, 1, 1, 1913.52000, 1913.52000, 8),
(1650, 1, 1, 1289.00000, 1289.00000, 8),
(1651, 1, 1, 544.00000, 544.00000, 8),
(1656, 1, 1, 1448.00000, 1448.00000, 8),
(1657, 1, 1, 2011.00000, 2011.00000, 8),
(1658, 1, 1, 177.00000, 177.00000, 8);

-- --------------------------------------------------------

--
-- Table structure for table `ps_layered_product_attribute`
--

CREATE TABLE `ps_layered_product_attribute` (
  `id_attribute` int(10) UNSIGNED NOT NULL,
  `id_product` int(10) UNSIGNED NOT NULL,
  `id_attribute_group` int(10) UNSIGNED NOT NULL DEFAULT 0,
  `id_shop` int(10) UNSIGNED NOT NULL DEFAULT 1
) ENGINE=InnoDB DEFAULT CHARSET=utf8;

--
-- Dumping data for table `ps_layered_product_attribute`
--

INSERT INTO `ps_layered_product_attribute` (`id_attribute`, `id_product`, `id_attribute_group`, `id_shop`) VALUES
(4, 745, 2, 1),
(4, 791, 2, 1),
(4, 956, 2, 1),
(4, 1095, 2, 1),
(4, 1251, 2, 1),
(4, 1267, 2, 1),
(4, 1281, 2, 1),
(4, 1316, 2, 1),
(5, 791, 2, 1),
(5, 899, 2, 1),
(5, 929, 2, 1),
(5, 956, 2, 1),
(5, 971, 2, 1),
(5, 985, 2, 1),
(5, 1041, 2, 1),
(5, 1042, 2, 1),
(5, 1095, 2, 1),
(5, 1251, 2, 1),
(5, 1316, 2, 1),
(5, 1334, 2, 1),
(5, 1355, 2, 1),
(5, 1356, 2, 1),
(5, 1362, 2, 1),
(6, 704, 2, 1),
(6, 745, 2, 1),
(6, 774, 2, 1),
(6, 791, 2, 1),
(6, 956, 2, 1),
(6, 971, 2, 1),
(6, 985, 2, 1),
(6, 1095, 2, 1),
(6, 1141, 2, 1),
(6, 1251, 2, 1),
(6, 1267, 2, 1),
(6, 1281, 2, 1),
(6, 1316, 2, 1),
(7, 704, 2, 1),
(7, 745, 2, 1),
(7, 774, 2, 1),
(7, 791, 2, 1),
(7, 899, 2, 1),
(7, 929, 2, 1),
(7, 956, 2, 1),
(7, 971, 2, 1),
(7, 985, 2, 1),
(7, 1041, 2, 1),
(7, 1042, 2, 1),
(7, 1095, 2, 1),
(7, 1141, 2, 1),
(7, 1251, 2, 1),
(7, 1316, 2, 1),
(7, 1334, 2, 1),
(7, 1355, 2, 1),
(7, 1356, 2, 1),
(8, 704, 2, 1),
(8, 745, 2, 1),
(8, 774, 2, 1),
(8, 791, 2, 1),
(8, 899, 2, 1),
(8, 929, 2, 1),
(8, 944, 2, 1),
(8, 956, 2, 1),
(8, 971, 2, 1),
(8, 985, 2, 1),
(8, 1041, 2, 1),
(8, 1042, 2, 1),
(8, 1095, 2, 1),
(8, 1141, 2, 1),
(8, 1251, 2, 1),
(8, 1267, 2, 1),
(8, 1281, 2, 1),
(8, 1316, 2, 1),
(8, 1334, 2, 1),
(8, 1355, 2, 1),
(8, 1356, 2, 1),
(8, 1362, 2, 1),
(8, 1372, 2, 1),
(9, 704, 2, 1),
(9, 745, 2, 1),
(9, 774, 2, 1),
(9, 791, 2, 1),
(9, 899, 2, 1),
(9, 929, 2, 1),
(9, 944, 2, 1),
(9, 956, 2, 1),
(9, 971, 2, 1),
(9, 985, 2, 1),
(9, 1041, 2, 1),
(9, 1042, 2, 1),
(9, 1095, 2, 1),
(9, 1141, 2, 1),
(9, 1251, 2, 1),
(9, 1267, 2, 1),
(9, 1281, 2, 1),
(9, 1316, 2, 1),
(9, 1334, 2, 1),
(9, 1355, 2, 1),
(9, 1356, 2, 1),
(9, 1362, 2, 1),
(9, 1372, 2, 1),
(10, 704, 2, 1),
(10, 745, 2, 1),
(10, 774, 2, 1),
(10, 791, 2, 1),
(10, 899, 2, 1),
(10, 929, 2, 1),
(10, 944, 2, 1),
(10, 956, 2, 1),
(10, 971, 2, 1),
(10, 985, 2, 1),
(10, 1041, 2, 1),
(10, 1042, 2, 1),
(10, 1095, 2, 1),
(10, 1141, 2, 1),
(10, 1251, 2, 1),
(10, 1267, 2, 1),
(10, 1281, 2, 1),
(10, 1316, 2, 1),
(10, 1334, 2, 1),
(10, 1355, 2, 1),
(10, 1356, 2, 1),
(10, 1362, 2, 1),
(10, 1372, 2, 1),
(11, 899, 2, 1),
(11, 944, 2, 1),
(11, 971, 2, 1),
(11, 985, 2, 1),
(11, 1095, 2, 1),
(11, 1316, 2, 1),
(12, 704, 2, 1),
(12, 745, 2, 1),
(12, 774, 2, 1),
(12, 791, 2, 1),
(12, 899, 2, 1),
(12, 929, 2, 1),
(12, 944, 2, 1),
(12, 956, 2, 1),
(12, 971, 2, 1),
(12, 985, 2, 1),
(12, 1041, 2, 1),
(12, 1042, 2, 1),
(12, 1095, 2, 1),
(12, 1141, 2, 1),
(12, 1251, 2, 1),
(12, 1267, 2, 1),
(12, 1281, 2, 1),
(12, 1316, 2, 1),
(12, 1334, 2, 1),
(12, 1355, 2, 1),
(12, 1356, 2, 1),
(12, 1362, 2, 1),
(12, 1372, 2, 1),
(13, 704, 2, 1),
(13, 745, 2, 1),
(13, 791, 2, 1),
(13, 899, 2, 1),
(13, 929, 2, 1),
(13, 944, 2, 1),
(13, 956, 2, 1),
(13, 971, 2, 1),
(13, 985, 2, 1),
(13, 1041, 2, 1),
(13, 1042, 2, 1),
(13, 1095, 2, 1),
(13, 1141, 2, 1),
(13, 1251, 2, 1),
(13, 1267, 2, 1),
(13, 1281, 2, 1),
(13, 1316, 2, 1),
(13, 1334, 2, 1),
(13, 1355, 2, 1),
(13, 1356, 2, 1),
(13, 1362, 2, 1),
(13, 1372, 2, 1),
(14, 899, 2, 1),
(14, 929, 2, 1),
(14, 944, 2, 1),
(14, 956, 2, 1),
(14, 1041, 2, 1),
(14, 1042, 2, 1),
(14, 1095, 2, 1),
(14, 1141, 2, 1),
(14, 1251, 2, 1),
(14, 1267, 2, 1),
(14, 1316, 2, 1),
(14, 1334, 2, 1),
(14, 1355, 2, 1),
(14, 1356, 2, 1),
(14, 1362, 2, 1),
(14, 1372, 2, 1),
(15, 899, 2, 1),
(15, 929, 2, 1),
(15, 956, 2, 1),
(15, 971, 2, 1),
(15, 985, 2, 1),
(15, 1041, 2, 1),
(15, 1042, 2, 1),
(15, 1095, 2, 1),
(15, 1141, 2, 1),
(15, 1251, 2, 1),
(15, 1267, 2, 1),
(15, 1316, 2, 1),
(15, 1334, 2, 1),
(15, 1355, 2, 1),
(15, 1356, 2, 1),
(15, 1362, 2, 1),
(15, 1372, 2, 1),
(17, 956, 2, 1),
(17, 971, 2, 1),
(17, 985, 2, 1),
(17, 1095, 2, 1),
(17, 1141, 2, 1),
(17, 1251, 2, 1),
(17, 1316, 2, 1),
(17, 1372, 2, 1),
(18, 956, 2, 1),
(18, 1095, 2, 1),
(18, 1141, 2, 1),
(18, 1251, 2, 1),
(18, 1267, 2, 1),
(18, 1316, 2, 1),
(18, 1372, 2, 1),
(19, 1095, 2, 1),
(19, 1316, 2, 1),
(20, 1095, 2, 1),
(20, 1316, 2, 1),
(23, 899, 2, 1),
(23, 929, 2, 1),
(23, 944, 2, 1),
(23, 956, 2, 1),
(23, 971, 2, 1),
(23, 985, 2, 1),
(23, 1095, 2, 1),
(23, 1316, 2, 1),
(24, 956, 2, 1),
(37, 704, 2, 1),
(37, 774, 2, 1),
(37, 791, 2, 1),
(37, 899, 2, 1),
(37, 929, 2, 1),
(37, 1041, 2, 1),
(37, 1042, 2, 1),
(37, 1095, 2, 1),
(37, 1251, 2, 1),
(37, 1316, 2, 1),
(37, 1334, 2, 1),
(37, 1355, 2, 1),
(37, 1356, 2, 1),
(37, 1362, 2, 1),
(38, 899, 2, 1),
(38, 929, 2, 1),
(38, 944, 2, 1),
(38, 1095, 2, 1),
(38, 1251, 2, 1),
(38, 1316, 2, 1),
(39, 1159, 2, 1),
(39, 1226, 2, 1),
(40, 1159, 2, 1),
(40, 1226, 2, 1),
(41, 1159, 2, 1),
(41, 1226, 2, 1),
(42, 758, 2, 1),
(42, 1159, 2, 1),
(42, 1226, 2, 1),
(43, 1159, 2, 1),
(43, 1226, 2, 1),
(44, 1226, 2, 1),
(45, 758, 2, 1),
(45, 1226, 2, 1),
(46, 1159, 2, 1),
(46, 1226, 2, 1),
(47, 758, 2, 1),
(47, 1159, 2, 1),
(47, 1226, 2, 1),
(48, 758, 2, 1),
(48, 1226, 2, 1),
(49, 1226, 2, 1),
(50, 1226, 2, 1),
(51, 1226, 2, 1),
(52, 1226, 2, 1),
(53, 1159, 2, 1),
(53, 1226, 2, 1),
(54, 758, 2, 1),
(54, 1159, 2, 1),
(54, 1226, 2, 1),
(55, 758, 2, 1),
(55, 1226, 2, 1),
(56, 758, 2, 1),
(56, 1159, 2, 1),
(56, 1226, 2, 1),
(57, 1226, 2, 1),
(58, 1226, 2, 1),
(59, 1226, 2, 1),
(60, 1226, 2, 1),
(61, 1226, 2, 1),
(62, 1159, 2, 1),
(62, 1226, 2, 1),
(63, 1159, 2, 1),
(63, 1226, 2, 1),
(64, 1159, 2, 1),
(64, 1226, 2, 1),
(65, 1226, 2, 1),
(66, 1226, 2, 1),
(67, 1226, 2, 1),
(68, 758, 2, 1),
(68, 1159, 2, 1),
(68, 1226, 2, 1),
(69, 1159, 2, 1),
(69, 1226, 2, 1),
(70, 1226, 2, 1),
(71, 1226, 2, 1),
(72, 1226, 2, 1),
(73, 1226, 2, 1),
(74, 1226, 2, 1),
(75, 1159, 2, 1),
(75, 1226, 2, 1),
(76, 1226, 2, 1),
(77, 1159, 2, 1),
(77, 1226, 2, 1),
(78, 1226, 2, 1),
(79, 758, 2, 1),
(79, 1159, 2, 1),
(79, 1226, 2, 1),
(80, 1226, 2, 1),
(81, 1159, 2, 1),
(81, 1226, 2, 1),
(82, 1226, 2, 1),
(83, 1226, 2, 1),
(84, 1226, 2, 1),
(85, 1159, 2, 1),
(85, 1226, 2, 1),
(86, 1226, 2, 1),
(87, 1226, 2, 1),
(88, 1226, 2, 1),
(89, 1159, 2, 1),
(89, 1226, 2, 1),
(90, 1226, 2, 1),
(91, 704, 2, 1),
(91, 791, 2, 1),
(91, 944, 2, 1),
(91, 1095, 2, 1),
(91, 1316, 2, 1),
(97, 758, 2, 1),
(98, 758, 2, 1),
(99, 758, 2, 1),
(100, 758, 2, 1),
(101, 758, 2, 1),
(102, 758, 2, 1),
(103, 758, 2, 1),
(104, 1267, 2, 1),
(105, 1267, 2, 1),
(106, 1267, 2, 1),
(107, 1267, 2, 1),
(108, 1267, 2, 1),
(109, 1267, 2, 1),
(110, 1267, 2, 1),
(111, 1267, 2, 1),
(112, 1267, 2, 1),
(199, 1095, 2, 1),
(199, 1316, 2, 1),
(200, 1095, 2, 1),
(201, 1095, 2, 1),
(202, 1095, 2, 1),
(21, 956, 4, 1),
(21, 971, 4, 1),
(21, 985, 4, 1),
(22, 956, 4, 1),
(22, 971, 4, 1),
(22, 985, 4, 1),
(22, 1362, 4, 1),
(22, 1372, 4, 1),
(25, 447, 5, 1),
(25, 456, 5, 1),
(25, 1656, 5, 1),
(26, 447, 5, 1),
(26, 456, 5, 1),
(26, 1656, 5, 1),
(27, 447, 5, 1),
(27, 456, 5, 1),
(27, 1656, 5, 1),
(28, 447, 5, 1),
(28, 456, 5, 1),
(28, 1656, 5, 1),
(29, 447, 5, 1),
(29, 456, 5, 1),
(29, 1656, 5, 1),
(30, 456, 5, 1),
(30, 1657, 5, 1),
(31, 456, 5, 1),
(31, 1657, 5, 1),
(32, 456, 5, 1),
(32, 1657, 5, 1),
(165, 456, 5, 1),
(165, 1657, 5, 1),
(166, 456, 5, 1),
(166, 1657, 5, 1),
(167, 456, 5, 1),
(167, 1657, 5, 1),
(168, 456, 5, 1),
(168, 1657, 5, 1),
(33, 447, 6, 1),
(33, 456, 6, 1),
(33, 1656, 6, 1),
(34, 456, 6, 1),
(34, 1657, 6, 1),
(35, 899, 7, 1),
(35, 929, 7, 1),
(35, 1334, 7, 1),
(35, 1355, 7, 1),
(35, 1356, 7, 1),
(36, 704, 7, 1),
(36, 774, 7, 1),
(36, 899, 7, 1),
(36, 929, 7, 1),
(36, 1334, 7, 1),
(94, 704, 7, 1),
(94, 774, 7, 1),
(92, 344, 8, 1),
(93, 344, 8, 1),
(115, 344, 9, 1),
(116, 344, 9, 1),
(117, 344, 10, 1),
(118, 344, 10, 1),
(95, 745, 11, 1),
(96, 745, 11, 1),
(119, 248, 12, 1),
(120, 248, 12, 1),
(121, 248, 12, 1),
(122, 248, 12, 1),
(123, 248, 12, 1),
(124, 248, 12, 1),
(126, 248, 12, 1),
(127, 248, 13, 1),
(128, 248, 13, 1),
(129, 248, 13, 1),
(130, 248, 13, 1),
(131, 248, 14, 1),
(132, 248, 14, 1),
(133, 248, 14, 1),
(134, 344, 15, 1),
(135, 344, 15, 1),
(136, 344, 16, 1),
(137, 344, 16, 1),
(138, 1141, 17, 1),
(139, 1141, 17, 1),
(140, 1141, 17, 1),
(141, 1141, 17, 1),
(142, 1141, 17, 1),
(143, 205, 18, 1),
(144, 205, 18, 1),
(161, 205, 18, 1),
(162, 205, 18, 1),
(145, 205, 19, 1),
(146, 205, 19, 1),
(147, 205, 20, 1),
(148, 205, 20, 1),
(149, 205, 21, 1),
(150, 205, 21, 1),
(151, 205, 22, 1),
(152, 205, 22, 1),
(153, 205, 22, 1),
(154, 205, 22, 1),
(155, 205, 22, 1),
(156, 205, 22, 1),
(157, 205, 22, 1),
(158, 205, 22, 1),
(159, 205, 22, 1),
(160, 205, 22, 1),
(163, 205, 22, 1),
(164, 205, 22, 1),
(172, 675, 23, 1),
(173, 675, 23, 1),
(174, 675, 24, 1),
(175, 675, 24, 1),
(176, 675, 24, 1),
(177, 675, 25, 1),
(178, 675, 25, 1),
(179, 675, 25, 1),
(180, 675, 26, 1),
(181, 1656, 27, 1),
(182, 1657, 27, 1),
(183, 1657, 27, 1),
(184, 1656, 27, 1),
(185, 1657, 27, 1),
(188, 1656, 27, 1),
(189, 1657, 27, 1),
(190, 1656, 27, 1),
(191, 1657, 27, 1),
(192, 1656, 27, 1),
(186, 1656, 28, 1),
(186, 1657, 28, 1),
(186, 1658, 28, 1),
(187, 1657, 28, 1),
(187, 1658, 28, 1),
(193, 1658, 28, 1),
(194, 1658, 28, 1),
(195, 1658, 28, 1),
(196, 1658, 28, 1),
(197, 1658, 28, 1),
(198, 1658, 28, 1),
(203, 1095, 29, 1),
(204, 1095, 29, 1),
(227, 809, 29, 1),
(228, 809, 29, 1),
(205, 847, 30, 1),
(206, 847, 30, 1),
(207, 847, 30, 1),
(208, 847, 30, 1),
(209, 847, 30, 1),
(210, 847, 30, 1),
(211, 847, 30, 1),
(212, 847, 30, 1),
(213, 847, 30, 1),
(214, 847, 30, 1),
(215, 847, 30, 1),
(216, 847, 30, 1),
(217, 847, 30, 1),
(218, 847, 30, 1),
(221, 1035, 31, 1),
(222, 1035, 31, 1),
(219, 1035, 32, 1),
(220, 1035, 32, 1),
(223, 1035, 33, 1),
(224, 1035, 33, 1),
(225, 809, 34, 1),
(229, 809, 34, 1),
(230, 809, 34, 1),
(231, 809, 34, 1),
(232, 809, 34, 1),
(233, 809, 34, 1),
(234, 809, 34, 1),
(235, 809, 34, 1),
(236, 809, 34, 1),
(237, 809, 34, 1),
(238, 1001, 35, 1),
(239, 1001, 35, 1),
(240, 1001, 35, 1),
(241, 1001, 35, 1),
(242, 1001, 35, 1),
(243, 1001, 35, 1),
(244, 1001, 35, 1),
(245, 1001, 35, 1),
(246, 1001, 35, 1),
(247, 1001, 35, 1),
(248, 1001, 35, 1),
(249, 1001, 35, 1),
(250, 1001, 35, 1),
(251, 1001, 35, 1),
(252, 1001, 35, 1),
(253, 1001, 35, 1),
(254, 1001, 35, 1),
(255, 1001, 35, 1),
(256, 1001, 35, 1),
(257, 1001, 35, 1),
(258, 1001, 35, 1),
(259, 1001, 35, 1),
(260, 1001, 35, 1),
(261, 1001, 35, 1),
(262, 1001, 35, 1),
(263, 1001, 35, 1),
(264, 1001, 35, 1),
(265, 1001, 35, 1),
(266, 1001, 35, 1),
(267, 1001, 35, 1),
(268, 1001, 35, 1),
(269, 1001, 35, 1),
(270, 1001, 35, 1),
(271, 1001, 35, 1),
(306, 1001, 35, 1),
(272, 1001, 36, 1),
(273, 1001, 36, 1),
(274, 1001, 36, 1),
(275, 1001, 36, 1),
(276, 1001, 36, 1),
(277, 1001, 36, 1),
(278, 1001, 36, 1),
(279, 1001, 36, 1),
(280, 1001, 36, 1),
(281, 1001, 36, 1),
(282, 1001, 36, 1),
(283, 1001, 36, 1),
(284, 1001, 36, 1),
(285, 1001, 36, 1),
(286, 1001, 36, 1),
(287, 1001, 36, 1),
(288, 1001, 36, 1),
(289, 1001, 36, 1),
(290, 1001, 36, 1),
(291, 1001, 36, 1),
(292, 1001, 36, 1),
(293, 1001, 36, 1),
(294, 1001, 36, 1),
(295, 1001, 36, 1),
(296, 1001, 36, 1),
(297, 1001, 36, 1),
(298, 1001, 36, 1),
(299, 1001, 36, 1),
(300, 1001, 36, 1),
(301, 1001, 36, 1),
(302, 1001, 36, 1),
(303, 1001, 36, 1),
(304, 1001, 36, 1),
(305, 1001, 36, 1);

-- --------------------------------------------------------

--
-- Table structure for table `ps_leoblogcat`
--

CREATE TABLE `ps_leoblogcat` (
  `id_leoblogcat` int(11) NOT NULL,
  `image` varchar(255) NOT NULL,
  `id_parent` int(11) NOT NULL,
  `item` varchar(255) DEFAULT NULL,
  `level_depth` smallint(6) NOT NULL,
  `active` tinyint(1) NOT NULL,
  `show_title` tinyint(1) NOT NULL,
  `position` int(11) NOT NULL,
  `submenu_content` text NOT NULL,
  `privacy` smallint(6) DEFAULT NULL,
  `position_type` varchar(25) DEFAULT NULL,
  `menu_class` varchar(25) DEFAULT NULL,
  `content` text DEFAULT NULL,
  `icon_class` varchar(255) DEFAULT NULL,
  `level` int(11) NOT NULL,
  `left` int(11) NOT NULL,
  `right` int(11) NOT NULL,
  `date_add` datetime DEFAULT NULL,
  `date_upd` datetime DEFAULT NULL,
  `template` varchar(200) NOT NULL,
  `randkey` varchar(255) DEFAULT NULL
) ENGINE=InnoDB DEFAULT CHARSET=utf8;

--
-- Dumping data for table `ps_leoblogcat`
--

INSERT INTO `ps_leoblogcat` (`id_leoblogcat`, `image`, `id_parent`, `item`, `level_depth`, `active`, `show_title`, `position`, `submenu_content`, `privacy`, `position_type`, `menu_class`, `content`, `icon_class`, `level`, `left`, `right`, `date_add`, `date_upd`, `template`, `randkey`) VALUES
(1, '', 0, NULL, 0, 0, 0, 0, '', NULL, NULL, NULL, NULL, NULL, 0, 0, 0, NULL, NULL, '', 'ad30975ab88db9db59a40e3edfca0ab0'),
(6, 'category-3.jpg', 1, NULL, 1, 1, 0, 0, '', 0, NULL, '', NULL, '', 0, 0, 0, '2019-09-21 15:56:49', '2019-09-21 15:56:49', 'default', '5577844800e55bda2c0540af22ba96ce'),
(7, 'category-2.jpg', 6, NULL, 2, 1, 0, 0, '', 0, NULL, '', NULL, '', 0, 0, 0, '2019-09-21 15:56:49', '2019-09-21 15:56:49', 'default', '0abc8c406b64fa2f13f5a7cbecbfb67f'),
(8, 'category-1.jpg', 6, NULL, 2, 1, 0, 1, '', 0, NULL, '', NULL, '', 0, 0, 0, '2019-09-21 15:56:49', '2019-09-21 15:56:49', 'default', '1dcae6f22c5962b687451c98c27946f0');

-- --------------------------------------------------------

--
-- Table structure for table `ps_leoblogcat_lang`
--

CREATE TABLE `ps_leoblogcat_lang` (
  `id_leoblogcat` int(11) NOT NULL,
  `id_lang` int(11) NOT NULL,
  `title` varchar(255) DEFAULT NULL,
  `content_text` text DEFAULT NULL,
  `description` varchar(200) NOT NULL,
  `meta_keywords` varchar(255) NOT NULL,
  `meta_description` varchar(255) NOT NULL,
  `link_rewrite` varchar(250) NOT NULL
) ENGINE=InnoDB DEFAULT CHARSET=utf8;

--
-- Dumping data for table `ps_leoblogcat_lang`
--

INSERT INTO `ps_leoblogcat_lang` (`id_leoblogcat`, `id_lang`, `title`, `content_text`, `description`, `meta_keywords`, `meta_description`, `link_rewrite`) VALUES
(1, 1, 'Root', NULL, '', '', '', ''),
(6, 1, 'Category 1', '<p>Odio ut pretium ligula quam Vestibulum consequat convallis fringilla Vestibulum nulla. Accumsan morbi tristique auctor. At risus pretium urna tortor metus fringilla interdum mauris tempor congue</p>', '', '', '\n', 'category-1'),
(7, 1, 'Sub Category 1', '<p>Odio ut pretium ligula quam Vestibulum consequat convallis fringilla Vestibulum nulla. Accumsan morbi tristique auctor. At risus pretium urna tortor metus fringilla interdum mauris tempor congue</p>', '', 'joomla,prestashop,leotheme,pavothemes', '', 'sub-category-1'),
(8, 1, 'Sub Category 2', '<p>Odio ut pretium ligula quam Vestibulum consequat convallis fringilla Vestibulum nulla. Accumsan morbi tristique auctor. At risus pretium urna tortor metus fringilla interdum mauris tempor congue</p>', '', 'haha,joomla,magento', 'gogogoel', 'sub-category-2');

-- --------------------------------------------------------

--
-- Table structure for table `ps_leoblogcat_shop`
--

CREATE TABLE `ps_leoblogcat_shop` (
  `id_leoblogcat` int(11) NOT NULL DEFAULT 0,
  `id_shop` int(11) NOT NULL DEFAULT 0
) ENGINE=InnoDB DEFAULT CHARSET=utf8;

--
-- Dumping data for table `ps_leoblogcat_shop`
--

INSERT INTO `ps_leoblogcat_shop` (`id_leoblogcat`, `id_shop`) VALUES
(1, 1),
(6, 1),
(7, 1),
(8, 1);

-- --------------------------------------------------------

--
-- Table structure for table `ps_leoblog_blog`
--

CREATE TABLE `ps_leoblog_blog` (
  `id_leoblog_blog` int(11) NOT NULL,
  `id_leoblogcat` int(11) NOT NULL,
  `position` int(11) NOT NULL,
  `date_add` date NOT NULL,
  `active` tinyint(1) NOT NULL,
  `user_id` int(11) NOT NULL,
  `hits` int(11) NOT NULL,
  `image` varchar(255) DEFAULT NULL,
  `thumb` varchar(255) DEFAULT NULL,
  `date_upd` datetime NOT NULL,
  `video_code` text DEFAULT NULL,
  `params` text DEFAULT NULL,
  `featured` tinyint(1) NOT NULL,
  `indexation` int(11) NOT NULL,
  `id_employee` int(11) NOT NULL,
  `product_ids` varchar(255) DEFAULT NULL,
  `author_name` varchar(255) DEFAULT NULL
) ENGINE=InnoDB DEFAULT CHARSET=utf8;

--
-- Dumping data for table `ps_leoblog_blog`
--

INSERT INTO `ps_leoblog_blog` (`id_leoblog_blog`, `id_leoblogcat`, `position`, `date_add`, `active`, `user_id`, `hits`, `image`, `thumb`, `date_upd`, `video_code`, `params`, `featured`, `indexation`, `id_employee`, `product_ids`, `author_name`) VALUES
(10, 7, 0, '2019-09-21', 1, 0, 40, 'b-blog-1.jpg', '', '2019-09-21 15:56:49', '<iframe width=\"560\" height=\"315\" src=\"//www.youtube.com/embed/lzY4lkT8ElU\" frameborder=\"0\" allowfullscreen></iframe>', NULL, 0, 1, 1, NULL, ''),
(11, 7, 1, '2019-09-21', 1, 0, 107, 'b-blog-2.jpg', '', '2019-09-21 15:56:49', '', NULL, 0, 1, 1, NULL, ''),
(12, 7, 2, '2019-09-21', 1, 0, 14, 'b-blog-3.jpg', '', '2019-09-21 15:56:49', '', NULL, 0, 0, 1, NULL, ''),
(13, 7, 3, '2019-09-21', 1, 0, 121, 'b-blog-4.jpg', '', '2019-09-21 15:56:49', '', NULL, 0, 0, 1, NULL, ''),
(14, 7, 4, '2019-09-21', 1, 0, 85, 'b-blog-5.jpg', '', '2019-09-21 15:56:49', '', NULL, 0, 0, 1, NULL, ''),
(15, 7, 5, '2019-09-21', 1, 0, 25, 'b-blog-6.jpg', '', '2019-09-21 15:56:49', '', NULL, 0, 0, 1, NULL, ''),
(16, 7, 6, '2019-09-21', 1, 0, 32, 'b-blog-7.jpg', '', '2019-09-21 15:56:49', '', NULL, 0, 1, 1, NULL, '');

-- --------------------------------------------------------

--
-- Table structure for table `ps_leoblog_blog_lang`
--

CREATE TABLE `ps_leoblog_blog_lang` (
  `id_leoblog_blog` int(11) NOT NULL,
  `id_lang` int(11) NOT NULL,
  `meta_description` varchar(255) NOT NULL,
  `meta_keywords` varchar(250) NOT NULL,
  `meta_title` varchar(250) NOT NULL,
  `link_rewrite` varchar(255) NOT NULL,
  `content` text NOT NULL,
  `description` text NOT NULL,
  `tags` varchar(255) NOT NULL
) ENGINE=InnoDB DEFAULT CHARSET=utf8;

--
-- Dumping data for table `ps_leoblog_blog_lang`
--

INSERT INTO `ps_leoblog_blog_lang` (`id_leoblog_blog`, `id_lang`, `meta_description`, `meta_keywords`, `meta_title`, `link_rewrite`, `content`, `description`, `tags`) VALUES
(10, 1, '', '', 'At risus pretium urna tortor metus fringilla  at elit Vestibulum', 'at-risus-pretium-urna-tortor-metus-fringilla-at-elit-vestibulum', '<p>Odio ut pretium ligula quam Vestibulum consequat convallis fringilla Vestibulum nulla. Accumsan morbi tristique auctor. At risus pretium urna tortor metus fringilla interdum mauris tempor congue Odio ut pretium ligula quam Vestibulum consequat convallis fringilla Vestibulum nulla. Accumsan morbi tristique auctor. At risus pretium urna tortor metus fringilla interdum mauris tempor congue Odio ut pretium ligula quam Vestibulum consequat convallis fringilla Vestibulum nulla. Accumsan morbi tristique auctor. At risus pretium urna tortor metus fringilla interdum mauris tempor congue</p>\n<p></p>\n<p>Odio ut pretium ligula quam Vestibulum consequat convallis fringilla Vestibulum nulla. Accumsan morbi tristique auctor. At risus pretium urna tortor metus fringilla interdum mauris tempor congue</p>\n<p></p>\n<p>Odio ut pretium ligula quam Vestibulum consequat convallis fringilla Vestibulum nulla. Accumsan morbi tristique auctor. At risus pretium urna tortor metus fringilla interdum mauris tempor congue Odio ut pretium ligula quam Vestibulum consequat convallis fringilla Vestibulum nulla. Accumsan morbi tristique auctor. At risus pretium urna tortor metus fringilla interdum mauris tempor congue</p>\n<p></p>\n<p>Odio ut pretium ligula quam Vestibulum consequat convallis fringilla Vestibulum nulla. Accumsan morbi tristique auctor. At risus pretium urna tortor metus fringilla interdum mauris tempor congue Odio ut pretium ligula quam Vestibulum consequat convallis fringilla Vestibulum nulla. Accumsan morbi tristique auctor. At risus pretium urna tortor metus fringilla interdum mauris tempor congue</p>', '<p>Odio ut pretium ligula quam Vestibulum consequat convallis fringilla Vestibulum nulla. Accumsan morbi tristique auctor. At risus pretium urna tortor metus fringilla interdum mauris tempor congue</p>', 'joomla,wordpress'),
(11, 1, '', '', 'Ipsum cursus vestibulum at interdum Vivamuset dolore magna aliqua.', 'ipsum-cursus-vestibulum-at-interdum-vivamuset-dolore-magna-aliqua', '<p>Donec tellus Nulla lorem Nullam elit id ut elit feugiat lacus. Congue eget dapibus congue tincidunt senectus nibh risus Phasellus tristique justo. Justo Pellentesque Donec lobortis faucibus Vestibulum Praesent mauris volutpat vitae metus. Ipsum cursus vestibulum at interdum Vivamus nunc fringilla Curabitur ac quis. Nam lacinia wisi tortor orci quis vitae. Donec tellus Nulla lorem Nullam elit id ut elit feugiat lacus. Congue eget dapibus congue tincidunt senectus nibh risus Phasellus tristique justo. Justo Pellentesque Donec lobortis faucibus Vestibulum Praesent mauris volutpat vitae metus. Ipsum cursus vestibulum at interdum Vivamus nunc fringilla Curabitur ac quis. Nam lacinia wisi tortor orci quis vitae. Donec tellus Nulla lorem Nullam elit id ut elit feugiat lacus. Congue eget dapibus congue tincidunt senectus nibh risus Phasellus tristique justo. Justo Pellentesque Donec lobortis faucibus Vestibulum Praesent mauris volutpat vitae metus. Ipsum cursus vestibulum at interdum Vivamus nunc fringilla Curabitur ac quis. Nam lacinia wisi tortor orci quis vitae.</p>\n<p>Donec tellus Nulla lorem Nullam elit id ut elit feugiat lacus. Congue eget dapibus congue tincidunt senectus nibh risus Phasellus tristique justo. Justo Pellentesque Donec lobortis faucibus Vestibulum Praesent mauris volutpat vitae metus. Ipsum cursus vestibulum at interdum Vivamus nunc fringilla Curabitur ac quis. Nam lacinia wisi tortor orci quis vitae.Donec tellus Nulla lorem Nullam elit id ut elit feugiat lacus. Congue eget dapibus congue tincidunt senectus nibh risus Phasellus tristique justo. Justo Pellentesque Donec lobortis faucibus Vestibulum Praesent mauris volutpat vitae metus. Ipsum cursus vestibulum at interdum Vivamus nunc fringilla Curabitur ac quis. Nam lacinia wisi tortor orci quis vitae.Donec tellus Nulla lorem Nullam elit id ut elit feugiat lacus. Congue eget dapibus congue tincidunt senectus nibh risus Phasellus tristique justo. Justo Pellentesque Donec lobortis faucibus Vestibulum Praesent mauris volutpat vitae metus. Ipsum cursus vestibulum at interdum Vivamus nunc fringilla Curabitur ac quis. Nam lacinia wisi tortor orci quis vitae.</p>', '<p>Donec tellus Nulla lorem Nullam elit id ut elit feugiat lacus. Congue eget dapibus congue tincidunt senectus nibh risus Phasellus tristique justo. Justo Pellentesque Donec lobortis faucibus</p>', 'joomla,prestashop,leotheme'),
(12, 1, '', 'joomla,prestashop,leotheme,prestashop theme', 'Urna pretium elit mauris cursus Curabitur at elit Vestibulum', 'urna-pretium-elit-mauris-cursus-curabitur-at-elit-vestibulum', '<p>Mi vitae magnis Fusce laoreet nibh felis porttitor laoreet Vestibulum faucibus. At Nulla id tincidunt ut sed semper vel Lorem condimentum ornare. Laoreet Vestibulum lacinia massa a commodo habitasse velit Vestibulum tincidunt In. Turpis at eleifend leo mi elit Aenean porta ac sed faucibus. Nunc urna Morbi fringilla vitae orci convallis condimentum auctor sit dui. Urna pretium elit mauris cursus Curabitur at elit Vestibulum.</p>', '<p>Mi vitae magnis Fusce laoreet nibh felis porttitor laoreet Vestibulum faucibus. At Nulla id tincidunt ut sed semper vel Lorem condimentum ornare.</p>', 'Joomla'),
(13, 1, '', '', 'Urna pretium elit mauris cursus Curabitur at elit Vestibulum', 'urna-pretium-elit-mauris-cursus-curabitur-at-elit-vestibulum', '<p>Mi vitae magnis Fusce laoreet nibh felis porttitor laoreet Vestibulum faucibus. At Nulla id tincidunt ut sed semper vel Lorem condimentum ornare. Laoreet Vestibulum lacinia massa a commodo habitasse velit Vestibulum tincidunt In. Turpis at eleifend leo mi elit Aenean porta ac sed faucibus. Nunc urna Morbi fringilla vitae orci convallis condimentum auctor sit dui. Urna pretium elit mauris cursus Curabitur at elit Vestibulum. Mi vitae magnis Fusce laoreet nibh felis porttitor laoreet Vestibulum faucibus. At Nulla id tincidunt ut sed semper vel Lorem condimentum ornare. Laoreet Vestibulum lacinia massa a commodo habitasse velit Vestibulum tincidunt In. Turpis at eleifend leo mi elit Aenean porta ac sed faucibus. Nunc urna Morbi fringilla vitae orci convallis condimentum auctor sit dui. Urna pretium elit mauris cursus Curabitur at elit Vestibulum.</p>', '<p>Mi vitae magnis Fusce laoreet nibh felis porttitor laoreet Vestibulum faucibus. At Nulla id tincidunt ut sed semper vel Lorem condimentum ornare.</p>', 'leotheme,prestashop,theme'),
(14, 1, '', '', 'Morbi condimentum molestie Nam enim odio sodales', 'morbi-condimentum-molestie-nam-enim-odio-sodales', '<p>Odio ut pretium ligula quam Vestibulum consequat convallis fringilla Vestibulum nulla. Accumsan morbi tristique auctor. At risus pretium urna tortor metus fringilla interdum mauris tempor congue.</p><p>Commodo laoreet semper tincidunt lorem Vestibulum nunc at In Curabitur magna. Euismod euismod Suspendisse tortor ante adipiscing risus Aenean Lorem vitae id. Odio ut pretium ligula quam Vestibulum consequat convallis fringilla Vestibulum nulla. Accumsan morbi tristique auctor Aenean nulla lacinia Nullam elit vel vel. At risus pretium urna tortor metus fringilla interdum mauris tempor congue.</p><p>Donec tellus Nulla lorem Nullam elit id ut elit feugiat lacus. Congue eget dapibus congue tincidunt senectus nibh risus Phasellus tristique justo. Justo Pellentesque Donec lobortis faucibus Vestibulum Praesent mauris volutpat vitae metus. Ipsum cursus vestibulum at interdum Vivamus nunc fringilla Curabitur ac quis. Nam lacinia wisi tortor orci quis vitae.</p><p>Sed mauris Pellentesque elit Aliquam at lacus interdum nascetur elit ipsum. Enim ipsum hendrerit Suspendisse turpis laoreet fames tempus ligula pede ac. Et Lorem penatibus orci eu ultrices egestas Nam quam Vivamus nibh. Morbi condimentum molestie Nam enim odio sodales pretium eros sem pellentesque. Sit tellus Integer elit egestas lacus turpis id auctor nascetur ut. Ac elit vitae.</p><p>Mi vitae magnis Fusce laoreet nibh felis porttitor laoreet Vestibulum faucibus. At Nulla id tincidunt ut sed semper vel Lorem condimentum ornare. Laoreet Vestibulum lacinia massa a commodo habitasse velit Vestibulum tincidunt In. Turpis at eleifend leo mi elit Aenean porta ac sed faucibus. Nunc urna Morbi fringilla vitae orci convallis condimentum auctor sit dui. Urna pretium elit mauris cursus Curabitur at elit Vestibulum.</p>', '<p>Sed mauris Pellentesque elit Aliquam at lacus interdum nascetur elit ipsum. Enim ipsum hendrerit Suspendisse turpis laoreet fames tempus ligula pede ac. Et Lorem penatibus orci eu ultrices egestas Nam quam Vivamus nibh.</p>', 'leotheme,prestashop,magento,opencart'),
(15, 1, '', '', 'Turpis at eleifend leo mi elit Aenean porta ac sed faucibus', 'turpis-at-eleifend-leo-mi-elit-aenean-porta-ac-sed-faucibus', '<p>Odio ut pretium ligula quam Vestibulum consequat convallis fringilla Vestibulum nulla. Accumsan morbi tristique auctor. At risus pretium urna tortor metus fringilla interdum mauris tempor congue.</p><p>Commodo laoreet semper tincidunt lorem Vestibulum nunc at In Curabitur magna. Euismod euismod Suspendisse tortor ante adipiscing risus Aenean Lorem vitae id. Odio ut pretium ligula quam Vestibulum consequat convallis fringilla Vestibulum nulla. Accumsan morbi tristique auctor Aenean nulla lacinia Nullam elit vel vel. At risus pretium urna tortor metus fringilla interdum mauris tempor congue.</p>\n<p>Donec tellus Nulla lorem Nullam elit id ut elit feugiat lacus. Congue eget dapibus congue tincidunt senectus nibh risus Phasellus tristique justo. Justo Pellentesque Donec lobortis faucibus Vestibulum Praesent mauris volutpat vitae metus. Ipsum cursus vestibulum at interdum Vivamus nunc fringilla Curabitur ac quis. Nam lacinia wisi tortor orci quis vitae.</p>\n<p>Sed mauris Pellentesque elit Aliquam at lacus interdum nascetur elit ipsum. Enim ipsum hendrerit Suspendisse turpis laoreet fames tempus ligula pede ac. Et Lorem penatibus orci eu ultrices egestas Nam quam Vivamus nibh. Morbi condimentum molestie Nam enim odio sodales pretium eros sem pellentesque. Sit tellus Integer elit egestas lacus turpis id auctor nascetur ut. Ac elit vitae.</p>\n<p>Mi vitae magnis Fusce laoreet nibh felis porttitor laoreet Vestibulum faucibus. At Nulla id tincidunt ut sed semper vel Lorem condimentum ornare. Laoreet Vestibulum lacinia massa a commodo habitasse velit Vestibulum tincidunt In. Turpis at eleifend leo mi elit Aenean porta ac sed faucibus. Nunc urna Morbi fringilla vitae orci convallis condimentum auctor sit dui. Urna pretium elit mauris cursus Curabitur at elit Vestibulum.</p>', '<p>Turpis at eleifend leo mi elit Aenean porta ac sed faucibus. Nunc urna Morbi fringilla vitae orci convallis condimentum auctor sit dui. Urna pretium elit mauris cursus Curabitur at elit Vestibulum</p>', 'magento,opencart,template'),
(16, 1, '', '', 'Nullam ullamcorper nisl quis ornare molestie dolor sit amet, consectetur', 'nullam-ullamcorper-nisl-quis-ornare-molestie-dolor-sit-amet-consectetur', '<p>Sed ut perspiciatis unde omnis iste natus error sit voluptatem accusantium doloremque laudantium, totam rem aperiam, eaque ipsa quae ab illo inventore veritatis et quas.</p>\n<p>Suspendisse posuere, diam in bibendum lobortis, turpis ipsum aliquam risus, sit amet dictum ligula lorem non nisl. Ut vitae nibh id massa vulputate euismod ut quis justo. Ut bibendum sem at massa lacinia, eget elementum ante consectetur. Nulla id pharetra dui, at rhoncus urna. Maecenas non porttitor purus. Nullam ullamcorper nisl quis ornare molestie.</p>\n<p>Etiam eget erat est. Phasellus elit justo, mattis non lorem non, aliquam aliquam leo. Sed fermentum consectetur magna, eget semper ante. Aliquam scelerisque justo velit. Fusce cursus blandit dolor, in sodales urna vulputate lobortis. Nulla ut tellus turpis. Nullam lacus sem, volutpat id odio sed, cursus tristique eros. Duis at pellentesque magna. Donec magna nisi, vulputate ac nulla eu, ultricies tincidunt tellus. Nunc tincidunt sem urna, nec venenatis libero vehicula ut.</p>\n<p>Vestibulum ante ipsum primis in faucibus orci luctus et ultrices posuere cubilia Curae; Curabitur faucibus aliquam pulvinar. Vivamus mattis volutpat erat, et congue nisi semper quis. Cras vehicula dignissim libero in elementum. Mauris sit amet dolor justo. Morbi consequat velit vel est fermentum euismod. Curabitur in magna augue.</p>', '<p>Suspendisse posuere, diam in bibendum lobortis, turpis ipsum aliquam risus, sit amet dictum ligula lorem non nisl Urna pretium elit mauris cursus Curabitur at elit Vestibulum</p>', 'opencart,theme');

-- --------------------------------------------------------

--
-- Table structure for table `ps_leoblog_blog_shop`
--

CREATE TABLE `ps_leoblog_blog_shop` (
  `id_leoblog_blog` int(11) NOT NULL DEFAULT 0,
  `id_shop` int(11) NOT NULL DEFAULT 0
) ENGINE=InnoDB DEFAULT CHARSET=utf8;

--
-- Dumping data for table `ps_leoblog_blog_shop`
--

INSERT INTO `ps_leoblog_blog_shop` (`id_leoblog_blog`, `id_shop`) VALUES
(10, 1),
(11, 1),
(12, 1),
(13, 1),
(14, 1),
(15, 1),
(16, 1);

-- --------------------------------------------------------

--
-- Table structure for table `ps_leoblog_comment`
--

CREATE TABLE `ps_leoblog_comment` (
  `id_comment` int(11) UNSIGNED NOT NULL,
  `id_shop` int(11) NOT NULL DEFAULT 0,
  `id_leoblog_blog` int(11) UNSIGNED NOT NULL,
  `comment` text NOT NULL,
  `active` tinyint(1) NOT NULL DEFAULT 0,
  `date_add` datetime DEFAULT NULL,
  `user` varchar(255) NOT NULL,
  `email` varchar(255) NOT NULL
) ENGINE=InnoDB DEFAULT CHARSET=utf8;

--
-- Dumping data for table `ps_leoblog_comment`
--

INSERT INTO `ps_leoblog_comment` (`id_comment`, `id_shop`, `id_leoblog_blog`, `comment`, `active`, `date_add`, `user`, `email`) VALUES
(5, 1, 10, ' At Nulla id tincidunt ut sed semper vel Lorem condimentum ornare. Laoreet Vestibulum lacinia massa a commodo habitasse velit Vestibulum tincidunt In', 1, '2019-09-21 15:56:49', 'ha cong tien', 'tienhc@brainos.vn'),
(6, 1, 10, ' At Nulla id tincidunt ut sed semper vel Lorem condimentum ornare. Laoreet Vestibulum lacinia massa a commodo habitasse velit Vestibulum tincidunt In', 1, '2019-09-21 15:56:49', 'ha cong tien', 'tienhc@brainos.vn');

-- --------------------------------------------------------

--
-- Table structure for table `ps_leofeature_compare`
--

CREATE TABLE `ps_leofeature_compare` (
  `id_compare` int(10) UNSIGNED NOT NULL,
  `id_customer` int(10) UNSIGNED NOT NULL
) ENGINE=InnoDB DEFAULT CHARSET=utf8;

-- --------------------------------------------------------

--
-- Table structure for table `ps_leofeature_compare_product`
--

CREATE TABLE `ps_leofeature_compare_product` (
  `id_compare` int(10) UNSIGNED NOT NULL,
  `id_product` int(10) UNSIGNED NOT NULL,
  `date_add` datetime NOT NULL,
  `date_upd` datetime NOT NULL
) ENGINE=InnoDB DEFAULT CHARSET=utf8;

-- --------------------------------------------------------

--
-- Table structure for table `ps_leofeature_product_review`
--

CREATE TABLE `ps_leofeature_product_review` (
  `id_product_review` int(10) UNSIGNED NOT NULL,
  `id_product` int(10) UNSIGNED NOT NULL,
  `id_customer` int(10) UNSIGNED NOT NULL,
  `id_guest` int(10) UNSIGNED DEFAULT NULL,
  `title` varchar(64) DEFAULT NULL,
  `content` text NOT NULL,
  `customer_name` varchar(64) DEFAULT NULL,
  `grade` float UNSIGNED NOT NULL,
  `validate` tinyint(1) NOT NULL,
  `deleted` tinyint(1) NOT NULL,
  `date_add` datetime NOT NULL
) ENGINE=InnoDB DEFAULT CHARSET=utf8;

--
-- Dumping data for table `ps_leofeature_product_review`
--

INSERT INTO `ps_leofeature_product_review` (`id_product_review`, `id_product`, `id_customer`, `id_guest`, `title`, `content`, `customer_name`, `grade`, `validate`, `deleted`, `date_add`) VALUES
(1, 1, 2, 0, 'nice', 'beautifuly', 'de de', 4, 1, 0, '2019-09-21 15:56:50'),
(2, 1, 2, 0, 'sapientem et. ', 'Efficiendi comprehensam cum in, iisque eleifend neglegentur quo te. Est choro quodsi inciderint ', 'de de', 4, 1, 0, '2019-09-21 15:56:50'),
(3, 5, 2, 0, 'invidunt intellegat dissentias', 'tibique delectus maluisset. Idque nonumy consequat eum ne, appellantur definitionem id eum. Cu purto', 'de de', 3, 1, 0, '2019-09-21 15:56:50'),
(4, 4, 2, 0, 'ipsum dolor sit amet, mel paulo ', 'dolor sit amet, mel paulo sonet latine ad, vis te ridens oporteat, tale ipsum facilis pro ei. Utamur', 'de de', 5, 1, 0, '2019-09-21 15:56:50'),
(5, 1, 2, 0, 'mandamus sed id. ', 'comprehensam cum in, iisque eleifend neglegentur quo te. Est choro quodsi inciderint no', 'de de', 4, 1, 0, '2019-09-21 15:56:50'),
(6, 8, 0, 36, 'Easy to customize', 'I Love it', 'Antonie', 4, 1, 0, '2019-09-21 15:56:50');

-- --------------------------------------------------------

--
-- Table structure for table `ps_leofeature_product_review_criterion`
--

CREATE TABLE `ps_leofeature_product_review_criterion` (
  `id_product_review_criterion` int(10) UNSIGNED NOT NULL,
  `id_product_review_criterion_type` tinyint(1) NOT NULL,
  `active` tinyint(1) NOT NULL
) ENGINE=InnoDB DEFAULT CHARSET=utf8;

--
-- Dumping data for table `ps_leofeature_product_review_criterion`
--

INSERT INTO `ps_leofeature_product_review_criterion` (`id_product_review_criterion`, `id_product_review_criterion_type`, `active`) VALUES
(2, 1, 1);

-- --------------------------------------------------------

--
-- Table structure for table `ps_leofeature_product_review_criterion_category`
--

CREATE TABLE `ps_leofeature_product_review_criterion_category` (
  `id_product_review_criterion` int(10) UNSIGNED NOT NULL,
  `id_category` int(10) UNSIGNED NOT NULL
) ENGINE=InnoDB DEFAULT CHARSET=utf8;

-- --------------------------------------------------------

--
-- Table structure for table `ps_leofeature_product_review_criterion_lang`
--

CREATE TABLE `ps_leofeature_product_review_criterion_lang` (
  `id_product_review_criterion` int(11) UNSIGNED NOT NULL,
  `id_lang` int(11) UNSIGNED NOT NULL,
  `name` varchar(64) NOT NULL
) ENGINE=InnoDB DEFAULT CHARSET=utf8;

--
-- Dumping data for table `ps_leofeature_product_review_criterion_lang`
--

INSERT INTO `ps_leofeature_product_review_criterion_lang` (`id_product_review_criterion`, `id_lang`, `name`) VALUES
(2, 1, 'Quality');

-- --------------------------------------------------------

--
-- Table structure for table `ps_leofeature_product_review_criterion_product`
--

CREATE TABLE `ps_leofeature_product_review_criterion_product` (
  `id_product` int(10) UNSIGNED NOT NULL,
  `id_product_review_criterion` int(10) UNSIGNED NOT NULL
) ENGINE=InnoDB DEFAULT CHARSET=utf8;

-- --------------------------------------------------------

--
-- Table structure for table `ps_leofeature_product_review_grade`
--

CREATE TABLE `ps_leofeature_product_review_grade` (
  `id_product_review_grade` int(10) UNSIGNED NOT NULL,
  `id_product_review` int(10) UNSIGNED NOT NULL,
  `id_product_review_criterion` int(10) UNSIGNED NOT NULL,
  `grade` int(10) UNSIGNED NOT NULL
) ENGINE=InnoDB DEFAULT CHARSET=utf8;

--
-- Dumping data for table `ps_leofeature_product_review_grade`
--

INSERT INTO `ps_leofeature_product_review_grade` (`id_product_review_grade`, `id_product_review`, `id_product_review_criterion`, `grade`) VALUES
(1, 2, 2, 4),
(2, 3, 2, 3),
(3, 4, 2, 5),
(4, 5, 2, 4),
(5, 6, 2, 4);

-- --------------------------------------------------------

--
-- Table structure for table `ps_leofeature_product_review_report`
--

CREATE TABLE `ps_leofeature_product_review_report` (
  `id_product_review` int(10) UNSIGNED NOT NULL,
  `id_customer` int(10) UNSIGNED NOT NULL
) ENGINE=InnoDB DEFAULT CHARSET=utf8;

-- --------------------------------------------------------

--
-- Table structure for table `ps_leofeature_product_review_usefulness`
--

CREATE TABLE `ps_leofeature_product_review_usefulness` (
  `id_product_review` int(10) UNSIGNED NOT NULL,
  `id_customer` int(10) UNSIGNED NOT NULL,
  `usefulness` tinyint(1) UNSIGNED NOT NULL
) ENGINE=InnoDB DEFAULT CHARSET=utf8;

-- --------------------------------------------------------

--
-- Table structure for table `ps_leofeature_wishlist_product`
--

CREATE TABLE `ps_leofeature_wishlist_product` (
  `id_wishlist_product` int(10) NOT NULL,
  `id_wishlist` int(10) UNSIGNED NOT NULL,
  `id_product` int(10) UNSIGNED NOT NULL,
  `id_product_attribute` int(10) UNSIGNED NOT NULL,
  `quantity` int(10) UNSIGNED NOT NULL,
  `priority` int(10) UNSIGNED NOT NULL
) ENGINE=InnoDB DEFAULT CHARSET=utf8;

--
-- Dumping data for table `ps_leofeature_wishlist_product`
--

INSERT INTO `ps_leofeature_wishlist_product` (`id_wishlist_product`, `id_wishlist`, `id_product`, `id_product_attribute`, `quantity`, `priority`) VALUES
(1, 1, 66, 0, 1, 1),
(2, 1, 7, 0, 1, 1);

-- --------------------------------------------------------

--
-- Table structure for table `ps_leoslideshow_groups`
--

CREATE TABLE `ps_leoslideshow_groups` (
  `id_leoslideshow_groups` int(10) UNSIGNED NOT NULL,
  `title` varchar(255) NOT NULL,
  `id_shop` int(10) UNSIGNED NOT NULL,
  `hook` varchar(64) DEFAULT NULL,
  `active` tinyint(1) UNSIGNED NOT NULL DEFAULT 1,
  `params` text NOT NULL,
  `active_ap` tinyint(1) DEFAULT NULL,
  `randkey` varchar(255) DEFAULT NULL
) ENGINE=InnoDB DEFAULT CHARSET=utf8;

--
-- Dumping data for table `ps_leoslideshow_groups`
--

INSERT INTO `ps_leoslideshow_groups` (`id_leoslideshow_groups`, `title`, `id_shop`, `hook`, `active`, `params`, `active_ap`, `randkey`) VALUES
(2, 'slider 1', 1, '', 1, 'eyJkZWxheSI6IjkwMDAiLCJzdGFydF93aXRoX3NsaWRlIjoiMSIsInRpbWVyX3Nob3ciOiIyIiwic3RvcF9vbl9ob3ZlciI6IjEiLCJzaHVmZmxlX21vZGUiOiIwIiwiZnVsbHdpZHRoIjoiZnVsbHdpZHRoIiwibWRfd2lkdGgiOiIxMiIsInNtX3dpZHRoIjoiMTIiLCJ4c193aWR0aCI6IjEyIiwiaW1hZ2VfY3JvcHBpbmciOiIwIiwid2lkdGgiOiIxOTIwIiwiaGVpZ2h0IjoiODAwIiwibWFyZ2luIjoiMHB4IiwicGFkZGluZyI6IjBweCIsImJhY2tncm91bmRfaW1hZ2UiOiIxIiwiYmFja2dyb3VuZF91cmwiOiIiLCJiYWNrZ3JvdW5kX2NvbG9yIjoiI2ZmZmZmZiIsImdyb3VwX2NsYXNzIjoiIiwiY29udHJvbE5hdiI6IjEiLCJuYXZpZ2F0b3JfdHlwZSI6ImJ1bGxldCIsImVuYWJsZV9jdXN0b21faHRtbF9idWxsZXQiOiIwIiwiY29udHJvbE5hdlRvb2x0aXAiOiIwIiwidG9vbHRpcFgiOiI1IiwidG9vbHRpcFkiOiItNSIsIm5hdl90aHVtYm5haWxfd2lkdGgiOiIiLCJuYXZfdGh1bWJuYWlsX2hlaWdodCI6IiIsImNvbnRyb2xOYXZIb3Zlck9wYWNpdHkiOiIwLjYiLCJkaXJlY3Rpb25OYXYiOiIxIiwiZGlyZWN0aW9uTmF2SG92ZXJPcGFjaXR5IjoiMC42Iiwia2V5Ym9hcmROYXYiOiIxIiwidGltZXIiOiIzNjBCYXIiLCJ0aW1lclBvc2l0aW9uIjoidG9wLXJpZ2h0IiwidGltZXJYIjoiMTAiLCJ0aW1lclkiOiIxMCIsInRpbWVyT3BhY2l0eSI6IjAuNSIsInRpbWVyQmciOiIjMDAwIiwidGltZXJDb2xvciI6IiNFRUUiLCJ0aW1lckRpYW1ldGVyIjoiMzAiLCJ0aW1lclBhZGRpbmciOiI0IiwidGltZXJTdHJva2UiOiIzIiwidGltZXJCYXJTdHJva2UiOiIxIiwidGltZXJCYXJTdHJva2VDb2xvciI6IiNFRUUiLCJ0aW1lckJhclN0cm9rZVN0eWxlIjoic29saWQiLCJmeCI6InJhbmRvbSIsImFuaW1hdGlvblNwZWVkIjoiNTAwIiwic3RyaXBzIjoiMjAiLCJibG9ja0NvbHMiOiIxMCIsImJsb2NrUm93cyI6IjUiLCJjYXB0aW9uU3BlZWQiOiI1MDAiLCJjYXB0aW9uT3BhY2l0eSI6IjEifQ==', 1, '6b2561f2648f633e01c062ddd58cac5f'),
(3, 'Slider2', 1, '', 1, 'eyJkZWxheSI6IjkwMDAiLCJzdGFydF93aXRoX3NsaWRlIjoiMSIsInRpbWVyX3Nob3ciOiIzIiwic3RvcF9vbl9ob3ZlciI6IjEiLCJzaHVmZmxlX21vZGUiOiIwIiwiZnVsbHdpZHRoIjoiZnVsbHdpZHRoIiwibWRfd2lkdGgiOiI4Iiwic21fd2lkdGgiOiI4IiwieHNfd2lkdGgiOiI4IiwiaW1hZ2VfY3JvcHBpbmciOiIxIiwid2lkdGgiOiI1MDAiLCJoZWlnaHQiOiI2MDAiLCJtYXJnaW4iOiIwcHggMHB4IDE4cHgiLCJwYWRkaW5nIjoiNXB4IDVweCIsImJhY2tncm91bmRfaW1hZ2UiOiIxIiwiYmFja2dyb3VuZF91cmwiOiIiLCJiYWNrZ3JvdW5kX2NvbG9yIjoiI2Q5ZDlkOSIsImdyb3VwX2NsYXNzIjoiIiwiY29udHJvbE5hdiI6IjAiLCJuYXZpZ2F0b3JfdHlwZSI6InRodW1ibmFpbCIsImVuYWJsZV9jdXN0b21faHRtbF9idWxsZXQiOiIwIiwiY29udHJvbE5hdlRvb2x0aXAiOiIxIiwidG9vbHRpcFgiOiI1IiwidG9vbHRpcFkiOiItNSIsIm5hdl90aHVtYm5haWxfd2lkdGgiOiIiLCJuYXZfdGh1bWJuYWlsX2hlaWdodCI6IiIsImNvbnRyb2xOYXZIb3Zlck9wYWNpdHkiOiIwLjYiLCJkaXJlY3Rpb25OYXYiOiIxIiwiZGlyZWN0aW9uTmF2SG92ZXJPcGFjaXR5IjoiMC42Iiwia2V5Ym9hcmROYXYiOiIxIiwidGltZXIiOiIzNjBCYXIiLCJ0aW1lclBvc2l0aW9uIjoidG9wLXJpZ2h0IiwidGltZXJYIjoiMTAiLCJ0aW1lclkiOiIxMCIsInRpbWVyT3BhY2l0eSI6IjAuNSIsInRpbWVyQmciOiIjMDAwIiwidGltZXJDb2xvciI6IiNFRUUiLCJ0aW1lckRpYW1ldGVyIjoiMzAiLCJ0aW1lclBhZGRpbmciOiI0IiwidGltZXJTdHJva2UiOiIzIiwidGltZXJCYXJTdHJva2UiOiIxIiwidGltZXJCYXJTdHJva2VDb2xvciI6IiNFRUUiLCJ0aW1lckJhclN0cm9rZVN0eWxlIjoic29saWQiLCJmeCI6InJhbmRvbSIsImFuaW1hdGlvblNwZWVkIjoiNTAwIiwic3RyaXBzIjoiMjAiLCJibG9ja0NvbHMiOiIxMCIsImJsb2NrUm93cyI6IjUiLCJjYXB0aW9uU3BlZWQiOiI1MDAiLCJjYXB0aW9uT3BhY2l0eSI6IjEifQ==', 1, '39c7e9fc5eda8521bed86fa66ce827e5');

-- --------------------------------------------------------

--
-- Table structure for table `ps_leoslideshow_slides`
--

CREATE TABLE `ps_leoslideshow_slides` (
  `id_leoslideshow_slides` int(10) UNSIGNED NOT NULL,
  `id_group` int(11) NOT NULL,
  `position` int(10) UNSIGNED NOT NULL DEFAULT 0,
  `active` tinyint(1) UNSIGNED NOT NULL DEFAULT 1,
  `params` text NOT NULL
) ENGINE=InnoDB DEFAULT CHARSET=utf8;

--
-- Dumping data for table `ps_leoslideshow_slides`
--

INSERT INTO `ps_leoslideshow_slides` (`id_leoslideshow_slides`, `id_group`, `position`, `active`, `params`) VALUES
(4, 2, 4, 0, 'eyJkZWxheSI6IjUwMDAiLCJncm91cF9pZCI6IjIiLCJlbmFibGVfbGluayI6IjEiLCJ0YXJnZXQiOiJzYW1lIiwic3RhcnRfZGF0ZV90aW1lIjoiIiwiZW5kX2RhdGVfdGltZSI6IiIsImJ1bGxldF9jbGFzcyI6IiJ9'),
(5, 2, 5, 0, 'eyJkZWxheSI6IjUwMDAiLCJncm91cF9pZCI6IjE5IiwiZW5hYmxlX2xpbmsiOiIxIiwidGFyZ2V0Ijoic2FtZSIsInN0YXJ0X2RhdGVfdGltZSI6IiIsImVuZF9kYXRlX3RpbWUiOiIiLCJidWxsZXRfY2xhc3MiOiIifQ=='),
(6, 2, 6, 0, 'eyJkZWxheSI6IjUwMDAiLCJncm91cF9pZCI6IjE5IiwiZW5hYmxlX2xpbmsiOiIxIiwidGFyZ2V0Ijoic2FtZSIsInN0YXJ0X2RhdGVfdGltZSI6IiIsImVuZF9kYXRlX3RpbWUiOiIiLCJidWxsZXRfY2xhc3MiOiIifQ=='),
(7, 2, 1, 0, 'eyJkZWxheSI6IjUwMDAiLCJncm91cF9pZCI6IjIiLCJlbmFibGVfbGluayI6IjEiLCJ0YXJnZXQiOiJzYW1lIiwic3RhcnRfZGF0ZV90aW1lIjoiIiwiZW5kX2RhdGVfdGltZSI6IiIsImJ1bGxldF9jbGFzcyI6IiJ9'),
(8, 2, 2, 0, 'eyJkZWxheSI6IjUwMDAiLCJncm91cF9pZCI6IjIiLCJlbmFibGVfbGluayI6IjEiLCJ0YXJnZXQiOiJzYW1lIiwic3RhcnRfZGF0ZV90aW1lIjoiIiwiZW5kX2RhdGVfdGltZSI6IiIsImJ1bGxldF9jbGFzcyI6IiJ9'),
(9, 2, 0, 1, 'eyJkZWxheSI6IjUwMDAiLCJncm91cF9pZCI6IjIiLCJlbmFibGVfbGluayI6IjEiLCJ0YXJnZXQiOiJzYW1lIiwic3RhcnRfZGF0ZV90aW1lIjoiIiwiZW5kX2RhdGVfdGltZSI6IiIsImJ1bGxldF9jbGFzcyI6IiJ9'),
(10, 2, 3, 0, 'eyJkZWxheSI6IjUwMDAiLCJncm91cF9pZCI6IjIiLCJlbmFibGVfbGluayI6IjEiLCJ0YXJnZXQiOiJzYW1lIiwic3RhcnRfZGF0ZV90aW1lIjoiIiwiZW5kX2RhdGVfdGltZSI6IiIsImJ1bGxldF9jbGFzcyI6IiJ9'),
(12, 3, 0, 1, 'eyJkZWxheSI6IjUwMDAiLCJncm91cF9pZCI6IjMiLCJlbmFibGVfbGluayI6IjEiLCJ0YXJnZXQiOiJuZXciLCJzdGFydF9kYXRlX3RpbWUiOiIiLCJlbmRfZGF0ZV90aW1lIjoiIiwiYnVsbGV0X2NsYXNzIjoiIn0='),
(13, 3, 0, 1, 'eyJkZWxheSI6IjUwMDAiLCJncm91cF9pZCI6IjMiLCJlbmFibGVfbGluayI6IjEiLCJ0YXJnZXQiOiJzYW1lIiwic3RhcnRfZGF0ZV90aW1lIjoiIiwiZW5kX2RhdGVfdGltZSI6IiIsImJ1bGxldF9jbGFzcyI6IiJ9');

-- --------------------------------------------------------

--
-- Table structure for table `ps_leoslideshow_slides_lang`
--

CREATE TABLE `ps_leoslideshow_slides_lang` (
  `id_leoslideshow_slides` int(10) UNSIGNED NOT NULL,
  `id_lang` int(10) UNSIGNED NOT NULL,
  `title` varchar(255) NOT NULL,
  `link` varchar(255) NOT NULL,
  `image` varchar(255) NOT NULL,
  `thumbnail` varchar(255) NOT NULL,
  `video` text DEFAULT NULL,
  `layersparams` text DEFAULT NULL
) ENGINE=InnoDB DEFAULT CHARSET=utf8;

--
-- Dumping data for table `ps_leoslideshow_slides_lang`
--

INSERT INTO `ps_leoslideshow_slides_lang` (`id_leoslideshow_slides`, `id_lang`, `title`, `link`, `image`, `thumbnail`, `video`, `layersparams`) VALUES
(4, 1, 'slide 1', '', 'slide-1.jpg', '', 'eyJ1c2V2aWRlbyI6IjAiLCJ2aWRlb2lkIjoiIiwidmlkZW9hdXRvIjoiMCIsImJhY2tncm91bmRfY29sb3IiOiIiLCJidWxsZXRfZGVzY3JpcHRpb24iOiIifQ==', 'W3sibGF5ZXJfdmlkZW9fdHlwZSI6InlvdXR1YmUiLCJsYXllcl92aWRlb19pZCI6IiIsImxheWVyX3ZpZGVvX2hlaWdodCI6IjIwMCIsImxheWVyX3ZpZGVvX3dpZHRoIjoiMzAwIiwibGF5ZXJfdmlkZW9fdGh1bWIiOiIiLCJsYXllcl9pZCI6IjFfMSIsImxheWVyX2NvbnRlbnQiOiIiLCJsYXllcl90eXBlIjoidGV4dCIsImxheWVyX3N0YXR1cyI6IjEiLCJsYXllcl9jbGFzcyI6ImJpZ19ibGFjayIsImxheWVyX2NhcHRpb24iOiJOb3V2ZWF1IiwibGF5ZXJfZm9udF9zaXplIjoiIiwibGF5ZXJfYmFja2dyb3VuZF9jb2xvciI6IiIsImxheWVyX2NvbG9yIjoiIiwibGF5ZXJfbGluayI6IiIsImxheWVyX3RhcmdldCI6InNhbWUiLCJsYXllcl90b3AiOiIyNzMiLCJsYXllcl9sZWZ0IjoiOTU5IiwibGF5ZXJfdHJhbnNpdGlvbiI6ImV4cGFuZGxlZnQiLCJ0aW1lX3N0YXJ0IjpudWxsfSx7ImxheWVyX3ZpZGVvX3R5cGUiOiJ5b3V0dWJlIiwibGF5ZXJfdmlkZW9faWQiOiIiLCJsYXllcl92aWRlb19oZWlnaHQiOiIyMDAiLCJsYXllcl92aWRlb193aWR0aCI6IjMwMCIsImxheWVyX3ZpZGVvX3RodW1iIjoiIiwibGF5ZXJfaWQiOiIxXzIiLCJsYXllcl9jb250ZW50IjoiIiwibGF5ZXJfdHlwZSI6InRleHQiLCJsYXllcl9zdGF0dXMiOiIxIiwibGF5ZXJfY2xhc3MiOiJtZWRpdW1fZ3JleSIsImxheWVyX2NhcHRpb24iOiJKZSB2b3VkcmFpcyBwYXJ0YWdlciBhdmVjIHZvdXMsIEh1Z28gQm9vcyBkZSBkZXJuaWVyIHNwb3J0c3dlYXIgYXV0b21uZS1oaXZlciA8YnI+bG9va2Jvb2sgZGUgbGEgY29sbGVjdGlvbiwgcXVpIGVzdCBwbGVpbiBkZSBsb29rcyBkXHUwMGMzXHUwMGE5Y29udHJhY3RcdTAwYzNcdTAwYTlzIGV0IGNoYXJtYW50cyIsImxheWVyX2ZvbnRfc2l6ZSI6IiIsImxheWVyX2JhY2tncm91bmRfY29sb3IiOiIiLCJsYXllcl9jb2xvciI6IiIsImxheWVyX2xpbmsiOiIiLCJsYXllcl90YXJnZXQiOiJzYW1lIiwibGF5ZXJfdG9wIjoiNDI2IiwibGF5ZXJfbGVmdCI6Ijk2MSIsImxheWVyX3RyYW5zaXRpb24iOiJleHBhbmRsZWZ0IiwidGltZV9zdGFydCI6bnVsbH0seyJsYXllcl92aWRlb190eXBlIjoieW91dHViZSIsImxheWVyX3ZpZGVvX2lkIjoiIiwibGF5ZXJfdmlkZW9faGVpZ2h0IjoiMjAwIiwibGF5ZXJfdmlkZW9fd2lkdGgiOiIzMDAiLCJsYXllcl92aWRlb190aHVtYiI6IiIsImxheWVyX2lkIjoiMV8zIiwibGF5ZXJfY29udGVudCI6IiIsImxheWVyX3R5cGUiOiJ0ZXh0IiwibGF5ZXJfc3RhdHVzIjoiMSIsImxheWVyX2NsYXNzIjoiYnRuIiwibGF5ZXJfY2FwdGlvbiI6IkJvdXRpcXVlIG1haW50ZW5hbnQiLCJsYXllcl9mb250X3NpemUiOiIiLCJsYXllcl9iYWNrZ3JvdW5kX2NvbG9yIjoiIiwibGF5ZXJfY29sb3IiOiIiLCJsYXllcl9saW5rIjoiMy1Nb3ZpYyIsImxheWVyX3RhcmdldCI6InNhbWUiLCJsYXllcl90b3AiOiI1MDYiLCJsYXllcl9sZWZ0IjoiOTYzIiwibGF5ZXJfdHJhbnNpdGlvbiI6ImV4cGFuZGxlZnQiLCJ0aW1lX3N0YXJ0IjpudWxsfV0='),
(5, 1, 'Duplicate of slide 1', '', 'slide-2.jpg', '', 'eyJ1c2V2aWRlbyI6IjAiLCJ2aWRlb2lkIjoiIiwidmlkZW9hdXRvIjoiMCIsImJhY2tncm91bmRfY29sb3IiOiIiLCJidWxsZXRfZGVzY3JpcHRpb24iOiIifQ==', 'W3sibGF5ZXJfdmlkZW9fdHlwZSI6InlvdXR1YmUiLCJsYXllcl92aWRlb19pZCI6IiIsImxheWVyX3ZpZGVvX2hlaWdodCI6IjIwMCIsImxheWVyX3ZpZGVvX3dpZHRoIjoiMzAwIiwibGF5ZXJfdmlkZW9fdGh1bWIiOiIiLCJsYXllcl9pZCI6IjJfMSIsImxheWVyX2NvbnRlbnQiOiIiLCJsYXllcl90eXBlIjoidGV4dCIsImxheWVyX3N0YXR1cyI6IjEiLCJsYXllcl9jbGFzcyI6ImJpZ19ibGFjayIsImxheWVyX2NhcHRpb24iOiJOb3V2ZWF1IiwibGF5ZXJfZm9udF9zaXplIjoiIiwibGF5ZXJfYmFja2dyb3VuZF9jb2xvciI6IiIsImxheWVyX2NvbG9yIjoiIiwibGF5ZXJfbGluayI6IiIsImxheWVyX3RhcmdldCI6InNhbWUiLCJsYXllcl90b3AiOiIyNzMiLCJsYXllcl9sZWZ0IjoiOTU5IiwibGF5ZXJfdHJhbnNpdGlvbiI6ImV4cGFuZGxlZnQiLCJ0aW1lX3N0YXJ0IjpudWxsfSx7ImxheWVyX3ZpZGVvX3R5cGUiOiJ5b3V0dWJlIiwibGF5ZXJfdmlkZW9faWQiOiIiLCJsYXllcl92aWRlb19oZWlnaHQiOiIyMDAiLCJsYXllcl92aWRlb193aWR0aCI6IjMwMCIsImxheWVyX3ZpZGVvX3RodW1iIjoiIiwibGF5ZXJfaWQiOiIyXzIiLCJsYXllcl9jb250ZW50IjoiIiwibGF5ZXJfdHlwZSI6InRleHQiLCJsYXllcl9zdGF0dXMiOiIxIiwibGF5ZXJfY2xhc3MiOiJ2ZXJ5X2JpZ19ibGFjayIsImxheWVyX2NhcHRpb24iOiJTdHlsZSAyMDE3IiwibGF5ZXJfZm9udF9zaXplIjoiIiwibGF5ZXJfYmFja2dyb3VuZF9jb2xvciI6IiIsImxheWVyX2NvbG9yIjoiIiwibGF5ZXJfbGluayI6IiIsImxheWVyX3RhcmdldCI6InNhbWUiLCJsYXllcl90b3AiOiIzMzQiLCJsYXllcl9sZWZ0IjoiOTU5IiwibGF5ZXJfdHJhbnNpdGlvbiI6ImV4cGFuZGxlZnQiLCJ0aW1lX3N0YXJ0IjpudWxsfSx7ImxheWVyX3ZpZGVvX3R5cGUiOiJ5b3V0dWJlIiwibGF5ZXJfdmlkZW9faWQiOiIiLCJsYXllcl92aWRlb19oZWlnaHQiOiIyMDAiLCJsYXllcl92aWRlb193aWR0aCI6IjMwMCIsImxheWVyX3ZpZGVvX3RodW1iIjoiIiwibGF5ZXJfaWQiOiIyXzMiLCJsYXllcl9jb250ZW50IjoiIiwibGF5ZXJfdHlwZSI6InRleHQiLCJsYXllcl9zdGF0dXMiOiIxIiwibGF5ZXJfY2xhc3MiOiJtZWRpdW1fZ3JleSIsImxheWVyX2NhcHRpb24iOiJKZSB2b3VkcmFpcyBwYXJ0YWdlciBhdmVjIHZvdXMsIEh1Z28gQm9vcyBkZSBkZXJuaWVyIHNwb3J0c3dlYXIgYXV0b21uZS1oaXZlciA8YnI+bG9va2Jvb2sgZGUgbGEgY29sbGVjdGlvbiwgcXVpIGVzdCBwbGVpbiBkZSBsb29rcyBkXHUwMGMzXHUwMGE5Y29udHJhY3RcdTAwYzNcdTAwYTlzIGV0IGNoYXJtYW50cyIsImxheWVyX2ZvbnRfc2l6ZSI6IiIsImxheWVyX2JhY2tncm91bmRfY29sb3IiOiIiLCJsYXllcl9jb2xvciI6IiIsImxheWVyX2xpbmsiOiIiLCJsYXllcl90YXJnZXQiOiJzYW1lIiwibGF5ZXJfdG9wIjoiNDI2IiwibGF5ZXJfbGVmdCI6Ijk2MSIsImxheWVyX3RyYW5zaXRpb24iOiJleHBhbmRsZWZ0IiwidGltZV9zdGFydCI6bnVsbH0seyJsYXllcl92aWRlb190eXBlIjoieW91dHViZSIsImxheWVyX3ZpZGVvX2lkIjoiIiwibGF5ZXJfdmlkZW9faGVpZ2h0IjoiMjAwIiwibGF5ZXJfdmlkZW9fd2lkdGgiOiIzMDAiLCJsYXllcl92aWRlb190aHVtYiI6IiIsImxheWVyX2lkIjoiMl80IiwibGF5ZXJfY29udGVudCI6IiIsImxheWVyX3R5cGUiOiJ0ZXh0IiwibGF5ZXJfc3RhdHVzIjoiMSIsImxheWVyX2NsYXNzIjoiYnRuIiwibGF5ZXJfY2FwdGlvbiI6IkJvdXRpcXVlIG1haW50ZW5hbnQiLCJsYXllcl9mb250X3NpemUiOiIiLCJsYXllcl9iYWNrZ3JvdW5kX2NvbG9yIjoiIiwibGF5ZXJfY29sb3IiOiIiLCJsYXllcl9saW5rIjoiMy1Nb3ZpYyIsImxheWVyX3RhcmdldCI6InNhbWUiLCJsYXllcl90b3AiOiI1MDYiLCJsYXllcl9sZWZ0IjoiOTYzIiwibGF5ZXJfdHJhbnNpdGlvbiI6ImV4cGFuZGxlZnQiLCJ0aW1lX3N0YXJ0IjpudWxsfV0='),
(6, 1, 'Duplicate of slide 1', '', 'slide-3.jpg', '', 'eyJ1c2V2aWRlbyI6IjAiLCJ2aWRlb2lkIjoiIiwidmlkZW9hdXRvIjoiMCIsImJhY2tncm91bmRfY29sb3IiOiIiLCJidWxsZXRfZGVzY3JpcHRpb24iOiIifQ==', 'W3sibGF5ZXJfdmlkZW9fdHlwZSI6InlvdXR1YmUiLCJsYXllcl92aWRlb19pZCI6IiIsImxheWVyX3ZpZGVvX2hlaWdodCI6IjIwMCIsImxheWVyX3ZpZGVvX3dpZHRoIjoiMzAwIiwibGF5ZXJfdmlkZW9fdGh1bWIiOiIiLCJsYXllcl9pZCI6IjJfMSIsImxheWVyX2NvbnRlbnQiOiIiLCJsYXllcl90eXBlIjoidGV4dCIsImxheWVyX3N0YXR1cyI6IjEiLCJsYXllcl9jbGFzcyI6ImJpZ19ibGFjayIsImxheWVyX2NhcHRpb24iOiJOb3V2ZWF1IiwibGF5ZXJfZm9udF9zaXplIjoiIiwibGF5ZXJfYmFja2dyb3VuZF9jb2xvciI6IiIsImxheWVyX2NvbG9yIjoiIiwibGF5ZXJfbGluayI6IiIsImxheWVyX3RhcmdldCI6InNhbWUiLCJsYXllcl90b3AiOiIyNzMiLCJsYXllcl9sZWZ0IjoiOTU5IiwibGF5ZXJfdHJhbnNpdGlvbiI6ImV4cGFuZGxlZnQiLCJ0aW1lX3N0YXJ0IjpudWxsfSx7ImxheWVyX3ZpZGVvX3R5cGUiOiJ5b3V0dWJlIiwibGF5ZXJfdmlkZW9faWQiOiIiLCJsYXllcl92aWRlb19oZWlnaHQiOiIyMDAiLCJsYXllcl92aWRlb193aWR0aCI6IjMwMCIsImxheWVyX3ZpZGVvX3RodW1iIjoiIiwibGF5ZXJfaWQiOiIyXzIiLCJsYXllcl9jb250ZW50IjoiIiwibGF5ZXJfdHlwZSI6InRleHQiLCJsYXllcl9zdGF0dXMiOiIxIiwibGF5ZXJfY2xhc3MiOiJ2ZXJ5X2JpZ19ibGFjayIsImxheWVyX2NhcHRpb24iOiJTdHlsZSAyMDE3IiwibGF5ZXJfZm9udF9zaXplIjoiIiwibGF5ZXJfYmFja2dyb3VuZF9jb2xvciI6IiIsImxheWVyX2NvbG9yIjoiIiwibGF5ZXJfbGluayI6IiIsImxheWVyX3RhcmdldCI6InNhbWUiLCJsYXllcl90b3AiOiIzMzQiLCJsYXllcl9sZWZ0IjoiOTU5IiwibGF5ZXJfdHJhbnNpdGlvbiI6ImV4cGFuZGxlZnQiLCJ0aW1lX3N0YXJ0IjpudWxsfSx7ImxheWVyX3ZpZGVvX3R5cGUiOiJ5b3V0dWJlIiwibGF5ZXJfdmlkZW9faWQiOiIiLCJsYXllcl92aWRlb19oZWlnaHQiOiIyMDAiLCJsYXllcl92aWRlb193aWR0aCI6IjMwMCIsImxheWVyX3ZpZGVvX3RodW1iIjoiIiwibGF5ZXJfaWQiOiIyXzMiLCJsYXllcl9jb250ZW50IjoiIiwibGF5ZXJfdHlwZSI6InRleHQiLCJsYXllcl9zdGF0dXMiOiIxIiwibGF5ZXJfY2xhc3MiOiJtZWRpdW1fZ3JleSIsImxheWVyX2NhcHRpb24iOiJKZSB2b3VkcmFpcyBwYXJ0YWdlciBhdmVjIHZvdXMsIEh1Z28gQm9vcyBkZSBkZXJuaWVyIHNwb3J0c3dlYXIgYXV0b21uZS1oaXZlciA8YnI+bG9va2Jvb2sgZGUgbGEgY29sbGVjdGlvbiwgcXVpIGVzdCBwbGVpbiBkZSBsb29rcyBkXHUwMGMzXHUwMGE5Y29udHJhY3RcdTAwYzNcdTAwYTlzIGV0IGNoYXJtYW50cyIsImxheWVyX2ZvbnRfc2l6ZSI6IiIsImxheWVyX2JhY2tncm91bmRfY29sb3IiOiIiLCJsYXllcl9jb2xvciI6IiIsImxheWVyX2xpbmsiOiIiLCJsYXllcl90YXJnZXQiOiJzYW1lIiwibGF5ZXJfdG9wIjoiNDI2IiwibGF5ZXJfbGVmdCI6Ijk2MSIsImxheWVyX3RyYW5zaXRpb24iOiJleHBhbmRsZWZ0IiwidGltZV9zdGFydCI6bnVsbH0seyJsYXllcl92aWRlb190eXBlIjoieW91dHViZSIsImxheWVyX3ZpZGVvX2lkIjoiIiwibGF5ZXJfdmlkZW9faGVpZ2h0IjoiMjAwIiwibGF5ZXJfdmlkZW9fd2lkdGgiOiIzMDAiLCJsYXllcl92aWRlb190aHVtYiI6IiIsImxheWVyX2lkIjoiMl80IiwibGF5ZXJfY29udGVudCI6IiIsImxheWVyX3R5cGUiOiJ0ZXh0IiwibGF5ZXJfc3RhdHVzIjoiMSIsImxheWVyX2NsYXNzIjoiYnRuIiwibGF5ZXJfY2FwdGlvbiI6IkJvdXRpcXVlIG1haW50ZW5hbnQiLCJsYXllcl9mb250X3NpemUiOiIiLCJsYXllcl9iYWNrZ3JvdW5kX2NvbG9yIjoiIiwibGF5ZXJfY29sb3IiOiIiLCJsYXllcl9saW5rIjoiMy1Nb3ZpYyIsImxheWVyX3RhcmdldCI6InNhbWUiLCJsYXllcl90b3AiOiI1MDYiLCJsYXllcl9sZWZ0IjoiOTYzIiwibGF5ZXJfdHJhbnNpdGlvbiI6ImV4cGFuZGxlZnQiLCJ0aW1lX3N0YXJ0IjpudWxsfV0='),
(7, 1, 'ventilateurs', '', 'slideshow-catalogue-2019.png', '', 'eyJ1c2V2aWRlbyI6IjAiLCJ2aWRlb2lkIjoiIiwidmlkZW9hdXRvIjoiMCIsImJhY2tncm91bmRfY29sb3IiOiIiLCJidWxsZXRfZGVzY3JpcHRpb24iOiIifQ==', 'W3sibGF5ZXJfdmlkZW9fdHlwZSI6InlvdXR1YmUiLCJsYXllcl92aWRlb19pZCI6IiIsImxheWVyX3ZpZGVvX2hlaWdodCI6IjIwMCIsImxheWVyX3ZpZGVvX3dpZHRoIjoiMzAwIiwibGF5ZXJfdmlkZW9fdGh1bWIiOiIiLCJsYXllcl9pZCI6IjFfMSIsImxheWVyX2NvbnRlbnQiOiIiLCJsYXllcl90eXBlIjoiaW1hZ2UiLCJsYXllcl9zdGF0dXMiOiIxIiwibGF5ZXJfY2xhc3MiOiIiLCJsYXllcl9jYXB0aW9uIjoiWW91ciBJbWFnZSBIZXJlIDEiLCJsYXllcl9mb250X3NpemUiOiIiLCJsYXllcl9iYWNrZ3JvdW5kX2NvbG9yIjoiIiwibGF5ZXJfY29sb3IiOiIiLCJsYXllcl9saW5rIjoiIiwibGF5ZXJfdGFyZ2V0Ijoic2FtZSIsImxheWVyX3RvcCI6IjAiLCJsYXllcl9sZWZ0IjoiMCIsImxheWVyX3RyYW5zaXRpb24iOiJmYWRlIiwidGltZV9zdGFydCI6bnVsbH0seyJsYXllcl92aWRlb190eXBlIjoieW91dHViZSIsImxheWVyX3ZpZGVvX2lkIjoiIiwibGF5ZXJfdmlkZW9faGVpZ2h0IjoiMjAwIiwibGF5ZXJfdmlkZW9fd2lkdGgiOiIzMDAiLCJsYXllcl92aWRlb190aHVtYiI6IiIsImxheWVyX2lkIjoiMV8yIiwibGF5ZXJfY29udGVudCI6IiIsImxheWVyX3R5cGUiOiJpbWFnZSIsImxheWVyX3N0YXR1cyI6IjEiLCJsYXllcl9jbGFzcyI6IiIsImxheWVyX2NhcHRpb24iOiJZb3VyIEltYWdlIEhlcmUgMiIsImxheWVyX2ZvbnRfc2l6ZSI6IiIsImxheWVyX2JhY2tncm91bmRfY29sb3IiOiIiLCJsYXllcl9jb2xvciI6IiIsImxheWVyX2xpbmsiOiIiLCJsYXllcl90YXJnZXQiOiJzYW1lIiwibGF5ZXJfdG9wIjoiMCIsImxheWVyX2xlZnQiOiIwIiwibGF5ZXJfdHJhbnNpdGlvbiI6ImZhZGUiLCJ0aW1lX3N0YXJ0IjpudWxsfSx7ImxheWVyX3ZpZGVvX3R5cGUiOiJ5b3V0dWJlIiwibGF5ZXJfdmlkZW9faWQiOiIiLCJsYXllcl92aWRlb19oZWlnaHQiOiIyMDAiLCJsYXllcl92aWRlb193aWR0aCI6IjMwMCIsImxheWVyX3ZpZGVvX3RodW1iIjoiIiwibGF5ZXJfaWQiOiIxXzMiLCJsYXllcl9jb250ZW50IjoidmVudGlsYXRldXItcGxhc3RpcXVlMy5wbmciLCJsYXllcl90eXBlIjoiaW1hZ2UiLCJsYXllcl9zdGF0dXMiOiIxIiwibGF5ZXJfY2xhc3MiOiIiLCJsYXllcl9jYXB0aW9uIjoiWW91ciBJbWFnZSBIZXJlIDMiLCJsYXllcl9mb250X3NpemUiOiIiLCJsYXllcl9iYWNrZ3JvdW5kX2NvbG9yIjoiIiwibGF5ZXJfY29sb3IiOiIiLCJsYXllcl9saW5rIjoiIiwibGF5ZXJfdGFyZ2V0Ijoic2FtZSIsImxheWVyX3RvcCI6Ii0yMDAiLCJsYXllcl9sZWZ0IjoiMCIsImxheWVyX3RyYW5zaXRpb24iOiJmYWRlIiwidGltZV9zdGFydCI6bnVsbH1d'),
(8, 1, 'AFX9', '', '', '', 'eyJ1c2V2aWRlbyI6IjAiLCJ2aWRlb2lkIjoiIiwidmlkZW9hdXRvIjoiMCIsImJhY2tncm91bmRfY29sb3IiOiIiLCJidWxsZXRfZGVzY3JpcHRpb24iOiIifQ==', 'W3sibGF5ZXJfdmlkZW9fdHlwZSI6InlvdXR1YmUiLCJsYXllcl92aWRlb19pZCI6IiIsImxheWVyX3ZpZGVvX2hlaWdodCI6IjIwMCIsImxheWVyX3ZpZGVvX3dpZHRoIjoiMzAwIiwibGF5ZXJfdmlkZW9fdGh1bWIiOiIiLCJsYXllcl9pZCI6IjFfMSIsImxheWVyX2NvbnRlbnQiOiJBRlg5LVNsaWRlc2hvdy5wbmciLCJsYXllcl90eXBlIjoiaW1hZ2UiLCJsYXllcl9zdGF0dXMiOiIxIiwibGF5ZXJfY2xhc3MiOiIiLCJsYXllcl9jYXB0aW9uIjoiQUZYIDkgIiwibGF5ZXJfZm9udF9zaXplIjoiMjRweCIsImxheWVyX2JhY2tncm91bmRfY29sb3IiOiIiLCJsYXllcl9jb2xvciI6IiMyYTljZmYiLCJsYXllcl9saW5rIjoiIiwibGF5ZXJfdGFyZ2V0Ijoic2FtZSIsImxheWVyX3RvcCI6IjAiLCJsYXllcl9sZWZ0IjoiMCIsImxheWVyX3RyYW5zaXRpb24iOiJmYWRlIiwidGltZV9zdGFydCI6bnVsbH0seyJsYXllcl92aWRlb190eXBlIjoieW91dHViZSIsImxheWVyX3ZpZGVvX2lkIjoiIiwibGF5ZXJfdmlkZW9faGVpZ2h0IjoiMjAwIiwibGF5ZXJfdmlkZW9fd2lkdGgiOiIzMDAiLCJsYXllcl92aWRlb190aHVtYiI6IiIsImxheWVyX2lkIjoiMV8yIiwibGF5ZXJfY29udGVudCI6IkFGWDktU2xpZGVzaG93LnBuZyIsImxheWVyX3R5cGUiOiJ0ZXh0IiwibGF5ZXJfc3RhdHVzIjoiMCIsImxheWVyX2NsYXNzIjoiIiwibGF5ZXJfY2FwdGlvbiI6Ik5PVVZFQVUiLCJsYXllcl9mb250X3NpemUiOiIzOHB4IiwibGF5ZXJfYmFja2dyb3VuZF9jb2xvciI6IiIsImxheWVyX2NvbG9yIjoiIiwibGF5ZXJfbGluayI6IiIsImxheWVyX3RhcmdldCI6InNhbWUiLCJsYXllcl90b3AiOiIxODciLCJsYXllcl9sZWZ0IjoiOTEyIiwibGF5ZXJfdHJhbnNpdGlvbiI6ImZhZGUiLCJ0aW1lX3N0YXJ0IjpudWxsfSx7ImxheWVyX3ZpZGVvX3R5cGUiOiJ5b3V0dWJlIiwibGF5ZXJfdmlkZW9faWQiOiIiLCJsYXllcl92aWRlb19oZWlnaHQiOiIyMDAiLCJsYXllcl92aWRlb193aWR0aCI6IjMwMCIsImxheWVyX3ZpZGVvX3RodW1iIjoiIiwibGF5ZXJfaWQiOiIxXzMiLCJsYXllcl9jb250ZW50IjoiQUZYOS1TbGlkZXNob3cucG5nIiwibGF5ZXJfdHlwZSI6InRleHQiLCJsYXllcl9zdGF0dXMiOiIxIiwibGF5ZXJfY2xhc3MiOiIiLCJsYXllcl9jYXB0aW9uIjoiQUZYOSIsImxheWVyX2ZvbnRfc2l6ZSI6IjY3cHgiLCJsYXllcl9iYWNrZ3JvdW5kX2NvbG9yIjoiIiwibGF5ZXJfY29sb3IiOiIiLCJsYXllcl9saW5rIjoiIiwibGF5ZXJfdGFyZ2V0Ijoic2FtZSIsImxheWVyX3RvcCI6IjY0MyIsImxheWVyX2xlZnQiOiI5MjkiLCJsYXllcl90cmFuc2l0aW9uIjoiZmFkZSIsInRpbWVfc3RhcnQiOm51bGx9XQ=='),
(9, 1, 'AFX9 et BDV', '', '', '', 'eyJ1c2V2aWRlbyI6IjAiLCJ2aWRlb2lkIjoiIiwidmlkZW9hdXRvIjoiMCIsImJhY2tncm91bmRfY29sb3IiOiIiLCJidWxsZXRfZGVzY3JpcHRpb24iOiIifQ==', 'W3sibGF5ZXJfdmlkZW9fdHlwZSI6InlvdXR1YmUiLCJsYXllcl92aWRlb19pZCI6IiIsImxheWVyX3ZpZGVvX2hlaWdodCI6IjIwMCIsImxheWVyX3ZpZGVvX3dpZHRoIjoiMzAwIiwibGF5ZXJfdmlkZW9fdGh1bWIiOiIiLCJsYXllcl9pZCI6IjFfMSIsImxheWVyX2NvbnRlbnQiOiJBRlg5LTItU2xpZGVzaG93LnBuZyIsImxheWVyX3R5cGUiOiJpbWFnZSIsImxheWVyX3N0YXR1cyI6IjEiLCJsYXllcl9jbGFzcyI6IiIsImxheWVyX2NhcHRpb24iOiJzbGlkZSBBRlg5IiwibGF5ZXJfZm9udF9zaXplIjoiIiwibGF5ZXJfYmFja2dyb3VuZF9jb2xvciI6IiNmNWY4ZjkiLCJsYXllcl9jb2xvciI6IiNmNWY4ZjkiLCJsYXllcl9saW5rIjoiIiwibGF5ZXJfdGFyZ2V0Ijoic2FtZSIsImxheWVyX3RvcCI6IjAiLCJsYXllcl9sZWZ0IjoiMCIsImxheWVyX3RyYW5zaXRpb24iOiJmYWRlIiwidGltZV9zdGFydCI6bnVsbH0seyJsYXllcl92aWRlb190eXBlIjoieW91dHViZSIsImxheWVyX3ZpZGVvX2lkIjoiIiwibGF5ZXJfdmlkZW9faGVpZ2h0IjoiMjAwIiwibGF5ZXJfdmlkZW9fd2lkdGgiOiIzMDAiLCJsYXllcl92aWRlb190aHVtYiI6IiIsImxheWVyX2lkIjoiMV8yIiwibGF5ZXJfY29udGVudCI6InNsaWRlc2hvdy1CRFYucG5nIiwibGF5ZXJfdHlwZSI6InRleHQiLCJsYXllcl9zdGF0dXMiOiIxIiwibGF5ZXJfY2xhc3MiOiIiLCJsYXllcl9jYXB0aW9uIjoiTk9VVkVBVSAiLCJsYXllcl9mb250X3NpemUiOiIzN3B4IiwibGF5ZXJfYmFja2dyb3VuZF9jb2xvciI6IiIsImxheWVyX2NvbG9yIjoiIiwibGF5ZXJfbGluayI6IiIsImxheWVyX3RhcmdldCI6InNhbWUiLCJsYXllcl90b3AiOiI2MTYiLCJsYXllcl9sZWZ0IjoiOTE1IiwibGF5ZXJfdHJhbnNpdGlvbiI6ImZhZGUiLCJ0aW1lX3N0YXJ0IjpudWxsfSx7ImxheWVyX3ZpZGVvX3R5cGUiOiJ5b3V0dWJlIiwibGF5ZXJfdmlkZW9faWQiOiIiLCJsYXllcl92aWRlb19oZWlnaHQiOiIyMDAiLCJsYXllcl92aWRlb193aWR0aCI6IjMwMCIsImxheWVyX3ZpZGVvX3RodW1iIjoiIiwibGF5ZXJfaWQiOiIxXzMiLCJsYXllcl9jb250ZW50Ijoic2xpZGVzaG93LUJEVi5wbmciLCJsYXllcl90eXBlIjoidGV4dCIsImxheWVyX3N0YXR1cyI6IjEiLCJsYXllcl9jbGFzcyI6IiIsImxheWVyX2NhcHRpb24iOiJBRlg5IiwibGF5ZXJfZm9udF9zaXplIjoiNDRweCIsImxheWVyX2JhY2tncm91bmRfY29sb3IiOiIiLCJsYXllcl9jb2xvciI6IiIsImxheWVyX2xpbmsiOiIiLCJsYXllcl90YXJnZXQiOiJzYW1lIiwibGF5ZXJfdG9wIjoiNjcwIiwibGF5ZXJfbGVmdCI6Ijk0OSIsImxheWVyX3RyYW5zaXRpb24iOiJmYWRlIiwidGltZV9zdGFydCI6bnVsbH1d'),
(10, 1, 'BDV', '', '', '', 'eyJ1c2V2aWRlbyI6IjAiLCJ2aWRlb2lkIjoiIiwidmlkZW9hdXRvIjoiMCIsImJhY2tncm91bmRfY29sb3IiOiIiLCJidWxsZXRfZGVzY3JpcHRpb24iOiIifQ==', 'W3sibGF5ZXJfdmlkZW9fdHlwZSI6InlvdXR1YmUiLCJsYXllcl92aWRlb19pZCI6IiIsImxheWVyX3ZpZGVvX2hlaWdodCI6IjIwMCIsImxheWVyX3ZpZGVvX3dpZHRoIjoiMzAwIiwibGF5ZXJfdmlkZW9fdGh1bWIiOiIiLCJsYXllcl9pZCI6IjFfMSIsImxheWVyX2NvbnRlbnQiOiJBRlg5LTItU2xpZGVzaG93LnBuZyIsImxheWVyX3R5cGUiOiJpbWFnZSIsImxheWVyX3N0YXR1cyI6IjEiLCJsYXllcl9jbGFzcyI6IiIsImxheWVyX2NhcHRpb24iOiJzbGlkZSBBRlg5IiwibGF5ZXJfZm9udF9zaXplIjoiIiwibGF5ZXJfYmFja2dyb3VuZF9jb2xvciI6IiIsImxheWVyX2NvbG9yIjoiIiwibGF5ZXJfbGluayI6IiIsImxheWVyX3RhcmdldCI6InNhbWUiLCJsYXllcl90b3AiOiIwIiwibGF5ZXJfbGVmdCI6IjAiLCJsYXllcl90cmFuc2l0aW9uIjoiZmFkZSIsInRpbWVfc3RhcnQiOm51bGx9LHsibGF5ZXJfdmlkZW9fdHlwZSI6InlvdXR1YmUiLCJsYXllcl92aWRlb19pZCI6IiIsImxheWVyX3ZpZGVvX2hlaWdodCI6IjIwMCIsImxheWVyX3ZpZGVvX3dpZHRoIjoiMzAwIiwibGF5ZXJfdmlkZW9fdGh1bWIiOiIiLCJsYXllcl9pZCI6IjFfMiIsImxheWVyX2NvbnRlbnQiOiJzbGlkZXNob3ctQkRWLnBuZyIsImxheWVyX3R5cGUiOiJpbWFnZSIsImxheWVyX3N0YXR1cyI6IjAiLCJsYXllcl9jbGFzcyI6IiIsImxheWVyX2NhcHRpb24iOiJCRFYgc2xpZGUiLCJsYXllcl9mb250X3NpemUiOiIiLCJsYXllcl9iYWNrZ3JvdW5kX2NvbG9yIjoiIiwibGF5ZXJfY29sb3IiOiIiLCJsYXllcl9saW5rIjoiIiwibGF5ZXJfdGFyZ2V0Ijoic2FtZSIsImxheWVyX3RvcCI6IjAiLCJsYXllcl9sZWZ0IjoiMCIsImxheWVyX3RyYW5zaXRpb24iOiJmYWRlIiwidGltZV9zdGFydCI6bnVsbH1d'),
(12, 1, 'Catalogue', 'https://comelec.fr/telechargements/catalogue/CAT_COMELEC_2019.pdf', '', '', 'eyJ1c2V2aWRlbyI6IjAiLCJ2aWRlb2lkIjoiIiwidmlkZW9hdXRvIjoiMCIsImJhY2tncm91bmRfY29sb3IiOiIiLCJidWxsZXRfZGVzY3JpcHRpb24iOiIifQ==', 'W3sibGF5ZXJfdmlkZW9fdHlwZSI6InlvdXR1YmUiLCJsYXllcl92aWRlb19pZCI6IiIsImxheWVyX3ZpZGVvX2hlaWdodCI6IjIwMCIsImxheWVyX3ZpZGVvX3dpZHRoIjoiMzAwIiwibGF5ZXJfdmlkZW9fdGh1bWIiOiIiLCJsYXllcl9pZCI6IjFfMSIsImxheWVyX2NvbnRlbnQiOiJzbGlkZS5wbmciLCJsYXllcl90eXBlIjoiaW1hZ2UiLCJsYXllcl9zdGF0dXMiOiIxIiwibGF5ZXJfY2xhc3MiOiIiLCJsYXllcl9jYXB0aW9uIjoiVFx1MDBjM1x1MDBhOWxcdTAwYzNcdTAwYTljaGFyZ2VyIGxlIGNhdGFsb2d1ZSIsImxheWVyX2ZvbnRfc2l6ZSI6IiIsImxheWVyX2JhY2tncm91bmRfY29sb3IiOiIiLCJsYXllcl9jb2xvciI6IiIsImxheWVyX2xpbmsiOiJodHRwczpcL1wvY29tZWxlYy5mclwvdGVsZWNoYXJnZW1lbnRzXC9jYXRhbG9ndWVcL0NBVF9DT01FTEVDXzIwMTkucGRmIiwibGF5ZXJfdGFyZ2V0IjoibmV3IiwibGF5ZXJfdG9wIjoiMCIsImxheWVyX2xlZnQiOiIwIiwibGF5ZXJfdHJhbnNpdGlvbiI6ImZhZGUiLCJ0aW1lX3N0YXJ0IjpudWxsfV0='),
(13, 1, 'Plaquette', '', '', '', 'eyJ1c2V2aWRlbyI6IjAiLCJ2aWRlb2lkIjoiIiwidmlkZW9hdXRvIjoiMCIsImJhY2tncm91bmRfY29sb3IiOiIiLCJidWxsZXRfZGVzY3JpcHRpb24iOiIifQ==', 'W3sibGF5ZXJfdmlkZW9fdHlwZSI6InlvdXR1YmUiLCJsYXllcl92aWRlb19pZCI6IiIsImxheWVyX3ZpZGVvX2hlaWdodCI6IjIwMCIsImxheWVyX3ZpZGVvX3dpZHRoIjoiMzAwIiwibGF5ZXJfdmlkZW9fdGh1bWIiOiIiLCJsYXllcl9pZCI6IjFfMSIsImxheWVyX2NvbnRlbnQiOiJwbGFxdWV0dGUtU1lTVEVNRS1DT01NVU5JQ0FOVC1kZS1MQUJPUkFUT0lSRS1FQ1JPLnBuZyIsImxheWVyX3R5cGUiOiJpbWFnZSIsImxheWVyX3N0YXR1cyI6IjEiLCJsYXllcl9jbGFzcyI6IiIsImxheWVyX2NhcHRpb24iOiJUXHUwMGMzXHUwMGE5bFx1MDBjM1x1MDBhOWNoYXJnZXIgbGEgcGxhcXVldHRlIiwibGF5ZXJfZm9udF9zaXplIjoiIiwibGF5ZXJfYmFja2dyb3VuZF9jb2xvciI6IiIsImxheWVyX2NvbG9yIjoiIiwibGF5ZXJfbGluayI6IiIsImxheWVyX3RhcmdldCI6InNhbWUiLCJsYXllcl90b3AiOiIwIiwibGF5ZXJfbGVmdCI6IjAiLCJsYXllcl90cmFuc2l0aW9uIjoiZmFkZSIsInRpbWVfc3RhcnQiOm51bGx9LHsibGF5ZXJfdmlkZW9fdHlwZSI6InlvdXR1YmUiLCJsYXllcl92aWRlb19pZCI6IiIsImxheWVyX3ZpZGVvX2hlaWdodCI6IjIwMCIsImxheWVyX3ZpZGVvX3dpZHRoIjoiMzAwIiwibGF5ZXJfdmlkZW9fdGh1bWIiOiIiLCJsYXllcl9pZCI6IjFfMiIsImxheWVyX2NvbnRlbnQiOiJwbGFxdWV0dGUucG5nIiwibGF5ZXJfdHlwZSI6ImltYWdlIiwibGF5ZXJfc3RhdHVzIjoiMSIsImxheWVyX2NsYXNzIjoiIiwibGF5ZXJfY2FwdGlvbiI6IlBsYXF1ZXR0ZSIsImxheWVyX2ZvbnRfc2l6ZSI6IiIsImxheWVyX2JhY2tncm91bmRfY29sb3IiOiIiLCJsYXllcl9jb2xvciI6IiIsImxheWVyX2xpbmsiOiJodHRwczpcL1wvY29tZWxlYy5mclwvdGVsZWNoYXJnZW1lbnRzXC9jYXRhbG9ndWVcL3BsYXF1ZXR0ZS1TWVNURU1FLUNPTU1VTklDQU5ULWRlLUxBQk9SQVRPSVJFLUVDUk8ucG5nIiwibGF5ZXJfdGFyZ2V0IjoibmV3IiwibGF5ZXJfdG9wIjoiMCIsImxheWVyX2xlZnQiOiIwIiwibGF5ZXJfdHJhbnNpdGlvbiI6ImZhZGUiLCJ0aW1lX3N0YXJ0IjpudWxsfV0=');

-- --------------------------------------------------------

--
-- Table structure for table `ps_linksmenutop`
--

CREATE TABLE `ps_linksmenutop` (
  `id_linksmenutop` int(10) UNSIGNED NOT NULL,
  `id_shop` int(11) UNSIGNED NOT NULL,
  `new_window` tinyint(1) NOT NULL
) ENGINE=InnoDB DEFAULT CHARSET=utf8;

-- --------------------------------------------------------

--
-- Table structure for table `ps_linksmenutop_lang`
--

CREATE TABLE `ps_linksmenutop_lang` (
  `id_linksmenutop` int(11) UNSIGNED NOT NULL,
  `id_lang` int(11) UNSIGNED NOT NULL,
  `id_shop` int(11) UNSIGNED NOT NULL,
  `label` varchar(128) NOT NULL,
  `link` varchar(128) NOT NULL
) ENGINE=InnoDB DEFAULT CHARSET=utf8;

-- --------------------------------------------------------

--
-- Table structure for table `ps_link_block`
--

CREATE TABLE `ps_link_block` (
  `id_link_block` int(10) UNSIGNED NOT NULL,
  `id_hook` int(1) UNSIGNED DEFAULT NULL,
  `position` int(10) UNSIGNED NOT NULL DEFAULT 0,
  `content` text DEFAULT NULL
) ENGINE=InnoDB DEFAULT CHARSET=utf8;

--
-- Dumping data for table `ps_link_block`
--

INSERT INTO `ps_link_block` (`id_link_block`, `id_hook`, `position`, `content`) VALUES
(1, 35, 0, '{\"cms\":[false],\"product\":[\"prices-drop\",\"new-products\",\"best-sales\"],\"static\":[false]}'),
(2, 35, 1, '{\"cms\":[\"1\",\"2\",\"3\",\"4\",\"5\"],\"product\":[false],\"static\":[\"contact\",\"sitemap\",\"stores\"]}');

-- --------------------------------------------------------

--
-- Table structure for table `ps_link_block_lang`
--

CREATE TABLE `ps_link_block_lang` (
  `id_link_block` int(10) UNSIGNED NOT NULL,
  `id_lang` int(10) UNSIGNED NOT NULL,
  `name` varchar(40) NOT NULL DEFAULT '',
  `custom_content` text DEFAULT NULL
) ENGINE=InnoDB DEFAULT CHARSET=utf8;

--
-- Dumping data for table `ps_link_block_lang`
--

INSERT INTO `ps_link_block_lang` (`id_link_block`, `id_lang`, `name`, `custom_content`) VALUES
(1, 1, 'Produits', NULL),
(2, 1, 'Notre société', NULL);

-- --------------------------------------------------------

--
-- Table structure for table `ps_link_block_shop`
--

CREATE TABLE `ps_link_block_shop` (
  `id_link_block` int(10) UNSIGNED NOT NULL,
  `id_shop` int(10) UNSIGNED NOT NULL
) ENGINE=InnoDB DEFAULT CHARSET=utf8;

-- --------------------------------------------------------

--
-- Table structure for table `ps_log`
--

CREATE TABLE `ps_log` (
  `id_log` int(10) UNSIGNED NOT NULL,
  `severity` tinyint(1) NOT NULL,
  `error_code` int(11) DEFAULT NULL,
  `message` text NOT NULL,
  `object_type` varchar(32) DEFAULT NULL,
  `object_id` int(10) UNSIGNED DEFAULT NULL,
  `id_employee` int(10) UNSIGNED DEFAULT NULL,
  `date_add` datetime NOT NULL,
  `date_upd` datetime NOT NULL
) ENGINE=InnoDB DEFAULT CHARSET=utf8;

--
-- Dumping data for table `ps_log`
--

INSERT INTO `ps_log` (`id_log`, `severity`, `error_code`, `message`, `object_type`, `object_id`, `id_employee`, `date_add`, `date_upd`) VALUES
(1, 1, 0, 'Exporting mail with theme modern for language Français (French)', '', 0, 0, '2019-09-21 15:44:26', '2019-09-21 15:44:26'),
(2, 1, 0, 'Core output folder: /home/comelec/public_html/mails', '', 0, 0, '2019-09-21 15:44:26', '2019-09-21 15:44:26'),
(3, 1, 0, 'Modules output folder: /home/comelec/public_html/modules/', '', 0, 0, '2019-09-21 15:44:26', '2019-09-21 15:44:26'),
(4, 1, 0, 'Generate html template account at /home/comelec/public_html/mails/fr/account.html', '', 0, 0, '2019-09-21 15:44:27', '2019-09-21 15:44:27'),
(5, 1, 0, 'Generate txt template account at /home/comelec/public_html/mails/fr/account.txt', '', 0, 0, '2019-09-21 15:44:27', '2019-09-21 15:44:27'),
(6, 1, 0, 'Generate html template backoffice_order at /home/comelec/public_html/mails/fr/backoffice_order.html', '', 0, 0, '2019-09-21 15:44:27', '2019-09-21 15:44:27'),
(7, 1, 0, 'Generate txt template backoffice_order at /home/comelec/public_html/mails/fr/backoffice_order.txt', '', 0, 0, '2019-09-21 15:44:27', '2019-09-21 15:44:27'),
(8, 1, 0, 'Generate html template bankwire at /home/comelec/public_html/mails/fr/bankwire.html', '', 0, 0, '2019-09-21 15:44:27', '2019-09-21 15:44:27'),
(9, 1, 0, 'Generate txt template bankwire at /home/comelec/public_html/mails/fr/bankwire.txt', '', 0, 0, '2019-09-21 15:44:27', '2019-09-21 15:44:27'),
(10, 1, 0, 'Generate html template cheque at /home/comelec/public_html/mails/fr/cheque.html', '', 0, 0, '2019-09-21 15:44:27', '2019-09-21 15:44:27'),
(11, 1, 0, 'Generate txt template cheque at /home/comelec/public_html/mails/fr/cheque.txt', '', 0, 0, '2019-09-21 15:44:27', '2019-09-21 15:44:27'),
(12, 1, 0, 'Generate html template contact at /home/comelec/public_html/mails/fr/contact.html', '', 0, 0, '2019-09-21 15:44:27', '2019-09-21 15:44:27'),
(13, 1, 0, 'Generate txt template contact at /home/comelec/public_html/mails/fr/contact.txt', '', 0, 0, '2019-09-21 15:44:27', '2019-09-21 15:44:27'),
(14, 1, 0, 'Generate html template contact_form at /home/comelec/public_html/mails/fr/contact_form.html', '', 0, 0, '2019-09-21 15:44:28', '2019-09-21 15:44:28'),
(15, 1, 0, 'Generate txt template contact_form at /home/comelec/public_html/mails/fr/contact_form.txt', '', 0, 0, '2019-09-21 15:44:28', '2019-09-21 15:44:28'),
(16, 1, 0, 'Generate html template credit_slip at /home/comelec/public_html/mails/fr/credit_slip.html', '', 0, 0, '2019-09-21 15:44:28', '2019-09-21 15:44:28'),
(17, 1, 0, 'Generate txt template credit_slip at /home/comelec/public_html/mails/fr/credit_slip.txt', '', 0, 0, '2019-09-21 15:44:28', '2019-09-21 15:44:28'),
(18, 1, 0, 'Generate html template download_product at /home/comelec/public_html/mails/fr/download_product.html', '', 0, 0, '2019-09-21 15:44:28', '2019-09-21 15:44:28'),
(19, 1, 0, 'Generate txt template download_product at /home/comelec/public_html/mails/fr/download_product.txt', '', 0, 0, '2019-09-21 15:44:28', '2019-09-21 15:44:28'),
(20, 1, 0, 'Generate html template employee_password at /home/comelec/public_html/mails/fr/employee_password.html', '', 0, 0, '2019-09-21 15:44:28', '2019-09-21 15:44:28'),
(21, 1, 0, 'Generate txt template employee_password at /home/comelec/public_html/mails/fr/employee_password.txt', '', 0, 0, '2019-09-21 15:44:28', '2019-09-21 15:44:28'),
(22, 1, 0, 'Generate html template forward_msg at /home/comelec/public_html/mails/fr/forward_msg.html', '', 0, 0, '2019-09-21 15:44:28', '2019-09-21 15:44:28'),
(23, 1, 0, 'Generate txt template forward_msg at /home/comelec/public_html/mails/fr/forward_msg.txt', '', 0, 0, '2019-09-21 15:44:28', '2019-09-21 15:44:28'),
(24, 1, 0, 'Generate html template guest_to_customer at /home/comelec/public_html/mails/fr/guest_to_customer.html', '', 0, 0, '2019-09-21 15:44:28', '2019-09-21 15:44:28'),
(25, 1, 0, 'Generate txt template guest_to_customer at /home/comelec/public_html/mails/fr/guest_to_customer.txt', '', 0, 0, '2019-09-21 15:44:28', '2019-09-21 15:44:28'),
(26, 1, 0, 'Generate html template import at /home/comelec/public_html/mails/fr/import.html', '', 0, 0, '2019-09-21 15:44:28', '2019-09-21 15:44:28'),
(27, 1, 0, 'Generate txt template import at /home/comelec/public_html/mails/fr/import.txt', '', 0, 0, '2019-09-21 15:44:28', '2019-09-21 15:44:28'),
(28, 1, 0, 'Generate html template in_transit at /home/comelec/public_html/mails/fr/in_transit.html', '', 0, 0, '2019-09-21 15:44:28', '2019-09-21 15:44:28'),
(29, 1, 0, 'Generate txt template in_transit at /home/comelec/public_html/mails/fr/in_transit.txt', '', 0, 0, '2019-09-21 15:44:28', '2019-09-21 15:44:28'),
(30, 1, 0, 'Generate html template log_alert at /home/comelec/public_html/mails/fr/log_alert.html', '', 0, 0, '2019-09-21 15:44:28', '2019-09-21 15:44:28'),
(31, 1, 0, 'Generate txt template log_alert at /home/comelec/public_html/mails/fr/log_alert.txt', '', 0, 0, '2019-09-21 15:44:28', '2019-09-21 15:44:28'),
(32, 1, 0, 'Generate html template newsletter at /home/comelec/public_html/mails/fr/newsletter.html', '', 0, 0, '2019-09-21 15:44:28', '2019-09-21 15:44:28'),
(33, 1, 0, 'Generate txt template newsletter at /home/comelec/public_html/mails/fr/newsletter.txt', '', 0, 0, '2019-09-21 15:44:28', '2019-09-21 15:44:28'),
(34, 1, 0, 'Generate html template order_canceled at /home/comelec/public_html/mails/fr/order_canceled.html', '', 0, 0, '2019-09-21 15:44:28', '2019-09-21 15:44:28'),
(35, 1, 0, 'Generate txt template order_canceled at /home/comelec/public_html/mails/fr/order_canceled.txt', '', 0, 0, '2019-09-21 15:44:28', '2019-09-21 15:44:28'),
(36, 1, 0, 'Generate html template order_changed at /home/comelec/public_html/mails/fr/order_changed.html', '', 0, 0, '2019-09-21 15:44:28', '2019-09-21 15:44:28'),
(37, 1, 0, 'Generate txt template order_changed at /home/comelec/public_html/mails/fr/order_changed.txt', '', 0, 0, '2019-09-21 15:44:28', '2019-09-21 15:44:28'),
(38, 1, 0, 'Generate html template order_conf at /home/comelec/public_html/mails/fr/order_conf.html', '', 0, 0, '2019-09-21 15:44:28', '2019-09-21 15:44:28'),
(39, 1, 0, 'Generate txt template order_conf at /home/comelec/public_html/mails/fr/order_conf.txt', '', 0, 0, '2019-09-21 15:44:28', '2019-09-21 15:44:28'),
(40, 1, 0, 'Generate html template order_customer_comment at /home/comelec/public_html/mails/fr/order_customer_comment.html', '', 0, 0, '2019-09-21 15:44:28', '2019-09-21 15:44:28'),
(41, 1, 0, 'Generate txt template order_customer_comment at /home/comelec/public_html/mails/fr/order_customer_comment.txt', '', 0, 0, '2019-09-21 15:44:28', '2019-09-21 15:44:28'),
(42, 1, 0, 'Generate html template order_merchant_comment at /home/comelec/public_html/mails/fr/order_merchant_comment.html', '', 0, 0, '2019-09-21 15:44:28', '2019-09-21 15:44:28'),
(43, 1, 0, 'Generate txt template order_merchant_comment at /home/comelec/public_html/mails/fr/order_merchant_comment.txt', '', 0, 0, '2019-09-21 15:44:28', '2019-09-21 15:44:28'),
(44, 1, 0, 'Generate html template order_return_state at /home/comelec/public_html/mails/fr/order_return_state.html', '', 0, 0, '2019-09-21 15:44:28', '2019-09-21 15:44:28'),
(45, 1, 0, 'Generate txt template order_return_state at /home/comelec/public_html/mails/fr/order_return_state.txt', '', 0, 0, '2019-09-21 15:44:28', '2019-09-21 15:44:28'),
(46, 1, 0, 'Generate html template outofstock at /home/comelec/public_html/mails/fr/outofstock.html', '', 0, 0, '2019-09-21 15:44:28', '2019-09-21 15:44:28'),
(47, 1, 0, 'Generate txt template outofstock at /home/comelec/public_html/mails/fr/outofstock.txt', '', 0, 0, '2019-09-21 15:44:28', '2019-09-21 15:44:28'),
(48, 1, 0, 'Generate html template password at /home/comelec/public_html/mails/fr/password.html', '', 0, 0, '2019-09-21 15:44:28', '2019-09-21 15:44:28'),
(49, 1, 0, 'Generate txt template password at /home/comelec/public_html/mails/fr/password.txt', '', 0, 0, '2019-09-21 15:44:28', '2019-09-21 15:44:28'),
(50, 1, 0, 'Generate html template password_query at /home/comelec/public_html/mails/fr/password_query.html', '', 0, 0, '2019-09-21 15:44:28', '2019-09-21 15:44:28'),
(51, 1, 0, 'Generate txt template password_query at /home/comelec/public_html/mails/fr/password_query.txt', '', 0, 0, '2019-09-21 15:44:28', '2019-09-21 15:44:28'),
(52, 1, 0, 'Generate html template payment at /home/comelec/public_html/mails/fr/payment.html', '', 0, 0, '2019-09-21 15:44:28', '2019-09-21 15:44:28'),
(53, 1, 0, 'Generate txt template payment at /home/comelec/public_html/mails/fr/payment.txt', '', 0, 0, '2019-09-21 15:44:28', '2019-09-21 15:44:28'),
(54, 1, 0, 'Generate html template payment_error at /home/comelec/public_html/mails/fr/payment_error.html', '', 0, 0, '2019-09-21 15:44:28', '2019-09-21 15:44:28'),
(55, 1, 0, 'Generate txt template payment_error at /home/comelec/public_html/mails/fr/payment_error.txt', '', 0, 0, '2019-09-21 15:44:28', '2019-09-21 15:44:28'),
(56, 1, 0, 'Generate html template preparation at /home/comelec/public_html/mails/fr/preparation.html', '', 0, 0, '2019-09-21 15:44:28', '2019-09-21 15:44:28'),
(57, 1, 0, 'Generate txt template preparation at /home/comelec/public_html/mails/fr/preparation.txt', '', 0, 0, '2019-09-21 15:44:28', '2019-09-21 15:44:28'),
(58, 1, 0, 'Generate html template productoutofstock at /home/comelec/public_html/mails/fr/productoutofstock.html', '', 0, 0, '2019-09-21 15:44:28', '2019-09-21 15:44:28'),
(59, 1, 0, 'Generate txt template productoutofstock at /home/comelec/public_html/mails/fr/productoutofstock.txt', '', 0, 0, '2019-09-21 15:44:29', '2019-09-21 15:44:29'),
(60, 1, 0, 'Generate html template refund at /home/comelec/public_html/mails/fr/refund.html', '', 0, 0, '2019-09-21 15:44:29', '2019-09-21 15:44:29'),
(61, 1, 0, 'Generate txt template refund at /home/comelec/public_html/mails/fr/refund.txt', '', 0, 0, '2019-09-21 15:44:29', '2019-09-21 15:44:29'),
(62, 1, 0, 'Generate html template reply_msg at /home/comelec/public_html/mails/fr/reply_msg.html', '', 0, 0, '2019-09-21 15:44:29', '2019-09-21 15:44:29'),
(63, 1, 0, 'Generate txt template reply_msg at /home/comelec/public_html/mails/fr/reply_msg.txt', '', 0, 0, '2019-09-21 15:44:29', '2019-09-21 15:44:29'),
(64, 1, 0, 'Generate html template shipped at /home/comelec/public_html/mails/fr/shipped.html', '', 0, 0, '2019-09-21 15:44:29', '2019-09-21 15:44:29'),
(65, 1, 0, 'Generate txt template shipped at /home/comelec/public_html/mails/fr/shipped.txt', '', 0, 0, '2019-09-21 15:44:29', '2019-09-21 15:44:29'),
(66, 1, 0, 'Generate html template test at /home/comelec/public_html/mails/fr/test.html', '', 0, 0, '2019-09-21 15:44:29', '2019-09-21 15:44:29'),
(67, 1, 0, 'Generate txt template test at /home/comelec/public_html/mails/fr/test.txt', '', 0, 0, '2019-09-21 15:44:29', '2019-09-21 15:44:29'),
(68, 1, 0, 'Generate html template voucher at /home/comelec/public_html/mails/fr/voucher.html', '', 0, 0, '2019-09-21 15:44:29', '2019-09-21 15:44:29'),
(69, 1, 0, 'Generate txt template voucher at /home/comelec/public_html/mails/fr/voucher.txt', '', 0, 0, '2019-09-21 15:44:29', '2019-09-21 15:44:29'),
(70, 1, 0, 'Generate html template voucher_new at /home/comelec/public_html/mails/fr/voucher_new.html', '', 0, 0, '2019-09-21 15:44:29', '2019-09-21 15:44:29'),
(71, 1, 0, 'Generate txt template voucher_new at /home/comelec/public_html/mails/fr/voucher_new.txt', '', 0, 0, '2019-09-21 15:44:29', '2019-09-21 15:44:29'),
(72, 1, 0, 'Generate html template referralprogram-congratulations at /home/comelec/public_html/modules//referralprogram/mails/fr/referralprogram-congratulations.html', '', 0, 0, '2019-09-21 15:44:29', '2019-09-21 15:44:29'),
(73, 1, 0, 'Generate txt template referralprogram-congratulations at /home/comelec/public_html/modules//referralprogram/mails/fr/referralprogram-congratulations.txt', '', 0, 0, '2019-09-21 15:44:29', '2019-09-21 15:44:29'),
(74, 1, 0, 'Generate html template referralprogram-invitation at /home/comelec/public_html/modules//referralprogram/mails/fr/referralprogram-invitation.html', '', 0, 0, '2019-09-21 15:44:29', '2019-09-21 15:44:29'),
(75, 1, 0, 'Generate txt template referralprogram-invitation at /home/comelec/public_html/modules//referralprogram/mails/fr/referralprogram-invitation.txt', '', 0, 0, '2019-09-21 15:44:29', '2019-09-21 15:44:29'),
(76, 1, 0, 'Generate html template referralprogram-voucher at /home/comelec/public_html/modules//referralprogram/mails/fr/referralprogram-voucher.html', '', 0, 0, '2019-09-21 15:44:29', '2019-09-21 15:44:29'),
(77, 1, 0, 'Generate txt template referralprogram-voucher at /home/comelec/public_html/modules//referralprogram/mails/fr/referralprogram-voucher.txt', '', 0, 0, '2019-09-21 15:44:29', '2019-09-21 15:44:29'),
(78, 1, 0, 'Generate html template newsletter_conf at /home/comelec/public_html/modules//ps_emailsubscription/mails/fr/newsletter_conf.html', '', 0, 0, '2019-09-21 15:44:29', '2019-09-21 15:44:29'),
(79, 1, 0, 'Generate txt template newsletter_conf at /home/comelec/public_html/modules//ps_emailsubscription/mails/fr/newsletter_conf.txt', '', 0, 0, '2019-09-21 15:44:29', '2019-09-21 15:44:29'),
(80, 1, 0, 'Generate html template newsletter_verif at /home/comelec/public_html/modules//ps_emailsubscription/mails/fr/newsletter_verif.html', '', 0, 0, '2019-09-21 15:44:29', '2019-09-21 15:44:29'),
(81, 1, 0, 'Generate txt template newsletter_verif at /home/comelec/public_html/modules//ps_emailsubscription/mails/fr/newsletter_verif.txt', '', 0, 0, '2019-09-21 15:44:29', '2019-09-21 15:44:29'),
(82, 1, 0, 'Generate html template newsletter_voucher at /home/comelec/public_html/modules//ps_emailsubscription/mails/fr/newsletter_voucher.html', '', 0, 0, '2019-09-21 15:44:29', '2019-09-21 15:44:29'),
(83, 1, 0, 'Generate txt template newsletter_voucher at /home/comelec/public_html/modules//ps_emailsubscription/mails/fr/newsletter_voucher.txt', '', 0, 0, '2019-09-21 15:44:29', '2019-09-21 15:44:29'),
(84, 1, 0, 'Generate html template followup_1 at /home/comelec/public_html/modules//followup/mails/fr/followup_1.html', '', 0, 0, '2019-09-21 15:44:29', '2019-09-21 15:44:29'),
(85, 1, 0, 'Generate txt template followup_1 at /home/comelec/public_html/modules//followup/mails/fr/followup_1.txt', '', 0, 0, '2019-09-21 15:44:29', '2019-09-21 15:44:29'),
(86, 1, 0, 'Generate html template followup_2 at /home/comelec/public_html/modules//followup/mails/fr/followup_2.html', '', 0, 0, '2019-09-21 15:44:29', '2019-09-21 15:44:29'),
(87, 1, 0, 'Generate txt template followup_2 at /home/comelec/public_html/modules//followup/mails/fr/followup_2.txt', '', 0, 0, '2019-09-21 15:44:29', '2019-09-21 15:44:29'),
(88, 1, 0, 'Generate html template followup_3 at /home/comelec/public_html/modules//followup/mails/fr/followup_3.html', '', 0, 0, '2019-09-21 15:44:29', '2019-09-21 15:44:29'),
(89, 1, 0, 'Generate txt template followup_3 at /home/comelec/public_html/modules//followup/mails/fr/followup_3.txt', '', 0, 0, '2019-09-21 15:44:29', '2019-09-21 15:44:29'),
(90, 1, 0, 'Generate html template followup_4 at /home/comelec/public_html/modules//followup/mails/fr/followup_4.html', '', 0, 0, '2019-09-21 15:44:29', '2019-09-21 15:44:29'),
(91, 1, 0, 'Generate txt template followup_4 at /home/comelec/public_html/modules//followup/mails/fr/followup_4.txt', '', 0, 0, '2019-09-21 15:44:29', '2019-09-21 15:44:29'),
(92, 1, 0, 'Generate html template customer_qty at /home/comelec/public_html/modules//ps_emailalerts/mails/fr/customer_qty.html', '', 0, 0, '2019-09-21 15:44:29', '2019-09-21 15:44:29'),
(93, 1, 0, 'Generate txt template customer_qty at /home/comelec/public_html/modules//ps_emailalerts/mails/fr/customer_qty.txt', '', 0, 0, '2019-09-21 15:44:29', '2019-09-21 15:44:29'),
(94, 1, 0, 'Generate html template new_order at /home/comelec/public_html/modules//ps_emailalerts/mails/fr/new_order.html', '', 0, 0, '2019-09-21 15:44:29', '2019-09-21 15:44:29'),
(95, 1, 0, 'Generate txt template new_order at /home/comelec/public_html/modules//ps_emailalerts/mails/fr/new_order.txt', '', 0, 0, '2019-09-21 15:44:29', '2019-09-21 15:44:29'),
(96, 1, 0, 'Generate html template order_changed at /home/comelec/public_html/modules//ps_emailalerts/mails/fr/order_changed.html', '', 0, 0, '2019-09-21 15:44:29', '2019-09-21 15:44:29'),
(97, 1, 0, 'Generate txt template order_changed at /home/comelec/public_html/modules//ps_emailalerts/mails/fr/order_changed.txt', '', 0, 0, '2019-09-21 15:44:29', '2019-09-21 15:44:29'),
(98, 1, 0, 'Generate html template productcoverage at /home/comelec/public_html/modules//ps_emailalerts/mails/fr/productcoverage.html', '', 0, 0, '2019-09-21 15:44:29', '2019-09-21 15:44:29'),
(99, 1, 0, 'Generate txt template productcoverage at /home/comelec/public_html/modules//ps_emailalerts/mails/fr/productcoverage.txt', '', 0, 0, '2019-09-21 15:44:29', '2019-09-21 15:44:29'),
(100, 1, 0, 'Generate html template productoutofstock at /home/comelec/public_html/modules//ps_emailalerts/mails/fr/productoutofstock.html', '', 0, 0, '2019-09-21 15:44:29', '2019-09-21 15:44:29'),
(101, 1, 0, 'Generate txt template productoutofstock at /home/comelec/public_html/modules//ps_emailalerts/mails/fr/productoutofstock.txt', '', 0, 0, '2019-09-21 15:44:29', '2019-09-21 15:44:29'),
(102, 1, 0, 'Generate html template return_slip at /home/comelec/public_html/modules//ps_emailalerts/mails/fr/return_slip.html', '', 0, 0, '2019-09-21 15:44:29', '2019-09-21 15:44:29'),
(103, 1, 0, 'Generate txt template return_slip at /home/comelec/public_html/modules//ps_emailalerts/mails/fr/return_slip.txt', '', 0, 0, '2019-09-21 15:44:29', '2019-09-21 15:44:29'),
(104, 3, 0, 'Class \\\"AdminLinkWidgetController\\\" not found in controllers/admin', '', 0, 1, '2019-09-21 15:44:36', '2019-09-21 15:44:36'),
(105, 1, 0, 'Connexion au back-office depuis 83.156.202.149', '', 0, 1, '2019-09-21 15:51:25', '2019-09-21 15:51:25'),
(106, 3, 0, 'Class \\\"AdminLeoBootstrapMenuModuleController\\\" not found in controllers/admin', '', 0, 1, '2019-09-21 15:56:37', '2019-09-21 15:56:37'),
(107, 3, 0, 'Class \\\"AdminLeoWidgetsController\\\" not found in controllers/admin', '', 0, 1, '2019-09-21 15:56:37', '2019-09-21 15:56:37'),
(108, 3, 0, 'Class \\\"AdminLeoQuickLoginModuleController\\\" not found in controllers/admin', '', 0, 1, '2019-09-21 15:56:40', '2019-09-21 15:56:40'),
(109, 3, 0, 'Class \\\"AdminLeoProductSearchModuleController\\\" not found in controllers/admin', '', 0, 1, '2019-09-21 15:56:40', '2019-09-21 15:56:40'),
(110, 1, 0, 'Connexion au back-office depuis 83.156.202.149', '', 0, 1, '2019-09-22 06:08:41', '2019-09-22 06:08:41'),
(111, 1, 0, 'modification Group', 'Group', 1, 1, '2019-09-22 06:16:19', '2019-09-22 06:16:19'),
(112, 1, 0, 'modification Group', 'Group', 2, 1, '2019-09-22 06:16:29', '2019-09-22 06:16:29'),
(113, 1, 0, 'modification Group', 'Group', 3, 1, '2019-09-22 06:16:41', '2019-09-22 06:16:41'),
(114, 1, 0, 'Connexion au back-office depuis 176.141.187.100', '', 0, 1, '2019-09-24 13:23:27', '2019-09-24 13:23:27'),
(115, 1, 0, 'Suppression : Store', 'Store', 1, 1, '2019-09-24 13:41:55', '2019-09-24 13:41:55'),
(116, 1, 0, 'Suppression : Store', 'Store', 2, 1, '2019-09-24 13:41:55', '2019-09-24 13:41:55'),
(117, 1, 0, 'Suppression : Store', 'Store', 3, 1, '2019-09-24 13:41:55', '2019-09-24 13:41:55'),
(118, 1, 0, 'Suppression : Store', 'Store', 4, 1, '2019-09-24 13:41:55', '2019-09-24 13:41:55'),
(119, 1, 0, 'Suppression : Store', 'Store', 5, 1, '2019-09-24 13:41:55', '2019-09-24 13:41:55'),
(120, 1, 0, 'Connexion au back-office depuis 176.141.187.100', '', 0, 1, '2019-09-24 14:30:22', '2019-09-24 14:30:22'),
(121, 1, 0, 'Connexion au back-office depuis 176.141.187.100', '', 0, 1, '2019-09-24 15:05:42', '2019-09-24 15:05:42'),
(122, 1, 0, 'Connexion au back-office depuis 176.141.187.100', '', 0, 1, '2019-09-30 14:14:06', '2019-09-30 14:14:06'),
(123, 1, 0, 'Connexion au back-office depuis 176.141.187.100', '', 0, 1, '2019-09-30 16:42:28', '2019-09-30 16:42:28'),
(124, 1, 0, 'Connexion au back-office depuis 176.141.187.100', '', 0, 1, '2019-09-30 16:56:59', '2019-09-30 16:56:59'),
(125, 1, 0, 'Connexion au back-office depuis 176.141.187.100', '', 0, 1, '2019-09-30 17:05:31', '2019-09-30 17:05:31'),
(126, 1, 0, 'Connexion au back-office depuis 176.141.187.100', '', 0, 1, '2019-09-30 17:48:43', '2019-09-30 17:48:43'),
(127, 1, 0, 'Connexion au back-office depuis 176.141.187.100', '', 0, 1, '2019-10-01 13:20:32', '2019-10-01 13:20:32'),
(128, 1, 0, 'Connexion au back-office depuis 176.141.187.100', '', 0, 2, '2019-10-01 13:42:46', '2019-10-01 13:42:46'),
(129, 1, 0, 'Connexion au back-office depuis 176.141.187.100', '', 0, 3, '2019-10-01 14:01:27', '2019-10-01 14:01:27'),
(130, 1, 0, 'Connexion au back-office depuis 176.141.187.100', '', 0, 1, '2019-10-01 14:06:25', '2019-10-01 14:06:25'),
(131, 1, 0, 'Product modification', 'Product', 1274, 3, '2019-10-01 17:00:04', '2019-10-01 17:00:04'),
(132, 1, 0, 'Product modification', 'Product', 1273, 3, '2019-10-01 17:03:04', '2019-10-01 17:03:04'),
(133, 1, 0, 'Product modification', 'Product', 1274, 3, '2019-10-01 17:04:06', '2019-10-01 17:04:06'),
(134, 1, 0, 'Product modification', 'Product', 1274, 3, '2019-10-01 17:04:22', '2019-10-01 17:04:22'),
(135, 1, 0, 'Product modification', 'Product', 1274, 3, '2019-10-01 17:05:05', '2019-10-01 17:05:05'),
(136, 1, 0, 'Product modification', 'Product', 1272, 3, '2019-10-01 17:06:46', '2019-10-01 17:06:46'),
(137, 1, 0, 'Product modification', 'Product', 1271, 3, '2019-10-01 17:10:30', '2019-10-01 17:10:30'),
(138, 1, 0, 'Product modification', 'Product', 1270, 3, '2019-10-01 17:12:52', '2019-10-01 17:12:52'),
(139, 1, 0, 'Product modification', 'Product', 1268, 3, '2019-10-01 17:16:36', '2019-10-01 17:16:36'),
(140, 1, 0, 'Product modification', 'Product', 1267, 3, '2019-10-01 17:17:00', '2019-10-01 17:17:00'),
(141, 1, 0, 'Product modification', 'Product', 1266, 3, '2019-10-01 17:17:26', '2019-10-01 17:17:26'),
(142, 1, 0, 'Product modification', 'Product', 1265, 3, '2019-10-01 17:17:44', '2019-10-01 17:17:44'),
(143, 1, 0, 'Product modification', 'Product', 1265, 3, '2019-10-01 17:18:05', '2019-10-01 17:18:05'),
(144, 1, 0, 'Product modification', 'Product', 1264, 3, '2019-10-01 17:18:27', '2019-10-01 17:18:27'),
(145, 1, 0, 'Product modification', 'Product', 1263, 3, '2019-10-01 17:19:05', '2019-10-01 17:19:05'),
(146, 1, 0, 'Product modification', 'Product', 1262, 3, '2019-10-01 17:19:33', '2019-10-01 17:19:33'),
(147, 1, 0, 'Product modification', 'Product', 1261, 3, '2019-10-01 17:19:59', '2019-10-01 17:19:59'),
(148, 1, 0, 'Product modification', 'Product', 1261, 3, '2019-10-01 17:20:13', '2019-10-01 17:20:13'),
(149, 1, 0, 'Product modification', 'Product', 1260, 3, '2019-10-01 17:21:04', '2019-10-01 17:21:04'),
(150, 1, 0, 'Product modification', 'Product', 1274, 3, '2019-10-01 17:21:39', '2019-10-01 17:21:39'),
(151, 1, 0, 'Product modification', 'Product', 1272, 3, '2019-10-01 17:21:54', '2019-10-01 17:21:54'),
(152, 1, 0, 'Product modification', 'Product', 1269, 3, '2019-10-01 17:22:38', '2019-10-01 17:22:38'),
(153, 1, 0, 'Product modification', 'Product', 744, 2, '2019-10-01 17:22:54', '2019-10-01 17:22:54'),
(154, 1, 0, 'Product modification', 'Product', 744, 2, '2019-10-01 17:23:10', '2019-10-01 17:23:10'),
(155, 1, 0, 'Product modification', 'Product', 1259, 3, '2019-10-01 17:24:13', '2019-10-01 17:24:13'),
(156, 1, 0, 'Product modification', 'Product', 1258, 3, '2019-10-01 17:24:59', '2019-10-01 17:24:59'),
(157, 1, 0, 'Product modification', 'Product', 1257, 3, '2019-10-01 17:25:51', '2019-10-01 17:25:51'),
(158, 1, 0, 'Product modification', 'Product', 1256, 3, '2019-10-01 17:27:18', '2019-10-01 17:27:18'),
(159, 1, 0, 'Product modification', 'Product', 744, 2, '2019-10-01 17:34:56', '2019-10-01 17:34:56'),
(160, 1, 0, 'Product modification', 'Product', 743, 2, '2019-10-01 17:37:38', '2019-10-01 17:37:38'),
(161, 1, 0, 'Product modification', 'Product', 743, 2, '2019-10-01 17:39:46', '2019-10-01 17:39:46'),
(162, 1, 0, 'Product modification', 'Product', 743, 2, '2019-10-01 17:39:52', '2019-10-01 17:39:52'),
(163, 1, 0, 'Connexion au back-office depuis 176.141.187.100', '', 0, 1, '2019-10-02 08:49:54', '2019-10-02 08:49:54'),
(164, 1, 0, 'Connexion au back-office depuis 176.141.187.100', '', 0, 3, '2019-10-02 09:06:47', '2019-10-02 09:06:47'),
(165, 1, 0, 'Suppression : LeoWidget', 'LeoWidget', 26, 1, '2019-10-02 09:10:27', '2019-10-02 09:10:27'),
(166, 1, 0, 'Product modification', 'Product', 1237, 3, '2019-10-02 09:27:36', '2019-10-02 09:27:36'),
(167, 1, 0, 'Product modification', 'Product', 1240, 3, '2019-10-02 09:28:06', '2019-10-02 09:28:06'),
(168, 1, 0, 'Product modification', 'Product', 1243, 3, '2019-10-02 09:28:27', '2019-10-02 09:28:27'),
(169, 1, 0, 'Product modification', 'Product', 1245, 3, '2019-10-02 09:28:53', '2019-10-02 09:28:53'),
(170, 1, 0, 'Product modification', 'Product', 1246, 3, '2019-10-02 09:29:10', '2019-10-02 09:29:10'),
(171, 1, 0, 'Product modification', 'Product', 1247, 3, '2019-10-02 09:29:44', '2019-10-02 09:29:44'),
(172, 1, 0, 'Product modification', 'Product', 1248, 3, '2019-10-02 09:30:12', '2019-10-02 09:30:12'),
(173, 1, 0, 'Product modification', 'Product', 1249, 3, '2019-10-02 09:30:46', '2019-10-02 09:30:46'),
(174, 1, 0, 'Product modification', 'Product', 1250, 3, '2019-10-02 09:31:06', '2019-10-02 09:31:06'),
(175, 1, 0, 'Product modification', 'Product', 1251, 3, '2019-10-02 09:31:27', '2019-10-02 09:31:27'),
(176, 1, 0, 'Product modification', 'Product', 1252, 3, '2019-10-02 09:32:13', '2019-10-02 09:32:13'),
(177, 1, 0, 'Product modification', 'Product', 1253, 3, '2019-10-02 09:32:35', '2019-10-02 09:32:35'),
(178, 1, 0, 'Product modification', 'Product', 1254, 3, '2019-10-02 09:32:57', '2019-10-02 09:32:57'),
(179, 1, 0, 'Product modification', 'Product', 1255, 3, '2019-10-02 09:33:36', '2019-10-02 09:33:36'),
(180, 1, 0, 'Product modification', 'Product', 1244, 3, '2019-10-02 09:34:29', '2019-10-02 09:34:29'),
(181, 1, 0, 'Product modification', 'Product', 1242, 3, '2019-10-02 09:34:43', '2019-10-02 09:34:43'),
(182, 1, 0, 'Product modification', 'Product', 1241, 3, '2019-10-02 09:35:09', '2019-10-02 09:35:09'),
(183, 1, 0, 'Product modification', 'Product', 1239, 3, '2019-10-02 09:35:25', '2019-10-02 09:35:25'),
(184, 1, 0, 'Product modification', 'Product', 1238, 3, '2019-10-02 09:35:41', '2019-10-02 09:35:41'),
(185, 1, 0, 'Product modification', 'Product', 1237, 3, '2019-10-02 09:35:59', '2019-10-02 09:35:59'),
(186, 1, 0, 'Product modification', 'Product', 1242, 3, '2019-10-02 09:36:41', '2019-10-02 09:36:41'),
(187, 1, 0, 'Product modification', 'Product', 1153, 3, '2019-10-02 09:45:28', '2019-10-02 09:45:28'),
(188, 1, 0, 'Product modification', 'Product', 1152, 3, '2019-10-02 09:45:50', '2019-10-02 09:45:50'),
(189, 1, 0, 'Product modification', 'Product', 1151, 3, '2019-10-02 09:46:30', '2019-10-02 09:46:30'),
(190, 1, 0, 'Product modification', 'Product', 1150, 3, '2019-10-02 09:47:22', '2019-10-02 09:47:22'),
(191, 1, 0, 'Product modification', 'Product', 1149, 3, '2019-10-02 09:47:50', '2019-10-02 09:47:50'),
(192, 1, 0, 'Product modification', 'Product', 1148, 3, '2019-10-02 09:48:37', '2019-10-02 09:48:37'),
(193, 1, 0, 'Product modification', 'Product', 1147, 3, '2019-10-02 09:48:52', '2019-10-02 09:48:52'),
(194, 1, 0, 'Product modification', 'Product', 1146, 3, '2019-10-02 09:49:19', '2019-10-02 09:49:19'),
(195, 1, 0, 'Product modification', 'Product', 1145, 3, '2019-10-02 09:49:45', '2019-10-02 09:49:45'),
(196, 1, 0, 'Product modification', 'Product', 1144, 3, '2019-10-02 09:50:06', '2019-10-02 09:50:06'),
(197, 1, 0, 'Product modification', 'Product', 1143, 3, '2019-10-02 09:50:27', '2019-10-02 09:50:27'),
(198, 1, 0, 'Product modification', 'Product', 1142, 3, '2019-10-02 09:50:52', '2019-10-02 09:50:52'),
(199, 1, 0, 'Product modification', 'Product', 1141, 3, '2019-10-02 09:51:05', '2019-10-02 09:51:05'),
(200, 1, 0, 'Product modification', 'Product', 737, 3, '2019-10-02 09:56:40', '2019-10-02 09:56:40'),
(201, 1, 0, 'Product modification', 'Product', 736, 3, '2019-10-02 09:57:13', '2019-10-02 09:57:13'),
(202, 1, 0, 'Product modification', 'Product', 735, 3, '2019-10-02 09:57:32', '2019-10-02 09:57:32'),
(203, 1, 0, 'Product modification', 'Product', 734, 3, '2019-10-02 09:57:47', '2019-10-02 09:57:47'),
(204, 1, 0, 'Product modification', 'Product', 733, 3, '2019-10-02 09:58:12', '2019-10-02 09:58:12'),
(205, 1, 0, 'Product modification', 'Product', 733, 3, '2019-10-02 09:59:58', '2019-10-02 09:59:58'),
(206, 1, 0, 'Product modification', 'Product', 732, 3, '2019-10-02 10:00:42', '2019-10-02 10:00:42'),
(207, 1, 0, 'Product modification', 'Product', 731, 3, '2019-10-02 10:00:55', '2019-10-02 10:00:55'),
(208, 1, 0, 'Product modification', 'Product', 730, 3, '2019-10-02 10:01:18', '2019-10-02 10:01:18'),
(209, 1, 0, 'Product modification', 'Product', 729, 3, '2019-10-02 10:01:35', '2019-10-02 10:01:35'),
(210, 1, 0, 'Product modification', 'Product', 728, 3, '2019-10-02 10:01:52', '2019-10-02 10:01:52'),
(211, 1, 0, 'Product modification', 'Product', 727, 3, '2019-10-02 10:06:56', '2019-10-02 10:06:56'),
(212, 1, 0, 'Product modification', 'Product', 726, 3, '2019-10-02 10:07:22', '2019-10-02 10:07:22'),
(213, 1, 0, 'Product modification', 'Product', 725, 3, '2019-10-02 10:07:39', '2019-10-02 10:07:39'),
(214, 1, 0, 'Product modification', 'Product', 724, 3, '2019-10-02 10:07:54', '2019-10-02 10:07:54'),
(215, 1, 0, 'Product modification', 'Product', 723, 3, '2019-10-02 10:08:20', '2019-10-02 10:08:20'),
(216, 1, 0, 'Product modification', 'Product', 722, 3, '2019-10-02 10:08:34', '2019-10-02 10:08:34'),
(217, 1, 0, 'Product modification', 'Product', 722, 3, '2019-10-02 10:11:39', '2019-10-02 10:11:39'),
(218, 1, 0, 'Product modification', 'Product', 722, 3, '2019-10-02 10:13:18', '2019-10-02 10:13:18'),
(219, 1, 0, 'Product modification', 'Product', 742, 3, '2019-10-02 10:14:13', '2019-10-02 10:14:13'),
(220, 1, 0, 'Product modification', 'Product', 741, 3, '2019-10-02 10:14:29', '2019-10-02 10:14:29'),
(221, 1, 0, 'Product modification', 'Product', 740, 3, '2019-10-02 10:14:55', '2019-10-02 10:14:55'),
(222, 1, 0, 'Product modification', 'Product', 739, 3, '2019-10-02 10:15:16', '2019-10-02 10:15:16'),
(223, 1, 0, 'Product modification', 'Product', 738, 3, '2019-10-02 10:15:34', '2019-10-02 10:15:34'),
(224, 1, 0, 'Product modification', 'Product', 258, 3, '2019-10-02 10:40:36', '2019-10-02 10:40:36'),
(225, 1, 0, 'Connexion au back-office depuis 176.141.187.100', '', 0, 1, '2019-10-02 10:40:41', '2019-10-02 10:40:41'),
(226, 1, 0, 'modification Group', 'Group', 1, 1, '2019-10-02 11:03:37', '2019-10-02 11:03:37'),
(227, 1, 0, 'modification Group', 'Group', 2, 1, '2019-10-02 11:03:53', '2019-10-02 11:03:53'),
(228, 1, 0, 'Product modification', 'Product', 344, 3, '2019-10-02 11:07:43', '2019-10-02 11:07:43'),
(229, 1, 0, 'Product modification', 'Product', 344, 3, '2019-10-02 11:08:54', '2019-10-02 11:08:54'),
(230, 1, 0, 'Product modification', 'Product', 344, 3, '2019-10-02 11:10:50', '2019-10-02 11:10:50'),
(231, 1, 0, 'Product modification', 'Product', 344, 3, '2019-10-02 11:12:23', '2019-10-02 11:12:23'),
(232, 1, 0, 'Product modification', 'Product', 344, 3, '2019-10-02 11:12:25', '2019-10-02 11:12:25'),
(233, 1, 0, 'Product modification', 'Product', 344, 3, '2019-10-02 11:12:52', '2019-10-02 11:12:52'),
(234, 1, 0, 'Product modification', 'Product', 344, 3, '2019-10-02 11:13:47', '2019-10-02 11:13:47'),
(235, 1, 0, 'Product modification', 'Product', 344, 3, '2019-10-02 11:13:50', '2019-10-02 11:13:50'),
(236, 1, 0, 'Product modification', 'Product', 344, 1, '2019-10-02 11:19:04', '2019-10-02 11:19:04'),
(237, 1, 0, 'Product modification', 'Product', 344, 1, '2019-10-02 11:19:09', '2019-10-02 11:19:09'),
(238, 1, 0, 'Product modification', 'Product', 442, 3, '2019-10-02 11:21:32', '2019-10-02 11:21:32'),
(239, 1, 0, 'Product modification', 'Product', 443, 3, '2019-10-02 11:21:53', '2019-10-02 11:21:53'),
(240, 1, 0, 'Product modification', 'Product', 444, 3, '2019-10-02 11:22:20', '2019-10-02 11:22:20'),
(241, 1, 0, 'Product modification', 'Product', 445, 3, '2019-10-02 11:22:54', '2019-10-02 11:22:54'),
(242, 1, 0, 'Product modification', 'Product', 446, 3, '2019-10-02 11:23:10', '2019-10-02 11:23:10'),
(243, 1, 0, 'Product modification', 'Product', 446, 3, '2019-10-02 11:25:15', '2019-10-02 11:25:15'),
(244, 1, 0, 'Product modification', 'Product', 450, 3, '2019-10-02 11:26:21', '2019-10-02 11:26:21'),
(245, 1, 0, 'Product modification', 'Product', 451, 3, '2019-10-02 11:26:28', '2019-10-02 11:26:28'),
(246, 1, 0, 'Product modification', 'Product', 452, 3, '2019-10-02 11:26:34', '2019-10-02 11:26:34'),
(247, 1, 0, 'Product modification', 'Product', 453, 3, '2019-10-02 11:26:40', '2019-10-02 11:26:40'),
(248, 1, 0, 'Product modification', 'Product', 454, 3, '2019-10-02 11:26:44', '2019-10-02 11:26:44'),
(249, 1, 0, 'Product modification', 'Product', 455, 3, '2019-10-02 11:26:47', '2019-10-02 11:26:47'),
(250, 1, 0, 'Product modification', 'Product', 456, 3, '2019-10-02 11:26:52', '2019-10-02 11:26:52'),
(251, 1, 0, 'Product modification', 'Product', 457, 3, '2019-10-02 11:26:56', '2019-10-02 11:26:56'),
(252, 1, 0, 'Product modification', 'Product', 458, 3, '2019-10-02 11:27:03', '2019-10-02 11:27:03'),
(253, 1, 0, 'Product modification', 'Product', 459, 3, '2019-10-02 11:27:06', '2019-10-02 11:27:06'),
(254, 1, 0, 'Product modification', 'Product', 460, 3, '2019-10-02 11:27:10', '2019-10-02 11:27:10'),
(255, 1, 0, 'Product modification', 'Product', 461, 3, '2019-10-02 11:27:14', '2019-10-02 11:27:14'),
(256, 1, 0, 'Product modification', 'Product', 463, 3, '2019-10-02 11:27:22', '2019-10-02 11:27:22'),
(257, 1, 0, 'Product modification', 'Product', 465, 3, '2019-10-02 11:27:48', '2019-10-02 11:27:48'),
(258, 1, 0, 'Product modification', 'Product', 462, 3, '2019-10-02 11:28:53', '2019-10-02 11:28:53'),
(259, 1, 0, 'Product modification', 'Product', 344, 1, '2019-10-02 11:28:56', '2019-10-02 11:28:56'),
(260, 1, 0, 'Product modification', 'Product', 464, 3, '2019-10-02 11:29:04', '2019-10-02 11:29:04'),
(261, 1, 0, 'Product modification', 'Product', 344, 1, '2019-10-02 11:29:16', '2019-10-02 11:29:16'),
(262, 1, 0, 'Product modification', 'Product', 447, 3, '2019-10-02 11:30:03', '2019-10-02 11:30:03'),
(263, 1, 0, 'Product modification', 'Product', 344, 1, '2019-10-02 11:30:05', '2019-10-02 11:30:05'),
(264, 1, 0, 'Product modification', 'Product', 448, 3, '2019-10-02 11:30:11', '2019-10-02 11:30:11'),
(265, 1, 0, 'Product modification', 'Product', 449, 3, '2019-10-02 11:30:16', '2019-10-02 11:30:16'),
(266, 1, 0, 'Product modification', 'Product', 344, 1, '2019-10-02 11:30:16', '2019-10-02 11:30:16'),
(267, 1, 0, 'Product modification', 'Product', 344, 1, '2019-10-02 11:30:19', '2019-10-02 11:30:19'),
(268, 1, 0, 'Product modification', 'Product', 344, 1, '2019-10-02 11:30:32', '2019-10-02 11:30:32'),
(269, 1, 0, 'Product modification', 'Product', 466, 3, '2019-10-02 11:31:06', '2019-10-02 11:31:06'),
(270, 1, 0, 'Product modification', 'Product', 467, 3, '2019-10-02 11:31:08', '2019-10-02 11:31:08'),
(271, 1, 0, 'Product modification', 'Product', 468, 3, '2019-10-02 11:31:11', '2019-10-02 11:31:11'),
(272, 1, 0, 'Product modification', 'Product', 469, 3, '2019-10-02 11:31:14', '2019-10-02 11:31:14'),
(273, 1, 0, 'Product modification', 'Product', 470, 3, '2019-10-02 11:31:19', '2019-10-02 11:31:19'),
(274, 1, 0, 'Product modification', 'Product', 344, 1, '2019-10-02 11:31:30', '2019-10-02 11:31:30'),
(275, 1, 0, 'Product modification', 'Product', 344, 1, '2019-10-02 11:31:40', '2019-10-02 11:31:40'),
(276, 1, 0, 'Product modification', 'Product', 344, 1, '2019-10-02 11:32:07', '2019-10-02 11:32:07'),
(277, 1, 0, 'Product modification', 'Product', 479, 3, '2019-10-02 11:32:51', '2019-10-02 11:32:51'),
(278, 1, 0, 'Product modification', 'Product', 474, 3, '2019-10-02 11:32:58', '2019-10-02 11:32:58'),
(279, 1, 0, 'Product modification', 'Product', 480, 3, '2019-10-02 11:33:03', '2019-10-02 11:33:03'),
(280, 1, 0, 'Product modification', 'Product', 481, 3, '2019-10-02 11:33:06', '2019-10-02 11:33:06'),
(281, 1, 0, 'Product modification', 'Product', 482, 3, '2019-10-02 11:33:10', '2019-10-02 11:33:10'),
(282, 1, 0, 'Product modification', 'Product', 483, 3, '2019-10-02 11:33:14', '2019-10-02 11:33:14'),
(283, 1, 0, 'Product modification', 'Product', 484, 3, '2019-10-02 11:33:19', '2019-10-02 11:33:19'),
(284, 1, 0, 'Product modification', 'Product', 485, 3, '2019-10-02 11:33:23', '2019-10-02 11:33:23'),
(285, 1, 0, 'Product modification', 'Product', 486, 3, '2019-10-02 11:33:27', '2019-10-02 11:33:27'),
(286, 1, 0, 'Product modification', 'Product', 487, 3, '2019-10-02 11:33:30', '2019-10-02 11:33:30'),
(287, 1, 0, 'modification ApPageBuilderDetailsModel', 'ApPageBuilderDetailsModel', 1, 1, '2019-10-02 11:33:33', '2019-10-02 11:33:33'),
(288, 1, 0, 'Product modification', 'Product', 488, 3, '2019-10-02 11:34:11', '2019-10-02 11:34:11'),
(289, 1, 0, 'Product modification', 'Product', 489, 3, '2019-10-02 11:34:17', '2019-10-02 11:34:17'),
(290, 1, 0, 'Product modification', 'Product', 491, 3, '2019-10-02 11:34:25', '2019-10-02 11:34:25'),
(291, 1, 0, 'Product modification', 'Product', 492, 3, '2019-10-02 11:34:37', '2019-10-02 11:34:37'),
(292, 1, 0, 'Product modification', 'Product', 493, 3, '2019-10-02 11:34:41', '2019-10-02 11:34:41'),
(293, 1, 0, 'Product modification', 'Product', 494, 3, '2019-10-02 11:34:47', '2019-10-02 11:34:47'),
(294, 1, 0, 'Product modification', 'Product', 495, 3, '2019-10-02 11:34:52', '2019-10-02 11:34:52'),
(295, 1, 0, 'Product modification', 'Product', 496, 3, '2019-10-02 11:34:56', '2019-10-02 11:34:56'),
(296, 1, 0, 'Product modification', 'Product', 497, 3, '2019-10-02 11:34:59', '2019-10-02 11:34:59'),
(297, 1, 0, 'Product modification', 'Product', 489, 3, '2019-10-02 11:35:17', '2019-10-02 11:35:17'),
(298, 1, 0, 'Product modification', 'Product', 490, 3, '2019-10-02 11:35:41', '2019-10-02 11:35:41'),
(299, 1, 0, 'Product modification', 'Product', 344, 1, '2019-10-02 11:35:41', '2019-10-02 11:35:41'),
(300, 1, 0, 'Product modification', 'Product', 490, 3, '2019-10-02 11:35:52', '2019-10-02 11:35:52'),
(301, 1, 0, 'Product modification', 'Product', 344, 1, '2019-10-02 11:36:22', '2019-10-02 11:36:22'),
(302, 1, 0, 'Product modification', 'Product', 498, 3, '2019-10-02 11:36:54', '2019-10-02 11:36:54'),
(303, 1, 0, 'Product modification', 'Product', 499, 3, '2019-10-02 11:37:00', '2019-10-02 11:37:00'),
(304, 1, 0, 'Product modification', 'Product', 500, 3, '2019-10-02 11:37:04', '2019-10-02 11:37:04'),
(305, 1, 0, 'Product modification', 'Product', 1652, 1, '2019-10-02 11:37:05', '2019-10-02 11:37:05'),
(306, 1, 0, 'Product modification', 'Product', 501, 3, '2019-10-02 11:37:08', '2019-10-02 11:37:08'),
(307, 1, 0, 'Product modification', 'Product', 502, 3, '2019-10-02 11:37:12', '2019-10-02 11:37:12'),
(308, 1, 0, 'Product modification', 'Product', 503, 3, '2019-10-02 11:37:15', '2019-10-02 11:37:15'),
(309, 1, 0, 'Product modification', 'Product', 504, 3, '2019-10-02 11:37:19', '2019-10-02 11:37:19'),
(310, 1, 0, 'Product modification', 'Product', 505, 3, '2019-10-02 11:37:22', '2019-10-02 11:37:22'),
(311, 1, 0, 'Product modification', 'Product', 506, 3, '2019-10-02 11:37:26', '2019-10-02 11:37:26'),
(312, 1, 0, 'Product modification', 'Product', 507, 3, '2019-10-02 11:37:29', '2019-10-02 11:37:29'),
(313, 1, 0, 'Product modification', 'Product', 1652, 1, '2019-10-02 11:37:45', '2019-10-02 11:37:45'),
(314, 1, 0, 'Product modification', 'Product', 1652, 1, '2019-10-02 11:37:50', '2019-10-02 11:37:50'),
(315, 1, 0, 'Product modification', 'Product', 1652, 1, '2019-10-02 11:37:51', '2019-10-02 11:37:51'),
(316, 1, 0, 'Product modification', 'Product', 508, 3, '2019-10-02 11:38:45', '2019-10-02 11:38:45'),
(317, 1, 0, 'Product modification', 'Product', 509, 3, '2019-10-02 11:38:51', '2019-10-02 11:38:51'),
(318, 1, 0, 'Product modification', 'Product', 510, 3, '2019-10-02 11:38:59', '2019-10-02 11:38:59'),
(319, 1, 0, 'Product modification', 'Product', 511, 3, '2019-10-02 11:39:05', '2019-10-02 11:39:05'),
(320, 1, 0, 'Product modification', 'Product', 512, 3, '2019-10-02 11:39:09', '2019-10-02 11:39:09'),
(321, 1, 0, 'Product modification', 'Product', 513, 3, '2019-10-02 11:39:16', '2019-10-02 11:39:16'),
(322, 1, 0, 'Product modification', 'Product', 514, 3, '2019-10-02 11:39:22', '2019-10-02 11:39:22'),
(323, 1, 0, 'Product modification', 'Product', 514, 3, '2019-10-02 11:39:27', '2019-10-02 11:39:27'),
(324, 1, 0, 'Product modification', 'Product', 515, 3, '2019-10-02 11:39:33', '2019-10-02 11:39:33'),
(325, 1, 0, 'Product modification', 'Product', 1652, 1, '2019-10-02 11:39:37', '2019-10-02 11:39:37'),
(326, 1, 0, 'Product modification', 'Product', 516, 3, '2019-10-02 11:39:37', '2019-10-02 11:39:37'),
(327, 1, 0, 'Product modification', 'Product', 517, 3, '2019-10-02 11:39:42', '2019-10-02 11:39:42'),
(328, 1, 0, 'Product modification', 'Product', 1652, 1, '2019-10-02 11:45:11', '2019-10-02 11:45:11'),
(329, 1, 0, 'Product modification', 'Product', 1652, 1, '2019-10-02 11:45:22', '2019-10-02 11:45:22'),
(330, 3, 0, 'Data from PrestaShop Addons is invalid, and cannot fallback on cache. ', '', 0, 1, '2019-10-02 11:52:52', '2019-10-02 11:52:52'),
(331, 1, 0, 'Product modification', 'Product', 1652, 1, '2019-10-02 11:52:59', '2019-10-02 11:52:59'),
(332, 1, 0, 'Connexion au back-office depuis 176.141.187.100', '', 0, 3, '2019-10-02 13:32:36', '2019-10-02 13:32:36'),
(333, 1, 0, 'Connexion au back-office depuis 176.141.187.100', '', 0, 1, '2019-10-02 13:35:59', '2019-10-02 13:35:59'),
(334, 1, 0, 'Product modification', 'Product', 518, 3, '2019-10-02 13:36:07', '2019-10-02 13:36:07'),
(335, 1, 0, 'Product modification', 'Product', 519, 3, '2019-10-02 13:36:13', '2019-10-02 13:36:13'),
(336, 1, 0, 'Product modification', 'Product', 520, 3, '2019-10-02 13:36:22', '2019-10-02 13:36:22'),
(337, 1, 0, 'Product modification', 'Product', 521, 3, '2019-10-02 13:36:31', '2019-10-02 13:36:31'),
(338, 1, 0, 'Product modification', 'Product', 522, 3, '2019-10-02 13:36:41', '2019-10-02 13:36:41'),
(339, 1, 0, 'Product modification', 'Product', 523, 3, '2019-10-02 13:36:49', '2019-10-02 13:36:49'),
(340, 1, 0, 'Product modification', 'Product', 524, 3, '2019-10-02 13:36:55', '2019-10-02 13:36:55'),
(341, 1, 0, 'Product modification', 'Product', 525, 3, '2019-10-02 13:37:01', '2019-10-02 13:37:01'),
(342, 1, 0, 'Product modification', 'Product', 526, 3, '2019-10-02 13:37:07', '2019-10-02 13:37:07'),
(343, 1, 0, 'Product modification', 'Product', 527, 3, '2019-10-02 13:37:38', '2019-10-02 13:37:38'),
(344, 1, 0, 'Product modification', 'Product', 528, 3, '2019-10-02 13:37:44', '2019-10-02 13:37:44'),
(345, 1, 0, 'Product modification', 'Product', 529, 3, '2019-10-02 13:37:52', '2019-10-02 13:37:52'),
(346, 1, 0, 'Product modification', 'Product', 529, 3, '2019-10-02 13:39:29', '2019-10-02 13:39:29'),
(347, 1, 0, 'Product modification', 'Product', 530, 3, '2019-10-02 13:39:33', '2019-10-02 13:39:33'),
(348, 1, 0, 'Product modification', 'Product', 531, 3, '2019-10-02 13:39:39', '2019-10-02 13:39:39'),
(349, 1, 0, 'Product modification', 'Product', 532, 3, '2019-10-02 13:39:49', '2019-10-02 13:39:49'),
(350, 1, 0, 'Product modification', 'Product', 533, 3, '2019-10-02 13:39:55', '2019-10-02 13:39:55'),
(351, 1, 0, 'Product modification', 'Product', 534, 3, '2019-10-02 13:40:00', '2019-10-02 13:40:00'),
(352, 1, 0, 'Product modification', 'Product', 535, 3, '2019-10-02 13:40:15', '2019-10-02 13:40:15'),
(353, 1, 0, 'Product modification', 'Product', 536, 3, '2019-10-02 13:40:18', '2019-10-02 13:40:18'),
(354, 1, 0, 'Product deleted: (1652).', '', 0, 1, '2019-10-02 13:56:07', '2019-10-02 13:56:07'),
(355, 1, 0, 'Product modification', 'Product', 538, 3, '2019-10-02 13:56:39', '2019-10-02 13:56:39'),
(356, 1, 0, 'Product modification', 'Product', 539, 3, '2019-10-02 13:57:03', '2019-10-02 13:57:03'),
(357, 1, 0, 'Product modification', 'Product', 540, 3, '2019-10-02 13:57:11', '2019-10-02 13:57:11'),
(358, 1, 0, 'Product modification', 'Product', 541, 3, '2019-10-02 13:57:16', '2019-10-02 13:57:16'),
(359, 1, 0, 'Product modification', 'Product', 542, 3, '2019-10-02 13:57:23', '2019-10-02 13:57:23'),
(360, 1, 0, 'Product modification', 'Product', 543, 3, '2019-10-02 13:57:29', '2019-10-02 13:57:29'),
(361, 1, 0, 'Product modification', 'Product', 544, 3, '2019-10-02 13:57:36', '2019-10-02 13:57:36'),
(362, 1, 0, 'Product modification', 'Product', 545, 3, '2019-10-02 13:57:41', '2019-10-02 13:57:41'),
(363, 1, 0, 'Product modification', 'Product', 546, 3, '2019-10-02 13:57:48', '2019-10-02 13:57:48'),
(364, 1, 0, 'Product modification', 'Product', 537, 3, '2019-10-02 13:57:55', '2019-10-02 13:57:55'),
(365, 1, 0, 'Product modification', 'Product', 548, 3, '2019-10-02 13:58:27', '2019-10-02 13:58:27'),
(366, 1, 0, 'Product modification', 'Product', 549, 3, '2019-10-02 13:58:32', '2019-10-02 13:58:32'),
(367, 1, 0, 'Product modification', 'Product', 550, 3, '2019-10-02 13:58:42', '2019-10-02 13:58:42'),
(368, 1, 0, 'Product modification', 'Product', 550, 3, '2019-10-02 13:59:10', '2019-10-02 13:59:10'),
(369, 1, 0, 'Product modification', 'Product', 551, 3, '2019-10-02 13:59:17', '2019-10-02 13:59:17'),
(370, 1, 0, 'Product modification', 'Product', 552, 3, '2019-10-02 13:59:25', '2019-10-02 13:59:25'),
(371, 1, 0, 'Product modification', 'Product', 553, 3, '2019-10-02 13:59:32', '2019-10-02 13:59:32'),
(372, 1, 0, 'Product modification', 'Product', 554, 3, '2019-10-02 13:59:38', '2019-10-02 13:59:38'),
(373, 1, 0, 'Product modification', 'Product', 555, 3, '2019-10-02 13:59:43', '2019-10-02 13:59:43'),
(374, 1, 0, 'Product modification', 'Product', 556, 3, '2019-10-02 13:59:49', '2019-10-02 13:59:49'),
(375, 1, 0, 'Product modification', 'Product', 547, 3, '2019-10-02 14:06:36', '2019-10-02 14:06:36'),
(376, 1, 0, 'Product modification', 'Product', 557, 3, '2019-10-02 14:07:08', '2019-10-02 14:07:08'),
(377, 1, 0, 'Product modification', 'Product', 558, 3, '2019-10-02 14:07:15', '2019-10-02 14:07:15'),
(378, 1, 0, 'Product modification', 'Product', 557, 3, '2019-10-02 14:07:19', '2019-10-02 14:07:19'),
(379, 1, 0, 'Product modification', 'Product', 559, 3, '2019-10-02 14:07:24', '2019-10-02 14:07:24'),
(380, 1, 0, 'Product modification', 'Product', 560, 3, '2019-10-02 14:07:29', '2019-10-02 14:07:29'),
(381, 1, 0, 'Product modification', 'Product', 561, 3, '2019-10-02 14:07:33', '2019-10-02 14:07:33'),
(382, 1, 0, 'Product modification', 'Product', 562, 3, '2019-10-02 14:07:40', '2019-10-02 14:07:40'),
(383, 1, 0, 'Product modification', 'Product', 563, 3, '2019-10-02 14:07:45', '2019-10-02 14:07:45'),
(384, 1, 0, 'Product modification', 'Product', 564, 3, '2019-10-02 14:07:49', '2019-10-02 14:07:49'),
(385, 1, 0, 'Product modification', 'Product', 565, 3, '2019-10-02 14:07:54', '2019-10-02 14:07:54'),
(386, 1, 0, 'Product modification', 'Product', 566, 3, '2019-10-02 14:07:58', '2019-10-02 14:07:58'),
(387, 1, 0, 'Product modification', 'Product', 567, 3, '2019-10-02 14:08:41', '2019-10-02 14:08:41'),
(388, 1, 0, 'Product modification', 'Product', 568, 3, '2019-10-02 14:08:47', '2019-10-02 14:08:47'),
(389, 1, 0, 'Product modification', 'Product', 569, 3, '2019-10-02 14:08:51', '2019-10-02 14:08:51'),
(390, 1, 0, 'Product modification', 'Product', 570, 3, '2019-10-02 14:08:55', '2019-10-02 14:08:55'),
(391, 1, 0, 'Product modification', 'Product', 571, 3, '2019-10-02 14:08:59', '2019-10-02 14:08:59'),
(392, 1, 0, 'Product modification', 'Product', 572, 3, '2019-10-02 14:09:04', '2019-10-02 14:09:04'),
(393, 1, 0, 'Product modification', 'Product', 573, 3, '2019-10-02 14:09:08', '2019-10-02 14:09:08'),
(394, 1, 0, 'Product modification', 'Product', 574, 3, '2019-10-02 14:09:12', '2019-10-02 14:09:12'),
(395, 1, 0, 'Product modification', 'Product', 575, 3, '2019-10-02 14:09:17', '2019-10-02 14:09:17'),
(396, 1, 0, 'Product modification', 'Product', 576, 3, '2019-10-02 14:09:22', '2019-10-02 14:09:22'),
(397, 1, 0, 'Product modification', 'Product', 577, 3, '2019-10-02 14:09:52', '2019-10-02 14:09:52'),
(398, 1, 0, 'Product modification', 'Product', 578, 3, '2019-10-02 14:09:58', '2019-10-02 14:09:58'),
(399, 1, 0, 'Product modification', 'Product', 579, 3, '2019-10-02 14:10:03', '2019-10-02 14:10:03'),
(400, 1, 0, 'Product modification', 'Product', 580, 3, '2019-10-02 14:10:09', '2019-10-02 14:10:09'),
(401, 1, 0, 'Product modification', 'Product', 581, 3, '2019-10-02 14:10:14', '2019-10-02 14:10:14'),
(402, 1, 0, 'Product modification', 'Product', 582, 3, '2019-10-02 14:10:21', '2019-10-02 14:10:21'),
(403, 1, 0, 'Product modification', 'Product', 583, 3, '2019-10-02 14:10:30', '2019-10-02 14:10:30'),
(404, 1, 0, 'Product modification', 'Product', 584, 3, '2019-10-02 14:10:37', '2019-10-02 14:10:37'),
(405, 1, 0, 'Product modification', 'Product', 585, 3, '2019-10-02 14:10:41', '2019-10-02 14:10:41'),
(406, 1, 0, 'Product modification', 'Product', 586, 3, '2019-10-02 14:10:47', '2019-10-02 14:10:47'),
(407, 1, 0, 'Product modification', 'Product', 587, 3, '2019-10-02 14:11:20', '2019-10-02 14:11:20'),
(408, 1, 0, 'Product modification', 'Product', 588, 3, '2019-10-02 14:11:24', '2019-10-02 14:11:24'),
(409, 1, 0, 'Product modification', 'Product', 589, 3, '2019-10-02 14:11:29', '2019-10-02 14:11:29'),
(410, 1, 0, 'Product modification', 'Product', 590, 3, '2019-10-02 14:11:33', '2019-10-02 14:11:33'),
(411, 1, 0, 'Product modification', 'Product', 591, 3, '2019-10-02 14:11:38', '2019-10-02 14:11:38'),
(412, 1, 0, 'Product modification', 'Product', 592, 3, '2019-10-02 14:11:43', '2019-10-02 14:11:43'),
(413, 1, 0, 'Product modification', 'Product', 593, 3, '2019-10-02 14:11:48', '2019-10-02 14:11:48'),
(414, 1, 0, 'Product modification', 'Product', 594, 3, '2019-10-02 14:11:54', '2019-10-02 14:11:54'),
(415, 1, 0, 'Product modification', 'Product', 595, 3, '2019-10-02 14:11:58', '2019-10-02 14:11:58'),
(416, 1, 0, 'Product modification', 'Product', 596, 3, '2019-10-02 14:12:03', '2019-10-02 14:12:03'),
(417, 1, 0, 'Product modification', 'Product', 597, 3, '2019-10-02 14:12:37', '2019-10-02 14:12:37'),
(418, 1, 0, 'Product modification', 'Product', 598, 3, '2019-10-02 14:12:43', '2019-10-02 14:12:43'),
(419, 1, 0, 'Product modification', 'Product', 599, 3, '2019-10-02 14:12:48', '2019-10-02 14:12:48'),
(420, 1, 0, 'Product modification', 'Product', 600, 3, '2019-10-02 14:12:54', '2019-10-02 14:12:54'),
(421, 1, 0, 'Product modification', 'Product', 601, 3, '2019-10-02 14:12:59', '2019-10-02 14:12:59'),
(422, 1, 0, 'Product modification', 'Product', 602, 3, '2019-10-02 14:13:04', '2019-10-02 14:13:04');
INSERT INTO `ps_log` (`id_log`, `severity`, `error_code`, `message`, `object_type`, `object_id`, `id_employee`, `date_add`, `date_upd`) VALUES
(423, 1, 0, 'Product modification', 'Product', 603, 3, '2019-10-02 14:13:08', '2019-10-02 14:13:08'),
(424, 1, 0, 'Product modification', 'Product', 604, 3, '2019-10-02 14:13:13', '2019-10-02 14:13:13'),
(425, 1, 0, 'Product modification', 'Product', 605, 3, '2019-10-02 14:13:17', '2019-10-02 14:13:17'),
(426, 1, 0, 'Product modification', 'Product', 606, 3, '2019-10-02 14:13:22', '2019-10-02 14:13:22'),
(427, 1, 0, 'Product modification', 'Product', 607, 3, '2019-10-02 14:13:55', '2019-10-02 14:13:55'),
(428, 1, 0, 'Product modification', 'Product', 608, 3, '2019-10-02 14:14:03', '2019-10-02 14:14:03'),
(429, 1, 0, 'Product modification', 'Product', 609, 3, '2019-10-02 14:14:08', '2019-10-02 14:14:08'),
(430, 1, 0, 'Product modification', 'Product', 610, 3, '2019-10-02 14:14:13', '2019-10-02 14:14:13'),
(431, 1, 0, 'Product modification', 'Product', 611, 3, '2019-10-02 14:14:18', '2019-10-02 14:14:18'),
(432, 1, 0, 'Product modification', 'Product', 612, 3, '2019-10-02 14:14:24', '2019-10-02 14:14:24'),
(433, 1, 0, 'Product modification', 'Product', 613, 3, '2019-10-02 14:14:29', '2019-10-02 14:14:29'),
(434, 1, 0, 'Product modification', 'Product', 614, 3, '2019-10-02 14:14:33', '2019-10-02 14:14:33'),
(435, 1, 0, 'Product modification', 'Product', 615, 3, '2019-10-02 14:14:38', '2019-10-02 14:14:38'),
(436, 1, 0, 'Product modification', 'Product', 616, 3, '2019-10-02 14:14:43', '2019-10-02 14:14:43'),
(437, 1, 0, 'Product modification', 'Product', 617, 3, '2019-10-02 14:15:12', '2019-10-02 14:15:12'),
(438, 1, 0, 'Product modification', 'Product', 618, 3, '2019-10-02 14:15:17', '2019-10-02 14:15:17'),
(439, 1, 0, 'Product modification', 'Product', 619, 3, '2019-10-02 14:15:21', '2019-10-02 14:15:21'),
(440, 1, 0, 'Product modification', 'Product', 620, 3, '2019-10-02 14:15:28', '2019-10-02 14:15:28'),
(441, 1, 0, 'Product modification', 'Product', 621, 3, '2019-10-02 14:15:33', '2019-10-02 14:15:33'),
(442, 1, 0, 'Product modification', 'Product', 622, 3, '2019-10-02 14:15:39', '2019-10-02 14:15:39'),
(443, 1, 0, 'Product modification', 'Product', 623, 3, '2019-10-02 14:15:45', '2019-10-02 14:15:45'),
(444, 1, 0, 'Product modification', 'Product', 624, 3, '2019-10-02 14:15:50', '2019-10-02 14:15:50'),
(445, 1, 0, 'Product modification', 'Product', 625, 3, '2019-10-02 14:15:57', '2019-10-02 14:15:57'),
(446, 1, 0, 'Product modification', 'Product', 626, 3, '2019-10-02 14:16:01', '2019-10-02 14:16:01'),
(447, 1, 0, 'Product modification', 'Product', 627, 3, '2019-10-02 14:16:38', '2019-10-02 14:16:38'),
(448, 1, 0, 'Product modification', 'Product', 4, 1, '2019-10-02 14:16:42', '2019-10-02 14:16:42'),
(449, 1, 0, 'Product modification', 'Product', 628, 3, '2019-10-02 14:16:44', '2019-10-02 14:16:44'),
(450, 1, 0, 'Product modification', 'Product', 4, 1, '2019-10-02 14:16:46', '2019-10-02 14:16:46'),
(451, 1, 0, 'Product modification', 'Product', 629, 3, '2019-10-02 14:16:51', '2019-10-02 14:16:51'),
(452, 1, 0, 'Product modification', 'Product', 630, 3, '2019-10-02 14:16:57', '2019-10-02 14:16:57'),
(453, 1, 0, 'Product modification', 'Product', 631, 3, '2019-10-02 14:17:02', '2019-10-02 14:17:02'),
(454, 1, 0, 'Product modification', 'Product', 632, 3, '2019-10-02 14:17:06', '2019-10-02 14:17:06'),
(455, 1, 0, 'Product modification', 'Product', 633, 3, '2019-10-02 14:17:12', '2019-10-02 14:17:12'),
(456, 1, 0, 'Product modification', 'Product', 634, 3, '2019-10-02 14:17:18', '2019-10-02 14:17:18'),
(457, 1, 0, 'Product modification', 'Product', 635, 3, '2019-10-02 14:17:22', '2019-10-02 14:17:22'),
(458, 1, 0, 'Product modification', 'Product', 636, 3, '2019-10-02 14:17:29', '2019-10-02 14:17:29'),
(459, 1, 0, 'Product modification', 'Product', 4, 1, '2019-10-02 14:17:33', '2019-10-02 14:17:33'),
(460, 1, 0, 'Product modification', 'Product', 637, 3, '2019-10-02 14:18:02', '2019-10-02 14:18:02'),
(461, 1, 0, 'Product modification', 'Product', 638, 3, '2019-10-02 14:18:08', '2019-10-02 14:18:08'),
(462, 1, 0, 'Product modification', 'Product', 639, 3, '2019-10-02 14:18:14', '2019-10-02 14:18:14'),
(463, 1, 0, 'Product modification', 'Product', 640, 3, '2019-10-02 14:18:19', '2019-10-02 14:18:19'),
(464, 1, 0, 'Product modification', 'Product', 641, 3, '2019-10-02 14:18:23', '2019-10-02 14:18:23'),
(465, 1, 0, 'Product modification', 'Product', 642, 3, '2019-10-02 14:18:28', '2019-10-02 14:18:28'),
(466, 1, 0, 'Product modification', 'Product', 643, 3, '2019-10-02 14:18:33', '2019-10-02 14:18:33'),
(467, 1, 0, 'Product modification', 'Product', 644, 3, '2019-10-02 14:18:37', '2019-10-02 14:18:37'),
(468, 1, 0, 'Product modification', 'Product', 645, 3, '2019-10-02 14:18:41', '2019-10-02 14:18:41'),
(469, 1, 0, 'Product modification', 'Product', 646, 3, '2019-10-02 14:18:46', '2019-10-02 14:18:46'),
(470, 1, 0, 'Création : ApPageBuilderDetailsModel', 'ApPageBuilderDetailsModel', 8, 1, '2019-10-02 14:18:57', '2019-10-02 14:18:57'),
(471, 1, 0, 'Product modification', 'Product', 648, 3, '2019-10-02 14:19:23', '2019-10-02 14:19:23'),
(472, 1, 0, 'Product modification', 'Product', 647, 3, '2019-10-02 14:19:38', '2019-10-02 14:19:38'),
(473, 1, 0, 'Product modification', 'Product', 649, 3, '2019-10-02 14:19:48', '2019-10-02 14:19:48'),
(474, 1, 0, 'Product modification', 'Product', 650, 3, '2019-10-02 14:19:54', '2019-10-02 14:19:54'),
(475, 1, 0, 'Product modification', 'Product', 651, 3, '2019-10-02 14:19:58', '2019-10-02 14:19:58'),
(476, 1, 0, 'Product modification', 'Product', 652, 3, '2019-10-02 14:20:03', '2019-10-02 14:20:03'),
(477, 1, 0, 'Product modification', 'Product', 653, 3, '2019-10-02 14:20:08', '2019-10-02 14:20:08'),
(478, 1, 0, 'Product modification', 'Product', 654, 3, '2019-10-02 14:20:13', '2019-10-02 14:20:13'),
(479, 1, 0, 'Product modification', 'Product', 655, 3, '2019-10-02 14:20:18', '2019-10-02 14:20:18'),
(480, 1, 0, 'Product modification', 'Product', 656, 3, '2019-10-02 14:20:22', '2019-10-02 14:20:22'),
(481, 1, 0, 'Product modification', 'Product', 647, 3, '2019-10-02 14:20:27', '2019-10-02 14:20:27'),
(482, 1, 0, 'Product modification', 'Product', 657, 3, '2019-10-02 14:21:08', '2019-10-02 14:21:08'),
(483, 1, 0, 'modification ApPageBuilderDetailsModel', 'ApPageBuilderDetailsModel', 1, 1, '2019-10-02 14:21:54', '2019-10-02 14:21:54'),
(484, 1, 0, 'Product modification', 'Product', 657, 3, '2019-10-02 14:21:55', '2019-10-02 14:21:55'),
(485, 1, 0, 'Product modification', 'Product', 658, 3, '2019-10-02 14:22:03', '2019-10-02 14:22:03'),
(486, 1, 0, 'Product modification', 'Product', 659, 3, '2019-10-02 14:22:07', '2019-10-02 14:22:07'),
(487, 1, 0, 'Product modification', 'Product', 660, 3, '2019-10-02 14:22:13', '2019-10-02 14:22:13'),
(488, 1, 0, 'Product modification', 'Product', 661, 3, '2019-10-02 14:22:17', '2019-10-02 14:22:17'),
(489, 1, 0, 'Product modification', 'Product', 662, 3, '2019-10-02 14:22:21', '2019-10-02 14:22:21'),
(490, 1, 0, 'Product modification', 'Product', 663, 3, '2019-10-02 14:22:25', '2019-10-02 14:22:25'),
(491, 1, 0, 'Product modification', 'Product', 664, 3, '2019-10-02 14:22:30', '2019-10-02 14:22:30'),
(492, 1, 0, 'Product modification', 'Product', 665, 3, '2019-10-02 14:22:35', '2019-10-02 14:22:35'),
(493, 1, 0, 'Product modification', 'Product', 666, 3, '2019-10-02 14:22:39', '2019-10-02 14:22:39'),
(494, 1, 0, 'modification ApPageBuilderDetailsModel', 'ApPageBuilderDetailsModel', 1, 1, '2019-10-02 14:23:13', '2019-10-02 14:23:13'),
(495, 1, 0, 'Product modification', 'Product', 667, 3, '2019-10-02 14:23:29', '2019-10-02 14:23:29'),
(496, 1, 0, 'Product modification', 'Product', 668, 3, '2019-10-02 14:23:42', '2019-10-02 14:23:42'),
(497, 1, 0, 'Product modification', 'Product', 668, 3, '2019-10-02 14:24:03', '2019-10-02 14:24:03'),
(498, 1, 0, 'Product modification', 'Product', 669, 3, '2019-10-02 14:24:08', '2019-10-02 14:24:08'),
(499, 1, 0, 'Product modification', 'Product', 670, 3, '2019-10-02 14:24:12', '2019-10-02 14:24:12'),
(500, 1, 0, 'Product modification', 'Product', 671, 3, '2019-10-02 14:24:16', '2019-10-02 14:24:16'),
(501, 1, 0, 'Product modification', 'Product', 672, 3, '2019-10-02 14:24:21', '2019-10-02 14:24:21'),
(502, 1, 0, 'Product modification', 'Product', 673, 3, '2019-10-02 14:24:25', '2019-10-02 14:24:25'),
(503, 1, 0, 'Product modification', 'Product', 674, 3, '2019-10-02 14:24:29', '2019-10-02 14:24:29'),
(504, 1, 0, 'Product modification', 'Product', 675, 3, '2019-10-02 14:24:37', '2019-10-02 14:24:37'),
(505, 1, 0, 'Product modification', 'Product', 676, 3, '2019-10-02 14:24:43', '2019-10-02 14:24:43'),
(506, 1, 0, 'modification ApPageBuilderDetailsModel', 'ApPageBuilderDetailsModel', 1, 1, '2019-10-02 14:24:58', '2019-10-02 14:24:58'),
(507, 1, 0, 'Product modification', 'Product', 677, 3, '2019-10-02 14:25:32', '2019-10-02 14:25:32'),
(508, 1, 0, 'Product modification', 'Product', 678, 3, '2019-10-02 14:25:37', '2019-10-02 14:25:37'),
(509, 1, 0, 'Product modification', 'Product', 679, 3, '2019-10-02 14:25:42', '2019-10-02 14:25:42'),
(510, 1, 0, 'Product modification', 'Product', 680, 3, '2019-10-02 14:25:47', '2019-10-02 14:25:47'),
(511, 1, 0, 'Product modification', 'Product', 681, 3, '2019-10-02 14:25:50', '2019-10-02 14:25:50'),
(512, 1, 0, 'Product modification', 'Product', 682, 3, '2019-10-02 14:25:54', '2019-10-02 14:25:54'),
(513, 1, 0, 'Product modification', 'Product', 683, 3, '2019-10-02 14:25:58', '2019-10-02 14:25:58'),
(514, 1, 0, 'Product modification', 'Product', 684, 3, '2019-10-02 14:26:02', '2019-10-02 14:26:02'),
(515, 1, 0, 'Product modification', 'Product', 685, 3, '2019-10-02 14:26:07', '2019-10-02 14:26:07'),
(516, 1, 0, 'Product modification', 'Product', 686, 3, '2019-10-02 14:26:11', '2019-10-02 14:26:11'),
(517, 1, 0, 'modification ApPageBuilderDetailsModel', 'ApPageBuilderDetailsModel', 1, 1, '2019-10-02 14:26:41', '2019-10-02 14:26:41'),
(518, 1, 0, 'Product modification', 'Product', 687, 3, '2019-10-02 14:26:46', '2019-10-02 14:26:46'),
(519, 1, 0, 'Product modification', 'Product', 688, 3, '2019-10-02 14:26:52', '2019-10-02 14:26:52'),
(520, 1, 0, 'Product modification', 'Product', 689, 3, '2019-10-02 14:26:57', '2019-10-02 14:26:57'),
(521, 1, 0, 'Product modification', 'Product', 690, 3, '2019-10-02 14:27:01', '2019-10-02 14:27:01'),
(522, 1, 0, 'Product modification', 'Product', 691, 3, '2019-10-02 14:27:05', '2019-10-02 14:27:05'),
(523, 1, 0, 'Product modification', 'Product', 692, 3, '2019-10-02 14:27:09', '2019-10-02 14:27:09'),
(524, 1, 0, 'Product modification', 'Product', 693, 3, '2019-10-02 14:27:13', '2019-10-02 14:27:13'),
(525, 1, 0, 'Product modification', 'Product', 694, 3, '2019-10-02 14:27:18', '2019-10-02 14:27:18'),
(526, 1, 0, 'Product modification', 'Product', 695, 3, '2019-10-02 14:27:22', '2019-10-02 14:27:22'),
(527, 1, 0, 'Product modification', 'Product', 696, 3, '2019-10-02 14:27:27', '2019-10-02 14:27:27'),
(528, 1, 0, 'modification ApPageBuilderDetailsModel', 'ApPageBuilderDetailsModel', 1, 1, '2019-10-02 14:27:28', '2019-10-02 14:27:28'),
(529, 1, 0, 'Product modification', 'Product', 697, 3, '2019-10-02 14:27:51', '2019-10-02 14:27:51'),
(530, 1, 0, 'Product modification', 'Product', 698, 3, '2019-10-02 14:27:56', '2019-10-02 14:27:56'),
(531, 1, 0, 'Product modification', 'Product', 699, 3, '2019-10-02 14:28:02', '2019-10-02 14:28:02'),
(532, 1, 0, 'Product modification', 'Product', 700, 3, '2019-10-02 14:28:05', '2019-10-02 14:28:05'),
(533, 1, 0, 'Product modification', 'Product', 701, 3, '2019-10-02 14:28:10', '2019-10-02 14:28:10'),
(534, 1, 0, 'Product modification', 'Product', 702, 3, '2019-10-02 14:28:14', '2019-10-02 14:28:14'),
(535, 1, 0, 'Product modification', 'Product', 703, 3, '2019-10-02 14:28:19', '2019-10-02 14:28:19'),
(536, 1, 0, 'Product modification', 'Product', 1, 3, '2019-10-02 14:29:19', '2019-10-02 14:29:19'),
(537, 1, 0, 'Product modification', 'Product', 2, 3, '2019-10-02 14:29:23', '2019-10-02 14:29:23'),
(538, 1, 0, 'Product modification', 'Product', 3, 3, '2019-10-02 14:29:28', '2019-10-02 14:29:28'),
(539, 1, 0, 'Product modification', 'Product', 4, 3, '2019-10-02 14:29:34', '2019-10-02 14:29:34'),
(540, 1, 0, 'Product modification', 'Product', 5, 3, '2019-10-02 14:29:48', '2019-10-02 14:29:48'),
(541, 1, 0, 'Product modification', 'Product', 6, 3, '2019-10-02 14:29:56', '2019-10-02 14:29:56'),
(542, 1, 0, 'Product modification', 'Product', 7, 1, '2019-10-02 14:31:56', '2019-10-02 14:31:56'),
(543, 1, 0, 'Product modification', 'Product', 7, 1, '2019-10-02 14:37:06', '2019-10-02 14:37:06'),
(544, 1, 0, 'Product modification', 'Product', 7, 1, '2019-10-02 14:37:10', '2019-10-02 14:37:10'),
(545, 1, 0, 'Product modification', 'Product', 7, 1, '2019-10-02 14:37:34', '2019-10-02 14:37:34'),
(546, 1, 0, 'Product modification', 'Product', 7, 1, '2019-10-02 14:37:39', '2019-10-02 14:37:39'),
(547, 1, 0, 'Product modification', 'Product', 7, 1, '2019-10-02 14:38:07', '2019-10-02 14:38:07'),
(548, 1, 0, 'Product modification', 'Product', 7, 1, '2019-10-02 14:39:00', '2019-10-02 14:39:00'),
(549, 1, 0, 'Product modification', 'Product', 7, 1, '2019-10-02 14:42:51', '2019-10-02 14:42:51'),
(550, 1, 0, 'Product modification', 'Product', 8, 1, '2019-10-02 14:43:24', '2019-10-02 14:43:24'),
(551, 1, 0, 'Product modification', 'Product', 9, 1, '2019-10-02 14:43:58', '2019-10-02 14:43:58'),
(552, 1, 0, 'Product modification', 'Product', 10, 1, '2019-10-02 14:44:26', '2019-10-02 14:44:26'),
(553, 1, 0, 'Product modification', 'Product', 11, 1, '2019-10-02 14:45:15', '2019-10-02 14:45:15'),
(554, 1, 0, 'Product modification', 'Product', 11, 1, '2019-10-02 14:45:21', '2019-10-02 14:45:21'),
(555, 1, 0, 'There is no translation file available.', '', 0, 1, '2019-10-02 14:47:31', '2019-10-02 14:47:31'),
(556, 1, 0, 'Product modification', 'Product', 1, 3, '2019-10-02 14:48:08', '2019-10-02 14:48:08'),
(557, 1, 0, 'Product modification', 'Product', 41, 3, '2019-10-02 14:51:56', '2019-10-02 14:51:56'),
(558, 1, 0, 'Product modification', 'Product', 42, 3, '2019-10-02 14:52:02', '2019-10-02 14:52:02'),
(559, 1, 0, 'Product modification', 'Product', 43, 3, '2019-10-02 14:52:09', '2019-10-02 14:52:09'),
(560, 1, 0, 'Product modification', 'Product', 44, 3, '2019-10-02 14:52:17', '2019-10-02 14:52:17'),
(561, 1, 0, 'Product modification', 'Product', 45, 3, '2019-10-02 14:52:22', '2019-10-02 14:52:22'),
(562, 1, 0, 'Product modification', 'Product', 46, 3, '2019-10-02 14:52:28', '2019-10-02 14:52:28'),
(563, 1, 0, 'Product modification', 'Product', 66, 3, '2019-10-02 14:52:35', '2019-10-02 14:52:35'),
(564, 1, 0, 'Product modification', 'Product', 67, 3, '2019-10-02 14:52:42', '2019-10-02 14:52:42'),
(565, 1, 0, 'Product modification', 'Product', 68, 3, '2019-10-02 14:52:47', '2019-10-02 14:52:47'),
(566, 1, 0, 'Product modification', 'Product', 69, 3, '2019-10-02 14:52:53', '2019-10-02 14:52:53'),
(567, 1, 0, 'Product modification', 'Product', 70, 3, '2019-10-02 14:53:29', '2019-10-02 14:53:29'),
(568, 1, 0, 'Product modification', 'Product', 71, 3, '2019-10-02 14:53:36', '2019-10-02 14:53:36'),
(569, 1, 0, 'Product modification', 'Product', 72, 3, '2019-10-02 14:53:45', '2019-10-02 14:53:45'),
(570, 1, 0, 'Product modification', 'Product', 73, 3, '2019-10-02 14:53:50', '2019-10-02 14:53:50'),
(571, 1, 0, 'Product modification', 'Product', 74, 3, '2019-10-02 14:53:55', '2019-10-02 14:53:55'),
(572, 1, 0, 'Product modification', 'Product', 7, 1, '2019-10-02 14:53:56', '2019-10-02 14:53:56'),
(573, 1, 0, 'Product modification', 'Product', 75, 3, '2019-10-02 14:53:59', '2019-10-02 14:53:59'),
(574, 1, 0, 'Product modification', 'Product', 76, 3, '2019-10-02 14:54:03', '2019-10-02 14:54:03'),
(575, 1, 0, 'Product modification', 'Product', 77, 3, '2019-10-02 14:54:08', '2019-10-02 14:54:08'),
(576, 1, 0, 'Product modification', 'Product', 78, 3, '2019-10-02 14:54:12', '2019-10-02 14:54:12'),
(577, 1, 0, 'Product modification', 'Product', 79, 3, '2019-10-02 14:54:16', '2019-10-02 14:54:16'),
(578, 1, 0, 'Product modification', 'Product', 80, 3, '2019-10-02 14:54:49', '2019-10-02 14:54:49'),
(579, 1, 0, 'Product modification', 'Product', 8, 1, '2019-10-02 14:54:51', '2019-10-02 14:54:51'),
(580, 1, 0, 'Product modification', 'Product', 81, 3, '2019-10-02 14:54:56', '2019-10-02 14:54:56'),
(581, 1, 0, 'Product modification', 'Product', 82, 3, '2019-10-02 14:55:02', '2019-10-02 14:55:02'),
(582, 1, 0, 'Product modification', 'Product', 83, 3, '2019-10-02 14:55:07', '2019-10-02 14:55:07'),
(583, 1, 0, 'Product modification', 'Product', 84, 3, '2019-10-02 14:55:12', '2019-10-02 14:55:12'),
(584, 1, 0, 'Product modification', 'Product', 85, 3, '2019-10-02 14:55:17', '2019-10-02 14:55:17'),
(585, 1, 0, 'Product modification', 'Product', 86, 3, '2019-10-02 14:55:22', '2019-10-02 14:55:22'),
(586, 1, 0, 'Product modification', 'Product', 87, 3, '2019-10-02 14:55:26', '2019-10-02 14:55:26'),
(587, 1, 0, 'Product modification', 'Product', 9, 1, '2019-10-02 14:55:27', '2019-10-02 14:55:27'),
(588, 1, 0, 'Product modification', 'Product', 88, 3, '2019-10-02 14:55:30', '2019-10-02 14:55:30'),
(589, 1, 0, 'Product modification', 'Product', 89, 3, '2019-10-02 14:55:35', '2019-10-02 14:55:35'),
(590, 1, 0, 'Product modification', 'Product', 90, 3, '2019-10-02 14:56:07', '2019-10-02 14:56:07'),
(591, 1, 0, 'Product modification', 'Product', 91, 3, '2019-10-02 14:56:13', '2019-10-02 14:56:13'),
(592, 1, 0, 'Product modification', 'Product', 92, 3, '2019-10-02 14:56:20', '2019-10-02 14:56:20'),
(593, 1, 0, 'Product modification', 'Product', 93, 3, '2019-10-02 14:56:25', '2019-10-02 14:56:25'),
(594, 1, 0, 'Product modification', 'Product', 94, 3, '2019-10-02 14:56:32', '2019-10-02 14:56:32'),
(595, 1, 0, 'Product modification', 'Product', 95, 3, '2019-10-02 14:56:37', '2019-10-02 14:56:37'),
(596, 1, 0, 'Product modification', 'Product', 96, 3, '2019-10-02 14:56:41', '2019-10-02 14:56:41'),
(597, 1, 0, 'Product modification', 'Product', 97, 3, '2019-10-02 14:56:45', '2019-10-02 14:56:45'),
(598, 1, 0, 'Product modification', 'Product', 11, 1, '2019-10-02 14:56:46', '2019-10-02 14:56:46'),
(599, 1, 0, 'Product modification', 'Product', 98, 3, '2019-10-02 14:56:49', '2019-10-02 14:56:49'),
(600, 1, 0, 'Product modification', 'Product', 99, 3, '2019-10-02 14:56:54', '2019-10-02 14:56:54'),
(601, 1, 0, 'Product modification', 'Product', 100, 3, '2019-10-02 14:57:27', '2019-10-02 14:57:27'),
(602, 1, 0, 'Product modification', 'Product', 12, 1, '2019-10-02 14:57:32', '2019-10-02 14:57:32'),
(603, 1, 0, 'Product modification', 'Product', 102, 3, '2019-10-02 14:57:37', '2019-10-02 14:57:37'),
(604, 1, 0, 'Product modification', 'Product', 12, 1, '2019-10-02 14:57:42', '2019-10-02 14:57:42'),
(605, 1, 0, 'Product modification', 'Product', 103, 3, '2019-10-02 14:57:46', '2019-10-02 14:57:46'),
(606, 1, 0, 'Product modification', 'Product', 104, 3, '2019-10-02 14:57:51', '2019-10-02 14:57:51'),
(607, 1, 0, 'Product modification', 'Product', 105, 3, '2019-10-02 14:57:57', '2019-10-02 14:57:57'),
(608, 1, 0, 'Product modification', 'Product', 106, 3, '2019-10-02 14:58:02', '2019-10-02 14:58:02'),
(609, 1, 0, 'Product modification', 'Product', 107, 3, '2019-10-02 14:58:07', '2019-10-02 14:58:07'),
(610, 1, 0, 'Product modification', 'Product', 108, 3, '2019-10-02 14:58:11', '2019-10-02 14:58:11'),
(611, 1, 0, 'Product modification', 'Product', 109, 3, '2019-10-02 14:58:15', '2019-10-02 14:58:15'),
(612, 1, 0, 'Product modification', 'Product', 101, 3, '2019-10-02 14:58:30', '2019-10-02 14:58:30'),
(613, 1, 0, 'Product modification', 'Product', 13, 1, '2019-10-02 14:58:32', '2019-10-02 14:58:32'),
(614, 1, 0, 'Product modification', 'Product', 14, 1, '2019-10-02 14:59:17', '2019-10-02 14:59:17'),
(615, 1, 0, 'Product modification', 'Product', 14, 1, '2019-10-02 14:59:26', '2019-10-02 14:59:26'),
(616, 1, 0, 'Product modification', 'Product', 15, 1, '2019-10-02 15:00:09', '2019-10-02 15:00:09'),
(617, 1, 0, 'Product modification', 'Product', 15, 1, '2019-10-02 15:00:17', '2019-10-02 15:00:17'),
(618, 1, 0, 'Product modification', 'Product', 16, 1, '2019-10-02 15:00:50', '2019-10-02 15:00:50'),
(619, 1, 0, 'Product modification', 'Product', 16, 1, '2019-10-02 15:01:05', '2019-10-02 15:01:05'),
(620, 1, 0, 'Product modification', 'Product', 110, 3, '2019-10-02 15:01:49', '2019-10-02 15:01:49'),
(621, 1, 0, 'Product modification', 'Product', 17, 1, '2019-10-02 15:01:54', '2019-10-02 15:01:54'),
(622, 1, 0, 'Product modification', 'Product', 111, 3, '2019-10-02 15:01:55', '2019-10-02 15:01:55'),
(623, 1, 0, 'Product modification', 'Product', 112, 3, '2019-10-02 15:02:01', '2019-10-02 15:02:01'),
(624, 1, 0, 'Product modification', 'Product', 113, 3, '2019-10-02 15:02:07', '2019-10-02 15:02:07'),
(625, 1, 0, 'Product modification', 'Product', 114, 3, '2019-10-02 15:02:12', '2019-10-02 15:02:12'),
(626, 1, 0, 'Product modification', 'Product', 115, 3, '2019-10-02 15:02:18', '2019-10-02 15:02:18'),
(627, 1, 0, 'Product modification', 'Product', 116, 3, '2019-10-02 15:02:24', '2019-10-02 15:02:24'),
(628, 1, 0, 'Product modification', 'Product', 117, 3, '2019-10-02 15:02:28', '2019-10-02 15:02:28'),
(629, 1, 0, 'Product modification', 'Product', 18, 1, '2019-10-02 15:02:32', '2019-10-02 15:02:32'),
(630, 1, 0, 'Product modification', 'Product', 118, 3, '2019-10-02 15:02:33', '2019-10-02 15:02:33'),
(631, 1, 0, 'Product modification', 'Product', 119, 3, '2019-10-02 15:02:38', '2019-10-02 15:02:38'),
(632, 1, 0, 'Product modification', 'Product', 18, 1, '2019-10-02 15:02:40', '2019-10-02 15:02:40'),
(633, 1, 0, 'Product modification', 'Product', 120, 3, '2019-10-02 15:03:17', '2019-10-02 15:03:17'),
(634, 1, 0, 'Product modification', 'Product', 19, 1, '2019-10-02 15:03:22', '2019-10-02 15:03:22'),
(635, 1, 0, 'Product modification', 'Product', 121, 3, '2019-10-02 15:03:24', '2019-10-02 15:03:24'),
(636, 1, 0, 'Product modification', 'Product', 122, 3, '2019-10-02 15:03:29', '2019-10-02 15:03:29'),
(637, 1, 0, 'Product modification', 'Product', 19, 1, '2019-10-02 15:03:32', '2019-10-02 15:03:32'),
(638, 1, 0, 'Product modification', 'Product', 123, 3, '2019-10-02 15:03:34', '2019-10-02 15:03:34'),
(639, 1, 0, 'Product modification', 'Product', 124, 3, '2019-10-02 15:03:38', '2019-10-02 15:03:38'),
(640, 1, 0, 'Product modification', 'Product', 125, 3, '2019-10-02 15:03:46', '2019-10-02 15:03:46'),
(641, 1, 0, 'Product modification', 'Product', 126, 3, '2019-10-02 15:03:50', '2019-10-02 15:03:50'),
(642, 1, 0, 'Product modification', 'Product', 127, 3, '2019-10-02 15:03:55', '2019-10-02 15:03:55'),
(643, 1, 0, 'Product modification', 'Product', 128, 3, '2019-10-02 15:04:01', '2019-10-02 15:04:01'),
(644, 1, 0, 'Product modification', 'Product', 129, 3, '2019-10-02 15:04:05', '2019-10-02 15:04:05'),
(645, 1, 0, 'Product modification', 'Product', 20, 1, '2019-10-02 15:04:34', '2019-10-02 15:04:34'),
(646, 1, 0, 'Product modification', 'Product', 20, 1, '2019-10-02 15:04:50', '2019-10-02 15:04:50'),
(647, 1, 0, 'Product modification', 'Product', 130, 3, '2019-10-02 15:04:58', '2019-10-02 15:04:58'),
(648, 1, 0, 'Product modification', 'Product', 131, 3, '2019-10-02 15:05:04', '2019-10-02 15:05:04'),
(649, 1, 0, 'Product modification', 'Product', 132, 3, '2019-10-02 15:05:09', '2019-10-02 15:05:09'),
(650, 1, 0, 'Product modification', 'Product', 133, 3, '2019-10-02 15:05:14', '2019-10-02 15:05:14'),
(651, 1, 0, 'Product modification', 'Product', 134, 3, '2019-10-02 15:05:19', '2019-10-02 15:05:19'),
(652, 1, 0, 'Product modification', 'Product', 135, 3, '2019-10-02 15:05:23', '2019-10-02 15:05:23'),
(653, 1, 0, 'Product modification', 'Product', 136, 3, '2019-10-02 15:05:27', '2019-10-02 15:05:27'),
(654, 1, 0, 'Product modification', 'Product', 137, 3, '2019-10-02 15:05:31', '2019-10-02 15:05:31'),
(655, 1, 0, 'Product modification', 'Product', 21, 1, '2019-10-02 15:05:32', '2019-10-02 15:05:32'),
(656, 1, 0, 'Product modification', 'Product', 138, 3, '2019-10-02 15:05:35', '2019-10-02 15:05:35'),
(657, 1, 0, 'Product modification', 'Product', 150, 3, '2019-10-02 15:05:40', '2019-10-02 15:05:40'),
(658, 1, 0, 'Product modification', 'Product', 21, 1, '2019-10-02 15:05:59', '2019-10-02 15:05:59'),
(659, 1, 0, 'Product modification', 'Product', 151, 3, '2019-10-02 15:06:40', '2019-10-02 15:06:40'),
(660, 1, 0, 'Product modification', 'Product', 171, 3, '2019-10-02 15:06:46', '2019-10-02 15:06:46'),
(661, 1, 0, 'Product modification', 'Product', 172, 3, '2019-10-02 15:06:53', '2019-10-02 15:06:53'),
(662, 1, 0, 'Product modification', 'Product', 173, 3, '2019-10-02 15:06:58', '2019-10-02 15:06:58'),
(663, 1, 0, 'Product modification', 'Product', 174, 3, '2019-10-02 15:07:03', '2019-10-02 15:07:03'),
(664, 1, 0, 'Product modification', 'Product', 175, 3, '2019-10-02 15:07:18', '2019-10-02 15:07:18'),
(665, 1, 0, 'Product modification', 'Product', 176, 3, '2019-10-02 15:07:21', '2019-10-02 15:07:21'),
(666, 1, 0, 'Product modification', 'Product', 177, 3, '2019-10-02 15:07:29', '2019-10-02 15:07:29'),
(667, 1, 0, 'Product modification', 'Product', 178, 3, '2019-10-02 15:07:33', '2019-10-02 15:07:33'),
(668, 1, 0, 'Product modification', 'Product', 179, 3, '2019-10-02 15:07:38', '2019-10-02 15:07:38'),
(669, 1, 0, 'Product modification', 'Product', 180, 3, '2019-10-02 15:07:42', '2019-10-02 15:07:42'),
(670, 1, 0, 'Product modification', 'Product', 181, 3, '2019-10-02 15:07:46', '2019-10-02 15:07:46'),
(671, 1, 0, 'Product modification', 'Product', 182, 3, '2019-10-02 15:07:51', '2019-10-02 15:07:51'),
(672, 1, 0, 'Product modification', 'Product', 183, 3, '2019-10-02 15:07:55', '2019-10-02 15:07:55'),
(673, 1, 0, 'Product modification', 'Product', 184, 3, '2019-10-02 15:08:00', '2019-10-02 15:08:00'),
(674, 1, 0, 'Product modification', 'Product', 22, 3, '2019-10-02 15:09:23', '2019-10-02 15:09:23'),
(675, 1, 0, 'Product modification', 'Product', 10, 3, '2019-10-02 15:09:58', '2019-10-02 15:09:58'),
(676, 1, 0, 'Product modification', 'Product', 22, 1, '2019-10-02 15:13:47', '2019-10-02 15:13:47'),
(677, 1, 0, 'Product modification', 'Product', 22, 1, '2019-10-02 15:13:56', '2019-10-02 15:13:56'),
(678, 1, 0, 'Product modification', 'Product', 185, 3, '2019-10-02 15:14:14', '2019-10-02 15:14:14'),
(679, 1, 0, 'Product modification', 'Product', 186, 3, '2019-10-02 15:14:19', '2019-10-02 15:14:19'),
(680, 1, 0, 'Product modification', 'Product', 187, 3, '2019-10-02 15:14:25', '2019-10-02 15:14:25'),
(681, 1, 0, 'Product modification', 'Product', 188, 3, '2019-10-02 15:14:32', '2019-10-02 15:14:32'),
(682, 1, 0, 'Product modification', 'Product', 189, 3, '2019-10-02 15:14:36', '2019-10-02 15:14:36'),
(683, 1, 0, 'Product modification', 'Product', 190, 3, '2019-10-02 15:14:40', '2019-10-02 15:14:40'),
(684, 1, 0, 'Product modification', 'Product', 191, 3, '2019-10-02 15:14:44', '2019-10-02 15:14:44'),
(685, 1, 0, 'Product modification', 'Product', 192, 3, '2019-10-02 15:14:50', '2019-10-02 15:14:50'),
(686, 1, 0, 'Product modification', 'Product', 193, 3, '2019-10-02 15:14:55', '2019-10-02 15:14:55'),
(687, 1, 0, 'Product modification', 'Product', 194, 3, '2019-10-02 15:15:00', '2019-10-02 15:15:00'),
(688, 1, 0, 'Product modification', 'Product', 195, 3, '2019-10-02 15:15:45', '2019-10-02 15:15:45'),
(689, 1, 0, 'Product modification', 'Product', 196, 3, '2019-10-02 15:15:51', '2019-10-02 15:15:51'),
(690, 1, 0, 'Product modification', 'Product', 197, 3, '2019-10-02 15:15:57', '2019-10-02 15:15:57'),
(691, 1, 0, 'Product modification', 'Product', 198, 3, '2019-10-02 15:16:03', '2019-10-02 15:16:03'),
(692, 1, 0, 'Product modification', 'Product', 199, 3, '2019-10-02 15:16:08', '2019-10-02 15:16:08'),
(693, 1, 0, 'Product modification', 'Product', 200, 3, '2019-10-02 15:16:14', '2019-10-02 15:16:14'),
(694, 1, 0, 'Product modification', 'Product', 201, 3, '2019-10-02 15:16:24', '2019-10-02 15:16:24'),
(695, 1, 0, 'Product modification', 'Product', 226, 3, '2019-10-02 15:16:32', '2019-10-02 15:16:32'),
(696, 1, 0, 'Product modification', 'Product', 227, 3, '2019-10-02 15:16:37', '2019-10-02 15:16:37'),
(697, 1, 0, 'Product modification', 'Product', 228, 3, '2019-10-02 15:16:41', '2019-10-02 15:16:41'),
(698, 1, 0, 'Product modification', 'Product', 23, 1, '2019-10-02 15:17:05', '2019-10-02 15:17:05'),
(699, 1, 0, 'Product modification', 'Product', 23, 1, '2019-10-02 15:18:08', '2019-10-02 15:18:08'),
(700, 1, 0, 'Product modification', 'Product', 23, 1, '2019-10-02 15:22:31', '2019-10-02 15:22:31'),
(701, 1, 0, 'Product modification', 'Product', 23, 1, '2019-10-02 15:23:03', '2019-10-02 15:23:03'),
(702, 1, 0, 'Product modification', 'Product', 24, 1, '2019-10-02 15:23:52', '2019-10-02 15:23:52'),
(703, 1, 0, 'Product modification', 'Product', 229, 3, '2019-10-02 15:25:32', '2019-10-02 15:25:32'),
(704, 1, 0, 'Product modification', 'Product', 230, 3, '2019-10-02 15:25:39', '2019-10-02 15:25:39'),
(705, 1, 0, 'Product modification', 'Product', 231, 3, '2019-10-02 15:25:46', '2019-10-02 15:25:46'),
(706, 1, 0, 'Product modification', 'Product', 24, 1, '2019-10-02 15:25:54', '2019-10-02 15:25:54'),
(707, 1, 0, 'Product modification', 'Product', 24, 1, '2019-10-02 15:26:02', '2019-10-02 15:26:02'),
(708, 1, 0, 'Product modification', 'Product', 231, 3, '2019-10-02 15:26:07', '2019-10-02 15:26:07'),
(709, 1, 0, 'Product modification', 'Product', 24, 1, '2019-10-02 15:26:09', '2019-10-02 15:26:09'),
(710, 1, 0, 'Product modification', 'Product', 232, 3, '2019-10-02 15:26:12', '2019-10-02 15:26:12'),
(711, 1, 0, 'Product modification', 'Product', 233, 3, '2019-10-02 15:26:17', '2019-10-02 15:26:17'),
(712, 1, 0, 'Product modification', 'Product', 234, 3, '2019-10-02 15:26:21', '2019-10-02 15:26:21'),
(713, 1, 0, 'Product modification', 'Product', 235, 3, '2019-10-02 15:26:26', '2019-10-02 15:26:26'),
(714, 1, 0, 'Product modification', 'Product', 236, 3, '2019-10-02 15:26:31', '2019-10-02 15:26:31'),
(715, 1, 0, 'Product modification', 'Product', 246, 3, '2019-10-02 15:26:35', '2019-10-02 15:26:35'),
(716, 1, 0, 'Product modification', 'Product', 247, 3, '2019-10-02 15:26:42', '2019-10-02 15:26:42'),
(717, 1, 0, 'Product modification', 'Product', 276, 3, '2019-10-02 15:27:19', '2019-10-02 15:27:19'),
(718, 1, 0, 'Product modification', 'Product', 277, 3, '2019-10-02 15:27:25', '2019-10-02 15:27:25'),
(719, 1, 0, 'Product modification', 'Product', 278, 3, '2019-10-02 15:27:32', '2019-10-02 15:27:32'),
(720, 1, 0, 'Product modification', 'Product', 279, 3, '2019-10-02 15:27:37', '2019-10-02 15:27:37'),
(721, 1, 0, 'Product modification', 'Product', 280, 3, '2019-10-02 15:27:42', '2019-10-02 15:27:42'),
(722, 1, 0, 'Product modification', 'Product', 281, 3, '2019-10-02 15:27:46', '2019-10-02 15:27:46'),
(723, 1, 0, 'Product modification', 'Product', 282, 3, '2019-10-02 15:27:52', '2019-10-02 15:27:52'),
(724, 1, 0, 'Product modification', 'Product', 283, 3, '2019-10-02 15:27:57', '2019-10-02 15:27:57'),
(725, 1, 0, 'Product modification', 'Product', 284, 3, '2019-10-02 15:28:00', '2019-10-02 15:28:00'),
(726, 1, 0, 'Product modification', 'Product', 285, 3, '2019-10-02 15:28:05', '2019-10-02 15:28:05'),
(727, 1, 0, 'Product modification', 'Product', 286, 3, '2019-10-02 15:29:47', '2019-10-02 15:29:47'),
(728, 1, 0, 'Product modification', 'Product', 287, 3, '2019-10-02 15:29:52', '2019-10-02 15:29:52'),
(729, 1, 0, 'Product modification', 'Product', 286, 3, '2019-10-02 15:29:57', '2019-10-02 15:29:57'),
(730, 1, 0, 'Product modification', 'Product', 288, 3, '2019-10-02 15:30:03', '2019-10-02 15:30:03'),
(731, 1, 0, 'Product modification', 'Product', 289, 3, '2019-10-02 15:30:08', '2019-10-02 15:30:08'),
(732, 1, 0, 'Product modification', 'Product', 290, 3, '2019-10-02 15:30:14', '2019-10-02 15:30:14'),
(733, 1, 0, 'Product modification', 'Product', 291, 3, '2019-10-02 15:30:20', '2019-10-02 15:30:20'),
(734, 1, 0, 'Product modification', 'Product', 292, 3, '2019-10-02 15:30:25', '2019-10-02 15:30:25'),
(735, 1, 0, 'Product modification', 'Product', 293, 3, '2019-10-02 15:30:31', '2019-10-02 15:30:31'),
(736, 1, 0, 'Product modification', 'Product', 294, 3, '2019-10-02 15:30:37', '2019-10-02 15:30:37'),
(737, 1, 0, 'Product modification', 'Product', 295, 3, '2019-10-02 15:30:41', '2019-10-02 15:30:41'),
(738, 1, 0, 'Product modification', 'Product', 296, 3, '2019-10-02 15:31:21', '2019-10-02 15:31:21'),
(739, 1, 0, 'Product modification', 'Product', 297, 3, '2019-10-02 15:31:27', '2019-10-02 15:31:27'),
(740, 1, 0, 'Product modification', 'Product', 298, 3, '2019-10-02 15:31:32', '2019-10-02 15:31:32'),
(741, 1, 0, 'Product modification', 'Product', 299, 3, '2019-10-02 15:31:37', '2019-10-02 15:31:37'),
(742, 1, 0, 'Product modification', 'Product', 300, 3, '2019-10-02 15:31:42', '2019-10-02 15:31:42'),
(743, 1, 0, 'Product modification', 'Product', 301, 3, '2019-10-02 15:31:47', '2019-10-02 15:31:47'),
(744, 1, 0, 'Product modification', 'Product', 302, 3, '2019-10-02 15:31:51', '2019-10-02 15:31:51'),
(745, 1, 0, 'Product modification', 'Product', 303, 3, '2019-10-02 15:31:57', '2019-10-02 15:31:57'),
(746, 1, 0, 'Product modification', 'Product', 304, 3, '2019-10-02 15:32:02', '2019-10-02 15:32:02'),
(747, 1, 0, 'Product modification', 'Product', 305, 3, '2019-10-02 15:32:06', '2019-10-02 15:32:06'),
(748, 1, 0, 'Product modification', 'Product', 306, 3, '2019-10-02 15:33:19', '2019-10-02 15:33:19'),
(749, 1, 0, 'Product modification', 'Product', 306, 3, '2019-10-02 15:35:28', '2019-10-02 15:35:28'),
(750, 1, 0, 'Product modification', 'Product', 307, 3, '2019-10-02 15:35:33', '2019-10-02 15:35:33'),
(751, 1, 0, 'Product modification', 'Product', 308, 3, '2019-10-02 15:35:39', '2019-10-02 15:35:39'),
(752, 1, 0, 'Product modification', 'Product', 309, 3, '2019-10-02 15:35:45', '2019-10-02 15:35:45'),
(753, 1, 0, 'Product modification', 'Product', 310, 3, '2019-10-02 15:35:49', '2019-10-02 15:35:49'),
(754, 1, 0, 'Product modification', 'Product', 311, 3, '2019-10-02 15:35:54', '2019-10-02 15:35:54'),
(755, 1, 0, 'Product modification', 'Product', 312, 3, '2019-10-02 15:35:57', '2019-10-02 15:35:57'),
(756, 1, 0, 'Product modification', 'Product', 313, 3, '2019-10-02 15:36:01', '2019-10-02 15:36:01'),
(757, 1, 0, 'Product modification', 'Product', 314, 3, '2019-10-02 15:36:05', '2019-10-02 15:36:05'),
(758, 1, 0, 'Product modification', 'Product', 315, 3, '2019-10-02 15:36:10', '2019-10-02 15:36:10'),
(759, 1, 0, 'Product modification', 'Product', 316, 3, '2019-10-02 15:36:52', '2019-10-02 15:36:52'),
(760, 1, 0, 'Product modification', 'Product', 317, 3, '2019-10-02 15:36:58', '2019-10-02 15:36:58'),
(761, 1, 0, 'Product modification', 'Product', 318, 3, '2019-10-02 15:37:03', '2019-10-02 15:37:03'),
(762, 1, 0, 'Product modification', 'Product', 319, 3, '2019-10-02 15:37:08', '2019-10-02 15:37:08'),
(763, 1, 0, 'Product modification', 'Product', 320, 3, '2019-10-02 15:37:12', '2019-10-02 15:37:12'),
(764, 1, 0, 'Product modification', 'Product', 321, 3, '2019-10-02 15:37:17', '2019-10-02 15:37:17'),
(765, 1, 0, 'Product modification', 'Product', 322, 3, '2019-10-02 15:37:21', '2019-10-02 15:37:21'),
(766, 1, 0, 'Product modification', 'Product', 323, 3, '2019-10-02 15:37:24', '2019-10-02 15:37:24'),
(767, 1, 0, 'Product modification', 'Product', 324, 3, '2019-10-02 15:37:32', '2019-10-02 15:37:32'),
(768, 1, 0, 'Product modification', 'Product', 325, 3, '2019-10-02 15:37:37', '2019-10-02 15:37:37'),
(769, 1, 0, 'Product modification', 'Product', 326, 3, '2019-10-02 15:38:44', '2019-10-02 15:38:44'),
(770, 1, 0, 'Product modification', 'Product', 327, 3, '2019-10-02 15:38:49', '2019-10-02 15:38:49'),
(771, 1, 0, 'Product modification', 'Product', 328, 3, '2019-10-02 15:38:56', '2019-10-02 15:38:56'),
(772, 1, 0, 'Product modification', 'Product', 329, 3, '2019-10-02 15:39:03', '2019-10-02 15:39:03'),
(773, 1, 0, 'Product modification', 'Product', 330, 3, '2019-10-02 15:39:08', '2019-10-02 15:39:08'),
(774, 1, 0, 'Product modification', 'Product', 331, 3, '2019-10-02 15:39:13', '2019-10-02 15:39:13'),
(775, 1, 0, 'Product modification', 'Product', 332, 3, '2019-10-02 15:39:18', '2019-10-02 15:39:18'),
(776, 1, 0, 'Product modification', 'Product', 333, 3, '2019-10-02 15:39:22', '2019-10-02 15:39:22'),
(777, 1, 0, 'Product modification', 'Product', 334, 3, '2019-10-02 15:39:27', '2019-10-02 15:39:27'),
(778, 1, 0, 'Product modification', 'Product', 335, 3, '2019-10-02 15:39:31', '2019-10-02 15:39:31'),
(779, 1, 0, 'Product modification', 'Product', 336, 3, '2019-10-02 15:40:08', '2019-10-02 15:40:08'),
(780, 1, 0, 'Product modification', 'Product', 337, 3, '2019-10-02 15:40:24', '2019-10-02 15:40:24'),
(781, 1, 0, 'Product modification', 'Product', 338, 3, '2019-10-02 15:40:31', '2019-10-02 15:40:31'),
(782, 1, 0, 'Product modification', 'Product', 339, 3, '2019-10-02 15:40:37', '2019-10-02 15:40:37'),
(783, 1, 0, 'Product modification', 'Product', 340, 3, '2019-10-02 15:40:43', '2019-10-02 15:40:43'),
(784, 1, 0, 'Product modification', 'Product', 341, 3, '2019-10-02 15:40:48', '2019-10-02 15:40:48'),
(785, 1, 0, 'Product modification', 'Product', 342, 3, '2019-10-02 15:40:54', '2019-10-02 15:40:54'),
(786, 1, 0, 'Product modification', 'Product', 343, 3, '2019-10-02 15:40:59', '2019-10-02 15:40:59'),
(787, 1, 0, 'Product modification', 'Product', 344, 3, '2019-10-02 15:41:05', '2019-10-02 15:41:05'),
(788, 1, 0, 'Product modification', 'Product', 345, 3, '2019-10-02 15:41:10', '2019-10-02 15:41:10'),
(789, 1, 0, 'Product modification', 'Product', 346, 3, '2019-10-02 15:41:44', '2019-10-02 15:41:44'),
(790, 1, 0, 'Product modification', 'Product', 347, 3, '2019-10-02 15:41:53', '2019-10-02 15:41:53'),
(791, 1, 0, 'Product modification', 'Product', 348, 3, '2019-10-02 15:41:59', '2019-10-02 15:41:59'),
(792, 1, 0, 'Product modification', 'Product', 349, 3, '2019-10-02 15:42:04', '2019-10-02 15:42:04'),
(793, 1, 0, 'Product modification', 'Product', 350, 3, '2019-10-02 15:42:08', '2019-10-02 15:42:08'),
(794, 1, 0, 'Product modification', 'Product', 351, 3, '2019-10-02 15:42:18', '2019-10-02 15:42:18'),
(795, 1, 0, 'Product modification', 'Product', 352, 3, '2019-10-02 15:42:24', '2019-10-02 15:42:24'),
(796, 1, 0, 'Product modification', 'Product', 353, 3, '2019-10-02 15:42:29', '2019-10-02 15:42:29'),
(797, 1, 0, 'Product modification', 'Product', 354, 3, '2019-10-02 15:42:35', '2019-10-02 15:42:35'),
(798, 1, 0, 'Product modification', 'Product', 355, 3, '2019-10-02 15:42:39', '2019-10-02 15:42:39'),
(799, 1, 0, 'Product modification', 'Product', 26, 1, '2019-10-02 15:42:41', '2019-10-02 15:42:41'),
(800, 1, 0, 'Product modification', 'Product', 356, 3, '2019-10-02 15:43:12', '2019-10-02 15:43:12'),
(801, 1, 0, 'Product modification', 'Product', 26, 1, '2019-10-02 15:43:16', '2019-10-02 15:43:16'),
(802, 1, 0, 'Product modification', 'Product', 357, 3, '2019-10-02 15:43:18', '2019-10-02 15:43:18'),
(803, 1, 0, 'Product modification', 'Product', 26, 1, '2019-10-02 15:43:20', '2019-10-02 15:43:20'),
(804, 1, 0, 'Product modification', 'Product', 358, 3, '2019-10-02 15:43:24', '2019-10-02 15:43:24'),
(805, 1, 0, 'Product modification', 'Product', 359, 3, '2019-10-02 15:43:29', '2019-10-02 15:43:29'),
(806, 1, 0, 'Product modification', 'Product', 360, 3, '2019-10-02 15:43:34', '2019-10-02 15:43:34'),
(807, 1, 0, 'Product modification', 'Product', 361, 3, '2019-10-02 15:43:38', '2019-10-02 15:43:38'),
(808, 1, 0, 'Product modification', 'Product', 26, 1, '2019-10-02 15:43:42', '2019-10-02 15:43:42'),
(809, 1, 0, 'Product modification', 'Product', 362, 3, '2019-10-02 15:43:44', '2019-10-02 15:43:44'),
(810, 1, 0, 'Product modification', 'Product', 363, 3, '2019-10-02 15:43:49', '2019-10-02 15:43:49'),
(811, 1, 0, 'Product modification', 'Product', 364, 3, '2019-10-02 15:43:53', '2019-10-02 15:43:53'),
(812, 1, 0, 'Product modification', 'Product', 365, 3, '2019-10-02 15:43:58', '2019-10-02 15:43:58'),
(813, 1, 0, 'Product modification', 'Product', 366, 3, '2019-10-02 15:44:28', '2019-10-02 15:44:28'),
(814, 1, 0, 'Product modification', 'Product', 367, 3, '2019-10-02 15:44:36', '2019-10-02 15:44:36'),
(815, 1, 0, 'Product modification', 'Product', 368, 3, '2019-10-02 15:44:42', '2019-10-02 15:44:42'),
(816, 1, 0, 'Product modification', 'Product', 369, 3, '2019-10-02 15:44:47', '2019-10-02 15:44:47'),
(817, 1, 0, 'Product modification', 'Product', 370, 3, '2019-10-02 15:44:52', '2019-10-02 15:44:52'),
(818, 1, 0, 'Product modification', 'Product', 371, 3, '2019-10-02 15:44:57', '2019-10-02 15:44:57'),
(819, 1, 0, 'Product modification', 'Product', 372, 3, '2019-10-02 15:45:02', '2019-10-02 15:45:02'),
(820, 1, 0, 'Product modification', 'Product', 373, 3, '2019-10-02 15:45:07', '2019-10-02 15:45:07'),
(821, 1, 0, 'Product modification', 'Product', 374, 3, '2019-10-02 15:45:12', '2019-10-02 15:45:12'),
(822, 1, 0, 'Product modification', 'Product', 375, 3, '2019-10-02 15:45:17', '2019-10-02 15:45:17'),
(823, 1, 0, 'Product modification', 'Product', 376, 3, '2019-10-02 15:45:52', '2019-10-02 15:45:52'),
(824, 1, 0, 'Product modification', 'Product', 377, 3, '2019-10-02 15:45:58', '2019-10-02 15:45:58'),
(825, 1, 0, 'Product modification', 'Product', 378, 3, '2019-10-02 15:46:04', '2019-10-02 15:46:04'),
(826, 1, 0, 'Product modification', 'Product', 379, 3, '2019-10-02 15:46:11', '2019-10-02 15:46:11'),
(827, 1, 0, 'Product modification', 'Product', 380, 3, '2019-10-02 15:46:18', '2019-10-02 15:46:18'),
(828, 1, 0, 'Product modification', 'Product', 381, 3, '2019-10-02 15:46:26', '2019-10-02 15:46:26'),
(829, 1, 0, 'Product modification', 'Product', 382, 3, '2019-10-02 15:46:31', '2019-10-02 15:46:31'),
(830, 1, 0, 'Product modification', 'Product', 383, 3, '2019-10-02 15:46:36', '2019-10-02 15:46:36'),
(831, 1, 0, 'Product modification', 'Product', 384, 3, '2019-10-02 15:46:41', '2019-10-02 15:46:41'),
(832, 1, 0, 'Product modification', 'Product', 385, 3, '2019-10-02 15:46:46', '2019-10-02 15:46:46'),
(833, 1, 0, 'Product modification', 'Product', 386, 3, '2019-10-02 15:47:15', '2019-10-02 15:47:15'),
(834, 1, 0, 'Product modification', 'Product', 386, 3, '2019-10-02 15:47:54', '2019-10-02 15:47:54'),
(835, 1, 0, 'Product modification', 'Product', 387, 3, '2019-10-02 15:48:02', '2019-10-02 15:48:02'),
(836, 1, 0, 'Product modification', 'Product', 388, 3, '2019-10-02 15:48:08', '2019-10-02 15:48:08'),
(837, 1, 0, 'Product modification', 'Product', 389, 3, '2019-10-02 15:48:14', '2019-10-02 15:48:14'),
(838, 1, 0, 'Product modification', 'Product', 390, 3, '2019-10-02 15:48:19', '2019-10-02 15:48:19'),
(839, 1, 0, 'Product modification', 'Product', 391, 3, '2019-10-02 15:48:23', '2019-10-02 15:48:23'),
(840, 1, 0, 'Product modification', 'Product', 392, 3, '2019-10-02 15:48:29', '2019-10-02 15:48:29'),
(841, 1, 0, 'Product modification', 'Product', 393, 3, '2019-10-02 15:48:33', '2019-10-02 15:48:33'),
(842, 1, 0, 'Product modification', 'Product', 394, 3, '2019-10-02 15:48:39', '2019-10-02 15:48:39'),
(843, 1, 0, 'Product modification', 'Product', 395, 3, '2019-10-02 15:48:44', '2019-10-02 15:48:44'),
(844, 1, 0, 'Product modification', 'Product', 396, 3, '2019-10-02 15:49:20', '2019-10-02 15:49:20'),
(845, 1, 0, 'Product modification', 'Product', 397, 3, '2019-10-02 15:49:28', '2019-10-02 15:49:28'),
(846, 1, 0, 'Product modification', 'Product', 398, 3, '2019-10-02 15:49:34', '2019-10-02 15:49:34'),
(847, 1, 0, 'Product modification', 'Product', 399, 3, '2019-10-02 15:49:39', '2019-10-02 15:49:39'),
(848, 1, 0, 'Product modification', 'Product', 400, 3, '2019-10-02 15:49:52', '2019-10-02 15:49:52'),
(849, 1, 0, 'Product modification', 'Product', 401, 3, '2019-10-02 15:49:56', '2019-10-02 15:49:56'),
(850, 1, 0, 'Product modification', 'Product', 402, 3, '2019-10-02 15:50:01', '2019-10-02 15:50:01'),
(851, 1, 0, 'Product modification', 'Product', 403, 3, '2019-10-02 15:50:07', '2019-10-02 15:50:07'),
(852, 1, 0, 'Product modification', 'Product', 404, 3, '2019-10-02 15:50:11', '2019-10-02 15:50:11'),
(853, 1, 0, 'Product modification', 'Product', 405, 3, '2019-10-02 15:50:16', '2019-10-02 15:50:16'),
(854, 1, 0, 'Product modification', 'Product', 4, 1, '2019-10-02 15:52:12', '2019-10-02 15:52:12'),
(855, 1, 0, 'Product modification', 'Product', 406, 3, '2019-10-02 15:54:20', '2019-10-02 15:54:20'),
(856, 1, 0, 'Product modification', 'Product', 407, 3, '2019-10-02 15:54:28', '2019-10-02 15:54:28'),
(857, 1, 0, 'Product modification', 'Product', 408, 3, '2019-10-02 15:54:36', '2019-10-02 15:54:36'),
(858, 1, 0, 'Product modification', 'Product', 409, 3, '2019-10-02 15:54:42', '2019-10-02 15:54:42'),
(859, 1, 0, 'Product modification', 'Product', 410, 3, '2019-10-02 15:54:47', '2019-10-02 15:54:47'),
(860, 1, 0, 'Product modification', 'Product', 411, 3, '2019-10-02 15:54:55', '2019-10-02 15:54:55'),
(861, 1, 0, 'Product modification', 'Product', 865, 3, '2019-10-02 15:55:06', '2019-10-02 15:55:06'),
(862, 1, 0, 'Product modification', 'Product', 1331, 3, '2019-10-02 15:55:22', '2019-10-02 15:55:22'),
(863, 1, 0, 'Product modification', 'Product', 1332, 3, '2019-10-02 15:55:29', '2019-10-02 15:55:29'),
(864, 1, 0, 'Product modification', 'Product', 1333, 3, '2019-10-02 15:56:33', '2019-10-02 15:56:33'),
(865, 1, 0, 'Product modification', 'Product', 27, 1, '2019-10-02 15:56:48', '2019-10-02 15:56:48'),
(866, 1, 0, 'Product modification', 'Product', 1333, 3, '2019-10-02 15:56:56', '2019-10-02 15:56:56'),
(867, 1, 0, 'Product modification', 'Product', 1334, 3, '2019-10-02 15:57:03', '2019-10-02 15:57:03'),
(868, 1, 0, 'Product modification', 'Product', 1336, 3, '2019-10-02 15:57:10', '2019-10-02 15:57:10'),
(869, 1, 0, 'Product modification', 'Product', 1337, 3, '2019-10-02 15:57:20', '2019-10-02 15:57:20'),
(870, 1, 0, 'Product modification', 'Product', 1338, 3, '2019-10-02 15:57:28', '2019-10-02 15:57:28'),
(871, 1, 0, 'Product modification', 'Product', 1339, 3, '2019-10-02 15:57:34', '2019-10-02 15:57:34'),
(872, 1, 0, 'Product modification', 'Product', 1340, 3, '2019-10-02 15:57:40', '2019-10-02 15:57:40'),
(873, 1, 0, 'Product modification', 'Product', 1341, 3, '2019-10-02 15:57:49', '2019-10-02 15:57:49'),
(874, 1, 0, 'Product modification', 'Product', 1342, 3, '2019-10-02 15:57:53', '2019-10-02 15:57:53'),
(875, 1, 0, 'Product modification', 'Product', 1343, 3, '2019-10-02 15:58:01', '2019-10-02 15:58:01'),
(876, 1, 0, 'Product modification', 'Product', 1344, 3, '2019-10-02 15:58:53', '2019-10-02 15:58:53'),
(877, 1, 0, 'Product modification', 'Product', 1345, 3, '2019-10-02 15:58:58', '2019-10-02 15:58:58'),
(878, 1, 0, 'Product modification', 'Product', 28, 1, '2019-10-02 15:59:03', '2019-10-02 15:59:03'),
(879, 1, 0, 'Product modification', 'Product', 1346, 3, '2019-10-02 15:59:04', '2019-10-02 15:59:04'),
(880, 1, 0, 'Product modification', 'Product', 1347, 3, '2019-10-02 15:59:11', '2019-10-02 15:59:11'),
(881, 1, 0, 'Product modification', 'Product', 1348, 3, '2019-10-02 15:59:17', '2019-10-02 15:59:17'),
(882, 1, 0, 'Product modification', 'Product', 1349, 3, '2019-10-02 15:59:21', '2019-10-02 15:59:21'),
(883, 1, 0, 'Product modification', 'Product', 1350, 3, '2019-10-02 15:59:26', '2019-10-02 15:59:26'),
(884, 1, 0, 'Product modification', 'Product', 1351, 3, '2019-10-02 15:59:32', '2019-10-02 15:59:32'),
(885, 1, 0, 'Product modification', 'Product', 28, 1, '2019-10-02 15:59:32', '2019-10-02 15:59:32'),
(886, 1, 0, 'Product modification', 'Product', 1352, 3, '2019-10-02 15:59:37', '2019-10-02 15:59:37'),
(887, 1, 0, 'Product modification', 'Product', 1353, 3, '2019-10-02 15:59:43', '2019-10-02 15:59:43'),
(888, 1, 0, 'Product modification', 'Product', 1354, 3, '2019-10-02 16:00:11', '2019-10-02 16:00:11'),
(889, 1, 0, 'Product modification', 'Product', 1355, 3, '2019-10-02 16:00:16', '2019-10-02 16:00:16'),
(890, 1, 0, 'Product modification', 'Product', 1356, 3, '2019-10-02 16:00:23', '2019-10-02 16:00:23'),
(891, 1, 0, 'Product modification', 'Product', 7, 3, '2019-10-02 16:01:08', '2019-10-02 16:01:08'),
(892, 1, 0, 'Product modification', 'Product', 8, 3, '2019-10-02 16:01:14', '2019-10-02 16:01:14'),
(893, 1, 0, 'Product modification', 'Product', 9, 3, '2019-10-02 16:01:19', '2019-10-02 16:01:19'),
(894, 1, 0, 'Product modification', 'Product', 10, 3, '2019-10-02 16:01:23', '2019-10-02 16:01:23'),
(895, 1, 0, 'Product modification', 'Product', 29, 1, '2019-10-02 16:01:28', '2019-10-02 16:01:28'),
(896, 1, 0, 'Product modification', 'Product', 11, 3, '2019-10-02 16:01:30', '2019-10-02 16:01:30'),
(897, 1, 0, 'Product modification', 'Product', 12, 3, '2019-10-02 16:01:34', '2019-10-02 16:01:34'),
(898, 1, 0, 'Product modification', 'Product', 13, 3, '2019-10-02 16:01:40', '2019-10-02 16:01:40'),
(899, 1, 0, 'Product modification', 'Product', 29, 1, '2019-10-02 16:01:44', '2019-10-02 16:01:44'),
(900, 1, 0, 'Product modification', 'Product', 14, 3, '2019-10-02 16:01:45', '2019-10-02 16:01:45'),
(901, 1, 0, 'Product modification', 'Product', 15, 3, '2019-10-02 16:01:50', '2019-10-02 16:01:50'),
(902, 1, 0, 'Product modification', 'Product', 16, 3, '2019-10-02 16:01:55', '2019-10-02 16:01:55'),
(903, 1, 0, 'Product modification', 'Product', 17, 3, '2019-10-02 16:02:41', '2019-10-02 16:02:41'),
(904, 1, 0, 'Product modification', 'Product', 18, 3, '2019-10-02 16:02:47', '2019-10-02 16:02:47'),
(905, 1, 0, 'Product modification', 'Product', 19, 3, '2019-10-02 16:02:54', '2019-10-02 16:02:54'),
(906, 1, 0, 'Product modification', 'Product', 20, 3, '2019-10-02 16:02:59', '2019-10-02 16:02:59'),
(907, 1, 0, 'Product modification', 'Product', 21, 3, '2019-10-02 16:03:05', '2019-10-02 16:03:05'),
(908, 1, 0, 'Product modification', 'Product', 22, 3, '2019-10-02 16:03:10', '2019-10-02 16:03:10'),
(909, 1, 0, 'Product modification', 'Product', 30, 1, '2019-10-02 16:03:11', '2019-10-02 16:03:11'),
(910, 1, 0, 'Product modification', 'Product', 23, 3, '2019-10-02 16:03:17', '2019-10-02 16:03:17'),
(911, 1, 0, 'Product modification', 'Product', 24, 3, '2019-10-02 16:03:23', '2019-10-02 16:03:23'),
(912, 1, 0, 'Product modification', 'Product', 25, 3, '2019-10-02 16:03:30', '2019-10-02 16:03:30'),
(913, 1, 0, 'Product modification', 'Product', 26, 3, '2019-10-02 16:03:37', '2019-10-02 16:03:37'),
(914, 1, 0, 'Product modification', 'Product', 27, 3, '2019-10-02 16:03:42', '2019-10-02 16:03:42'),
(915, 1, 0, 'Product modification', 'Product', 28, 3, '2019-10-02 16:03:47', '2019-10-02 16:03:47'),
(916, 1, 0, 'Product modification', 'Product', 31, 1, '2019-10-02 16:04:03', '2019-10-02 16:04:03'),
(917, 1, 0, 'Product modification', 'Product', 29, 3, '2019-10-02 16:04:14', '2019-10-02 16:04:14'),
(918, 1, 0, 'Product modification', 'Product', 30, 3, '2019-10-02 16:04:55', '2019-10-02 16:04:55'),
(919, 1, 0, 'Product modification', 'Product', 31, 3, '2019-10-02 16:05:00', '2019-10-02 16:05:00');
INSERT INTO `ps_log` (`id_log`, `severity`, `error_code`, `message`, `object_type`, `object_id`, `id_employee`, `date_add`, `date_upd`) VALUES
(920, 1, 0, 'Product modification', 'Product', 32, 3, '2019-10-02 16:05:05', '2019-10-02 16:05:05'),
(921, 1, 0, 'Product modification', 'Product', 32, 1, '2019-10-02 16:05:08', '2019-10-02 16:05:08'),
(922, 1, 0, 'Product modification', 'Product', 33, 3, '2019-10-02 16:05:10', '2019-10-02 16:05:10'),
(923, 1, 0, 'Product modification', 'Product', 34, 3, '2019-10-02 16:05:16', '2019-10-02 16:05:16'),
(924, 1, 0, 'Product modification', 'Product', 35, 3, '2019-10-02 16:05:21', '2019-10-02 16:05:21'),
(925, 1, 0, 'Product modification', 'Product', 36, 3, '2019-10-02 16:05:27', '2019-10-02 16:05:27'),
(926, 1, 0, 'Product modification', 'Product', 37, 3, '2019-10-02 16:05:33', '2019-10-02 16:05:33'),
(927, 1, 0, 'Product modification', 'Product', 38, 3, '2019-10-02 16:05:38', '2019-10-02 16:05:38'),
(928, 1, 0, 'Product modification', 'Product', 39, 3, '2019-10-02 16:05:45', '2019-10-02 16:05:45'),
(929, 1, 0, 'Product modification', 'Product', 32, 1, '2019-10-02 16:05:47', '2019-10-02 16:05:47'),
(930, 1, 0, 'Product modification', 'Product', 40, 3, '2019-10-02 16:05:49', '2019-10-02 16:05:49'),
(931, 1, 0, 'Product modification', 'Product', 49, 3, '2019-10-02 16:07:00', '2019-10-02 16:07:00'),
(932, 1, 0, 'Product modification', 'Product', 50, 3, '2019-10-02 16:07:11', '2019-10-02 16:07:11'),
(933, 1, 0, 'Product modification', 'Product', 26, 1, '2019-10-02 16:07:23', '2019-10-02 16:07:23'),
(934, 1, 0, 'Product modification', 'Product', 54, 3, '2019-10-02 16:07:39', '2019-10-02 16:07:39'),
(935, 1, 0, 'Product modification', 'Product', 55, 3, '2019-10-02 16:07:41', '2019-10-02 16:07:41'),
(936, 1, 0, 'Product modification', 'Product', 56, 3, '2019-10-02 16:07:44', '2019-10-02 16:07:44'),
(937, 1, 0, 'Product modification', 'Product', 57, 3, '2019-10-02 16:07:49', '2019-10-02 16:07:49'),
(938, 1, 0, 'Product modification', 'Product', 27, 1, '2019-10-02 16:07:53', '2019-10-02 16:07:53'),
(939, 1, 0, 'Product modification', 'Product', 58, 3, '2019-10-02 16:07:53', '2019-10-02 16:07:53'),
(940, 1, 0, 'Product modification', 'Product', 28, 1, '2019-10-02 16:08:20', '2019-10-02 16:08:20'),
(941, 1, 0, 'Product modification', 'Product', 59, 3, '2019-10-02 16:08:21', '2019-10-02 16:08:21'),
(942, 1, 0, 'Product modification', 'Product', 60, 3, '2019-10-02 16:08:26', '2019-10-02 16:08:26'),
(943, 1, 0, 'Product modification', 'Product', 61, 3, '2019-10-02 16:08:31', '2019-10-02 16:08:31'),
(944, 1, 0, 'Product modification', 'Product', 62, 3, '2019-10-02 16:08:37', '2019-10-02 16:08:37'),
(945, 1, 0, 'Product modification', 'Product', 29, 1, '2019-10-02 16:08:40', '2019-10-02 16:08:40'),
(946, 1, 0, 'Product modification', 'Product', 63, 3, '2019-10-02 16:08:42', '2019-10-02 16:08:42'),
(947, 1, 0, 'Product modification', 'Product', 64, 3, '2019-10-02 16:08:47', '2019-10-02 16:08:47'),
(948, 1, 0, 'Product modification', 'Product', 65, 3, '2019-10-02 16:08:52', '2019-10-02 16:08:52'),
(949, 1, 0, 'Product modification', 'Product', 31, 1, '2019-10-02 16:09:31', '2019-10-02 16:09:31'),
(950, 1, 0, 'Product modification', 'Product', 31, 1, '2019-10-02 16:09:47', '2019-10-02 16:09:47'),
(951, 1, 0, 'Product modification', 'Product', 139, 3, '2019-10-02 16:10:13', '2019-10-02 16:10:13'),
(952, 1, 0, 'Product modification', 'Product', 140, 3, '2019-10-02 16:10:19', '2019-10-02 16:10:19'),
(953, 1, 0, 'Product modification', 'Product', 141, 3, '2019-10-02 16:10:25', '2019-10-02 16:10:25'),
(954, 1, 0, 'Product modification', 'Product', 142, 3, '2019-10-02 16:10:31', '2019-10-02 16:10:31'),
(955, 1, 0, 'Product modification', 'Product', 143, 3, '2019-10-02 16:10:37', '2019-10-02 16:10:37'),
(956, 1, 0, 'Product modification', 'Product', 144, 3, '2019-10-02 16:10:44', '2019-10-02 16:10:44'),
(957, 1, 0, 'Product modification', 'Product', 145, 3, '2019-10-02 16:10:52', '2019-10-02 16:10:52'),
(958, 1, 0, 'Product modification', 'Product', 146, 3, '2019-10-02 16:10:57', '2019-10-02 16:10:57'),
(959, 1, 0, 'Product modification', 'Product', 147, 3, '2019-10-02 16:11:03', '2019-10-02 16:11:03'),
(960, 1, 0, 'Product modification', 'Product', 148, 3, '2019-10-02 16:11:08', '2019-10-02 16:11:08'),
(961, 1, 0, 'Product modification', 'Product', 149, 3, '2019-10-02 16:11:13', '2019-10-02 16:11:13'),
(962, 1, 0, 'Product modification', 'Product', 152, 3, '2019-10-02 16:11:17', '2019-10-02 16:11:17'),
(963, 1, 0, 'Product modification', 'Product', 153, 3, '2019-10-02 16:11:22', '2019-10-02 16:11:22'),
(964, 1, 0, 'Product modification', 'Product', 154, 3, '2019-10-02 16:12:03', '2019-10-02 16:12:03'),
(965, 1, 0, 'Product modification', 'Product', 155, 3, '2019-10-02 16:12:16', '2019-10-02 16:12:16'),
(966, 1, 0, 'Product modification', 'Product', 156, 3, '2019-10-02 16:12:24', '2019-10-02 16:12:24'),
(967, 1, 0, 'Product modification', 'Product', 157, 3, '2019-10-02 16:12:32', '2019-10-02 16:12:32'),
(968, 1, 0, 'Product modification', 'Product', 158, 3, '2019-10-02 16:12:38', '2019-10-02 16:12:38'),
(969, 1, 0, 'Product modification', 'Product', 159, 3, '2019-10-02 16:12:43', '2019-10-02 16:12:43'),
(970, 1, 0, 'Product modification', 'Product', 160, 3, '2019-10-02 16:12:47', '2019-10-02 16:12:47'),
(971, 1, 0, 'Product modification', 'Product', 161, 3, '2019-10-02 16:12:51', '2019-10-02 16:12:51'),
(972, 1, 0, 'Product modification', 'Product', 162, 3, '2019-10-02 16:12:55', '2019-10-02 16:12:55'),
(973, 1, 0, 'Product modification', 'Product', 163, 3, '2019-10-02 16:13:00', '2019-10-02 16:13:00'),
(974, 1, 0, 'Product modification', 'Product', 164, 3, '2019-10-02 16:13:05', '2019-10-02 16:13:05'),
(975, 1, 0, 'Product modification', 'Product', 165, 3, '2019-10-02 16:13:10', '2019-10-02 16:13:10'),
(976, 1, 0, 'Product modification', 'Product', 166, 3, '2019-10-02 16:13:24', '2019-10-02 16:13:24'),
(977, 1, 0, 'Product modification', 'Product', 167, 3, '2019-10-02 16:14:30', '2019-10-02 16:14:30'),
(978, 1, 0, 'Product modification', 'Product', 168, 3, '2019-10-02 16:14:37', '2019-10-02 16:14:37'),
(979, 1, 0, 'Product modification', 'Product', 169, 3, '2019-10-02 16:14:46', '2019-10-02 16:14:46'),
(980, 1, 0, 'Product modification', 'Product', 170, 3, '2019-10-02 16:14:52', '2019-10-02 16:14:52'),
(981, 1, 0, 'Product modification', 'Product', 202, 3, '2019-10-02 16:14:58', '2019-10-02 16:14:58'),
(982, 1, 0, 'Product modification', 'Product', 203, 3, '2019-10-02 16:15:04', '2019-10-02 16:15:04'),
(983, 1, 0, 'Product modification', 'Product', 204, 3, '2019-10-02 16:15:09', '2019-10-02 16:15:09'),
(984, 1, 0, 'Product modification', 'Product', 205, 3, '2019-10-02 16:15:14', '2019-10-02 16:15:14'),
(985, 1, 0, 'Product modification', 'Product', 206, 3, '2019-10-02 16:15:22', '2019-10-02 16:15:22'),
(986, 1, 0, 'Product modification', 'Product', 207, 3, '2019-10-02 16:15:29', '2019-10-02 16:15:29'),
(987, 1, 0, 'Product modification', 'Product', 208, 3, '2019-10-02 16:15:36', '2019-10-02 16:15:36'),
(988, 1, 0, 'Product modification', 'Product', 209, 3, '2019-10-02 16:15:41', '2019-10-02 16:15:41'),
(989, 1, 0, 'Product modification', 'Product', 210, 3, '2019-10-02 16:15:46', '2019-10-02 16:15:46'),
(990, 1, 0, 'Product modification', 'Product', 211, 3, '2019-10-02 16:16:31', '2019-10-02 16:16:31'),
(991, 1, 0, 'Product modification', 'Product', 212, 3, '2019-10-02 16:16:38', '2019-10-02 16:16:38'),
(992, 1, 0, 'Product modification', 'Product', 213, 3, '2019-10-02 16:16:45', '2019-10-02 16:16:45'),
(993, 1, 0, 'Product modification', 'Product', 214, 3, '2019-10-02 16:16:51', '2019-10-02 16:16:51'),
(994, 1, 0, 'Product modification', 'Product', 215, 3, '2019-10-02 16:16:58', '2019-10-02 16:16:58'),
(995, 1, 0, 'Product modification', 'Product', 216, 3, '2019-10-02 16:17:05', '2019-10-02 16:17:05'),
(996, 1, 0, 'Product modification', 'Product', 217, 3, '2019-10-02 16:17:12', '2019-10-02 16:17:12'),
(997, 1, 0, 'Product modification', 'Product', 218, 3, '2019-10-02 16:17:18', '2019-10-02 16:17:18'),
(998, 1, 0, 'Product modification', 'Product', 219, 3, '2019-10-02 16:17:23', '2019-10-02 16:17:23'),
(999, 1, 0, 'Product modification', 'Product', 220, 3, '2019-10-02 16:17:28', '2019-10-02 16:17:28'),
(1000, 1, 0, 'Product modification', 'Product', 221, 3, '2019-10-02 16:17:35', '2019-10-02 16:17:35'),
(1001, 1, 0, 'Product modification', 'Product', 222, 3, '2019-10-02 16:17:40', '2019-10-02 16:17:40'),
(1002, 1, 0, 'Product modification', 'Product', 223, 3, '2019-10-02 16:17:47', '2019-10-02 16:17:47'),
(1003, 1, 0, 'Product modification', 'Product', 224, 3, '2019-10-02 16:18:48', '2019-10-02 16:18:48'),
(1004, 1, 0, 'Product modification', 'Product', 225, 3, '2019-10-02 16:18:54', '2019-10-02 16:18:54'),
(1005, 1, 0, 'Product modification', 'Product', 237, 3, '2019-10-02 16:19:37', '2019-10-02 16:19:37'),
(1006, 1, 0, 'Product modification', 'Product', 238, 3, '2019-10-02 16:19:43', '2019-10-02 16:19:43'),
(1007, 1, 0, 'Product modification', 'Product', 239, 3, '2019-10-02 16:19:49', '2019-10-02 16:19:49'),
(1008, 1, 0, 'Product modification', 'Product', 240, 3, '2019-10-02 16:19:53', '2019-10-02 16:19:53'),
(1009, 1, 0, 'Product modification', 'Product', 241, 3, '2019-10-02 16:19:59', '2019-10-02 16:19:59'),
(1010, 1, 0, 'Product modification', 'Product', 242, 3, '2019-10-02 16:20:05', '2019-10-02 16:20:05'),
(1011, 1, 0, 'Product modification', 'Product', 243, 3, '2019-10-02 16:20:09', '2019-10-02 16:20:09'),
(1012, 1, 0, 'Product modification', 'Product', 244, 3, '2019-10-02 16:20:14', '2019-10-02 16:20:14'),
(1013, 1, 0, 'Product modification', 'Product', 245, 3, '2019-10-02 16:20:19', '2019-10-02 16:20:19'),
(1014, 1, 0, 'Product modification', 'Product', 33, 1, '2019-10-02 16:21:24', '2019-10-02 16:21:24'),
(1015, 1, 0, 'Product modification', 'Product', 33, 1, '2019-10-02 16:21:39', '2019-10-02 16:21:39'),
(1016, 1, 0, 'Product modification', 'Product', 704, 3, '2019-10-02 16:22:13', '2019-10-02 16:22:13'),
(1017, 1, 0, 'Product modification', 'Product', 705, 3, '2019-10-02 16:22:19', '2019-10-02 16:22:19'),
(1018, 1, 0, 'Product modification', 'Product', 706, 3, '2019-10-02 16:22:24', '2019-10-02 16:22:24'),
(1019, 1, 0, 'Product modification', 'Product', 707, 3, '2019-10-02 16:22:29', '2019-10-02 16:22:29'),
(1020, 1, 0, 'Product modification', 'Product', 708, 3, '2019-10-02 16:22:37', '2019-10-02 16:22:37'),
(1021, 1, 0, 'Product modification', 'Product', 709, 3, '2019-10-02 16:22:42', '2019-10-02 16:22:42'),
(1022, 1, 0, 'Product modification', 'Product', 710, 3, '2019-10-02 16:22:48', '2019-10-02 16:22:48'),
(1023, 1, 0, 'Product modification', 'Product', 34, 1, '2019-10-02 16:22:49', '2019-10-02 16:22:49'),
(1024, 1, 0, 'Product modification', 'Product', 711, 3, '2019-10-02 16:22:58', '2019-10-02 16:22:58'),
(1025, 1, 0, 'Product modification', 'Product', 34, 1, '2019-10-02 16:22:59', '2019-10-02 16:22:59'),
(1026, 1, 0, 'Product modification', 'Product', 712, 3, '2019-10-02 16:23:04', '2019-10-02 16:23:04'),
(1027, 1, 0, 'Product modification', 'Product', 713, 3, '2019-10-02 16:23:09', '2019-10-02 16:23:09'),
(1028, 1, 0, 'Product modification', 'Product', 714, 3, '2019-10-02 16:23:15', '2019-10-02 16:23:15'),
(1029, 1, 0, 'Product modification', 'Product', 715, 3, '2019-10-02 16:23:30', '2019-10-02 16:23:30'),
(1030, 1, 0, 'Product modification', 'Product', 716, 3, '2019-10-02 16:23:41', '2019-10-02 16:23:41'),
(1031, 1, 0, 'Product modification', 'Product', 35, 1, '2019-10-02 16:23:55', '2019-10-02 16:23:55'),
(1032, 1, 0, 'Product modification', 'Product', 35, 1, '2019-10-02 16:24:07', '2019-10-02 16:24:07'),
(1033, 1, 0, 'Product modification', 'Product', 36, 1, '2019-10-02 16:25:04', '2019-10-02 16:25:04'),
(1034, 1, 0, 'Product modification', 'Product', 36, 1, '2019-10-02 16:25:19', '2019-10-02 16:25:19'),
(1035, 1, 0, 'Product modification', 'Product', 717, 3, '2019-10-02 16:25:37', '2019-10-02 16:25:37'),
(1036, 1, 0, 'Product modification', 'Product', 718, 3, '2019-10-02 16:25:44', '2019-10-02 16:25:44'),
(1037, 1, 0, 'Product modification', 'Product', 719, 3, '2019-10-02 16:25:49', '2019-10-02 16:25:49'),
(1038, 1, 0, 'Product modification', 'Product', 720, 3, '2019-10-02 16:25:55', '2019-10-02 16:25:55'),
(1039, 1, 0, 'Product modification', 'Product', 721, 3, '2019-10-02 16:26:01', '2019-10-02 16:26:01'),
(1040, 1, 0, 'Product modification', 'Product', 37, 1, '2019-10-02 16:26:25', '2019-10-02 16:26:25'),
(1041, 1, 0, 'Product modification', 'Product', 37, 1, '2019-10-02 16:26:36', '2019-10-02 16:26:36'),
(1042, 1, 0, 'Product modification', 'Product', 745, 3, '2019-10-02 16:28:07', '2019-10-02 16:28:07'),
(1043, 1, 0, 'Product modification', 'Product', 746, 3, '2019-10-02 16:28:15', '2019-10-02 16:28:15'),
(1044, 1, 0, 'Product modification', 'Product', 38, 1, '2019-10-02 16:28:17', '2019-10-02 16:28:17'),
(1045, 1, 0, 'Product modification', 'Product', 747, 3, '2019-10-02 16:28:21', '2019-10-02 16:28:21'),
(1046, 1, 0, 'Product modification', 'Product', 748, 3, '2019-10-02 16:28:26', '2019-10-02 16:28:26'),
(1047, 1, 0, 'Product modification', 'Product', 749, 3, '2019-10-02 16:28:31', '2019-10-02 16:28:31'),
(1048, 1, 0, 'Product modification', 'Product', 38, 1, '2019-10-02 16:28:33', '2019-10-02 16:28:33'),
(1049, 1, 0, 'Product modification', 'Product', 750, 3, '2019-10-02 16:28:36', '2019-10-02 16:28:36'),
(1050, 1, 0, 'Product modification', 'Product', 751, 3, '2019-10-02 16:28:41', '2019-10-02 16:28:41'),
(1051, 1, 0, 'Product modification', 'Product', 752, 3, '2019-10-02 16:28:47', '2019-10-02 16:28:47'),
(1052, 1, 0, 'Product modification', 'Product', 753, 3, '2019-10-02 16:28:52', '2019-10-02 16:28:52'),
(1053, 1, 0, 'Product modification', 'Product', 754, 3, '2019-10-02 16:28:58', '2019-10-02 16:28:58'),
(1054, 1, 0, 'Product modification', 'Product', 755, 3, '2019-10-02 16:29:10', '2019-10-02 16:29:10'),
(1055, 1, 0, 'Product modification', 'Product', 756, 3, '2019-10-02 16:33:00', '2019-10-02 16:33:00'),
(1056, 1, 0, 'Product modification', 'Product', 757, 3, '2019-10-02 16:33:05', '2019-10-02 16:33:05'),
(1057, 1, 0, 'Product modification', 'Product', 758, 3, '2019-10-02 16:33:12', '2019-10-02 16:33:12'),
(1058, 1, 0, 'Product modification', 'Product', 759, 3, '2019-10-02 16:33:26', '2019-10-02 16:33:26'),
(1059, 1, 0, 'Product modification', 'Product', 760, 3, '2019-10-02 16:33:41', '2019-10-02 16:33:41'),
(1060, 1, 0, 'Product modification', 'Product', 761, 3, '2019-10-02 16:33:54', '2019-10-02 16:33:54'),
(1061, 1, 0, 'Product modification', 'Product', 762, 3, '2019-10-02 16:34:33', '2019-10-02 16:34:33'),
(1062, 1, 0, 'Product modification', 'Product', 763, 3, '2019-10-02 16:34:40', '2019-10-02 16:34:40'),
(1063, 1, 0, 'Product modification', 'Product', 764, 3, '2019-10-02 16:34:45', '2019-10-02 16:34:45'),
(1064, 1, 0, 'Product modification', 'Product', 765, 3, '2019-10-02 16:34:51', '2019-10-02 16:34:51'),
(1065, 1, 0, 'Product modification', 'Product', 766, 3, '2019-10-02 16:34:56', '2019-10-02 16:34:56'),
(1066, 1, 0, 'Product modification', 'Product', 767, 3, '2019-10-02 16:35:02', '2019-10-02 16:35:02'),
(1067, 1, 0, 'Product modification', 'Product', 768, 3, '2019-10-02 16:35:07', '2019-10-02 16:35:07'),
(1068, 1, 0, 'Product modification', 'Product', 769, 3, '2019-10-02 16:35:12', '2019-10-02 16:35:12'),
(1069, 1, 0, 'Product modification', 'Product', 770, 3, '2019-10-02 16:35:16', '2019-10-02 16:35:16'),
(1070, 1, 0, 'Product modification', 'Product', 771, 3, '2019-10-02 16:35:23', '2019-10-02 16:35:23'),
(1071, 1, 0, 'Product modification', 'Product', 772, 3, '2019-10-02 16:35:28', '2019-10-02 16:35:28'),
(1072, 1, 0, 'Product modification', 'Product', 773, 3, '2019-10-02 16:35:33', '2019-10-02 16:35:33'),
(1073, 1, 0, 'Product modification', 'Product', 774, 3, '2019-10-02 16:35:38', '2019-10-02 16:35:38'),
(1074, 1, 0, 'Product modification', 'Product', 775, 3, '2019-10-02 16:36:41', '2019-10-02 16:36:41'),
(1075, 1, 0, 'Product modification', 'Product', 776, 3, '2019-10-02 16:36:47', '2019-10-02 16:36:47'),
(1076, 1, 0, 'Product modification', 'Product', 777, 3, '2019-10-02 16:36:53', '2019-10-02 16:36:53'),
(1077, 1, 0, 'Product modification', 'Product', 778, 3, '2019-10-02 16:36:58', '2019-10-02 16:36:58'),
(1078, 1, 0, 'Product modification', 'Product', 779, 3, '2019-10-02 16:37:03', '2019-10-02 16:37:03'),
(1079, 1, 0, 'Product modification', 'Product', 780, 3, '2019-10-02 16:37:08', '2019-10-02 16:37:08'),
(1080, 1, 0, 'Product modification', 'Product', 781, 3, '2019-10-02 16:37:14', '2019-10-02 16:37:14'),
(1081, 1, 0, 'Product modification', 'Product', 782, 3, '2019-10-02 16:37:20', '2019-10-02 16:37:20'),
(1082, 1, 0, 'Product modification', 'Product', 783, 3, '2019-10-02 16:37:25', '2019-10-02 16:37:25'),
(1083, 1, 0, 'Product modification', 'Product', 784, 3, '2019-10-02 16:37:30', '2019-10-02 16:37:30'),
(1084, 1, 0, 'Product modification', 'Product', 785, 3, '2019-10-02 16:37:35', '2019-10-02 16:37:35'),
(1085, 1, 0, 'Product modification', 'Product', 786, 3, '2019-10-02 16:37:46', '2019-10-02 16:37:46'),
(1086, 1, 0, 'Product modification', 'Product', 787, 3, '2019-10-02 16:37:52', '2019-10-02 16:37:52'),
(1087, 1, 0, 'Product modification', 'Product', 788, 3, '2019-10-02 16:37:58', '2019-10-02 16:37:58'),
(1088, 1, 0, 'Product modification', 'Product', 789, 3, '2019-10-02 16:38:09', '2019-10-02 16:38:09'),
(1089, 1, 0, 'Product modification', 'Product', 790, 3, '2019-10-02 16:38:15', '2019-10-02 16:38:15'),
(1090, 1, 0, 'Product modification', 'Product', 791, 3, '2019-10-02 16:38:21', '2019-10-02 16:38:21'),
(1091, 1, 0, 'Product modification', 'Product', 792, 3, '2019-10-02 16:39:00', '2019-10-02 16:39:00'),
(1092, 1, 0, 'Product modification', 'Product', 793, 3, '2019-10-02 16:39:06', '2019-10-02 16:39:06'),
(1093, 1, 0, 'Product modification', 'Product', 794, 3, '2019-10-02 16:39:13', '2019-10-02 16:39:13'),
(1094, 1, 0, 'Product modification', 'Product', 795, 3, '2019-10-02 16:39:18', '2019-10-02 16:39:18'),
(1095, 1, 0, 'Product modification', 'Product', 39, 1, '2019-10-02 16:39:24', '2019-10-02 16:39:24'),
(1096, 1, 0, 'Product modification', 'Product', 796, 3, '2019-10-02 16:39:24', '2019-10-02 16:39:24'),
(1097, 1, 0, 'Product modification', 'Product', 797, 3, '2019-10-02 16:39:29', '2019-10-02 16:39:29'),
(1098, 1, 0, 'Product modification', 'Product', 798, 3, '2019-10-02 16:39:34', '2019-10-02 16:39:34'),
(1099, 1, 0, 'Product modification', 'Product', 799, 3, '2019-10-02 16:39:39', '2019-10-02 16:39:39'),
(1100, 1, 0, 'Product modification', 'Product', 800, 3, '2019-10-02 16:39:43', '2019-10-02 16:39:43'),
(1101, 1, 0, 'Product modification', 'Product', 801, 3, '2019-10-02 16:39:50', '2019-10-02 16:39:50'),
(1102, 1, 0, 'Product modification', 'Product', 39, 1, '2019-10-02 16:40:14', '2019-10-02 16:40:14'),
(1103, 1, 0, 'Product modification', 'Product', 803, 3, '2019-10-02 16:41:14', '2019-10-02 16:41:14'),
(1104, 1, 0, 'Product modification', 'Product', 804, 3, '2019-10-02 16:41:21', '2019-10-02 16:41:21'),
(1105, 1, 0, 'Product modification', 'Product', 805, 3, '2019-10-02 16:41:27', '2019-10-02 16:41:27'),
(1106, 1, 0, 'Product modification', 'Product', 806, 3, '2019-10-02 16:41:33', '2019-10-02 16:41:33'),
(1107, 1, 0, 'Product modification', 'Product', 809, 3, '2019-10-02 16:41:43', '2019-10-02 16:41:43'),
(1108, 1, 0, 'Product modification', 'Product', 810, 3, '2019-10-02 16:41:48', '2019-10-02 16:41:48'),
(1109, 1, 0, 'Product modification', 'Product', 811, 3, '2019-10-02 16:41:53', '2019-10-02 16:41:53'),
(1110, 1, 0, 'Product modification', 'Product', 812, 3, '2019-10-02 16:41:59', '2019-10-02 16:41:59'),
(1111, 1, 0, 'Product modification', 'Product', 813, 3, '2019-10-02 16:42:03', '2019-10-02 16:42:03'),
(1112, 1, 0, 'Product modification', 'Product', 814, 3, '2019-10-02 16:42:08', '2019-10-02 16:42:08'),
(1113, 1, 0, 'Product modification', 'Product', 815, 3, '2019-10-02 16:42:14', '2019-10-02 16:42:14'),
(1114, 1, 0, 'Product modification', 'Product', 816, 3, '2019-10-02 16:42:53', '2019-10-02 16:42:53'),
(1115, 1, 0, 'Product modification', 'Product', 817, 3, '2019-10-02 16:43:00', '2019-10-02 16:43:00'),
(1116, 1, 0, 'Product modification', 'Product', 818, 3, '2019-10-02 16:43:07', '2019-10-02 16:43:07'),
(1117, 1, 0, 'Product modification', 'Product', 819, 3, '2019-10-02 16:43:13', '2019-10-02 16:43:13'),
(1118, 1, 0, 'Product modification', 'Product', 820, 3, '2019-10-02 16:43:19', '2019-10-02 16:43:19'),
(1119, 1, 0, 'Product modification', 'Product', 821, 3, '2019-10-02 16:43:24', '2019-10-02 16:43:24'),
(1120, 1, 0, 'Product modification', 'Product', 822, 3, '2019-10-02 16:43:31', '2019-10-02 16:43:31'),
(1121, 1, 0, 'Product modification', 'Product', 823, 3, '2019-10-02 16:43:36', '2019-10-02 16:43:36'),
(1122, 1, 0, 'Product modification', 'Product', 824, 3, '2019-10-02 16:43:41', '2019-10-02 16:43:41'),
(1123, 1, 0, 'Suppression : Alias', 'Alias', 1, 1, '2019-10-02 16:43:56', '2019-10-02 16:43:56'),
(1124, 1, 0, 'Suppression : Alias', 'Alias', 2, 1, '2019-10-02 16:43:56', '2019-10-02 16:43:56'),
(1125, 1, 0, 'Product modification', 'Product', 830, 3, '2019-10-02 16:44:28', '2019-10-02 16:44:28'),
(1126, 1, 0, 'Product modification', 'Product', 831, 3, '2019-10-02 16:44:35', '2019-10-02 16:44:35'),
(1127, 1, 0, 'Product modification', 'Product', 832, 3, '2019-10-02 16:44:41', '2019-10-02 16:44:41'),
(1128, 1, 0, 'Product modification', 'Product', 833, 3, '2019-10-02 16:44:46', '2019-10-02 16:44:46'),
(1129, 1, 0, 'Product modification', 'Product', 834, 3, '2019-10-02 16:44:51', '2019-10-02 16:44:51'),
(1130, 1, 0, 'Product modification', 'Product', 835, 3, '2019-10-02 16:45:03', '2019-10-02 16:45:03'),
(1131, 1, 0, 'Product modification', 'Product', 836, 3, '2019-10-02 16:45:45', '2019-10-02 16:45:45'),
(1132, 1, 0, 'Product modification', 'Product', 837, 3, '2019-10-02 16:45:53', '2019-10-02 16:45:53'),
(1133, 1, 0, 'Product modification', 'Product', 838, 3, '2019-10-02 16:46:06', '2019-10-02 16:46:06'),
(1134, 1, 0, 'Product modification', 'Product', 839, 3, '2019-10-02 16:46:54', '2019-10-02 16:46:54'),
(1135, 1, 0, 'Product modification', 'Product', 840, 3, '2019-10-02 16:47:01', '2019-10-02 16:47:01'),
(1136, 1, 0, 'Product modification', 'Product', 841, 3, '2019-10-02 16:47:18', '2019-10-02 16:47:18'),
(1137, 1, 0, 'Product modification', 'Product', 842, 3, '2019-10-02 16:47:27', '2019-10-02 16:47:27'),
(1138, 1, 0, 'Product modification', 'Product', 843, 3, '2019-10-02 16:47:33', '2019-10-02 16:47:33'),
(1139, 1, 0, 'Product modification', 'Product', 844, 3, '2019-10-02 16:47:56', '2019-10-02 16:47:56'),
(1140, 1, 0, 'Product modification', 'Product', 40, 1, '2019-10-02 16:48:00', '2019-10-02 16:48:00'),
(1141, 1, 0, 'Product modification', 'Product', 845, 3, '2019-10-02 16:48:00', '2019-10-02 16:48:00'),
(1142, 1, 0, 'Product modification', 'Product', 847, 3, '2019-10-02 16:48:08', '2019-10-02 16:48:08'),
(1143, 1, 0, 'Product modification', 'Product', 848, 3, '2019-10-02 16:48:12', '2019-10-02 16:48:12'),
(1144, 1, 0, 'Product modification', 'Product', 849, 3, '2019-10-02 16:48:17', '2019-10-02 16:48:17'),
(1145, 1, 0, 'Product modification', 'Product', 40, 1, '2019-10-02 16:48:18', '2019-10-02 16:48:18'),
(1146, 1, 0, 'Product modification', 'Product', 850, 3, '2019-10-02 16:48:22', '2019-10-02 16:48:22'),
(1147, 1, 0, 'Product modification', 'Product', 851, 3, '2019-10-02 16:48:27', '2019-10-02 16:48:27'),
(1148, 1, 0, 'Product modification', 'Product', 852, 3, '2019-10-02 16:49:23', '2019-10-02 16:49:23'),
(1149, 1, 0, 'Product modification', 'Product', 853, 3, '2019-10-02 16:49:29', '2019-10-02 16:49:29'),
(1150, 1, 0, 'Product modification', 'Product', 854, 3, '2019-10-02 16:49:35', '2019-10-02 16:49:35'),
(1151, 1, 0, 'Product modification', 'Product', 855, 3, '2019-10-02 16:49:41', '2019-10-02 16:49:41'),
(1152, 1, 0, 'Product modification', 'Product', 856, 3, '2019-10-02 16:49:46', '2019-10-02 16:49:46'),
(1153, 1, 0, 'Product modification', 'Product', 857, 3, '2019-10-02 16:49:51', '2019-10-02 16:49:51'),
(1154, 1, 0, 'Product modification', 'Product', 858, 3, '2019-10-02 16:49:56', '2019-10-02 16:49:56'),
(1155, 1, 0, 'Product modification', 'Product', 859, 3, '2019-10-02 16:50:02', '2019-10-02 16:50:02'),
(1156, 1, 0, 'Product modification', 'Product', 860, 3, '2019-10-02 16:50:08', '2019-10-02 16:50:08'),
(1157, 1, 0, 'Product modification', 'Product', 861, 3, '2019-10-02 16:50:16', '2019-10-02 16:50:16'),
(1158, 1, 0, 'Product modification', 'Product', 862, 3, '2019-10-02 16:50:23', '2019-10-02 16:50:23'),
(1159, 1, 0, 'Product modification', 'Product', 863, 3, '2019-10-02 16:50:30', '2019-10-02 16:50:30'),
(1160, 1, 0, 'Product modification', 'Product', 864, 3, '2019-10-02 16:50:36', '2019-10-02 16:50:36'),
(1161, 1, 0, 'Product modification', 'Product', 866, 3, '2019-10-02 16:51:27', '2019-10-02 16:51:27'),
(1162, 1, 0, 'Product modification', 'Product', 867, 3, '2019-10-02 16:51:36', '2019-10-02 16:51:36'),
(1163, 1, 0, 'Product modification', 'Product', 868, 3, '2019-10-02 16:51:44', '2019-10-02 16:51:44'),
(1164, 1, 0, 'Product modification', 'Product', 869, 3, '2019-10-02 16:51:49', '2019-10-02 16:51:49'),
(1165, 1, 0, 'Product modification', 'Product', 870, 3, '2019-10-02 16:52:00', '2019-10-02 16:52:00'),
(1166, 1, 0, 'Product modification', 'Product', 871, 3, '2019-10-02 16:52:06', '2019-10-02 16:52:06'),
(1167, 1, 0, 'Product modification', 'Product', 872, 3, '2019-10-02 16:52:17', '2019-10-02 16:52:17'),
(1168, 1, 0, 'Product modification', 'Product', 41, 1, '2019-10-02 16:52:19', '2019-10-02 16:52:19'),
(1169, 1, 0, 'Product modification', 'Product', 873, 3, '2019-10-02 16:52:24', '2019-10-02 16:52:24'),
(1170, 1, 0, 'Product modification', 'Product', 874, 3, '2019-10-02 16:52:31', '2019-10-02 16:52:31'),
(1171, 1, 0, 'Product modification', 'Product', 875, 3, '2019-10-02 16:52:35', '2019-10-02 16:52:35'),
(1172, 1, 0, 'Product modification', 'Product', 876, 3, '2019-10-02 16:52:40', '2019-10-02 16:52:40'),
(1173, 1, 0, 'Product modification', 'Product', 877, 3, '2019-10-02 16:52:45', '2019-10-02 16:52:45'),
(1174, 1, 0, 'Product modification', 'Product', 878, 3, '2019-10-02 16:53:28', '2019-10-02 16:53:28'),
(1175, 1, 0, 'Product modification', 'Product', 879, 3, '2019-10-02 16:53:37', '2019-10-02 16:53:37'),
(1176, 1, 0, 'Product modification', 'Product', 880, 3, '2019-10-02 16:53:43', '2019-10-02 16:53:43'),
(1177, 1, 0, 'Product modification', 'Product', 881, 3, '2019-10-02 16:53:48', '2019-10-02 16:53:48'),
(1178, 1, 0, 'Product modification', 'Product', 882, 3, '2019-10-02 16:53:54', '2019-10-02 16:53:54'),
(1179, 1, 0, 'Product modification', 'Product', 883, 3, '2019-10-02 16:53:59', '2019-10-02 16:53:59'),
(1180, 1, 0, 'Product modification', 'Product', 884, 3, '2019-10-02 16:54:04', '2019-10-02 16:54:04'),
(1181, 1, 0, 'Product modification', 'Product', 885, 3, '2019-10-02 16:54:10', '2019-10-02 16:54:10'),
(1182, 1, 0, 'Product modification', 'Product', 886, 3, '2019-10-02 16:54:18', '2019-10-02 16:54:18'),
(1183, 1, 0, 'Product modification', 'Product', 887, 3, '2019-10-02 16:54:23', '2019-10-02 16:54:23'),
(1184, 1, 0, 'Product modification', 'Product', 888, 3, '2019-10-02 16:54:28', '2019-10-02 16:54:28'),
(1185, 1, 0, 'Product modification', 'Product', 889, 3, '2019-10-02 16:54:33', '2019-10-02 16:54:33'),
(1186, 1, 0, 'Product modification', 'Product', 890, 3, '2019-10-02 16:54:38', '2019-10-02 16:54:38'),
(1187, 1, 0, 'Product modification', 'Product', 41, 1, '2019-10-02 16:56:09', '2019-10-02 16:56:09'),
(1188, 1, 0, 'Product modification', 'Product', 41, 1, '2019-10-02 16:56:45', '2019-10-02 16:56:45'),
(1189, 1, 0, 'Product modification', 'Product', 41, 1, '2019-10-02 16:58:17', '2019-10-02 16:58:17'),
(1190, 1, 0, 'Product modification', 'Product', 41, 1, '2019-10-02 16:59:52', '2019-10-02 16:59:52'),
(1191, 1, 0, 'Product modification', 'Product', 41, 1, '2019-10-02 17:00:32', '2019-10-02 17:00:32'),
(1192, 1, 0, 'Suppression : Alias', 'Alias', 3, 1, '2019-10-02 17:07:44', '2019-10-02 17:07:44'),
(1193, 1, 0, 'Suppression : Alias', 'Alias', 4, 1, '2019-10-02 17:07:50', '2019-10-02 17:07:50'),
(1194, 1, 0, 'Product modification', 'Product', 891, 3, '2019-10-02 17:10:20', '2019-10-02 17:10:20'),
(1195, 1, 0, 'Product modification', 'Product', 892, 3, '2019-10-02 17:10:29', '2019-10-02 17:10:29'),
(1196, 1, 0, 'Product modification', 'Product', 893, 3, '2019-10-02 17:10:36', '2019-10-02 17:10:36'),
(1197, 1, 0, 'Product modification', 'Product', 894, 3, '2019-10-02 17:10:43', '2019-10-02 17:10:43'),
(1198, 1, 0, 'Product modification', 'Product', 895, 3, '2019-10-02 17:10:48', '2019-10-02 17:10:48'),
(1199, 1, 0, 'Product modification', 'Product', 896, 3, '2019-10-02 17:10:53', '2019-10-02 17:10:53'),
(1200, 1, 0, 'Product modification', 'Product', 897, 3, '2019-10-02 17:10:57', '2019-10-02 17:10:57'),
(1201, 1, 0, 'Product modification', 'Product', 898, 3, '2019-10-02 17:11:04', '2019-10-02 17:11:04'),
(1202, 1, 0, 'Product modification', 'Product', 899, 3, '2019-10-02 17:11:10', '2019-10-02 17:11:10'),
(1203, 1, 0, 'Product modification', 'Product', 900, 3, '2019-10-02 17:11:15', '2019-10-02 17:11:15'),
(1204, 1, 0, 'Product modification', 'Product', 901, 3, '2019-10-02 17:11:19', '2019-10-02 17:11:19'),
(1205, 1, 0, 'Product modification', 'Product', 902, 3, '2019-10-02 17:11:24', '2019-10-02 17:11:24'),
(1206, 1, 0, 'Product modification', 'Product', 903, 3, '2019-10-02 17:11:36', '2019-10-02 17:11:36'),
(1207, 1, 0, 'Product modification', 'Product', 904, 3, '2019-10-02 17:12:15', '2019-10-02 17:12:15'),
(1208, 1, 0, 'Product modification', 'Product', 905, 3, '2019-10-02 17:12:23', '2019-10-02 17:12:23'),
(1209, 1, 0, 'Product modification', 'Product', 906, 3, '2019-10-02 17:12:27', '2019-10-02 17:12:27'),
(1210, 1, 0, 'Connexion au back-office depuis 176.141.187.100', '', 0, 1, '2019-10-03 08:26:25', '2019-10-03 08:26:25'),
(1211, 1, 0, 'Product modification', 'Product', 42, 1, '2019-10-03 08:31:47', '2019-10-03 08:31:47'),
(1212, 1, 0, 'Product modification', 'Product', 42, 1, '2019-10-03 08:37:26', '2019-10-03 08:37:26'),
(1213, 1, 0, 'Product modification', 'Product', 42, 1, '2019-10-03 08:38:11', '2019-10-03 08:38:11'),
(1214, 1, 0, 'Product modification', 'Product', 42, 1, '2019-10-03 08:38:16', '2019-10-03 08:38:16'),
(1215, 1, 0, 'Product modification', 'Product', 42, 1, '2019-10-03 08:38:58', '2019-10-03 08:38:58'),
(1216, 1, 0, 'Product modification', 'Product', 42, 1, '2019-10-03 08:39:01', '2019-10-03 08:39:01'),
(1217, 1, 0, 'Product modification', 'Product', 41, 1, '2019-10-03 08:39:37', '2019-10-03 08:39:37'),
(1218, 1, 0, 'Product modification', 'Product', 43, 1, '2019-10-03 08:41:46', '2019-10-03 08:41:46'),
(1219, 1, 0, 'Product modification', 'Product', 43, 1, '2019-10-03 08:42:14', '2019-10-03 08:42:14'),
(1220, 1, 0, 'Product modification', 'Product', 44, 1, '2019-10-03 08:44:59', '2019-10-03 08:44:59'),
(1221, 1, 0, 'Product modification', 'Product', 44, 1, '2019-10-03 08:45:38', '2019-10-03 08:45:38'),
(1222, 1, 0, 'Product modification', 'Product', 45, 1, '2019-10-03 08:52:21', '2019-10-03 08:52:21'),
(1223, 1, 0, 'Product modification', 'Product', 45, 1, '2019-10-03 08:52:41', '2019-10-03 08:52:41'),
(1224, 1, 0, 'Product modification', 'Product', 45, 1, '2019-10-03 08:53:32', '2019-10-03 08:53:32'),
(1225, 1, 0, 'Product modification', 'Product', 45, 1, '2019-10-03 08:53:33', '2019-10-03 08:53:33'),
(1226, 1, 0, 'Product modification', 'Product', 45, 1, '2019-10-03 08:54:18', '2019-10-03 08:54:18'),
(1227, 1, 0, 'Product modification', 'Product', 44, 1, '2019-10-03 08:55:52', '2019-10-03 08:55:52'),
(1228, 1, 0, 'Product modification', 'Product', 42, 1, '2019-10-03 08:56:32', '2019-10-03 08:56:32'),
(1229, 1, 0, 'Product modification', 'Product', 43, 1, '2019-10-03 08:56:55', '2019-10-03 08:56:55'),
(1230, 1, 0, 'Product modification', 'Product', 45, 1, '2019-10-03 08:58:20', '2019-10-03 08:58:20'),
(1231, 1, 0, 'Product modification', 'Product', 46, 1, '2019-10-03 09:00:42', '2019-10-03 09:00:42'),
(1232, 1, 0, 'Product modification', 'Product', 46, 1, '2019-10-03 09:01:02', '2019-10-03 09:01:02'),
(1233, 1, 0, 'Product modification', 'Product', 46, 1, '2019-10-03 09:01:48', '2019-10-03 09:01:48'),
(1234, 1, 0, 'Product modification', 'Product', 46, 1, '2019-10-03 09:01:54', '2019-10-03 09:01:54'),
(1235, 1, 0, 'Product modification', 'Product', 46, 1, '2019-10-03 09:02:19', '2019-10-03 09:02:19'),
(1236, 1, 0, 'Product modification', 'Product', 46, 1, '2019-10-03 09:02:33', '2019-10-03 09:02:33'),
(1237, 1, 0, 'Product modification', 'Product', 46, 1, '2019-10-03 09:02:51', '2019-10-03 09:02:51'),
(1238, 1, 0, 'Product modification', 'Product', 46, 1, '2019-10-03 09:02:56', '2019-10-03 09:02:56'),
(1239, 1, 0, 'Connexion au back-office depuis 176.141.187.100', '', 0, 3, '2019-10-03 09:18:20', '2019-10-03 09:18:20'),
(1240, 1, 0, 'Product modification', 'Product', 49, 1, '2019-10-03 09:19:52', '2019-10-03 09:19:52'),
(1241, 1, 0, 'Product modification', 'Product', 49, 1, '2019-10-03 09:20:17', '2019-10-03 09:20:17'),
(1242, 1, 0, 'Product modification', 'Product', 49, 1, '2019-10-03 09:21:02', '2019-10-03 09:21:02'),
(1243, 1, 0, 'Product modification', 'Product', 49, 1, '2019-10-03 09:21:09', '2019-10-03 09:21:09'),
(1244, 1, 0, 'Product modification', 'Product', 50, 1, '2019-10-03 09:23:35', '2019-10-03 09:23:35'),
(1245, 1, 0, 'Product modification', 'Product', 50, 1, '2019-10-03 09:24:27', '2019-10-03 09:24:27'),
(1246, 1, 0, 'Product modification', 'Product', 50, 1, '2019-10-03 09:25:23', '2019-10-03 09:25:23'),
(1247, 1, 0, 'Product modification', 'Product', 907, 3, '2019-10-03 09:26:00', '2019-10-03 09:26:00'),
(1248, 1, 0, 'Product modification', 'Product', 908, 3, '2019-10-03 09:26:12', '2019-10-03 09:26:12'),
(1249, 1, 0, 'Product modification', 'Product', 909, 3, '2019-10-03 09:26:19', '2019-10-03 09:26:19'),
(1250, 1, 0, 'Product modification', 'Product', 910, 3, '2019-10-03 09:26:24', '2019-10-03 09:26:24'),
(1251, 1, 0, 'Product modification', 'Product', 50, 1, '2019-10-03 09:26:25', '2019-10-03 09:26:25'),
(1252, 1, 0, 'Product modification', 'Product', 911, 3, '2019-10-03 09:26:31', '2019-10-03 09:26:31'),
(1253, 1, 0, 'Product modification', 'Product', 912, 3, '2019-10-03 09:26:36', '2019-10-03 09:26:36'),
(1254, 1, 0, 'Product modification', 'Product', 913, 3, '2019-10-03 09:26:43', '2019-10-03 09:26:43'),
(1255, 1, 0, 'Product modification', 'Product', 914, 3, '2019-10-03 09:26:48', '2019-10-03 09:26:48'),
(1256, 1, 0, 'Product modification', 'Product', 915, 3, '2019-10-03 09:26:54', '2019-10-03 09:26:54'),
(1257, 1, 0, 'Product modification', 'Product', 916, 3, '2019-10-03 09:26:59', '2019-10-03 09:26:59'),
(1258, 1, 0, 'Product modification', 'Product', 917, 3, '2019-10-03 09:27:03', '2019-10-03 09:27:03'),
(1259, 1, 0, 'Product modification', 'Product', 918, 3, '2019-10-03 09:27:08', '2019-10-03 09:27:08'),
(1260, 1, 0, 'Product modification', 'Product', 919, 3, '2019-10-03 09:27:17', '2019-10-03 09:27:17'),
(1261, 1, 0, 'Product modification', 'Product', 51, 1, '2019-10-03 09:28:30', '2019-10-03 09:28:30'),
(1262, 1, 0, 'Product modification', 'Product', 51, 1, '2019-10-03 09:28:41', '2019-10-03 09:28:41'),
(1263, 1, 0, 'Product modification', 'Product', 920, 3, '2019-10-03 09:30:12', '2019-10-03 09:30:12'),
(1264, 1, 0, 'Product modification', 'Product', 921, 3, '2019-10-03 09:31:17', '2019-10-03 09:31:17'),
(1265, 1, 0, 'Product modification', 'Product', 50, 1, '2019-10-03 09:31:41', '2019-10-03 09:31:41'),
(1266, 1, 0, 'Product modification', 'Product', 921, 3, '2019-10-03 09:31:49', '2019-10-03 09:31:49'),
(1267, 1, 0, 'Product modification', 'Product', 922, 3, '2019-10-03 09:31:54', '2019-10-03 09:31:54'),
(1268, 1, 0, 'Product modification', 'Product', 923, 3, '2019-10-03 09:31:59', '2019-10-03 09:31:59'),
(1269, 1, 0, 'Product modification', 'Product', 924, 3, '2019-10-03 09:32:04', '2019-10-03 09:32:04'),
(1270, 1, 0, 'Product modification', 'Product', 925, 3, '2019-10-03 09:32:09', '2019-10-03 09:32:09'),
(1271, 1, 0, 'Product modification', 'Product', 926, 3, '2019-10-03 09:32:16', '2019-10-03 09:32:16'),
(1272, 1, 0, 'Product modification', 'Product', 927, 3, '2019-10-03 09:32:20', '2019-10-03 09:32:20'),
(1273, 1, 0, 'Product modification', 'Product', 928, 3, '2019-10-03 09:32:25', '2019-10-03 09:32:25'),
(1274, 1, 0, 'Product modification', 'Product', 929, 3, '2019-10-03 09:32:28', '2019-10-03 09:32:28'),
(1275, 1, 0, 'Product modification', 'Product', 930, 3, '2019-10-03 09:32:34', '2019-10-03 09:32:34'),
(1276, 1, 0, 'Product modification', 'Product', 931, 3, '2019-10-03 09:32:39', '2019-10-03 09:32:39'),
(1277, 1, 0, 'Product modification', 'Product', 932, 3, '2019-10-03 09:32:44', '2019-10-03 09:32:44'),
(1278, 1, 0, 'Product modification', 'Product', 933, 3, '2019-10-03 09:32:48', '2019-10-03 09:32:48'),
(1279, 1, 0, 'Product modification', 'Product', 933, 3, '2019-10-03 09:34:23', '2019-10-03 09:34:23'),
(1280, 1, 0, 'Connexion au back-office depuis 176.141.187.100', '', 0, 2, '2019-10-03 09:35:09', '2019-10-03 09:35:09'),
(1281, 1, 0, 'Product modification', 'Product', 742, 2, '2019-10-03 09:42:05', '2019-10-03 09:42:05'),
(1282, 1, 0, 'Product modification', 'Product', 66, 1, '2019-10-03 09:43:38', '2019-10-03 09:43:38'),
(1283, 1, 0, 'Product modification', 'Product', 934, 3, '2019-10-03 09:46:28', '2019-10-03 09:46:28'),
(1284, 1, 0, 'Product modification', 'Product', 935, 3, '2019-10-03 09:46:34', '2019-10-03 09:46:34'),
(1285, 1, 0, 'Product modification', 'Product', 936, 3, '2019-10-03 09:46:40', '2019-10-03 09:46:40'),
(1286, 1, 0, 'Product modification', 'Product', 66, 1, '2019-10-03 09:46:41', '2019-10-03 09:46:41'),
(1287, 1, 0, 'Product modification', 'Product', 937, 3, '2019-10-03 09:46:45', '2019-10-03 09:46:45'),
(1288, 1, 0, 'Product modification', 'Product', 938, 3, '2019-10-03 09:46:50', '2019-10-03 09:46:50'),
(1289, 1, 0, 'Product modification', 'Product', 939, 3, '2019-10-03 09:46:55', '2019-10-03 09:46:55'),
(1290, 1, 0, 'Product modification', 'Product', 940, 3, '2019-10-03 09:47:00', '2019-10-03 09:47:00'),
(1291, 1, 0, 'Product modification', 'Product', 941, 3, '2019-10-03 09:47:06', '2019-10-03 09:47:06'),
(1292, 1, 0, 'Product modification', 'Product', 944, 3, '2019-10-03 09:47:14', '2019-10-03 09:47:14'),
(1293, 1, 0, 'Product modification', 'Product', 945, 3, '2019-10-03 09:47:19', '2019-10-03 09:47:19'),
(1294, 1, 0, 'Product modification', 'Product', 946, 3, '2019-10-03 09:47:23', '2019-10-03 09:47:23'),
(1295, 1, 0, 'Product modification', 'Product', 66, 1, '2019-10-03 09:47:37', '2019-10-03 09:47:37'),
(1296, 1, 0, 'Product modification', 'Product', 947, 3, '2019-10-03 09:48:09', '2019-10-03 09:48:09'),
(1297, 1, 0, 'Product modification', 'Product', 948, 3, '2019-10-03 09:48:19', '2019-10-03 09:48:19'),
(1298, 1, 0, 'Product modification', 'Product', 949, 3, '2019-10-03 09:48:27', '2019-10-03 09:48:27'),
(1299, 1, 0, 'Product modification', 'Product', 950, 3, '2019-10-03 09:48:33', '2019-10-03 09:48:33'),
(1300, 1, 0, 'Product modification', 'Product', 951, 3, '2019-10-03 09:48:38', '2019-10-03 09:48:38'),
(1301, 1, 0, 'Product modification', 'Product', 952, 3, '2019-10-03 09:48:42', '2019-10-03 09:48:42'),
(1302, 1, 0, 'Product modification', 'Product', 952, 3, '2019-10-03 09:49:20', '2019-10-03 09:49:20'),
(1303, 1, 0, 'Product modification', 'Product', 953, 3, '2019-10-03 09:49:25', '2019-10-03 09:49:25'),
(1304, 1, 0, 'Product modification', 'Product', 954, 3, '2019-10-03 09:49:33', '2019-10-03 09:49:33'),
(1305, 1, 0, 'Product modification', 'Product', 955, 3, '2019-10-03 09:49:38', '2019-10-03 09:49:38'),
(1306, 1, 0, 'Product modification', 'Product', 956, 3, '2019-10-03 09:49:43', '2019-10-03 09:49:43'),
(1307, 1, 0, 'Product modification', 'Product', 66, 1, '2019-10-03 09:49:47', '2019-10-03 09:49:47'),
(1308, 1, 0, 'Product modification', 'Product', 957, 3, '2019-10-03 09:49:47', '2019-10-03 09:49:47'),
(1309, 1, 0, 'Product modification', 'Product', 958, 3, '2019-10-03 09:49:51', '2019-10-03 09:49:51'),
(1310, 1, 0, 'Product modification', 'Product', 66, 1, '2019-10-03 09:49:52', '2019-10-03 09:49:52'),
(1311, 1, 0, 'Product modification', 'Product', 959, 3, '2019-10-03 09:49:55', '2019-10-03 09:49:55'),
(1312, 1, 0, 'Product modification', 'Product', 960, 3, '2019-10-03 09:50:28', '2019-10-03 09:50:28'),
(1313, 1, 0, 'Product modification', 'Product', 961, 3, '2019-10-03 09:50:36', '2019-10-03 09:50:36'),
(1314, 1, 0, 'Product modification', 'Product', 961, 3, '2019-10-03 09:52:25', '2019-10-03 09:52:25'),
(1315, 1, 0, 'Product modification', 'Product', 66, 1, '2019-10-03 09:52:30', '2019-10-03 09:52:30'),
(1316, 1, 0, 'Product modification', 'Product', 962, 3, '2019-10-03 09:52:32', '2019-10-03 09:52:32'),
(1317, 1, 0, 'Product modification', 'Product', 66, 1, '2019-10-03 09:52:33', '2019-10-03 09:52:33'),
(1318, 1, 0, 'Product modification', 'Product', 963, 3, '2019-10-03 09:52:36', '2019-10-03 09:52:36'),
(1319, 1, 0, 'Product modification', 'Product', 964, 3, '2019-10-03 09:52:40', '2019-10-03 09:52:40'),
(1320, 1, 0, 'Product modification', 'Product', 965, 3, '2019-10-03 09:52:43', '2019-10-03 09:52:43'),
(1321, 1, 0, 'Product modification', 'Product', 966, 3, '2019-10-03 09:52:48', '2019-10-03 09:52:48'),
(1322, 1, 0, 'Product modification', 'Product', 66, 1, '2019-10-03 09:52:50', '2019-10-03 09:52:50'),
(1323, 1, 0, 'Product modification', 'Product', 967, 3, '2019-10-03 09:52:52', '2019-10-03 09:52:52'),
(1324, 1, 0, 'Product modification', 'Product', 66, 1, '2019-10-03 09:52:52', '2019-10-03 09:52:52'),
(1325, 1, 0, 'Product modification', 'Product', 968, 3, '2019-10-03 09:52:56', '2019-10-03 09:52:56'),
(1326, 1, 0, 'Product modification', 'Product', 969, 3, '2019-10-03 09:53:01', '2019-10-03 09:53:01'),
(1327, 1, 0, 'Product modification', 'Product', 970, 3, '2019-10-03 09:53:08', '2019-10-03 09:53:08'),
(1328, 1, 0, 'Product modification', 'Product', 971, 3, '2019-10-03 09:53:13', '2019-10-03 09:53:13'),
(1329, 1, 0, 'Product modification', 'Product', 972, 3, '2019-10-03 09:53:20', '2019-10-03 09:53:20'),
(1330, 1, 0, 'Product modification', 'Product', 66, 1, '2019-10-03 09:53:21', '2019-10-03 09:53:21'),
(1331, 1, 0, 'Product modification', 'Product', 66, 1, '2019-10-03 09:53:40', '2019-10-03 09:53:40'),
(1332, 1, 0, 'Product modification', 'Product', 973, 3, '2019-10-03 09:54:24', '2019-10-03 09:54:24'),
(1333, 1, 0, 'Product modification', 'Product', 974, 3, '2019-10-03 09:54:29', '2019-10-03 09:54:29'),
(1334, 1, 0, 'Product modification', 'Product', 975, 3, '2019-10-03 09:54:34', '2019-10-03 09:54:34'),
(1335, 1, 0, 'Product modification', 'Product', 976, 3, '2019-10-03 09:54:38', '2019-10-03 09:54:38'),
(1336, 1, 0, 'Product modification', 'Product', 977, 3, '2019-10-03 09:54:42', '2019-10-03 09:54:42'),
(1337, 1, 0, 'Product modification', 'Product', 978, 3, '2019-10-03 09:54:46', '2019-10-03 09:54:46'),
(1338, 1, 0, 'Product modification', 'Product', 979, 3, '2019-10-03 09:54:52', '2019-10-03 09:54:52'),
(1339, 1, 0, 'Product modification', 'Product', 980, 3, '2019-10-03 09:54:57', '2019-10-03 09:54:57'),
(1340, 1, 0, 'Product modification', 'Product', 981, 3, '2019-10-03 09:55:03', '2019-10-03 09:55:03'),
(1341, 1, 0, 'Product modification', 'Product', 982, 3, '2019-10-03 09:55:08', '2019-10-03 09:55:08'),
(1342, 1, 0, 'Product modification', 'Product', 983, 3, '2019-10-03 09:55:12', '2019-10-03 09:55:12'),
(1343, 1, 0, 'Product modification', 'Product', 984, 3, '2019-10-03 09:55:16', '2019-10-03 09:55:16'),
(1344, 1, 0, 'Product modification', 'Product', 985, 3, '2019-10-03 09:55:20', '2019-10-03 09:55:20'),
(1345, 1, 0, 'Product modification', 'Product', 66, 1, '2019-10-03 09:56:50', '2019-10-03 09:56:50'),
(1346, 1, 0, 'Product modification', 'Product', 66, 1, '2019-10-03 09:56:52', '2019-10-03 09:56:52'),
(1347, 1, 0, 'Product modification', 'Product', 986, 3, '2019-10-03 09:58:14', '2019-10-03 09:58:14'),
(1348, 1, 0, 'Product modification', 'Product', 987, 3, '2019-10-03 09:58:21', '2019-10-03 09:58:21'),
(1349, 1, 0, 'Product modification', 'Product', 988, 3, '2019-10-03 09:58:26', '2019-10-03 09:58:26'),
(1350, 1, 0, 'Product modification', 'Product', 989, 3, '2019-10-03 09:58:32', '2019-10-03 09:58:32'),
(1351, 1, 0, 'Product modification', 'Product', 990, 3, '2019-10-03 09:58:36', '2019-10-03 09:58:36'),
(1352, 1, 0, 'Product modification', 'Product', 991, 3, '2019-10-03 09:58:40', '2019-10-03 09:58:40'),
(1353, 1, 0, 'Product modification', 'Product', 992, 3, '2019-10-03 09:58:44', '2019-10-03 09:58:44'),
(1354, 1, 0, 'Product modification', 'Product', 993, 3, '2019-10-03 09:58:48', '2019-10-03 09:58:48'),
(1355, 1, 0, 'Product modification', 'Product', 994, 3, '2019-10-03 09:58:55', '2019-10-03 09:58:55'),
(1356, 1, 0, 'Product modification', 'Product', 995, 3, '2019-10-03 09:58:59', '2019-10-03 09:58:59'),
(1357, 1, 0, 'Product modification', 'Product', 996, 3, '2019-10-03 09:59:04', '2019-10-03 09:59:04'),
(1358, 1, 0, 'Product modification', 'Product', 997, 3, '2019-10-03 09:59:09', '2019-10-03 09:59:09'),
(1359, 1, 0, 'Product modification', 'Product', 66, 1, '2019-10-03 09:59:13', '2019-10-03 09:59:13'),
(1360, 1, 0, 'Product modification', 'Product', 998, 3, '2019-10-03 09:59:15', '2019-10-03 09:59:15'),
(1361, 1, 0, 'Product modification', 'Product', 999, 3, '2019-10-03 10:00:14', '2019-10-03 10:00:14'),
(1362, 1, 0, 'Product modification', 'Product', 1000, 3, '2019-10-03 10:00:22', '2019-10-03 10:00:22'),
(1363, 1, 0, 'Product modification', 'Product', 1001, 3, '2019-10-03 10:00:28', '2019-10-03 10:00:28'),
(1364, 1, 0, 'Product modification', 'Product', 1002, 3, '2019-10-03 10:00:33', '2019-10-03 10:00:33'),
(1365, 1, 0, 'Product modification', 'Product', 1003, 3, '2019-10-03 10:00:39', '2019-10-03 10:00:39'),
(1366, 1, 0, 'Product modification', 'Product', 1004, 3, '2019-10-03 10:00:43', '2019-10-03 10:00:43'),
(1367, 1, 0, 'Product modification', 'Product', 1005, 3, '2019-10-03 10:00:48', '2019-10-03 10:00:48'),
(1368, 1, 0, 'Product modification', 'Product', 1006, 3, '2019-10-03 10:00:52', '2019-10-03 10:00:52'),
(1369, 1, 0, 'Product modification', 'Product', 1007, 3, '2019-10-03 10:00:57', '2019-10-03 10:00:57'),
(1370, 1, 0, 'Product modification', 'Product', 1008, 3, '2019-10-03 10:01:01', '2019-10-03 10:01:01'),
(1371, 1, 0, 'Product modification', 'Product', 1009, 3, '2019-10-03 10:01:09', '2019-10-03 10:01:09'),
(1372, 1, 0, 'Product modification', 'Product', 1010, 3, '2019-10-03 10:01:15', '2019-10-03 10:01:15'),
(1373, 1, 0, 'Product modification', 'Product', 1011, 3, '2019-10-03 10:01:22', '2019-10-03 10:01:22'),
(1374, 1, 0, 'Product modification', 'Product', 66, 1, '2019-10-03 10:01:36', '2019-10-03 10:01:36'),
(1375, 1, 0, 'Product modification', 'Product', 66, 1, '2019-10-03 10:01:43', '2019-10-03 10:01:43'),
(1376, 1, 0, 'Product modification', 'Product', 1011, 3, '2019-10-03 10:02:16', '2019-10-03 10:02:16'),
(1377, 1, 0, 'Product modification', 'Product', 1012, 3, '2019-10-03 10:02:49', '2019-10-03 10:02:49'),
(1378, 1, 0, 'Product modification', 'Product', 1013, 3, '2019-10-03 10:02:58', '2019-10-03 10:02:58'),
(1379, 1, 0, 'Product modification', 'Product', 1014, 3, '2019-10-03 10:03:04', '2019-10-03 10:03:04'),
(1380, 1, 0, 'Product modification', 'Product', 1015, 3, '2019-10-03 10:03:10', '2019-10-03 10:03:10'),
(1381, 1, 0, 'Product modification', 'Product', 1016, 3, '2019-10-03 10:03:16', '2019-10-03 10:03:16'),
(1382, 1, 0, 'Product modification', 'Product', 1017, 3, '2019-10-03 10:03:21', '2019-10-03 10:03:21'),
(1383, 1, 0, 'Product modification', 'Product', 1018, 3, '2019-10-03 10:03:26', '2019-10-03 10:03:26'),
(1384, 1, 0, 'Product modification', 'Product', 1019, 3, '2019-10-03 10:03:32', '2019-10-03 10:03:32'),
(1385, 1, 0, 'Product modification', 'Product', 66, 1, '2019-10-03 10:03:32', '2019-10-03 10:03:32'),
(1386, 1, 0, 'Product modification', 'Product', 1020, 3, '2019-10-03 10:03:37', '2019-10-03 10:03:37'),
(1387, 1, 0, 'Product modification', 'Product', 66, 1, '2019-10-03 10:03:38', '2019-10-03 10:03:38'),
(1388, 1, 0, 'Product modification', 'Product', 1021, 3, '2019-10-03 10:03:42', '2019-10-03 10:03:42'),
(1389, 1, 0, 'Product modification', 'Product', 1022, 3, '2019-10-03 10:03:48', '2019-10-03 10:03:48'),
(1390, 1, 0, 'Product modification', 'Product', 1023, 3, '2019-10-03 10:03:54', '2019-10-03 10:03:54'),
(1391, 1, 0, 'Product modification', 'Product', 1024, 3, '2019-10-03 10:03:59', '2019-10-03 10:03:59'),
(1392, 1, 0, 'Product modification', 'Product', 1024, 3, '2019-10-03 10:04:08', '2019-10-03 10:04:08'),
(1393, 1, 0, 'Product modification', 'Product', 1023, 3, '2019-10-03 10:04:15', '2019-10-03 10:04:15'),
(1394, 1, 0, 'Product modification', 'Product', 1022, 3, '2019-10-03 10:04:24', '2019-10-03 10:04:24'),
(1395, 1, 0, 'Product modification', 'Product', 1021, 3, '2019-10-03 10:04:32', '2019-10-03 10:04:32'),
(1396, 1, 0, 'Product modification', 'Product', 1020, 3, '2019-10-03 10:04:40', '2019-10-03 10:04:40'),
(1397, 1, 0, 'Product modification', 'Product', 66, 1, '2019-10-03 10:04:44', '2019-10-03 10:04:44'),
(1398, 1, 0, 'Product modification', 'Product', 1019, 3, '2019-10-03 10:04:48', '2019-10-03 10:04:48'),
(1399, 1, 0, 'Product modification', 'Product', 1018, 3, '2019-10-03 10:04:56', '2019-10-03 10:04:56'),
(1400, 1, 0, 'Product modification', 'Product', 66, 1, '2019-10-03 10:04:57', '2019-10-03 10:04:57'),
(1401, 1, 0, 'Product modification', 'Product', 1017, 3, '2019-10-03 10:05:07', '2019-10-03 10:05:07'),
(1402, 1, 0, 'Product modification', 'Product', 1016, 3, '2019-10-03 10:05:15', '2019-10-03 10:05:15'),
(1403, 1, 0, 'Product modification', 'Product', 1015, 3, '2019-10-03 10:05:22', '2019-10-03 10:05:22'),
(1404, 1, 0, 'Product modification', 'Product', 1014, 3, '2019-10-03 10:05:29', '2019-10-03 10:05:29'),
(1405, 1, 0, 'Product modification', 'Product', 1013, 3, '2019-10-03 10:05:38', '2019-10-03 10:05:38'),
(1406, 1, 0, 'Product modification', 'Product', 1012, 3, '2019-10-03 10:05:45', '2019-10-03 10:05:45'),
(1407, 1, 0, 'Product modification', 'Product', 66, 1, '2019-10-03 10:06:14', '2019-10-03 10:06:14'),
(1408, 1, 0, 'Product modification', 'Product', 66, 1, '2019-10-03 10:06:18', '2019-10-03 10:06:18'),
(1409, 1, 0, 'Product modification', 'Product', 1025, 3, '2019-10-03 10:06:26', '2019-10-03 10:06:26'),
(1410, 1, 0, 'Product modification', 'Product', 66, 1, '2019-10-03 10:06:38', '2019-10-03 10:06:38'),
(1411, 1, 0, 'Product modification', 'Product', 1026, 3, '2019-10-03 10:06:44', '2019-10-03 10:06:44'),
(1412, 1, 0, 'Product modification', 'Product', 1027, 3, '2019-10-03 10:06:52', '2019-10-03 10:06:52'),
(1413, 1, 0, 'Product modification', 'Product', 66, 1, '2019-10-03 10:06:58', '2019-10-03 10:06:58');
INSERT INTO `ps_log` (`id_log`, `severity`, `error_code`, `message`, `object_type`, `object_id`, `id_employee`, `date_add`, `date_upd`) VALUES
(1414, 1, 0, 'Product modification', 'Product', 1028, 3, '2019-10-03 10:07:05', '2019-10-03 10:07:05'),
(1415, 1, 0, 'Product modification', 'Product', 1029, 3, '2019-10-03 10:07:16', '2019-10-03 10:07:16'),
(1416, 1, 0, 'Product modification', 'Product', 1030, 3, '2019-10-03 10:07:30', '2019-10-03 10:07:30'),
(1417, 1, 0, 'Product modification', 'Product', 1031, 3, '2019-10-03 10:07:41', '2019-10-03 10:07:41'),
(1418, 1, 0, 'Product modification', 'Product', 1032, 3, '2019-10-03 10:07:51', '2019-10-03 10:07:51'),
(1419, 1, 0, 'Product modification', 'Product', 1033, 3, '2019-10-03 10:07:59', '2019-10-03 10:07:59'),
(1420, 1, 0, 'Product modification', 'Product', 1034, 3, '2019-10-03 10:08:12', '2019-10-03 10:08:12'),
(1421, 1, 0, 'Product modification', 'Product', 1035, 3, '2019-10-03 10:08:54', '2019-10-03 10:08:54'),
(1422, 1, 0, 'Product modification', 'Product', 1036, 3, '2019-10-03 10:09:09', '2019-10-03 10:09:09'),
(1423, 1, 0, 'Product modification', 'Product', 1037, 3, '2019-10-03 10:09:40', '2019-10-03 10:09:40'),
(1424, 1, 0, 'Product modification', 'Product', 1038, 3, '2019-10-03 10:10:19', '2019-10-03 10:10:19'),
(1425, 1, 0, 'Product modification', 'Product', 1039, 3, '2019-10-03 10:10:25', '2019-10-03 10:10:25'),
(1426, 1, 0, 'Product modification', 'Product', 1040, 3, '2019-10-03 10:10:42', '2019-10-03 10:10:42'),
(1427, 1, 0, 'Product modification', 'Product', 67, 1, '2019-10-03 10:10:49', '2019-10-03 10:10:49'),
(1428, 1, 0, 'Product modification', 'Product', 1041, 3, '2019-10-03 10:10:52', '2019-10-03 10:10:52'),
(1429, 1, 0, 'Product modification', 'Product', 1042, 3, '2019-10-03 10:11:00', '2019-10-03 10:11:00'),
(1430, 1, 0, 'Product modification', 'Product', 1043, 3, '2019-10-03 10:11:08', '2019-10-03 10:11:08'),
(1431, 1, 0, 'Product modification', 'Product', 67, 1, '2019-10-03 10:11:15', '2019-10-03 10:11:15'),
(1432, 1, 0, 'Product modification', 'Product', 1044, 3, '2019-10-03 10:11:18', '2019-10-03 10:11:18'),
(1433, 1, 0, 'Product modification', 'Product', 1045, 3, '2019-10-03 10:11:27', '2019-10-03 10:11:27'),
(1434, 1, 0, 'Product modification', 'Product', 67, 1, '2019-10-03 10:11:35', '2019-10-03 10:11:35'),
(1435, 1, 0, 'Product modification', 'Product', 1046, 3, '2019-10-03 10:11:36', '2019-10-03 10:11:36'),
(1436, 1, 0, 'Product modification', 'Product', 67, 1, '2019-10-03 10:12:02', '2019-10-03 10:12:02'),
(1437, 1, 0, 'Product modification', 'Product', 1047, 3, '2019-10-03 10:12:03', '2019-10-03 10:12:03'),
(1438, 1, 0, 'Product modification', 'Product', 1049, 3, '2019-10-03 10:13:07', '2019-10-03 10:13:07'),
(1439, 1, 0, 'Product modification', 'Product', 1049, 3, '2019-10-03 10:13:28', '2019-10-03 10:13:28'),
(1440, 1, 0, 'Product modification', 'Product', 1050, 3, '2019-10-03 10:13:43', '2019-10-03 10:13:43'),
(1441, 1, 0, 'Product modification', 'Product', 67, 1, '2019-10-03 10:14:35', '2019-10-03 10:14:35'),
(1442, 1, 0, 'Product modification', 'Product', 67, 1, '2019-10-03 10:15:03', '2019-10-03 10:15:03'),
(1443, 1, 0, 'Product modification', 'Product', 67, 1, '2019-10-03 10:15:36', '2019-10-03 10:15:36'),
(1444, 1, 0, 'Product modification', 'Product', 69, 1, '2019-10-03 10:16:38', '2019-10-03 10:16:38'),
(1445, 1, 0, 'Product modification', 'Product', 66, 1, '2019-10-03 10:17:16', '2019-10-03 10:17:16'),
(1446, 1, 0, 'Product modification', 'Product', 67, 1, '2019-10-03 10:17:54', '2019-10-03 10:17:54'),
(1447, 1, 0, 'Product modification', 'Product', 1051, 3, '2019-10-03 10:19:04', '2019-10-03 10:19:04'),
(1448, 1, 0, 'Product modification', 'Product', 1052, 3, '2019-10-03 10:19:16', '2019-10-03 10:19:16'),
(1449, 1, 0, 'Product modification', 'Product', 1053, 3, '2019-10-03 10:19:26', '2019-10-03 10:19:26'),
(1450, 1, 0, 'Product modification', 'Product', 1054, 3, '2019-10-03 10:19:37', '2019-10-03 10:19:37'),
(1451, 1, 0, 'Product modification', 'Product', 1055, 3, '2019-10-03 10:19:44', '2019-10-03 10:19:44'),
(1452, 1, 0, 'Product modification', 'Product', 1056, 3, '2019-10-03 10:19:52', '2019-10-03 10:19:52'),
(1453, 1, 0, 'Product modification', 'Product', 1057, 3, '2019-10-03 10:20:01', '2019-10-03 10:20:01'),
(1454, 1, 0, 'Product modification', 'Product', 1058, 3, '2019-10-03 10:20:10', '2019-10-03 10:20:10'),
(1455, 1, 0, 'Product modification', 'Product', 1059, 3, '2019-10-03 10:20:20', '2019-10-03 10:20:20'),
(1456, 1, 0, 'Product modification', 'Product', 69, 1, '2019-10-03 10:20:29', '2019-10-03 10:20:29'),
(1457, 1, 0, 'Product modification', 'Product', 69, 1, '2019-10-03 10:20:40', '2019-10-03 10:20:40'),
(1458, 1, 0, 'Product modification', 'Product', 69, 1, '2019-10-03 10:20:51', '2019-10-03 10:20:51'),
(1459, 1, 0, 'Product modification', 'Product', 1060, 3, '2019-10-03 10:20:57', '2019-10-03 10:20:57'),
(1460, 1, 0, 'Product modification', 'Product', 1061, 3, '2019-10-03 10:21:05', '2019-10-03 10:21:05'),
(1461, 1, 0, 'Product modification', 'Product', 1062, 3, '2019-10-03 10:21:29', '2019-10-03 10:21:29'),
(1462, 1, 0, 'Product modification', 'Product', 1062, 3, '2019-10-03 10:22:20', '2019-10-03 10:22:20'),
(1463, 1, 0, 'Product modification', 'Product', 1063, 3, '2019-10-03 10:22:28', '2019-10-03 10:22:28'),
(1464, 1, 0, 'Product modification', 'Product', 1064, 3, '2019-10-03 10:23:19', '2019-10-03 10:23:19'),
(1465, 1, 0, 'Product modification', 'Product', 1065, 3, '2019-10-03 10:28:04', '2019-10-03 10:28:04'),
(1466, 1, 0, 'Product modification', 'Product', 1066, 3, '2019-10-03 10:28:31', '2019-10-03 10:28:31'),
(1467, 1, 0, 'Product modification', 'Product', 1067, 3, '2019-10-03 10:28:44', '2019-10-03 10:28:44'),
(1468, 1, 0, 'Product modification', 'Product', 1067, 3, '2019-10-03 10:30:39', '2019-10-03 10:30:39'),
(1469, 1, 0, 'Product modification', 'Product', 741, 2, '2019-10-03 10:38:41', '2019-10-03 10:38:41'),
(1470, 1, 0, 'Product modification', 'Product', 740, 2, '2019-10-03 10:40:15', '2019-10-03 10:40:15'),
(1471, 1, 0, 'Product modification', 'Product', 740, 2, '2019-10-03 10:40:18', '2019-10-03 10:40:18'),
(1472, 1, 0, 'Product modification', 'Product', 740, 2, '2019-10-03 10:40:39', '2019-10-03 10:40:39'),
(1473, 1, 0, 'Product modification', 'Product', 740, 2, '2019-10-03 10:40:51', '2019-10-03 10:40:51'),
(1474, 1, 0, 'Product modification', 'Product', 740, 2, '2019-10-03 10:40:54', '2019-10-03 10:40:54'),
(1475, 1, 0, 'Product modification', 'Product', 740, 2, '2019-10-03 10:41:06', '2019-10-03 10:41:06'),
(1476, 1, 0, 'Product modification', 'Product', 740, 2, '2019-10-03 10:41:18', '2019-10-03 10:41:18'),
(1477, 1, 0, 'Product modification', 'Product', 740, 2, '2019-10-03 10:41:43', '2019-10-03 10:41:43'),
(1478, 1, 0, 'Product modification', 'Product', 740, 2, '2019-10-03 10:42:12', '2019-10-03 10:42:12'),
(1479, 1, 0, 'Product modification', 'Product', 740, 2, '2019-10-03 10:42:39', '2019-10-03 10:42:39'),
(1480, 1, 0, 'Product modification', 'Product', 739, 2, '2019-10-03 10:43:44', '2019-10-03 10:43:44'),
(1481, 1, 0, 'Product modification', 'Product', 738, 2, '2019-10-03 10:45:44', '2019-10-03 10:45:44'),
(1482, 1, 0, 'Product modification', 'Product', 1068, 3, '2019-10-03 10:48:01', '2019-10-03 10:48:01'),
(1483, 1, 0, 'Product modification', 'Product', 1068, 3, '2019-10-03 10:48:35', '2019-10-03 10:48:35'),
(1484, 1, 0, 'Product modification', 'Product', 1069, 3, '2019-10-03 10:48:45', '2019-10-03 10:48:45'),
(1485, 1, 0, 'Product modification', 'Product', 1070, 3, '2019-10-03 10:48:54', '2019-10-03 10:48:54'),
(1486, 1, 0, 'Product modification', 'Product', 1071, 3, '2019-10-03 10:49:03', '2019-10-03 10:49:03'),
(1487, 1, 0, 'Product modification', 'Product', 1072, 3, '2019-10-03 10:49:11', '2019-10-03 10:49:11'),
(1488, 1, 0, 'Product modification', 'Product', 1073, 3, '2019-10-03 10:50:00', '2019-10-03 10:50:00'),
(1489, 1, 0, 'Product modification', 'Product', 1074, 3, '2019-10-03 10:50:37', '2019-10-03 10:50:37'),
(1490, 1, 0, 'Product modification', 'Product', 1075, 3, '2019-10-03 10:50:47', '2019-10-03 10:50:47'),
(1491, 1, 0, 'Product modification', 'Product', 1076, 3, '2019-10-03 10:50:59', '2019-10-03 10:50:59'),
(1492, 1, 0, 'Product modification', 'Product', 1077, 3, '2019-10-03 10:51:47', '2019-10-03 10:51:47'),
(1493, 1, 0, 'Product modification', 'Product', 1078, 3, '2019-10-03 10:51:58', '2019-10-03 10:51:58'),
(1494, 1, 0, 'Product modification', 'Product', 1079, 3, '2019-10-03 10:52:07', '2019-10-03 10:52:07'),
(1495, 1, 0, 'Product modification', 'Product', 1080, 3, '2019-10-03 10:52:25', '2019-10-03 10:52:25'),
(1496, 1, 0, 'Product modification', 'Product', 1081, 3, '2019-10-03 10:52:34', '2019-10-03 10:52:34'),
(1497, 1, 0, 'Product modification', 'Product', 1082, 3, '2019-10-03 10:52:41', '2019-10-03 10:52:41'),
(1498, 1, 0, 'Product modification', 'Product', 1083, 3, '2019-10-03 10:53:29', '2019-10-03 10:53:29'),
(1499, 1, 0, 'Product modification', 'Product', 1077, 3, '2019-10-03 10:54:10', '2019-10-03 10:54:10'),
(1500, 1, 0, 'Product modification', 'Product', 1078, 3, '2019-10-03 10:54:19', '2019-10-03 10:54:19'),
(1501, 1, 0, 'Product modification', 'Product', 1079, 3, '2019-10-03 10:54:30', '2019-10-03 10:54:30'),
(1502, 1, 0, 'Product modification', 'Product', 1080, 3, '2019-10-03 10:54:44', '2019-10-03 10:54:44'),
(1503, 1, 0, 'Product modification', 'Product', 1081, 3, '2019-10-03 10:54:54', '2019-10-03 10:54:54'),
(1504, 1, 0, 'Product modification', 'Product', 1082, 3, '2019-10-03 10:55:04', '2019-10-03 10:55:04'),
(1505, 1, 0, 'Product modification', 'Product', 737, 2, '2019-10-03 10:55:10', '2019-10-03 10:55:10'),
(1506, 1, 0, 'Product modification', 'Product', 1083, 3, '2019-10-03 10:55:14', '2019-10-03 10:55:14'),
(1507, 1, 0, 'Product modification', 'Product', 1084, 3, '2019-10-03 10:55:27', '2019-10-03 10:55:27'),
(1508, 1, 0, 'Product modification', 'Product', 1085, 3, '2019-10-03 10:55:39', '2019-10-03 10:55:39'),
(1509, 1, 0, 'Product modification', 'Product', 1086, 3, '2019-10-03 10:55:50', '2019-10-03 10:55:50'),
(1510, 1, 0, 'Product modification', 'Product', 1087, 3, '2019-10-03 10:56:00', '2019-10-03 10:56:00'),
(1511, 1, 0, 'Product modification', 'Product', 1088, 3, '2019-10-03 10:56:22', '2019-10-03 10:56:22'),
(1512, 1, 0, 'Product modification', 'Product', 1089, 3, '2019-10-03 10:56:24', '2019-10-03 10:56:24'),
(1513, 1, 0, 'Product modification', 'Product', 1090, 3, '2019-10-03 10:57:52', '2019-10-03 10:57:52'),
(1514, 1, 0, 'Product modification', 'Product', 1091, 3, '2019-10-03 10:58:05', '2019-10-03 10:58:05'),
(1515, 1, 0, 'Product modification', 'Product', 1092, 3, '2019-10-03 10:59:36', '2019-10-03 10:59:36'),
(1516, 1, 0, 'Product modification', 'Product', 1093, 3, '2019-10-03 10:59:55', '2019-10-03 10:59:55'),
(1517, 1, 0, 'Product modification', 'Product', 1094, 3, '2019-10-03 11:00:11', '2019-10-03 11:00:11'),
(1518, 1, 0, 'Product modification', 'Product', 1095, 3, '2019-10-03 11:00:23', '2019-10-03 11:00:23'),
(1519, 1, 0, 'Product modification', 'Product', 1096, 3, '2019-10-03 11:00:35', '2019-10-03 11:00:35'),
(1520, 1, 0, 'Product modification', 'Product', 1097, 3, '2019-10-03 11:00:45', '2019-10-03 11:00:45'),
(1521, 1, 0, 'Product modification', 'Product', 1098, 3, '2019-10-03 11:00:56', '2019-10-03 11:00:56'),
(1522, 1, 0, 'Product modification', 'Product', 1099, 3, '2019-10-03 11:01:43', '2019-10-03 11:01:43'),
(1523, 1, 0, 'Product modification', 'Product', 736, 2, '2019-10-03 11:02:23', '2019-10-03 11:02:23'),
(1524, 1, 0, 'Product modification', 'Product', 1099, 3, '2019-10-03 11:02:29', '2019-10-03 11:02:29'),
(1525, 1, 0, 'Product modification', 'Product', 1100, 3, '2019-10-03 11:02:48', '2019-10-03 11:02:48'),
(1526, 1, 0, 'Product modification', 'Product', 1101, 3, '2019-10-03 11:03:01', '2019-10-03 11:03:01'),
(1527, 1, 0, 'Product modification', 'Product', 1102, 3, '2019-10-03 11:03:10', '2019-10-03 11:03:10'),
(1528, 1, 0, 'Product modification', 'Product', 735, 2, '2019-10-03 11:06:22', '2019-10-03 11:06:22'),
(1529, 1, 0, 'Product modification', 'Product', 7, 3, '2019-10-03 11:07:44', '2019-10-03 11:07:44'),
(1530, 1, 0, 'Product modification', 'Product', 734, 2, '2019-10-03 11:07:53', '2019-10-03 11:07:53'),
(1531, 1, 0, 'Product modification', 'Product', 736, 2, '2019-10-03 11:08:55', '2019-10-03 11:08:55'),
(1532, 1, 0, 'Product modification', 'Product', 736, 2, '2019-10-03 11:09:05', '2019-10-03 11:09:05'),
(1533, 1, 0, 'Product modification', 'Product', 733, 2, '2019-10-03 11:09:39', '2019-10-03 11:09:39'),
(1534, 1, 0, 'Product modification', 'Product', 732, 2, '2019-10-03 11:10:35', '2019-10-03 11:10:35'),
(1535, 1, 0, 'Product modification', 'Product', 731, 2, '2019-10-03 11:11:16', '2019-10-03 11:11:16'),
(1536, 1, 0, 'Product modification', 'Product', 730, 2, '2019-10-03 11:11:51', '2019-10-03 11:11:51'),
(1537, 1, 0, 'Product modification', 'Product', 729, 2, '2019-10-03 11:12:34', '2019-10-03 11:12:34'),
(1538, 1, 0, 'Product modification', 'Product', 730, 2, '2019-10-03 11:12:39', '2019-10-03 11:12:39'),
(1539, 1, 0, 'Product modification', 'Product', 729, 2, '2019-10-03 11:12:42', '2019-10-03 11:12:42'),
(1540, 1, 0, 'Product modification', 'Product', 728, 2, '2019-10-03 11:13:23', '2019-10-03 11:13:23'),
(1541, 1, 0, 'Product modification', 'Product', 727, 2, '2019-10-03 11:14:29', '2019-10-03 11:14:29'),
(1542, 1, 0, 'Product modification', 'Product', 726, 2, '2019-10-03 11:15:49', '2019-10-03 11:15:49'),
(1543, 1, 0, 'Product modification', 'Product', 69, 1, '2019-10-03 11:15:55', '2019-10-03 11:15:55'),
(1544, 1, 0, 'Product modification', 'Product', 67, 1, '2019-10-03 11:16:50', '2019-10-03 11:16:50'),
(1545, 1, 0, 'Product modification', 'Product', 725, 2, '2019-10-03 11:16:59', '2019-10-03 11:16:59'),
(1546, 1, 0, 'Product modification', 'Product', 69, 1, '2019-10-03 11:17:43', '2019-10-03 11:17:43'),
(1547, 1, 0, 'Product modification', 'Product', 66, 1, '2019-10-03 11:18:26', '2019-10-03 11:18:26'),
(1548, 1, 0, 'Création : Feature', 'Feature', 1, 2, '2019-10-03 11:19:09', '2019-10-03 11:19:09'),
(1549, 1, 0, 'Création : Feature', 'Feature', 2, 2, '2019-10-03 11:19:23', '2019-10-03 11:19:23'),
(1550, 1, 0, 'Création : FeatureValue', 'FeatureValue', 1, 2, '2019-10-03 11:19:48', '2019-10-03 11:19:48'),
(1551, 1, 0, 'Création : FeatureValue', 'FeatureValue', 2, 2, '2019-10-03 11:19:57', '2019-10-03 11:19:57'),
(1552, 1, 0, 'Création : FeatureValue', 'FeatureValue', 3, 2, '2019-10-03 11:20:19', '2019-10-03 11:20:19'),
(1553, 1, 0, 'Product modification', 'Product', 1103, 3, '2019-10-03 11:20:59', '2019-10-03 11:20:59'),
(1554, 1, 0, 'Product modification', 'Product', 1103, 3, '2019-10-03 11:23:27', '2019-10-03 11:23:27'),
(1555, 1, 0, 'Product modification', 'Product', 1104, 3, '2019-10-03 11:23:41', '2019-10-03 11:23:41'),
(1556, 1, 0, 'Product modification', 'Product', 1105, 3, '2019-10-03 11:23:58', '2019-10-03 11:23:58'),
(1557, 1, 0, 'Product modification', 'Product', 1106, 3, '2019-10-03 11:24:11', '2019-10-03 11:24:11'),
(1558, 1, 0, 'Product modification', 'Product', 1107, 3, '2019-10-03 11:24:26', '2019-10-03 11:24:26'),
(1559, 1, 0, 'Product modification', 'Product', 1108, 3, '2019-10-03 11:24:45', '2019-10-03 11:24:45'),
(1560, 1, 0, 'Product modification', 'Product', 1109, 3, '2019-10-03 11:24:57', '2019-10-03 11:24:57'),
(1561, 1, 0, 'Product modification', 'Product', 1110, 3, '2019-10-03 11:25:09', '2019-10-03 11:25:09'),
(1562, 1, 0, 'Product modification', 'Product', 1111, 3, '2019-10-03 11:25:22', '2019-10-03 11:25:22'),
(1563, 1, 0, 'Product modification', 'Product', 1112, 3, '2019-10-03 11:25:35', '2019-10-03 11:25:35'),
(1564, 1, 0, 'Product modification', 'Product', 1113, 3, '2019-10-03 11:25:47', '2019-10-03 11:25:47'),
(1565, 1, 0, 'Product modification', 'Product', 67, 1, '2019-10-03 11:26:27', '2019-10-03 11:26:27'),
(1566, 1, 0, 'Product modification', 'Product', 1113, 3, '2019-10-03 11:26:35', '2019-10-03 11:26:35'),
(1567, 1, 0, 'Product modification', 'Product', 67, 1, '2019-10-03 11:27:07', '2019-10-03 11:27:07'),
(1568, 1, 0, 'Product modification', 'Product', 1114, 3, '2019-10-03 11:28:40', '2019-10-03 11:28:40'),
(1569, 1, 0, 'Product modification', 'Product', 70, 1, '2019-10-03 11:29:38', '2019-10-03 11:29:38'),
(1570, 1, 0, 'Product modification', 'Product', 70, 1, '2019-10-03 11:30:08', '2019-10-03 11:30:08'),
(1571, 1, 0, 'Product modification', 'Product', 70, 1, '2019-10-03 11:30:28', '2019-10-03 11:30:28'),
(1572, 1, 0, 'Product modification', 'Product', 70, 1, '2019-10-03 11:30:33', '2019-10-03 11:30:33'),
(1573, 1, 0, 'Product modification', 'Product', 1115, 3, '2019-10-03 11:31:12', '2019-10-03 11:31:12'),
(1574, 1, 0, 'Product modification', 'Product', 1116, 3, '2019-10-03 11:31:44', '2019-10-03 11:31:44'),
(1575, 1, 0, 'Product modification', 'Product', 1117, 3, '2019-10-03 11:31:56', '2019-10-03 11:31:56'),
(1576, 1, 0, 'Product modification', 'Product', 1118, 3, '2019-10-03 11:31:59', '2019-10-03 11:31:59'),
(1577, 1, 0, 'Product modification', 'Product', 744, 2, '2019-10-03 11:32:05', '2019-10-03 11:32:05'),
(1578, 1, 0, 'Product modification', 'Product', 1119, 3, '2019-10-03 11:32:06', '2019-10-03 11:32:06'),
(1579, 1, 0, 'Product modification', 'Product', 744, 2, '2019-10-03 11:32:26', '2019-10-03 11:32:26'),
(1580, 1, 0, 'Suppression : Feature', 'Feature', 2, 2, '2019-10-03 11:32:54', '2019-10-03 11:32:54'),
(1581, 1, 0, 'Product modification', 'Product', 1120, 3, '2019-10-03 11:33:02', '2019-10-03 11:33:02'),
(1582, 1, 0, 'Product modification', 'Product', 1121, 3, '2019-10-03 11:33:07', '2019-10-03 11:33:07'),
(1583, 1, 0, 'Product modification', 'Product', 71, 1, '2019-10-03 11:33:15', '2019-10-03 11:33:15'),
(1584, 1, 0, 'Product modification', 'Product', 1122, 3, '2019-10-03 11:33:15', '2019-10-03 11:33:15'),
(1585, 1, 0, 'Product modification', 'Product', 1123, 3, '2019-10-03 11:33:20', '2019-10-03 11:33:20'),
(1586, 1, 0, 'Product modification', 'Product', 743, 2, '2019-10-03 11:33:24', '2019-10-03 11:33:24'),
(1587, 1, 0, 'Product modification', 'Product', 71, 1, '2019-10-03 11:33:30', '2019-10-03 11:33:30'),
(1588, 1, 0, 'Product modification', 'Product', 742, 2, '2019-10-03 11:33:30', '2019-10-03 11:33:30'),
(1589, 1, 0, 'Product modification', 'Product', 71, 1, '2019-10-03 11:33:33', '2019-10-03 11:33:33'),
(1590, 1, 0, 'Product modification', 'Product', 741, 2, '2019-10-03 11:33:36', '2019-10-03 11:33:36'),
(1591, 1, 0, 'Product modification', 'Product', 740, 2, '2019-10-03 11:33:41', '2019-10-03 11:33:41'),
(1592, 1, 0, 'Product modification', 'Product', 739, 2, '2019-10-03 11:33:45', '2019-10-03 11:33:45'),
(1593, 1, 0, 'Product modification', 'Product', 738, 2, '2019-10-03 11:33:50', '2019-10-03 11:33:50'),
(1594, 1, 0, 'Product modification', 'Product', 741, 2, '2019-10-03 11:33:56', '2019-10-03 11:33:56'),
(1595, 1, 0, 'Product modification', 'Product', 739, 2, '2019-10-03 11:34:00', '2019-10-03 11:34:00'),
(1596, 1, 0, 'Product modification', 'Product', 738, 2, '2019-10-03 11:34:04', '2019-10-03 11:34:04'),
(1597, 1, 0, 'Product modification', 'Product', 71, 1, '2019-10-03 11:34:10', '2019-10-03 11:34:10'),
(1598, 1, 0, 'Product modification', 'Product', 737, 2, '2019-10-03 11:34:38', '2019-10-03 11:34:38'),
(1599, 1, 0, 'Product modification', 'Product', 1123, 3, '2019-10-03 11:34:39', '2019-10-03 11:34:39'),
(1600, 1, 0, 'Product modification', 'Product', 736, 2, '2019-10-03 11:34:44', '2019-10-03 11:34:44'),
(1601, 1, 0, 'Product modification', 'Product', 737, 2, '2019-10-03 11:34:46', '2019-10-03 11:34:46'),
(1602, 1, 0, 'Product modification', 'Product', 736, 2, '2019-10-03 11:34:51', '2019-10-03 11:34:51'),
(1603, 1, 0, 'Product modification', 'Product', 735, 2, '2019-10-03 11:34:56', '2019-10-03 11:34:56'),
(1604, 1, 0, 'Product modification', 'Product', 734, 2, '2019-10-03 11:35:04', '2019-10-03 11:35:04'),
(1605, 1, 0, 'Product modification', 'Product', 1124, 3, '2019-10-03 11:35:11', '2019-10-03 11:35:11'),
(1606, 1, 0, 'Product modification', 'Product', 734, 2, '2019-10-03 11:35:14', '2019-10-03 11:35:14'),
(1607, 1, 0, 'Product modification', 'Product', 733, 2, '2019-10-03 11:35:21', '2019-10-03 11:35:21'),
(1608, 1, 0, 'Product modification', 'Product', 732, 2, '2019-10-03 11:35:28', '2019-10-03 11:35:28'),
(1609, 1, 0, 'Product modification', 'Product', 731, 2, '2019-10-03 11:35:34', '2019-10-03 11:35:34'),
(1610, 1, 0, 'Product modification', 'Product', 731, 2, '2019-10-03 11:35:55', '2019-10-03 11:35:55'),
(1611, 1, 0, 'Product modification', 'Product', 730, 2, '2019-10-03 11:35:59', '2019-10-03 11:35:59'),
(1612, 1, 0, 'Product modification', 'Product', 72, 1, '2019-10-03 11:36:07', '2019-10-03 11:36:07'),
(1613, 1, 0, 'Product modification', 'Product', 729, 2, '2019-10-03 11:36:09', '2019-10-03 11:36:09'),
(1614, 1, 0, 'Product modification', 'Product', 729, 2, '2019-10-03 11:36:16', '2019-10-03 11:36:16'),
(1615, 1, 0, 'Product modification', 'Product', 1128, 3, '2019-10-03 11:36:17', '2019-10-03 11:36:17'),
(1616, 1, 0, 'Product modification', 'Product', 732, 2, '2019-10-03 11:36:26', '2019-10-03 11:36:26'),
(1617, 1, 0, 'Product modification', 'Product', 1129, 3, '2019-10-03 11:36:54', '2019-10-03 11:36:54'),
(1618, 1, 0, 'Product modification', 'Product', 727, 2, '2019-10-03 11:37:00', '2019-10-03 11:37:00'),
(1619, 1, 0, 'Product modification', 'Product', 726, 2, '2019-10-03 11:37:04', '2019-10-03 11:37:04'),
(1620, 1, 0, 'Product modification', 'Product', 1130, 3, '2019-10-03 11:37:04', '2019-10-03 11:37:04'),
(1621, 1, 0, 'Product modification', 'Product', 725, 2, '2019-10-03 11:37:08', '2019-10-03 11:37:08'),
(1622, 1, 0, 'Product modification', 'Product', 72, 1, '2019-10-03 11:37:13', '2019-10-03 11:37:13'),
(1623, 1, 0, 'Product modification', 'Product', 728, 2, '2019-10-03 11:37:15', '2019-10-03 11:37:15'),
(1624, 1, 0, 'Product modification', 'Product', 1131, 3, '2019-10-03 11:37:24', '2019-10-03 11:37:24'),
(1625, 1, 0, 'Product modification', 'Product', 72, 1, '2019-10-03 11:37:27', '2019-10-03 11:37:27'),
(1626, 1, 0, 'Product modification', 'Product', 1132, 3, '2019-10-03 11:37:32', '2019-10-03 11:37:32'),
(1627, 1, 0, 'Product modification', 'Product', 72, 1, '2019-10-03 11:37:45', '2019-10-03 11:37:45'),
(1628, 1, 0, 'Product modification', 'Product', 1133, 3, '2019-10-03 11:37:51', '2019-10-03 11:37:51'),
(1629, 1, 0, 'Product modification', 'Product', 72, 1, '2019-10-03 11:38:02', '2019-10-03 11:38:02'),
(1630, 1, 0, 'Product modification', 'Product', 72, 1, '2019-10-03 11:38:09', '2019-10-03 11:38:09'),
(1631, 1, 0, 'Product modification', 'Product', 72, 1, '2019-10-03 11:39:16', '2019-10-03 11:39:16'),
(1632, 1, 0, 'Product modification', 'Product', 73, 1, '2019-10-03 11:40:16', '2019-10-03 11:40:16'),
(1633, 1, 0, 'Product modification', 'Product', 1134, 3, '2019-10-03 11:41:35', '2019-10-03 11:41:35'),
(1634, 1, 0, 'Product modification', 'Product', 1135, 3, '2019-10-03 11:41:44', '2019-10-03 11:41:44'),
(1635, 1, 0, 'Product modification', 'Product', 1136, 3, '2019-10-03 11:41:54', '2019-10-03 11:41:54'),
(1636, 1, 0, 'Product modification', 'Product', 1137, 3, '2019-10-03 11:42:05', '2019-10-03 11:42:05'),
(1637, 1, 0, 'Product modification', 'Product', 1138, 3, '2019-10-03 11:42:20', '2019-10-03 11:42:20'),
(1638, 1, 0, 'Product modification', 'Product', 1139, 3, '2019-10-03 11:42:28', '2019-10-03 11:42:28'),
(1639, 1, 0, 'Product modification', 'Product', 1140, 3, '2019-10-03 11:42:46', '2019-10-03 11:42:46'),
(1640, 1, 0, 'Product modification', 'Product', 1147, 3, '2019-10-03 11:43:20', '2019-10-03 11:43:20'),
(1641, 1, 0, 'Création : AttributeGroup', 'AttributeGroup', 1, 2, '2019-10-03 11:45:40', '2019-10-03 11:45:40'),
(1642, 1, 0, 'Création : Attribute', 'Attribute', 1, 2, '2019-10-03 11:46:09', '2019-10-03 11:46:09'),
(1643, 1, 0, 'Création : Attribute', 'Attribute', 2, 2, '2019-10-03 11:46:41', '2019-10-03 11:46:41'),
(1644, 1, 0, 'Création : Attribute', 'Attribute', 3, 2, '2019-10-03 11:46:48', '2019-10-03 11:46:48'),
(1645, 1, 0, 'Product modification', 'Product', 744, 2, '2019-10-03 11:47:32', '2019-10-03 11:47:32'),
(1646, 1, 0, 'Product modification', 'Product', 1154, 3, '2019-10-03 11:50:32', '2019-10-03 11:50:32'),
(1647, 1, 0, 'Connexion au back-office depuis 176.141.187.100', '', 0, 1, '2019-10-03 11:50:38', '2019-10-03 11:50:38'),
(1648, 1, 0, 'Product modification', 'Product', 1155, 3, '2019-10-03 11:52:44', '2019-10-03 11:52:44'),
(1649, 1, 0, 'Product modification', 'Product', 722, 3, '2019-10-03 13:33:52', '2019-10-03 13:33:52'),
(1650, 1, 0, 'Product modification', 'Product', 722, 3, '2019-10-03 13:33:56', '2019-10-03 13:33:56'),
(1651, 1, 0, 'Product modification', 'Product', 722, 3, '2019-10-03 13:54:35', '2019-10-03 13:54:35'),
(1652, 1, 0, 'Product modification', 'Product', 46, 2, '2019-10-03 13:56:20', '2019-10-03 13:56:20'),
(1653, 1, 0, 'Connexion au back-office depuis 176.141.187.100', '', 0, 1, '2019-10-03 15:09:34', '2019-10-03 15:09:34'),
(1654, 3, 0, 'Exception retournée par le module ps_customeraccountlinks pour disable. Vous n\\\'êtes pas autorisé à désactiver le module ps_customeraccountlinks.', '', 0, 1, '2019-10-03 15:20:18', '2019-10-03 15:20:18'),
(1655, 3, 0, 'Exception retournée par le module ps_customeraccountlinks pour reset. Vous n\\\'êtes pas autorisé à réinitialiser le module ps_customeraccountlinks.', '', 0, 1, '2019-10-03 15:20:31', '2019-10-03 15:20:31'),
(1656, 1, 0, 'Suppression : OpartQuotation', 'OpartQuotation', 1, 1, '2019-10-03 15:48:46', '2019-10-03 15:48:46'),
(1657, 1, 0, 'Création : ImageType', 'ImageType', 10, 1, '2019-10-03 16:27:35', '2019-10-03 16:27:35'),
(1658, 1, 0, 'Frontcontroller::init - Cart cannot be loaded or an order has already been placed using this cart', 'Cart', 2, 0, '2019-10-03 17:09:45', '2019-10-03 17:09:45'),
(1659, 1, 0, 'Connexion au back-office depuis 176.141.187.100', '', 0, 1, '2019-10-04 08:51:29', '2019-10-04 08:51:29'),
(1660, 1, 0, 'Frontcontroller::init - Cart cannot be loaded or an order has already been placed using this cart', 'Cart', 3, 0, '2019-10-04 09:34:16', '2019-10-04 09:34:16'),
(1661, 1, 0, 'Connexion au back-office depuis 176.141.187.100', '', 0, 1, '2019-10-04 10:15:04', '2019-10-04 10:15:04'),
(1662, 1, 0, 'Connexion au back-office depuis 176.141.187.100', '', 0, 2, '2019-10-04 10:15:13', '2019-10-04 10:15:13'),
(1663, 1, 0, 'Création : AttributeGroup', 'AttributeGroup', 2, 2, '2019-10-04 10:21:19', '2019-10-04 10:21:19'),
(1664, 1, 0, 'Suppression : AttributeGroup', 'AttributeGroup', 1, 2, '2019-10-04 10:21:44', '2019-10-04 10:21:44'),
(1665, 1, 0, 'Création : Attribute', 'Attribute', 4, 2, '2019-10-04 10:22:02', '2019-10-04 10:22:02'),
(1666, 1, 0, 'Création : Attribute', 'Attribute', 5, 2, '2019-10-04 10:22:06', '2019-10-04 10:22:06'),
(1667, 1, 0, 'Création : Attribute', 'Attribute', 6, 2, '2019-10-04 10:22:10', '2019-10-04 10:22:10'),
(1668, 1, 0, 'Création : Attribute', 'Attribute', 7, 2, '2019-10-04 10:22:14', '2019-10-04 10:22:14'),
(1669, 1, 0, 'Création : Attribute', 'Attribute', 8, 2, '2019-10-04 10:22:19', '2019-10-04 10:22:19'),
(1670, 1, 0, 'Création : Attribute', 'Attribute', 9, 2, '2019-10-04 10:22:24', '2019-10-04 10:22:24'),
(1671, 1, 0, 'Création : Attribute', 'Attribute', 10, 2, '2019-10-04 10:22:27', '2019-10-04 10:22:27'),
(1672, 1, 0, 'Création : Attribute', 'Attribute', 11, 2, '2019-10-04 10:22:31', '2019-10-04 10:22:31'),
(1673, 1, 0, 'Création : Attribute', 'Attribute', 12, 2, '2019-10-04 10:22:35', '2019-10-04 10:22:35'),
(1674, 1, 0, 'Création : Attribute', 'Attribute', 13, 2, '2019-10-04 10:22:38', '2019-10-04 10:22:38'),
(1675, 1, 0, 'Création : Attribute', 'Attribute', 14, 2, '2019-10-04 10:22:50', '2019-10-04 10:22:50'),
(1676, 1, 0, 'Création : Attribute', 'Attribute', 15, 2, '2019-10-04 10:23:03', '2019-10-04 10:23:03'),
(1677, 1, 0, 'Création : Attribute', 'Attribute', 16, 2, '2019-10-04 10:23:11', '2019-10-04 10:23:11'),
(1678, 1, 0, 'Création : Attribute', 'Attribute', 17, 2, '2019-10-04 10:23:15', '2019-10-04 10:23:15'),
(1679, 1, 0, 'Création : Attribute', 'Attribute', 18, 2, '2019-10-04 10:23:20', '2019-10-04 10:23:20'),
(1680, 1, 0, 'Création : Attribute', 'Attribute', 19, 2, '2019-10-04 10:23:28', '2019-10-04 10:23:28'),
(1681, 1, 0, 'Création : Attribute', 'Attribute', 20, 2, '2019-10-04 10:23:33', '2019-10-04 10:23:33'),
(1682, 1, 0, 'Création : Feature', 'Feature', 3, 2, '2019-10-04 10:29:49', '2019-10-04 10:29:49'),
(1683, 1, 0, 'Création : FeatureValue', 'FeatureValue', 4, 2, '2019-10-04 10:30:25', '2019-10-04 10:30:25'),
(1684, 1, 0, 'Création : FeatureValue', 'FeatureValue', 5, 2, '2019-10-04 10:31:58', '2019-10-04 10:31:58'),
(1685, 1, 0, 'Création : FeatureValue', 'FeatureValue', 6, 2, '2019-10-04 10:32:12', '2019-10-04 10:32:12'),
(1686, 1, 0, 'modification FeatureValue', 'FeatureValue', 4, 2, '2019-10-04 10:32:47', '2019-10-04 10:32:47'),
(1687, 1, 0, 'Product modification', 'Product', 881, 1, '2019-10-04 10:32:55', '2019-10-04 10:32:55'),
(1688, 1, 0, 'Product modification', 'Product', 881, 1, '2019-10-04 10:34:00', '2019-10-04 10:34:00'),
(1689, 1, 0, 'Product modification', 'Product', 881, 1, '2019-10-04 10:34:17', '2019-10-04 10:34:17'),
(1690, 1, 0, 'Product modification', 'Product', 881, 1, '2019-10-04 10:36:07', '2019-10-04 10:36:07'),
(1691, 1, 0, 'Création : HsAccessoriesGroupAbstract', 'HsAccessoriesGroupAbstract', 1, 1, '2019-10-04 10:40:28', '2019-10-04 10:40:28'),
(1692, 1, 0, 'Création : FeatureValue', 'FeatureValue', 7, 2, '2019-10-04 10:40:36', '2019-10-04 10:40:36'),
(1693, 1, 0, 'Création : FeatureValue', 'FeatureValue', 8, 2, '2019-10-04 10:42:39', '2019-10-04 10:42:39'),
(1694, 1, 0, 'Création : FeatureValue', 'FeatureValue', 9, 2, '2019-10-04 10:44:26', '2019-10-04 10:44:26'),
(1695, 1, 0, 'Création : Feature', 'Feature', 4, 2, '2019-10-04 10:45:03', '2019-10-04 10:45:03'),
(1696, 1, 0, 'Création : Feature', 'Feature', 5, 2, '2019-10-04 10:45:28', '2019-10-04 10:45:28'),
(1697, 1, 0, 'Création : Feature', 'Feature', 6, 2, '2019-10-04 10:45:43', '2019-10-04 10:45:43'),
(1698, 1, 0, 'Création : Feature', 'Feature', 7, 2, '2019-10-04 10:45:57', '2019-10-04 10:45:57'),
(1699, 1, 0, 'Création : Feature', 'Feature', 8, 2, '2019-10-04 10:46:33', '2019-10-04 10:46:33'),
(1700, 1, 0, 'Création : FeatureValue', 'FeatureValue', 10, 2, '2019-10-04 10:48:02', '2019-10-04 10:48:02'),
(1701, 1, 0, 'Création : FeatureValue', 'FeatureValue', 11, 2, '2019-10-04 10:48:36', '2019-10-04 10:48:36'),
(1702, 1, 0, 'Création : HsAccessoriesGroupAbstract', 'HsAccessoriesGroupAbstract', 2, 1, '2019-10-04 10:49:30', '2019-10-04 10:49:30'),
(1703, 1, 0, 'Suppression : HsAccessoriesGroupAbstract', 'HsAccessoriesGroupAbstract', 1, 1, '2019-10-04 10:49:52', '2019-10-04 10:49:52'),
(1704, 1, 0, 'Création : FeatureValue', 'FeatureValue', 12, 2, '2019-10-04 10:50:42', '2019-10-04 10:50:42'),
(1705, 1, 0, 'modification FeatureValue', 'FeatureValue', 11, 2, '2019-10-04 10:51:17', '2019-10-04 10:51:17'),
(1706, 1, 0, 'Création : FeatureValue', 'FeatureValue', 13, 2, '2019-10-04 10:51:36', '2019-10-04 10:51:36'),
(1707, 1, 0, 'modification Feature', 'Feature', 5, 2, '2019-10-04 10:55:34', '2019-10-04 10:55:34'),
(1708, 1, 0, 'Création : FeatureValue', 'FeatureValue', 14, 2, '2019-10-04 10:56:53', '2019-10-04 10:56:53'),
(1709, 1, 0, 'Création : FeatureValue', 'FeatureValue', 15, 2, '2019-10-04 10:57:01', '2019-10-04 10:57:01'),
(1710, 1, 0, 'Création : FeatureValue', 'FeatureValue', 16, 2, '2019-10-04 11:05:04', '2019-10-04 11:05:04'),
(1711, 1, 0, 'Product modification', 'Product', 723, 2, '2019-10-04 11:10:29', '2019-10-04 11:10:29'),
(1712, 1, 0, 'modification HsAccessoriesGroupAbstract', 'HsAccessoriesGroupAbstract', 2, 1, '2019-10-04 11:10:54', '2019-10-04 11:10:54'),
(1713, 1, 0, 'Création : Feature', 'Feature', 9, 2, '2019-10-04 11:11:32', '2019-10-04 11:11:32'),
(1714, 1, 0, 'Création : FeatureValue', 'FeatureValue', 17, 2, '2019-10-04 11:12:57', '2019-10-04 11:12:57'),
(1715, 1, 0, 'Création : FeatureValue', 'FeatureValue', 18, 2, '2019-10-04 11:13:05', '2019-10-04 11:13:05'),
(1716, 1, 0, 'Création : FeatureValue', 'FeatureValue', 19, 2, '2019-10-04 11:13:12', '2019-10-04 11:13:12'),
(1717, 1, 0, 'Création : FeatureValue', 'FeatureValue', 20, 2, '2019-10-04 11:13:25', '2019-10-04 11:13:25'),
(1718, 1, 0, 'Product modification', 'Product', 724, 2, '2019-10-04 11:15:57', '2019-10-04 11:15:57'),
(1719, 1, 0, 'Création : FeatureValue', 'FeatureValue', 21, 2, '2019-10-04 11:18:29', '2019-10-04 11:18:29'),
(1720, 1, 0, 'Création : FeatureValue', 'FeatureValue', 22, 2, '2019-10-04 11:18:34', '2019-10-04 11:18:34'),
(1721, 1, 0, 'Suppression : FeatureValue', 'FeatureValue', 21, 2, '2019-10-04 11:19:09', '2019-10-04 11:19:09'),
(1722, 1, 0, 'Suppression : FeatureValue', 'FeatureValue', 22, 2, '2019-10-04 11:19:15', '2019-10-04 11:19:15'),
(1723, 1, 0, 'Création : FeatureValue', 'FeatureValue', 23, 2, '2019-10-04 11:19:55', '2019-10-04 11:19:55'),
(1724, 1, 0, 'Création : FeatureValue', 'FeatureValue', 24, 2, '2019-10-04 11:20:03', '2019-10-04 11:20:03'),
(1725, 1, 0, 'Product modification', 'Product', 722, 2, '2019-10-04 11:21:12', '2019-10-04 11:21:12'),
(1726, 1, 0, 'Product modification', 'Product', 723, 2, '2019-10-04 11:24:45', '2019-10-04 11:24:45'),
(1727, 1, 0, 'Product modification', 'Product', 724, 2, '2019-10-04 11:25:28', '2019-10-04 11:25:28'),
(1728, 1, 0, 'Suppression : HsAccessoriesGroupAbstract', 'HsAccessoriesGroupAbstract', 2, 1, '2019-10-04 11:25:29', '2019-10-04 11:25:29'),
(1729, 1, 0, 'Product modification', 'Product', 723, 2, '2019-10-04 11:27:04', '2019-10-04 11:27:04'),
(1730, 1, 0, 'Product modification', 'Product', 724, 2, '2019-10-04 11:27:08', '2019-10-04 11:27:08'),
(1731, 1, 0, 'Product modification', 'Product', 726, 2, '2019-10-04 11:27:45', '2019-10-04 11:27:45'),
(1732, 1, 0, 'Product modification', 'Product', 727, 2, '2019-10-04 11:28:17', '2019-10-04 11:28:17'),
(1733, 1, 0, 'Product modification', 'Product', 726, 2, '2019-10-04 11:28:20', '2019-10-04 11:28:20'),
(1734, 1, 0, 'Product modification', 'Product', 725, 2, '2019-10-04 11:28:24', '2019-10-04 11:28:24'),
(1735, 1, 0, 'Product modification', 'Product', 724, 2, '2019-10-04 11:28:28', '2019-10-04 11:28:28'),
(1736, 1, 0, 'Product modification', 'Product', 723, 2, '2019-10-04 11:28:30', '2019-10-04 11:28:30'),
(1737, 1, 0, 'modification AttributeGroup', 'AttributeGroup', 2, 2, '2019-10-04 11:40:44', '2019-10-04 11:40:44'),
(1738, 1, 0, 'Création : Feature', 'Feature', 10, 2, '2019-10-04 11:41:01', '2019-10-04 11:41:01'),
(1739, 1, 0, 'Product modification', 'Product', 730, 2, '2019-10-04 11:43:31', '2019-10-04 11:43:31'),
(1740, 1, 0, 'Product modification', 'Product', 730, 2, '2019-10-04 11:44:42', '2019-10-04 11:44:42'),
(1741, 1, 0, 'Product modification', 'Product', 731, 2, '2019-10-04 11:44:47', '2019-10-04 11:44:47'),
(1742, 1, 0, 'Product modification', 'Product', 732, 2, '2019-10-04 11:46:03', '2019-10-04 11:46:03'),
(1743, 1, 0, 'Product modification', 'Product', 733, 2, '2019-10-04 11:46:05', '2019-10-04 11:46:05'),
(1744, 1, 0, 'Product modification', 'Product', 731, 2, '2019-10-04 11:48:33', '2019-10-04 11:48:33'),
(1745, 1, 0, 'Product modification', 'Product', 731, 2, '2019-10-04 11:49:58', '2019-10-04 11:49:58'),
(1746, 1, 0, 'Product modification', 'Product', 730, 2, '2019-10-04 11:50:04', '2019-10-04 11:50:04'),
(1747, 1, 0, 'Product modification', 'Product', 733, 2, '2019-10-04 11:50:22', '2019-10-04 11:50:22'),
(1748, 1, 0, 'Product modification', 'Product', 732, 2, '2019-10-04 11:50:23', '2019-10-04 11:50:23'),
(1749, 1, 0, 'Product modification', 'Product', 734, 2, '2019-10-04 11:50:24', '2019-10-04 11:50:24'),
(1750, 1, 0, 'Product modification', 'Product', 732, 2, '2019-10-04 11:52:07', '2019-10-04 11:52:07'),
(1751, 1, 0, 'Product modification', 'Product', 733, 2, '2019-10-04 11:54:22', '2019-10-04 11:54:22'),
(1752, 1, 0, 'Product modification', 'Product', 734, 2, '2019-10-04 11:54:57', '2019-10-04 11:54:57'),
(1753, 1, 0, 'Product modification', 'Product', 735, 2, '2019-10-04 11:55:58', '2019-10-04 11:55:58'),
(1754, 1, 0, 'Product modification', 'Product', 735, 2, '2019-10-04 11:56:04', '2019-10-04 11:56:04'),
(1755, 1, 0, 'Product modification', 'Product', 736, 2, '2019-10-04 11:57:02', '2019-10-04 11:57:02'),
(1756, 1, 0, 'Product modification', 'Product', 737, 2, '2019-10-04 11:57:47', '2019-10-04 11:57:47'),
(1757, 1, 0, 'Connexion au back-office depuis 176.141.187.100', '', 0, 1, '2019-10-04 13:23:58', '2019-10-04 13:23:58'),
(1758, 1, 0, 'modification ApPageBuilderDetailsModel', 'ApPageBuilderDetailsModel', 1, 1, '2019-10-04 14:56:16', '2019-10-04 14:56:16'),
(1759, 1, 0, 'modification ApPageBuilderDetailsModel', 'ApPageBuilderDetailsModel', 1, 1, '2019-10-04 14:56:34', '2019-10-04 14:56:34'),
(1760, 1, 0, 'Création : HsAccessoriesGroupAbstract', 'HsAccessoriesGroupAbstract', 3, 1, '2019-10-04 14:59:07', '2019-10-04 14:59:07'),
(1761, 1, 0, 'modification ApPageBuilderDetailsModel', 'ApPageBuilderDetailsModel', 1, 1, '2019-10-04 15:04:41', '2019-10-04 15:04:41'),
(1762, 1, 0, 'modification ApPageBuilderDetailsModel', 'ApPageBuilderDetailsModel', 1, 1, '2019-10-04 15:10:18', '2019-10-04 15:10:18'),
(1763, 1, 0, 'modification ApPageBuilderDetailsModel', 'ApPageBuilderDetailsModel', 1, 1, '2019-10-04 15:11:45', '2019-10-04 15:11:45'),
(1764, 1, 0, 'modification ApPageBuilderDetailsModel', 'ApPageBuilderDetailsModel', 1, 1, '2019-10-04 15:12:25', '2019-10-04 15:12:25'),
(1765, 1, 0, 'modification ApPageBuilderDetailsModel', 'ApPageBuilderDetailsModel', 1, 1, '2019-10-04 15:16:40', '2019-10-04 15:16:40'),
(1766, 1, 0, 'modification ApPageBuilderDetailsModel', 'ApPageBuilderDetailsModel', 1, 1, '2019-10-04 15:17:03', '2019-10-04 15:17:03'),
(1767, 1, 0, 'modification ApPageBuilderDetailsModel', 'ApPageBuilderDetailsModel', 1, 1, '2019-10-04 15:17:37', '2019-10-04 15:17:37'),
(1768, 1, 0, 'modification ApPageBuilderDetailsModel', 'ApPageBuilderDetailsModel', 1, 1, '2019-10-04 15:18:33', '2019-10-04 15:18:33'),
(1769, 1, 0, 'Création : ApPageBuilderDetailsModel', 'ApPageBuilderDetailsModel', 9, 1, '2019-10-04 15:20:38', '2019-10-04 15:20:38'),
(1770, 1, 0, 'modification ApPageBuilderDetailsModel', 'ApPageBuilderDetailsModel', 9, 1, '2019-10-04 15:20:51', '2019-10-04 15:20:51'),
(1771, 1, 0, 'modification ApPageBuilderDetailsModel', 'ApPageBuilderDetailsModel', 9, 1, '2019-10-04 15:21:03', '2019-10-04 15:21:03'),
(1772, 1, 0, 'modification ApPageBuilderDetailsModel', 'ApPageBuilderDetailsModel', 6, 1, '2019-10-04 15:26:46', '2019-10-04 15:26:46'),
(1773, 1, 0, 'modification ApPageBuilderDetailsModel', 'ApPageBuilderDetailsModel', 1, 1, '2019-10-04 15:28:29', '2019-10-04 15:28:29'),
(1774, 1, 0, 'modification ApPageBuilderDetailsModel', 'ApPageBuilderDetailsModel', 1, 1, '2019-10-04 15:28:46', '2019-10-04 15:28:46'),
(1775, 1, 0, 'modification ApPageBuilderDetailsModel', 'ApPageBuilderDetailsModel', 1, 1, '2019-10-04 15:30:59', '2019-10-04 15:30:59'),
(1776, 1, 0, 'modification ApPageBuilderDetailsModel', 'ApPageBuilderDetailsModel', 1, 1, '2019-10-04 15:32:04', '2019-10-04 15:32:04'),
(1777, 1, 0, 'modification ApPageBuilderDetailsModel', 'ApPageBuilderDetailsModel', 1, 1, '2019-10-04 15:32:36', '2019-10-04 15:32:36'),
(1778, 1, 0, 'Suppression : ApPageBuilderDetailsModel', 'ApPageBuilderDetailsModel', 1, 1, '2019-10-04 15:33:26', '2019-10-04 15:33:26'),
(1779, 1, 0, 'Création : ApPageBuilderDetailsModel', 'ApPageBuilderDetailsModel', 12, 1, '2019-10-04 15:36:33', '2019-10-04 15:36:33'),
(1780, 1, 0, 'Création : ApPageBuilderDetailsModel', 'ApPageBuilderDetailsModel', 13, 1, '2019-10-04 15:37:56', '2019-10-04 15:37:56'),
(1781, 1, 0, 'Suppression : ApPageBuilderDetailsModel', 'ApPageBuilderDetailsModel', 13, 1, '2019-10-04 15:38:44', '2019-10-04 15:38:44'),
(1782, 1, 0, 'modification ApPageBuilderDetailsModel', 'ApPageBuilderDetailsModel', 11, 1, '2019-10-04 15:39:24', '2019-10-04 15:39:24'),
(1783, 1, 0, 'modification ApPageBuilderProfilesModel', 'ApPageBuilderProfilesModel', 2, 1, '2019-10-04 15:40:52', '2019-10-04 15:40:52'),
(1784, 1, 0, 'Connexion au back-office depuis 176.141.187.100', '', 0, 1, '2019-10-04 15:42:46', '2019-10-04 15:42:46'),
(1785, 1, 0, 'Création : ApPageBuilderDetailsModel', 'ApPageBuilderDetailsModel', 14, 1, '2019-10-04 15:51:49', '2019-10-04 15:51:49'),
(1786, 1, 0, 'modification ApPageBuilderDetailsModel', 'ApPageBuilderDetailsModel', 14, 1, '2019-10-04 15:52:04', '2019-10-04 15:52:04'),
(1787, 1, 0, 'Création : ApPageBuilderDetailsModel', 'ApPageBuilderDetailsModel', 15, 1, '2019-10-04 15:52:54', '2019-10-04 15:52:54'),
(1788, 1, 0, 'Suppression : ApPageBuilderDetailsModel', 'ApPageBuilderDetailsModel', 15, 1, '2019-10-04 15:58:20', '2019-10-04 15:58:20'),
(1789, 1, 0, 'Connexion au back-office depuis 176.141.187.100', '', 0, 1, '2019-10-04 16:14:52', '2019-10-04 16:14:52'),
(1790, 1, 0, 'Suppression : HsAccessoriesGroupAbstract', 'HsAccessoriesGroupAbstract', 3, 1, '2019-10-04 16:16:54', '2019-10-04 16:16:54'),
(1791, 1, 0, 'modification ApPageBuilderDetailsModel', 'ApPageBuilderDetailsModel', 1, 1, '2019-10-04 16:18:25', '2019-10-04 16:18:25'),
(1792, 1, 0, 'modification ApPageBuilderDetailsModel', 'ApPageBuilderDetailsModel', 1, 1, '2019-10-04 16:19:57', '2019-10-04 16:19:57'),
(1793, 1, 0, 'modification ApPageBuilderDetailsModel', 'ApPageBuilderDetailsModel', 1, 1, '2019-10-04 16:20:24', '2019-10-04 16:20:24'),
(1794, 1, 0, 'modification ApPageBuilderDetailsModel', 'ApPageBuilderDetailsModel', 1, 1, '2019-10-04 16:21:12', '2019-10-04 16:21:12'),
(1795, 1, 0, 'modification ApPageBuilderDetailsModel', 'ApPageBuilderDetailsModel', 1, 1, '2019-10-04 16:22:16', '2019-10-04 16:22:16'),
(1796, 1, 0, 'modification ApPageBuilderDetailsModel', 'ApPageBuilderDetailsModel', 1, 1, '2019-10-04 16:22:22', '2019-10-04 16:22:22'),
(1797, 1, 0, 'modification ApPageBuilderDetailsModel', 'ApPageBuilderDetailsModel', 1, 1, '2019-10-04 16:23:32', '2019-10-04 16:23:32'),
(1798, 1, 0, 'Création : HsAccessoriesGroupAbstract', 'HsAccessoriesGroupAbstract', 4, 1, '2019-10-04 16:25:30', '2019-10-04 16:25:30'),
(1799, 1, 0, 'modification ApPageBuilderDetailsModel', 'ApPageBuilderDetailsModel', 1, 1, '2019-10-04 16:28:42', '2019-10-04 16:28:42'),
(1800, 1, 0, 'modification ApPageBuilderDetailsModel', 'ApPageBuilderDetailsModel', 1, 1, '2019-10-04 16:29:03', '2019-10-04 16:29:03'),
(1801, 1, 0, 'modification ApPageBuilderDetailsModel', 'ApPageBuilderDetailsModel', 1, 1, '2019-10-04 16:29:50', '2019-10-04 16:29:50'),
(1802, 1, 0, 'modification ApPageBuilderDetailsModel', 'ApPageBuilderDetailsModel', 1, 1, '2019-10-04 16:30:34', '2019-10-04 16:30:34'),
(1803, 1, 0, 'modification ApPageBuilderDetailsModel', 'ApPageBuilderDetailsModel', 1, 1, '2019-10-04 16:31:32', '2019-10-04 16:31:32'),
(1804, 1, 0, 'modification HsAccessoriesGroupAbstract', 'HsAccessoriesGroupAbstract', 4, 1, '2019-10-04 16:32:40', '2019-10-04 16:32:40'),
(1805, 1, 0, 'modification ApPageBuilderDetailsModel', 'ApPageBuilderDetailsModel', 1, 1, '2019-10-04 16:39:55', '2019-10-04 16:39:55'),
(1806, 1, 0, 'modification ApPageBuilderDetailsModel', 'ApPageBuilderDetailsModel', 1, 1, '2019-10-04 16:40:46', '2019-10-04 16:40:46'),
(1807, 1, 0, 'modification ApPageBuilderDetailsModel', 'ApPageBuilderDetailsModel', 1, 1, '2019-10-04 16:44:12', '2019-10-04 16:44:12'),
(1808, 1, 0, 'modification ApPageBuilderDetailsModel', 'ApPageBuilderDetailsModel', 1, 1, '2019-10-04 16:48:26', '2019-10-04 16:48:26'),
(1809, 1, 0, 'modification ApPageBuilderDetailsModel', 'ApPageBuilderDetailsModel', 1, 1, '2019-10-04 16:48:49', '2019-10-04 16:48:49'),
(1810, 1, 0, 'modification ApPageBuilderDetailsModel', 'ApPageBuilderDetailsModel', 1, 1, '2019-10-04 16:49:15', '2019-10-04 16:49:15'),
(1811, 1, 0, 'modification ApPageBuilderDetailsModel', 'ApPageBuilderDetailsModel', 1, 1, '2019-10-04 16:51:26', '2019-10-04 16:51:26'),
(1812, 1, 0, 'modification ApPageBuilderDetailsModel', 'ApPageBuilderDetailsModel', 1, 1, '2019-10-04 16:54:49', '2019-10-04 16:54:49'),
(1813, 1, 0, 'Connexion au back-office depuis 83.156.202.149', '', 0, 1, '2019-10-05 05:42:49', '2019-10-05 05:42:49'),
(1814, 1, 0, 'modification ApPageBuilderDetailsModel', 'ApPageBuilderDetailsModel', 1, 1, '2019-10-05 05:54:10', '2019-10-05 05:54:10'),
(1815, 1, 0, 'modification ApPageBuilderDetailsModel', 'ApPageBuilderDetailsModel', 1, 1, '2019-10-05 05:55:52', '2019-10-05 05:55:52'),
(1816, 1, 0, 'modification ApPageBuilderDetailsModel', 'ApPageBuilderDetailsModel', 1, 1, '2019-10-05 05:56:55', '2019-10-05 05:56:55'),
(1817, 1, 0, 'modification ApPageBuilderDetailsModel', 'ApPageBuilderDetailsModel', 1, 1, '2019-10-05 05:57:38', '2019-10-05 05:57:38'),
(1818, 1, 0, 'modification ApPageBuilderDetailsModel', 'ApPageBuilderDetailsModel', 1, 1, '2019-10-05 05:58:40', '2019-10-05 05:58:40'),
(1819, 1, 0, 'Connexion au back-office depuis 83.156.202.149', '', 0, 1, '2019-10-06 14:42:55', '2019-10-06 14:42:55'),
(1820, 1, 0, 'modification ApPageBuilderDetailsModel', 'ApPageBuilderDetailsModel', 1, 1, '2019-10-06 14:45:21', '2019-10-06 14:45:21'),
(1821, 1, 0, 'modification ApPageBuilderDetailsModel', 'ApPageBuilderDetailsModel', 1, 1, '2019-10-06 14:48:46', '2019-10-06 14:48:46'),
(1822, 1, 0, 'modification ApPageBuilderDetailsModel', 'ApPageBuilderDetailsModel', 1, 1, '2019-10-06 14:53:27', '2019-10-06 14:53:27'),
(1823, 1, 0, 'modification ApPageBuilderDetailsModel', 'ApPageBuilderDetailsModel', 1, 1, '2019-10-06 14:53:55', '2019-10-06 14:53:55'),
(1824, 1, 0, 'Création : ApPageBuilderDetailsModel', 'ApPageBuilderDetailsModel', 8, 1, '2019-10-06 14:54:50', '2019-10-06 14:54:50'),
(1825, 1, 0, 'modification ApPageBuilderDetailsModel', 'ApPageBuilderDetailsModel', 1, 1, '2019-10-06 14:56:01', '2019-10-06 14:56:01'),
(1826, 1, 0, 'modification ApPageBuilderDetailsModel', 'ApPageBuilderDetailsModel', 1, 1, '2019-10-06 14:56:35', '2019-10-06 14:56:35'),
(1827, 1, 0, 'modification ApPageBuilderDetailsModel', 'ApPageBuilderDetailsModel', 1, 1, '2019-10-06 14:56:59', '2019-10-06 14:56:59'),
(1828, 1, 0, 'modification ApPageBuilderDetailsModel', 'ApPageBuilderDetailsModel', 1, 1, '2019-10-06 15:13:51', '2019-10-06 15:13:51'),
(1829, 1, 0, 'modification ApPageBuilderDetailsModel', 'ApPageBuilderDetailsModel', 1, 1, '2019-10-06 15:15:11', '2019-10-06 15:15:11'),
(1830, 1, 0, 'modification ApPageBuilderDetailsModel', 'ApPageBuilderDetailsModel', 1, 1, '2019-10-06 15:15:39', '2019-10-06 15:15:39'),
(1831, 1, 0, 'modification ApPageBuilderDetailsModel', 'ApPageBuilderDetailsModel', 1, 1, '2019-10-06 15:16:34', '2019-10-06 15:16:34'),
(1832, 1, 0, 'modification ApPageBuilderDetailsModel', 'ApPageBuilderDetailsModel', 1, 1, '2019-10-06 15:17:22', '2019-10-06 15:17:22'),
(1833, 1, 0, 'modification ApPageBuilderDetailsModel', 'ApPageBuilderDetailsModel', 1, 1, '2019-10-06 15:17:57', '2019-10-06 15:17:57'),
(1834, 1, 0, 'modification ApPageBuilderDetailsModel', 'ApPageBuilderDetailsModel', 1, 1, '2019-10-06 15:18:24', '2019-10-06 15:18:24'),
(1835, 1, 0, 'modification ApPageBuilderDetailsModel', 'ApPageBuilderDetailsModel', 1, 1, '2019-10-06 15:19:00', '2019-10-06 15:19:00'),
(1836, 1, 0, 'modification ApPageBuilderDetailsModel', 'ApPageBuilderDetailsModel', 1, 1, '2019-10-06 15:19:37', '2019-10-06 15:19:37'),
(1837, 1, 0, 'modification ImageType', 'ImageType', 5, 1, '2019-10-06 15:21:26', '2019-10-06 15:21:26'),
(1838, 1, 0, 'Connexion au back-office depuis 176.141.187.100', '', 0, 1, '2019-10-07 09:22:26', '2019-10-07 09:22:26'),
(1839, 1, 0, 'Product modification', 'Product', 66, 1, '2019-10-07 09:26:21', '2019-10-07 09:26:21'),
(1840, 1, 0, 'Product modification', 'Product', 66, 1, '2019-10-07 09:26:25', '2019-10-07 09:26:25'),
(1841, 1, 0, 'Product modification', 'Product', 66, 1, '2019-10-07 09:27:30', '2019-10-07 09:27:30'),
(1842, 1, 0, 'Product modification', 'Product', 66, 1, '2019-10-07 09:27:36', '2019-10-07 09:27:36'),
(1843, 1, 0, 'Product modification', 'Product', 66, 1, '2019-10-07 09:30:58', '2019-10-07 09:30:58'),
(1844, 1, 0, 'Product modification', 'Product', 66, 1, '2019-10-07 09:31:03', '2019-10-07 09:31:03'),
(1845, 1, 0, 'Product modification', 'Product', 66, 1, '2019-10-07 09:31:46', '2019-10-07 09:31:46'),
(1846, 1, 0, 'Product modification', 'Product', 66, 1, '2019-10-07 09:33:26', '2019-10-07 09:33:26'),
(1847, 1, 0, 'Product modification', 'Product', 66, 1, '2019-10-07 09:33:33', '2019-10-07 09:33:33'),
(1848, 1, 0, 'Product modification', 'Product', 66, 1, '2019-10-07 09:34:36', '2019-10-07 09:34:36'),
(1849, 1, 0, 'Product modification', 'Product', 66, 1, '2019-10-07 09:34:42', '2019-10-07 09:34:42'),
(1850, 1, 0, 'modification ApPageBuilderDetailsModel', 'ApPageBuilderDetailsModel', 1, 1, '2019-10-07 09:35:20', '2019-10-07 09:35:20'),
(1851, 1, 0, 'modification ApPageBuilderDetailsModel', 'ApPageBuilderDetailsModel', 1, 1, '2019-10-07 09:36:19', '2019-10-07 09:36:19'),
(1852, 1, 0, 'modification ApPageBuilderDetailsModel', 'ApPageBuilderDetailsModel', 1, 1, '2019-10-07 09:36:54', '2019-10-07 09:36:54'),
(1853, 1, 0, 'Connexion au back-office depuis 176.141.187.100', '', 0, 3, '2019-10-07 10:15:53', '2019-10-07 10:15:53'),
(1854, 1, 0, 'Product modification', 'Product', 956, 3, '2019-10-07 10:22:50', '2019-10-07 10:22:50'),
(1855, 1, 0, 'Product modification', 'Product', 957, 3, '2019-10-07 10:23:11', '2019-10-07 10:23:11'),
(1856, 1, 0, 'Product modification', 'Product', 958, 3, '2019-10-07 10:23:31', '2019-10-07 10:23:31'),
(1857, 1, 0, 'Product modification', 'Product', 959, 3, '2019-10-07 10:23:47', '2019-10-07 10:23:47'),
(1858, 1, 0, 'Product modification', 'Product', 959, 3, '2019-10-07 10:23:57', '2019-10-07 10:23:57'),
(1859, 1, 0, 'Product modification', 'Product', 957, 3, '2019-10-07 10:24:32', '2019-10-07 10:24:32'),
(1860, 1, 0, 'Product modification', 'Product', 958, 3, '2019-10-07 10:24:52', '2019-10-07 10:24:52'),
(1861, 1, 0, 'Product modification', 'Product', 956, 3, '2019-10-07 10:25:06', '2019-10-07 10:25:06'),
(1862, 1, 0, 'Product modification', 'Product', 960, 3, '2019-10-07 10:26:19', '2019-10-07 10:26:19'),
(1863, 1, 0, 'Product modification', 'Product', 961, 3, '2019-10-07 10:26:45', '2019-10-07 10:26:45'),
(1864, 1, 0, 'Product modification', 'Product', 962, 3, '2019-10-07 10:27:22', '2019-10-07 10:27:22'),
(1865, 1, 0, 'Product modification', 'Product', 963, 3, '2019-10-07 10:27:54', '2019-10-07 10:27:54'),
(1866, 1, 0, 'Product modification', 'Product', 963, 3, '2019-10-07 10:28:38', '2019-10-07 10:28:38'),
(1867, 1, 0, 'Product modification', 'Product', 964, 3, '2019-10-07 10:28:49', '2019-10-07 10:28:49'),
(1868, 1, 0, 'Product modification', 'Product', 964, 3, '2019-10-07 10:29:00', '2019-10-07 10:29:00'),
(1869, 1, 0, 'Product modification', 'Product', 965, 3, '2019-10-07 10:29:19', '2019-10-07 10:29:19');
INSERT INTO `ps_log` (`id_log`, `severity`, `error_code`, `message`, `object_type`, `object_id`, `id_employee`, `date_add`, `date_upd`) VALUES
(1870, 1, 0, 'Product modification', 'Product', 966, 3, '2019-10-07 10:29:41', '2019-10-07 10:29:41'),
(1871, 1, 0, 'Product modification', 'Product', 967, 3, '2019-10-07 10:29:54', '2019-10-07 10:29:54'),
(1872, 1, 0, 'Product modification', 'Product', 968, 3, '2019-10-07 10:30:05', '2019-10-07 10:30:05'),
(1873, 1, 0, 'Product modification', 'Product', 969, 3, '2019-10-07 10:30:17', '2019-10-07 10:30:17'),
(1874, 1, 0, 'Product modification', 'Product', 970, 3, '2019-10-07 10:30:34', '2019-10-07 10:30:34'),
(1875, 1, 0, 'Product modification', 'Product', 971, 3, '2019-10-07 10:31:18', '2019-10-07 10:31:18'),
(1876, 1, 0, 'Product modification', 'Product', 972, 3, '2019-10-07 10:31:32', '2019-10-07 10:31:32'),
(1877, 1, 0, 'Product modification', 'Product', 972, 3, '2019-10-07 10:32:25', '2019-10-07 10:32:25'),
(1878, 1, 0, 'Product modification', 'Product', 973, 3, '2019-10-07 10:32:43', '2019-10-07 10:32:43'),
(1879, 1, 0, 'Product modification', 'Product', 974, 3, '2019-10-07 10:32:57', '2019-10-07 10:32:57'),
(1880, 1, 0, 'Product modification', 'Product', 975, 3, '2019-10-07 10:33:13', '2019-10-07 10:33:13'),
(1881, 1, 0, 'Product modification', 'Product', 976, 3, '2019-10-07 10:33:35', '2019-10-07 10:33:35'),
(1882, 1, 0, 'Product modification', 'Product', 977, 3, '2019-10-07 10:33:51', '2019-10-07 10:33:51'),
(1883, 1, 0, 'Product deactivated: 956', '', 0, 3, '2019-10-07 10:39:31', '2019-10-07 10:39:31'),
(1884, 1, 0, 'Product deactivated: 957', '', 0, 3, '2019-10-07 10:39:35', '2019-10-07 10:39:35'),
(1885, 1, 0, 'Product deactivated: 958', '', 0, 3, '2019-10-07 10:39:37', '2019-10-07 10:39:37'),
(1886, 1, 0, 'Product deactivated: 959', '', 0, 3, '2019-10-07 10:39:37', '2019-10-07 10:39:37'),
(1887, 1, 0, 'Product activated: 956', '', 0, 3, '2019-10-07 10:39:41', '2019-10-07 10:39:41'),
(1888, 1, 0, 'Product deactivated: 960', '', 0, 3, '2019-10-07 10:39:46', '2019-10-07 10:39:46'),
(1889, 1, 0, 'Product deactivated: 961', '', 0, 3, '2019-10-07 10:39:50', '2019-10-07 10:39:50'),
(1890, 1, 0, 'Product deactivated: 962', '', 0, 3, '2019-10-07 10:39:53', '2019-10-07 10:39:53'),
(1891, 1, 0, 'Product deactivated: 963', '', 0, 3, '2019-10-07 10:40:02', '2019-10-07 10:40:02'),
(1892, 1, 0, 'Product deactivated: 964', '', 0, 3, '2019-10-07 10:40:12', '2019-10-07 10:40:12'),
(1893, 1, 0, 'Product deactivated: 965', '', 0, 3, '2019-10-07 10:41:17', '2019-10-07 10:41:17'),
(1894, 1, 0, 'Product deactivated: 972', '', 0, 3, '2019-10-07 10:41:24', '2019-10-07 10:41:24'),
(1895, 1, 0, 'Product deactivated: 970', '', 0, 3, '2019-10-07 10:41:29', '2019-10-07 10:41:29'),
(1896, 1, 0, 'Product deactivated: 966', '', 0, 3, '2019-10-07 10:41:35', '2019-10-07 10:41:35'),
(1897, 1, 0, 'Product deactivated: 967', '', 0, 3, '2019-10-07 10:41:40', '2019-10-07 10:41:40'),
(1898, 1, 0, 'Product deactivated: 968', '', 0, 3, '2019-10-07 10:41:45', '2019-10-07 10:41:45'),
(1899, 1, 0, 'Product deactivated: 969', '', 0, 3, '2019-10-07 10:41:52', '2019-10-07 10:41:52'),
(1900, 1, 0, 'Product deactivated: 973', '', 0, 3, '2019-10-07 10:42:01', '2019-10-07 10:42:01'),
(1901, 1, 0, 'Product deactivated: 974', '', 0, 3, '2019-10-07 10:42:09', '2019-10-07 10:42:09'),
(1902, 1, 0, 'Product deactivated: 975', '', 0, 3, '2019-10-07 10:42:17', '2019-10-07 10:42:17'),
(1903, 1, 0, 'Product deactivated: 976', '', 0, 3, '2019-10-07 10:42:24', '2019-10-07 10:42:24'),
(1904, 1, 0, 'Product deactivated: 978', '', 0, 3, '2019-10-07 10:42:33', '2019-10-07 10:42:33'),
(1905, 1, 0, 'Product deactivated: 977', '', 0, 3, '2019-10-07 10:42:42', '2019-10-07 10:42:42'),
(1906, 1, 0, 'Product deactivated: 980', '', 0, 3, '2019-10-07 10:42:48', '2019-10-07 10:42:48'),
(1907, 1, 0, 'Product deactivated: 981', '', 0, 3, '2019-10-07 10:42:56', '2019-10-07 10:42:56'),
(1908, 1, 0, 'Product deactivated: 982', '', 0, 3, '2019-10-07 10:43:03', '2019-10-07 10:43:03'),
(1909, 1, 0, 'Product deactivated: 983', '', 0, 3, '2019-10-07 10:43:09', '2019-10-07 10:43:09'),
(1910, 1, 0, 'Product deactivated: 984', '', 0, 3, '2019-10-07 10:43:15', '2019-10-07 10:43:15'),
(1911, 1, 0, 'Product deactivated: 986', '', 0, 3, '2019-10-07 10:43:24', '2019-10-07 10:43:24'),
(1912, 1, 0, 'Product deactivated: 987', '', 0, 3, '2019-10-07 10:43:30', '2019-10-07 10:43:30'),
(1913, 1, 0, 'Product deactivated: 988', '', 0, 3, '2019-10-07 10:43:36', '2019-10-07 10:43:36'),
(1914, 1, 0, 'Product deactivated: 989', '', 0, 3, '2019-10-07 10:43:42', '2019-10-07 10:43:42'),
(1915, 1, 0, 'Product deactivated: 990', '', 0, 3, '2019-10-07 10:43:47', '2019-10-07 10:43:47'),
(1916, 1, 0, 'Product deactivated: 991', '', 0, 3, '2019-10-07 10:43:53', '2019-10-07 10:43:53'),
(1917, 1, 0, 'Product deactivated: 992', '', 0, 3, '2019-10-07 10:43:59', '2019-10-07 10:43:59'),
(1918, 1, 0, 'Product deactivated: 993', '', 0, 3, '2019-10-07 10:44:06', '2019-10-07 10:44:06'),
(1919, 1, 0, 'Product deactivated: 994', '', 0, 3, '2019-10-07 10:44:11', '2019-10-07 10:44:11'),
(1920, 1, 0, 'Product deactivated: 995', '', 0, 3, '2019-10-07 10:44:24', '2019-10-07 10:44:24'),
(1921, 1, 0, 'Product modification', 'Product', 985, 3, '2019-10-07 10:46:16', '2019-10-07 10:46:16'),
(1922, 1, 0, 'Product modification', 'Product', 985, 3, '2019-10-07 10:49:14', '2019-10-07 10:49:14'),
(1923, 1, 0, 'Product modification', 'Product', 979, 3, '2019-10-07 10:49:43', '2019-10-07 10:49:43'),
(1924, 1, 0, 'Product modification', 'Product', 956, 3, '2019-10-07 10:52:18', '2019-10-07 10:52:18'),
(1925, 1, 0, 'Product modification', 'Product', 956, 3, '2019-10-07 10:53:00', '2019-10-07 10:53:00'),
(1926, 1, 0, 'Création : AttributeGroup', 'AttributeGroup', 3, 3, '2019-10-07 10:54:00', '2019-10-07 10:54:00'),
(1927, 1, 0, 'Suppression : AttributeGroup', 'AttributeGroup', 3, 3, '2019-10-07 10:55:17', '2019-10-07 10:55:17'),
(1928, 1, 0, 'Création : AttributeGroup', 'AttributeGroup', 4, 3, '2019-10-07 10:59:36', '2019-10-07 10:59:36'),
(1929, 1, 0, 'Création : Attribute', 'Attribute', 21, 3, '2019-10-07 11:00:02', '2019-10-07 11:00:02'),
(1930, 1, 0, 'Création : Attribute', 'Attribute', 22, 3, '2019-10-07 11:00:45', '2019-10-07 11:00:45'),
(1931, 1, 0, 'Création : Attribute', 'Attribute', 23, 3, '2019-10-07 11:01:08', '2019-10-07 11:01:08'),
(1932, 1, 0, 'Product modification', 'Product', 956, 3, '2019-10-07 11:05:43', '2019-10-07 11:05:43'),
(1933, 1, 0, 'Product modification', 'Product', 956, 3, '2019-10-07 11:06:00', '2019-10-07 11:06:00'),
(1934, 1, 0, 'Product modification', 'Product', 956, 3, '2019-10-07 11:06:17', '2019-10-07 11:06:17'),
(1935, 1, 0, 'Product modification', 'Product', 956, 3, '2019-10-07 11:06:35', '2019-10-07 11:06:35'),
(1936, 1, 0, 'Product modification', 'Product', 956, 3, '2019-10-07 11:26:18', '2019-10-07 11:26:18'),
(1937, 1, 0, 'Product modification', 'Product', 956, 3, '2019-10-07 11:27:11', '2019-10-07 11:27:11'),
(1938, 1, 0, 'Product modification', 'Product', 956, 3, '2019-10-07 11:27:38', '2019-10-07 11:27:38'),
(1939, 1, 0, 'Product modification', 'Product', 956, 3, '2019-10-07 11:28:12', '2019-10-07 11:28:12'),
(1940, 1, 0, 'Product modification', 'Product', 956, 3, '2019-10-07 11:28:38', '2019-10-07 11:28:38'),
(1941, 1, 0, 'Product modification', 'Product', 956, 3, '2019-10-07 11:29:11', '2019-10-07 11:29:11'),
(1942, 1, 0, 'Product modification', 'Product', 956, 3, '2019-10-07 11:29:46', '2019-10-07 11:29:46'),
(1943, 1, 0, 'Product modification', 'Product', 956, 3, '2019-10-07 11:30:22', '2019-10-07 11:30:22'),
(1944, 1, 0, 'Product modification', 'Product', 956, 3, '2019-10-07 11:38:13', '2019-10-07 11:38:13'),
(1945, 1, 0, 'Product modification', 'Product', 956, 3, '2019-10-07 11:38:37', '2019-10-07 11:38:37'),
(1946, 1, 0, 'Création : Attribute', 'Attribute', 24, 3, '2019-10-07 11:39:42', '2019-10-07 11:39:42'),
(1947, 1, 0, 'Product modification', 'Product', 956, 3, '2019-10-07 11:40:27', '2019-10-07 11:40:27'),
(1948, 1, 0, 'Product modification', 'Product', 956, 3, '2019-10-07 11:40:46', '2019-10-07 11:40:46'),
(1949, 1, 0, 'Connexion au back-office depuis 176.141.187.100', '', 0, 1, '2019-10-07 11:41:04', '2019-10-07 11:41:04'),
(1950, 1, 0, 'Product modification', 'Product', 956, 3, '2019-10-07 11:52:27', '2019-10-07 11:52:27'),
(1951, 1, 0, 'Product modification', 'Product', 956, 3, '2019-10-07 11:55:47', '2019-10-07 11:55:47'),
(1952, 1, 0, 'Product modification', 'Product', 956, 3, '2019-10-07 11:56:04', '2019-10-07 11:56:04'),
(1953, 1, 0, 'Product modification', 'Product', 956, 3, '2019-10-07 11:57:05', '2019-10-07 11:57:05'),
(1954, 1, 0, 'Product modification', 'Product', 956, 3, '2019-10-07 11:58:05', '2019-10-07 11:58:05'),
(1955, 1, 0, 'Connexion au back-office depuis 176.141.187.100', '', 0, 1, '2019-10-07 13:10:23', '2019-10-07 13:10:23'),
(1956, 1, 0, 'Product modification', 'Product', 956, 3, '2019-10-07 13:22:55', '2019-10-07 13:22:55'),
(1957, 1, 0, 'Product modification', 'Product', 956, 3, '2019-10-07 13:23:24', '2019-10-07 13:23:24'),
(1958, 1, 0, 'Product modification', 'Product', 956, 3, '2019-10-07 13:24:00', '2019-10-07 13:24:00'),
(1959, 1, 0, 'Product modification', 'Product', 956, 3, '2019-10-07 13:24:27', '2019-10-07 13:24:27'),
(1960, 1, 0, 'Product modification', 'Product', 956, 3, '2019-10-07 13:24:57', '2019-10-07 13:24:57'),
(1961, 1, 0, 'Product modification', 'Product', 956, 3, '2019-10-07 13:25:20', '2019-10-07 13:25:20'),
(1962, 1, 0, 'Product modification', 'Product', 956, 3, '2019-10-07 13:25:46', '2019-10-07 13:25:46'),
(1963, 1, 0, 'Product modification', 'Product', 956, 3, '2019-10-07 13:26:15', '2019-10-07 13:26:15'),
(1964, 1, 0, 'Product modification', 'Product', 956, 3, '2019-10-07 13:28:32', '2019-10-07 13:28:32'),
(1965, 1, 0, 'Product modification', 'Product', 956, 3, '2019-10-07 13:29:04', '2019-10-07 13:29:04'),
(1966, 1, 0, 'Product modification', 'Product', 956, 3, '2019-10-07 13:29:17', '2019-10-07 13:29:17'),
(1967, 1, 0, 'Product modification', 'Product', 956, 3, '2019-10-07 13:30:06', '2019-10-07 13:30:06'),
(1968, 1, 0, 'Product modification', 'Product', 956, 3, '2019-10-07 13:30:52', '2019-10-07 13:30:52'),
(1969, 1, 0, 'Product modification', 'Product', 956, 3, '2019-10-07 13:31:44', '2019-10-07 13:31:44'),
(1970, 1, 0, 'Product modification', 'Product', 956, 3, '2019-10-07 13:32:43', '2019-10-07 13:32:43'),
(1971, 1, 0, 'Product modification', 'Product', 956, 3, '2019-10-07 13:33:18', '2019-10-07 13:33:18'),
(1972, 1, 0, 'Product modification', 'Product', 956, 3, '2019-10-07 13:33:50', '2019-10-07 13:33:50'),
(1973, 1, 0, 'Product modification', 'Product', 956, 3, '2019-10-07 13:36:59', '2019-10-07 13:36:59'),
(1974, 1, 0, 'Product modification', 'Product', 956, 3, '2019-10-07 13:37:37', '2019-10-07 13:37:37'),
(1975, 1, 0, 'Product modification', 'Product', 956, 3, '2019-10-07 13:38:16', '2019-10-07 13:38:16'),
(1976, 1, 0, 'Product modification', 'Product', 956, 3, '2019-10-07 13:49:27', '2019-10-07 13:49:27'),
(1977, 1, 0, 'Product modification', 'Product', 956, 3, '2019-10-07 13:52:29', '2019-10-07 13:52:29'),
(1978, 1, 0, 'Product modification', 'Product', 956, 3, '2019-10-07 13:53:25', '2019-10-07 13:53:25'),
(1979, 1, 0, 'Product modification', 'Product', 956, 3, '2019-10-07 13:54:00', '2019-10-07 13:54:00'),
(1980, 1, 0, 'Product modification', 'Product', 956, 3, '2019-10-07 13:54:54', '2019-10-07 13:54:54'),
(1981, 1, 0, 'Product modification', 'Product', 956, 3, '2019-10-07 13:56:13', '2019-10-07 13:56:13'),
(1982, 1, 0, 'Product modification', 'Product', 956, 3, '2019-10-07 13:56:43', '2019-10-07 13:56:43'),
(1983, 1, 0, 'Connexion au back-office depuis 176.141.187.100', '', 0, 1, '2019-10-07 14:10:21', '2019-10-07 14:10:21'),
(1984, 1, 0, 'Product modification', 'Product', 956, 3, '2019-10-07 14:10:29', '2019-10-07 14:10:29'),
(1985, 1, 0, 'Product modification', 'Product', 956, 3, '2019-10-07 14:18:41', '2019-10-07 14:18:41'),
(1986, 1, 0, 'Product modification', 'Product', 956, 3, '2019-10-07 14:19:31', '2019-10-07 14:19:31'),
(1987, 1, 0, 'Product modification', 'Product', 956, 3, '2019-10-07 14:20:05', '2019-10-07 14:20:05'),
(1988, 1, 0, 'Product modification', 'Product', 956, 3, '2019-10-07 14:20:16', '2019-10-07 14:20:16'),
(1989, 1, 0, 'Connexion au back-office depuis 176.141.187.100', '', 0, 1, '2019-10-07 14:21:32', '2019-10-07 14:21:32'),
(1990, 1, 0, 'Product modification', 'Product', 971, 3, '2019-10-07 14:26:53', '2019-10-07 14:26:53'),
(1991, 1, 0, 'modification Attribute', 'Attribute', 21, 3, '2019-10-07 14:31:59', '2019-10-07 14:31:59'),
(1992, 1, 0, 'Product modification', 'Product', 956, 3, '2019-10-07 14:37:53', '2019-10-07 14:37:53'),
(1993, 1, 0, 'Product modification', 'Product', 956, 3, '2019-10-07 14:38:22', '2019-10-07 14:38:22'),
(1994, 1, 0, 'Product modification', 'Product', 956, 3, '2019-10-07 14:39:14', '2019-10-07 14:39:14'),
(1995, 1, 0, 'Product modification', 'Product', 956, 3, '2019-10-07 14:40:38', '2019-10-07 14:40:38'),
(1996, 1, 0, 'Product modification', 'Product', 956, 3, '2019-10-07 14:58:33', '2019-10-07 14:58:33'),
(1997, 1, 0, 'Product modification', 'Product', 971, 3, '2019-10-07 15:01:33', '2019-10-07 15:01:33'),
(1998, 1, 0, 'Product modification', 'Product', 971, 3, '2019-10-07 15:03:08', '2019-10-07 15:03:08'),
(1999, 1, 0, 'Product modification', 'Product', 971, 3, '2019-10-07 15:14:21', '2019-10-07 15:14:21'),
(2000, 1, 0, 'Product modification', 'Product', 971, 3, '2019-10-07 15:20:44', '2019-10-07 15:20:44'),
(2001, 1, 0, 'Connexion au back-office depuis 176.141.187.100', '', 0, 1, '2019-10-07 15:22:08', '2019-10-07 15:22:08'),
(2002, 1, 0, 'Product modification', 'Product', 971, 3, '2019-10-07 15:25:06', '2019-10-07 15:25:06'),
(2003, 1, 0, 'Product deactivated: 979', '', 0, 3, '2019-10-07 15:32:02', '2019-10-07 15:32:02'),
(2004, 1, 0, 'Product modification', 'Product', 985, 3, '2019-10-07 15:36:10', '2019-10-07 15:36:10'),
(2005, 1, 0, 'Product modification', 'Product', 985, 3, '2019-10-07 15:36:52', '2019-10-07 15:36:52'),
(2006, 1, 0, 'Connexion au back-office depuis 176.141.187.100', '', 0, 2, '2019-10-07 15:57:10', '2019-10-07 15:57:10'),
(2007, 1, 0, 'Product modification', 'Product', 985, 3, '2019-10-07 16:06:27', '2019-10-07 16:06:27'),
(2008, 1, 0, 'Product modification', 'Product', 985, 3, '2019-10-07 16:08:53', '2019-10-07 16:08:53'),
(2009, 1, 0, 'Product modification', 'Product', 985, 3, '2019-10-07 16:12:16', '2019-10-07 16:12:16'),
(2010, 1, 0, 'modification Attribute', 'Attribute', 24, 3, '2019-10-07 16:12:44', '2019-10-07 16:12:44'),
(2011, 1, 0, 'modification Attribute', 'Attribute', 4, 3, '2019-10-07 16:13:05', '2019-10-07 16:13:05'),
(2012, 1, 0, 'modification Attribute', 'Attribute', 5, 3, '2019-10-07 16:13:29', '2019-10-07 16:13:29'),
(2013, 1, 0, 'modification Attribute', 'Attribute', 6, 3, '2019-10-07 16:13:39', '2019-10-07 16:13:39'),
(2014, 1, 0, 'modification Attribute', 'Attribute', 7, 3, '2019-10-07 16:13:48', '2019-10-07 16:13:48'),
(2015, 1, 0, 'modification Attribute', 'Attribute', 8, 3, '2019-10-07 16:13:57', '2019-10-07 16:13:57'),
(2016, 1, 0, 'modification Attribute', 'Attribute', 9, 3, '2019-10-07 16:14:07', '2019-10-07 16:14:07'),
(2017, 1, 0, 'modification Attribute', 'Attribute', 23, 3, '2019-10-07 16:14:17', '2019-10-07 16:14:17'),
(2018, 1, 0, 'modification Attribute', 'Attribute', 10, 3, '2019-10-07 16:14:26', '2019-10-07 16:14:26'),
(2019, 1, 0, 'modification Attribute', 'Attribute', 11, 3, '2019-10-07 16:14:35', '2019-10-07 16:14:35'),
(2020, 1, 0, 'modification Attribute', 'Attribute', 12, 3, '2019-10-07 16:14:45', '2019-10-07 16:14:45'),
(2021, 1, 0, 'modification Attribute', 'Attribute', 13, 3, '2019-10-07 16:14:56', '2019-10-07 16:14:56'),
(2022, 1, 0, 'modification Attribute', 'Attribute', 14, 3, '2019-10-07 16:15:05', '2019-10-07 16:15:05'),
(2023, 1, 0, 'modification Attribute', 'Attribute', 15, 3, '2019-10-07 16:15:27', '2019-10-07 16:15:27'),
(2024, 1, 0, 'modification Attribute', 'Attribute', 17, 3, '2019-10-07 16:15:42', '2019-10-07 16:15:42'),
(2025, 1, 0, 'modification Attribute', 'Attribute', 18, 3, '2019-10-07 16:15:51', '2019-10-07 16:15:51'),
(2026, 1, 0, 'modification Attribute', 'Attribute', 19, 3, '2019-10-07 16:16:01', '2019-10-07 16:16:01'),
(2027, 1, 0, 'modification Attribute', 'Attribute', 20, 3, '2019-10-07 16:16:16', '2019-10-07 16:16:16'),
(2028, 1, 0, 'Product modification', 'Product', 985, 3, '2019-10-07 16:17:32', '2019-10-07 16:17:32'),
(2029, 1, 0, 'Product modification', 'Product', 985, 3, '2019-10-07 16:19:20', '2019-10-07 16:19:20'),
(2030, 1, 0, 'Product modification', 'Product', 971, 3, '2019-10-07 16:21:23', '2019-10-07 16:21:23'),
(2031, 1, 0, 'Connexion au back-office depuis 176.141.187.100', '', 0, 1, '2019-10-07 16:24:16', '2019-10-07 16:24:16'),
(2032, 1, 0, 'Connexion au back-office depuis 176.141.187.100', '', 0, 3, '2019-10-07 16:47:31', '2019-10-07 16:47:31'),
(2033, 1, 0, 'Création : AttributeGroup', 'AttributeGroup', 5, 3, '2019-10-07 17:08:37', '2019-10-07 17:08:37'),
(2034, 1, 0, 'Création : Attribute', 'Attribute', 25, 3, '2019-10-07 17:47:52', '2019-10-07 17:47:52'),
(2035, 1, 0, 'Création : Attribute', 'Attribute', 26, 3, '2019-10-07 17:49:22', '2019-10-07 17:49:22'),
(2036, 1, 0, 'Connexion au back-office depuis 176.141.187.100', '', 0, 1, '2019-10-08 08:54:23', '2019-10-08 08:54:23'),
(2037, 1, 0, 'Connexion au back-office depuis 176.141.187.100', '', 0, 3, '2019-10-08 09:34:20', '2019-10-08 09:34:20'),
(2038, 1, 0, 'Création : Attribute', 'Attribute', 27, 3, '2019-10-08 09:35:59', '2019-10-08 09:35:59'),
(2039, 1, 0, 'Création : Attribute', 'Attribute', 28, 3, '2019-10-08 09:36:20', '2019-10-08 09:36:20'),
(2040, 1, 0, 'Création : Attribute', 'Attribute', 29, 3, '2019-10-08 09:36:31', '2019-10-08 09:36:31'),
(2041, 1, 0, 'Création : Attribute', 'Attribute', 30, 3, '2019-10-08 09:38:00', '2019-10-08 09:38:00'),
(2042, 1, 0, 'Création : Attribute', 'Attribute', 31, 3, '2019-10-08 09:38:13', '2019-10-08 09:38:13'),
(2043, 1, 0, 'Création : Attribute', 'Attribute', 32, 3, '2019-10-08 09:38:35', '2019-10-08 09:38:35'),
(2044, 1, 0, 'Connexion au back-office depuis 176.141.187.100', '', 0, 1, '2019-10-08 09:43:32', '2019-10-08 09:43:32'),
(2045, 1, 0, 'Product deactivated: 460', '', 0, 3, '2019-10-08 09:46:02', '2019-10-08 09:46:02'),
(2046, 1, 0, 'Product deactivated: 464', '', 0, 3, '2019-10-08 09:46:17', '2019-10-08 09:46:17'),
(2047, 1, 0, 'Product deactivated: 451', '', 0, 3, '2019-10-08 09:46:27', '2019-10-08 09:46:27'),
(2048, 1, 0, 'Product deactivated: 452', '', 0, 3, '2019-10-08 09:46:33', '2019-10-08 09:46:33'),
(2049, 1, 0, 'Product deactivated: 453', '', 0, 3, '2019-10-08 09:46:39', '2019-10-08 09:46:39'),
(2050, 1, 0, 'Product deactivated: 454', '', 0, 3, '2019-10-08 09:46:43', '2019-10-08 09:46:43'),
(2051, 1, 0, 'Product deactivated: 455', '', 0, 3, '2019-10-08 09:46:47', '2019-10-08 09:46:47'),
(2052, 1, 0, 'Product modification', 'Product', 456, 3, '2019-10-08 09:51:38', '2019-10-08 09:51:38'),
(2053, 1, 0, 'Product modification', 'Product', 456, 3, '2019-10-08 09:52:23', '2019-10-08 09:52:23'),
(2054, 1, 0, 'Product modification', 'Product', 456, 3, '2019-10-08 09:53:25', '2019-10-08 09:53:25'),
(2055, 1, 0, 'Product modification', 'Product', 456, 3, '2019-10-08 09:53:54', '2019-10-08 09:53:54'),
(2056, 1, 0, 'Product modification', 'Product', 456, 3, '2019-10-08 09:54:14', '2019-10-08 09:54:14'),
(2057, 1, 0, 'Product modification', 'Product', 456, 3, '2019-10-08 09:54:36', '2019-10-08 09:54:36'),
(2058, 1, 0, 'Product modification', 'Product', 456, 3, '2019-10-08 09:55:05', '2019-10-08 09:55:05'),
(2059, 1, 0, 'Product modification', 'Product', 456, 3, '2019-10-08 09:55:31', '2019-10-08 09:55:31'),
(2060, 1, 0, 'Product modification', 'Product', 456, 3, '2019-10-08 09:55:54', '2019-10-08 09:55:54'),
(2061, 1, 0, 'Connexion au back-office depuis 176.141.187.100', '', 0, 1, '2019-10-08 09:56:04', '2019-10-08 09:56:04'),
(2062, 1, 0, 'Product modification', 'Product', 456, 3, '2019-10-08 09:56:10', '2019-10-08 09:56:10'),
(2063, 1, 0, 'Product modification', 'Product', 456, 3, '2019-10-08 09:57:04', '2019-10-08 09:57:04'),
(2064, 1, 0, 'Product modification', 'Product', 456, 3, '2019-10-08 09:58:32', '2019-10-08 09:58:32'),
(2065, 1, 0, 'Product modification', 'Product', 456, 3, '2019-10-08 09:59:26', '2019-10-08 09:59:26'),
(2066, 1, 0, 'Création : HsAccessoriesGroupAbstract', 'HsAccessoriesGroupAbstract', 5, 3, '2019-10-08 10:00:46', '2019-10-08 10:00:46'),
(2067, 1, 0, 'modification HsAccessoriesGroupAbstract', 'HsAccessoriesGroupAbstract', 5, 3, '2019-10-08 10:09:54', '2019-10-08 10:09:54'),
(2068, 1, 0, 'Création : AttributeGroup', 'AttributeGroup', 6, 3, '2019-10-08 10:13:08', '2019-10-08 10:13:08'),
(2069, 1, 0, 'Création : Attribute', 'Attribute', 33, 3, '2019-10-08 10:13:49', '2019-10-08 10:13:49'),
(2070, 1, 0, 'Création : Attribute', 'Attribute', 34, 3, '2019-10-08 10:14:00', '2019-10-08 10:14:00'),
(2071, 1, 0, 'Product modification', 'Product', 456, 3, '2019-10-08 10:15:17', '2019-10-08 10:15:17'),
(2072, 1, 0, 'Product modification', 'Product', 456, 3, '2019-10-08 10:17:01', '2019-10-08 10:17:01'),
(2073, 1, 0, 'Product modification', 'Product', 456, 3, '2019-10-08 10:17:17', '2019-10-08 10:17:17'),
(2074, 1, 0, 'Product modification', 'Product', 456, 3, '2019-10-08 10:17:33', '2019-10-08 10:17:33'),
(2075, 1, 0, 'Suppression : HsAccessoriesGroupAbstract', 'HsAccessoriesGroupAbstract', 4, 3, '2019-10-08 10:26:43', '2019-10-08 10:26:43'),
(2076, 1, 0, 'modification HsAccessoriesGroupAbstract', 'HsAccessoriesGroupAbstract', 5, 1, '2019-10-08 10:41:23', '2019-10-08 10:41:23'),
(2077, 1, 0, 'Création : HsAccessoriesGroupAbstract', 'HsAccessoriesGroupAbstract', 6, 1, '2019-10-08 10:47:56', '2019-10-08 10:47:56'),
(2078, 1, 0, 'modification HsAccessoriesGroupAbstract', 'HsAccessoriesGroupAbstract', 6, 1, '2019-10-08 11:02:27', '2019-10-08 11:02:27'),
(2079, 3, 0, 'Exception retournée par le module hsmultiaccessoriespro pour upgrade. Error sent by Addons. You may need to be logged.', '', 0, 1, '2019-10-08 11:04:16', '2019-10-08 11:04:16'),
(2080, 1, 0, 'Product modification', 'Product', 456, 3, '2019-10-08 11:23:34', '2019-10-08 11:23:34'),
(2081, 1, 0, 'Product modification', 'Product', 456, 3, '2019-10-08 11:23:44', '2019-10-08 11:23:44'),
(2082, 1, 0, 'Product modification', 'Product', 456, 3, '2019-10-08 11:24:02', '2019-10-08 11:24:02'),
(2083, 1, 0, 'Product modification', 'Product', 456, 3, '2019-10-08 11:24:11', '2019-10-08 11:24:11'),
(2084, 1, 0, 'Product modification', 'Product', 456, 3, '2019-10-08 11:24:18', '2019-10-08 11:24:18'),
(2085, 1, 0, 'Product modification', 'Product', 456, 3, '2019-10-08 11:24:26', '2019-10-08 11:24:26'),
(2086, 1, 0, 'Product modification', 'Product', 456, 3, '2019-10-08 11:24:36', '2019-10-08 11:24:36'),
(2087, 1, 0, 'Product modification', 'Product', 456, 3, '2019-10-08 11:24:45', '2019-10-08 11:24:45'),
(2088, 1, 0, 'Product modification', 'Product', 456, 3, '2019-10-08 11:24:55', '2019-10-08 11:24:55'),
(2089, 1, 0, 'Product modification', 'Product', 456, 3, '2019-10-08 11:26:13', '2019-10-08 11:26:13'),
(2090, 1, 0, 'Product modification', 'Product', 424, 3, '2019-10-08 11:30:11', '2019-10-08 11:30:11'),
(2091, 1, 0, 'Product modification', 'Product', 425, 3, '2019-10-08 11:30:44', '2019-10-08 11:30:44'),
(2092, 1, 0, 'Product modification', 'Product', 426, 3, '2019-10-08 11:31:03', '2019-10-08 11:31:03'),
(2093, 1, 0, 'Product modification', 'Product', 427, 3, '2019-10-08 11:31:18', '2019-10-08 11:31:18'),
(2094, 1, 0, 'Product modification', 'Product', 428, 3, '2019-10-08 11:31:34', '2019-10-08 11:31:34'),
(2095, 1, 0, 'Product modification', 'Product', 429, 3, '2019-10-08 11:31:53', '2019-10-08 11:31:53'),
(2096, 1, 0, 'Product modification', 'Product', 430, 3, '2019-10-08 11:32:06', '2019-10-08 11:32:06'),
(2097, 1, 0, 'Product modification', 'Product', 431, 3, '2019-10-08 11:32:19', '2019-10-08 11:32:19'),
(2098, 1, 0, 'Product modification', 'Product', 432, 3, '2019-10-08 11:32:36', '2019-10-08 11:32:36'),
(2099, 1, 0, 'Connexion au back-office depuis 176.141.187.100', '', 0, 1, '2019-10-08 13:14:41', '2019-10-08 13:14:41'),
(2100, 1, 0, 'modification HsAccessoriesGroupAbstract', 'HsAccessoriesGroupAbstract', 6, 1, '2019-10-08 13:28:52', '2019-10-08 13:28:52'),
(2101, 1, 0, 'Connexion au back-office depuis 176.141.187.100', '', 0, 1, '2019-10-08 15:11:06', '2019-10-08 15:11:06'),
(2102, 1, 0, 'Connexion au back-office depuis 176.141.187.100', '', 0, 1, '2019-10-08 15:41:46', '2019-10-08 15:41:46'),
(2103, 1, 0, 'modification AttributeGroup', 'AttributeGroup', 5, 1, '2019-10-08 15:56:49', '2019-10-08 15:56:49'),
(2104, 1, 0, 'modification AttributeGroup', 'AttributeGroup', 6, 1, '2019-10-08 15:57:08', '2019-10-08 15:57:08'),
(2105, 1, 0, 'modification AttributeGroup', 'AttributeGroup', 5, 1, '2019-10-08 15:57:39', '2019-10-08 15:57:39'),
(2106, 1, 0, 'modification AttributeGroup', 'AttributeGroup', 6, 1, '2019-10-08 15:58:04', '2019-10-08 15:58:04'),
(2107, 1, 0, 'modification ApPageBuilderDetailsModel', 'ApPageBuilderDetailsModel', 1, 1, '2019-10-08 16:23:23', '2019-10-08 16:23:23'),
(2108, 1, 0, 'modification ApPageBuilderDetailsModel', 'ApPageBuilderDetailsModel', 1, 1, '2019-10-08 16:23:53', '2019-10-08 16:23:53'),
(2109, 1, 0, 'modification ApPageBuilderDetailsModel', 'ApPageBuilderDetailsModel', 1, 1, '2019-10-08 16:24:18', '2019-10-08 16:24:18'),
(2110, 1, 0, 'modification ApPageBuilderDetailsModel', 'ApPageBuilderDetailsModel', 1, 1, '2019-10-08 16:24:48', '2019-10-08 16:24:48'),
(2111, 1, 0, 'modification ApPageBuilderDetailsModel', 'ApPageBuilderDetailsModel', 1, 1, '2019-10-08 16:25:17', '2019-10-08 16:25:17'),
(2112, 1, 0, 'modification ApPageBuilderDetailsModel', 'ApPageBuilderDetailsModel', 1, 1, '2019-10-08 16:25:38', '2019-10-08 16:25:38'),
(2113, 1, 0, 'modification ApPageBuilderDetailsModel', 'ApPageBuilderDetailsModel', 1, 1, '2019-10-08 16:26:04', '2019-10-08 16:26:04'),
(2114, 1, 0, 'modification ApPageBuilderDetailsModel', 'ApPageBuilderDetailsModel', 1, 1, '2019-10-08 16:26:38', '2019-10-08 16:26:38'),
(2115, 1, 0, 'modification ApPageBuilderDetailsModel', 'ApPageBuilderDetailsModel', 1, 1, '2019-10-08 16:27:04', '2019-10-08 16:27:04'),
(2116, 1, 0, 'modification ApPageBuilderDetailsModel', 'ApPageBuilderDetailsModel', 1, 1, '2019-10-08 16:28:31', '2019-10-08 16:28:31'),
(2117, 1, 0, 'modification ApPageBuilderDetailsModel', 'ApPageBuilderDetailsModel', 1, 1, '2019-10-08 16:28:53', '2019-10-08 16:28:53'),
(2118, 1, 0, 'modification ApPageBuilderDetailsModel', 'ApPageBuilderDetailsModel', 1, 1, '2019-10-08 16:29:16', '2019-10-08 16:29:16'),
(2119, 1, 0, 'modification ApPageBuilderDetailsModel', 'ApPageBuilderDetailsModel', 1, 1, '2019-10-08 16:29:39', '2019-10-08 16:29:39'),
(2120, 1, 0, 'modification ApPageBuilderDetailsModel', 'ApPageBuilderDetailsModel', 1, 1, '2019-10-08 16:29:55', '2019-10-08 16:29:55'),
(2121, 1, 0, 'modification ApPageBuilderDetailsModel', 'ApPageBuilderDetailsModel', 1, 1, '2019-10-08 16:30:34', '2019-10-08 16:30:34'),
(2122, 1, 0, 'modification ApPageBuilderDetailsModel', 'ApPageBuilderDetailsModel', 1, 1, '2019-10-08 16:30:59', '2019-10-08 16:30:59'),
(2123, 1, 0, 'modification ApPageBuilderDetailsModel', 'ApPageBuilderDetailsModel', 1, 1, '2019-10-08 16:31:42', '2019-10-08 16:31:42'),
(2124, 1, 0, 'modification ApPageBuilderDetailsModel', 'ApPageBuilderDetailsModel', 1, 1, '2019-10-08 16:32:26', '2019-10-08 16:32:26'),
(2125, 1, 0, 'modification ApPageBuilderDetailsModel', 'ApPageBuilderDetailsModel', 1, 1, '2019-10-08 16:33:13', '2019-10-08 16:33:13'),
(2126, 1, 0, 'modification ApPageBuilderDetailsModel', 'ApPageBuilderDetailsModel', 1, 1, '2019-10-08 16:34:01', '2019-10-08 16:34:01'),
(2127, 1, 0, 'modification ApPageBuilderDetailsModel', 'ApPageBuilderDetailsModel', 1, 1, '2019-10-08 16:34:25', '2019-10-08 16:34:25'),
(2128, 1, 0, 'modification ApPageBuilderDetailsModel', 'ApPageBuilderDetailsModel', 1, 1, '2019-10-08 16:35:01', '2019-10-08 16:35:01'),
(2129, 1, 0, 'modification ApPageBuilderDetailsModel', 'ApPageBuilderDetailsModel', 1, 1, '2019-10-08 16:36:03', '2019-10-08 16:36:03'),
(2130, 1, 0, 'modification ApPageBuilderDetailsModel', 'ApPageBuilderDetailsModel', 1, 1, '2019-10-08 16:36:48', '2019-10-08 16:36:48'),
(2131, 1, 0, 'modification ApPageBuilderDetailsModel', 'ApPageBuilderDetailsModel', 1, 1, '2019-10-08 16:37:34', '2019-10-08 16:37:34'),
(2132, 1, 0, 'modification ApPageBuilderDetailsModel', 'ApPageBuilderDetailsModel', 1, 1, '2019-10-08 16:37:57', '2019-10-08 16:37:57'),
(2133, 1, 0, 'Connexion au back-office depuis 176.141.187.100', '', 0, 1, '2019-10-08 16:57:26', '2019-10-08 16:57:26'),
(2134, 1, 0, 'modification ApPageBuilderDetailsModel', 'ApPageBuilderDetailsModel', 1, 1, '2019-10-08 17:04:12', '2019-10-08 17:04:12'),
(2135, 1, 0, 'modification ApPageBuilderDetailsModel', 'ApPageBuilderDetailsModel', 1, 1, '2019-10-08 17:04:33', '2019-10-08 17:04:33'),
(2136, 1, 0, 'modification ApPageBuilderDetailsModel', 'ApPageBuilderDetailsModel', 1, 1, '2019-10-08 17:04:50', '2019-10-08 17:04:50'),
(2137, 1, 0, 'modification ApPageBuilderDetailsModel', 'ApPageBuilderDetailsModel', 1, 1, '2019-10-08 17:05:08', '2019-10-08 17:05:08'),
(2138, 1, 0, 'modification ApPageBuilderDetailsModel', 'ApPageBuilderDetailsModel', 1, 1, '2019-10-08 17:05:39', '2019-10-08 17:05:39'),
(2139, 1, 0, 'modification ApPageBuilderDetailsModel', 'ApPageBuilderDetailsModel', 1, 1, '2019-10-08 17:05:58', '2019-10-08 17:05:58'),
(2140, 1, 0, 'modification ApPageBuilderDetailsModel', 'ApPageBuilderDetailsModel', 1, 1, '2019-10-08 17:06:15', '2019-10-08 17:06:15'),
(2141, 1, 0, 'modification ApPageBuilderDetailsModel', 'ApPageBuilderDetailsModel', 1, 1, '2019-10-08 17:06:29', '2019-10-08 17:06:29'),
(2142, 1, 0, 'modification ApPageBuilderDetailsModel', 'ApPageBuilderDetailsModel', 1, 1, '2019-10-08 17:06:56', '2019-10-08 17:06:56'),
(2143, 1, 0, 'modification ApPageBuilderDetailsModel', 'ApPageBuilderDetailsModel', 1, 1, '2019-10-08 17:07:18', '2019-10-08 17:07:18'),
(2144, 1, 0, 'modification ApPageBuilderDetailsModel', 'ApPageBuilderDetailsModel', 1, 1, '2019-10-08 17:07:46', '2019-10-08 17:07:46'),
(2145, 1, 0, 'modification ApPageBuilderDetailsModel', 'ApPageBuilderDetailsModel', 1, 1, '2019-10-08 17:08:06', '2019-10-08 17:08:06'),
(2146, 1, 0, 'modification ApPageBuilderDetailsModel', 'ApPageBuilderDetailsModel', 1, 1, '2019-10-08 17:08:40', '2019-10-08 17:08:40'),
(2147, 1, 0, 'modification ApPageBuilderDetailsModel', 'ApPageBuilderDetailsModel', 1, 1, '2019-10-08 17:09:04', '2019-10-08 17:09:04'),
(2148, 1, 0, 'Connexion au back-office depuis 176.141.187.100', '', 0, 1, '2019-10-09 08:47:47', '2019-10-09 08:47:47'),
(2149, 1, 0, 'Connexion au back-office depuis 176.141.187.100', '', 0, 3, '2019-10-09 08:51:52', '2019-10-09 08:51:52'),
(2150, 1, 0, 'Création : AttributeGroup', 'AttributeGroup', 7, 3, '2019-10-09 09:20:57', '2019-10-09 09:20:57'),
(2151, 1, 0, 'Création : Attribute', 'Attribute', 35, 3, '2019-10-09 09:21:28', '2019-10-09 09:21:28'),
(2152, 1, 0, 'Création : Attribute', 'Attribute', 36, 3, '2019-10-09 09:21:37', '2019-10-09 09:21:37'),
(2153, 1, 0, 'Product deactivated: 1332', '', 0, 3, '2019-10-09 09:22:49', '2019-10-09 09:22:49'),
(2154, 1, 0, 'Product deactivated: 1331', '', 0, 3, '2019-10-09 09:23:07', '2019-10-09 09:23:07'),
(2155, 1, 0, 'Product deactivated: 1333', '', 0, 3, '2019-10-09 09:23:16', '2019-10-09 09:23:16'),
(2156, 1, 0, 'Product deactivated: 1335', '', 0, 3, '2019-10-09 09:24:47', '2019-10-09 09:24:47'),
(2157, 1, 0, 'Product deactivated: 1336', '', 0, 3, '2019-10-09 09:24:55', '2019-10-09 09:24:55'),
(2158, 1, 0, 'Product deactivated: 1338', '', 0, 3, '2019-10-09 09:25:21', '2019-10-09 09:25:21'),
(2159, 1, 0, 'Product deactivated: 1337', '', 0, 3, '2019-10-09 09:25:25', '2019-10-09 09:25:25'),
(2160, 1, 0, 'Product deactivated: 1340', '', 0, 3, '2019-10-09 09:25:39', '2019-10-09 09:25:39'),
(2161, 1, 0, 'Product deactivated: 1342', '', 0, 3, '2019-10-09 09:25:54', '2019-10-09 09:25:54'),
(2162, 1, 0, 'Product deactivated: 1344', '', 0, 3, '2019-10-09 09:26:17', '2019-10-09 09:26:17'),
(2163, 1, 0, 'Product deactivated: 1345', '', 0, 3, '2019-10-09 09:26:27', '2019-10-09 09:26:27'),
(2164, 1, 0, 'Product deactivated: 1348', '', 0, 3, '2019-10-09 09:26:34', '2019-10-09 09:26:34'),
(2165, 1, 0, 'Product deactivated: 1350', '', 0, 3, '2019-10-09 09:26:43', '2019-10-09 09:26:43'),
(2166, 1, 0, 'Product deactivated: 1351', '', 0, 3, '2019-10-09 09:26:51', '2019-10-09 09:26:51'),
(2167, 1, 0, 'Product deactivated: 1352', '', 0, 3, '2019-10-09 09:26:58', '2019-10-09 09:26:58'),
(2168, 1, 0, 'Product deactivated: 1353', '', 0, 3, '2019-10-09 09:27:19', '2019-10-09 09:27:19'),
(2169, 1, 0, 'Product deactivated: 1354', '', 0, 3, '2019-10-09 09:27:35', '2019-10-09 09:27:35'),
(2170, 1, 0, 'Product activated: 1354', '', 0, 3, '2019-10-09 09:27:40', '2019-10-09 09:27:40'),
(2171, 1, 0, 'Product modification', 'Product', 1334, 3, '2019-10-09 09:42:34', '2019-10-09 09:42:34'),
(2172, 1, 0, 'Création : FeatureValue', 'FeatureValue', 63, 3, '2019-10-09 09:43:58', '2019-10-09 09:43:58'),
(2173, 1, 0, 'Product modification', 'Product', 1334, 3, '2019-10-09 09:44:28', '2019-10-09 09:44:28'),
(2174, 1, 0, 'Création : Attribute', 'Attribute', 37, 3, '2019-10-09 09:46:28', '2019-10-09 09:46:28'),
(2175, 1, 0, 'Product modification', 'Product', 1334, 3, '2019-10-09 09:48:02', '2019-10-09 09:48:02'),
(2176, 1, 0, 'Product modification', 'Product', 1334, 3, '2019-10-09 09:48:45', '2019-10-09 09:48:45'),
(2177, 1, 0, 'Product modification', 'Product', 1334, 3, '2019-10-09 09:54:20', '2019-10-09 09:54:20'),
(2178, 1, 0, 'Product modification', 'Product', 1334, 3, '2019-10-09 09:56:55', '2019-10-09 09:56:55'),
(2179, 1, 0, 'Product modification', 'Product', 1334, 3, '2019-10-09 09:57:44', '2019-10-09 09:57:44'),
(2180, 1, 0, 'Product modification', 'Product', 1334, 3, '2019-10-09 09:58:22', '2019-10-09 09:58:22'),
(2181, 1, 0, 'Connexion au back-office depuis 176.141.187.100', '', 0, 1, '2019-10-09 10:00:02', '2019-10-09 10:00:02'),
(2182, 1, 0, 'Product modification', 'Product', 1334, 3, '2019-10-09 10:01:21', '2019-10-09 10:01:21'),
(2183, 1, 0, 'Product modification', 'Product', 1334, 3, '2019-10-09 10:03:54', '2019-10-09 10:03:54'),
(2184, 1, 0, 'Product deactivated: 1373', '', 0, 3, '2019-10-09 10:22:32', '2019-10-09 10:22:32'),
(2185, 1, 0, 'Product deactivated: 1374', '', 0, 3, '2019-10-09 10:22:38', '2019-10-09 10:22:38'),
(2186, 1, 0, 'Product deactivated: 1375', '', 0, 3, '2019-10-09 10:22:49', '2019-10-09 10:22:49'),
(2187, 1, 0, 'Product deactivated: 1376', '', 0, 3, '2019-10-09 10:22:56', '2019-10-09 10:22:56'),
(2188, 1, 0, 'Product deactivated: 1377', '', 0, 3, '2019-10-09 10:22:59', '2019-10-09 10:22:59'),
(2189, 1, 0, 'Product deactivated: 1378', '', 0, 3, '2019-10-09 10:23:11', '2019-10-09 10:23:11'),
(2190, 1, 0, 'Product deactivated: 1379', '', 0, 3, '2019-10-09 10:23:22', '2019-10-09 10:23:22'),
(2191, 1, 0, 'Product deactivated: 1380', '', 0, 3, '2019-10-09 10:23:25', '2019-10-09 10:23:25'),
(2192, 1, 0, 'Product deactivated: 1381', '', 0, 3, '2019-10-09 10:23:36', '2019-10-09 10:23:36'),
(2193, 1, 0, 'Product deactivated: 1382', '', 0, 3, '2019-10-09 10:23:39', '2019-10-09 10:23:39'),
(2194, 1, 0, 'Product deactivated: 1383', '', 0, 3, '2019-10-09 10:23:49', '2019-10-09 10:23:49'),
(2195, 1, 0, 'Product deactivated: 1384', '', 0, 3, '2019-10-09 10:23:52', '2019-10-09 10:23:52'),
(2196, 1, 0, 'Product deactivated: 1385', '', 0, 3, '2019-10-09 10:24:12', '2019-10-09 10:24:12'),
(2197, 1, 0, 'Product deactivated: 1386', '', 0, 3, '2019-10-09 10:24:17', '2019-10-09 10:24:17'),
(2198, 1, 0, 'Product deactivated: 1387', '', 0, 3, '2019-10-09 10:24:44', '2019-10-09 10:24:44'),
(2199, 1, 0, 'Product deactivated: 1388', '', 0, 3, '2019-10-09 10:25:05', '2019-10-09 10:25:05'),
(2200, 1, 0, 'Product deactivated: 1389', '', 0, 3, '2019-10-09 10:25:08', '2019-10-09 10:25:08'),
(2201, 1, 0, 'Product deactivated: 1390', '', 0, 3, '2019-10-09 10:25:11', '2019-10-09 10:25:11'),
(2202, 1, 0, 'Product deactivated: 1391', '', 0, 3, '2019-10-09 10:25:13', '2019-10-09 10:25:13'),
(2203, 1, 0, 'Product deactivated: 1392', '', 0, 3, '2019-10-09 10:25:18', '2019-10-09 10:25:18'),
(2204, 1, 0, 'Product deactivated: 1393', '', 0, 3, '2019-10-09 10:25:21', '2019-10-09 10:25:21'),
(2205, 1, 0, 'Product deactivated: 1394', '', 0, 3, '2019-10-09 10:25:24', '2019-10-09 10:25:24'),
(2206, 1, 0, 'Product deactivated: 1395', '', 0, 3, '2019-10-09 10:25:26', '2019-10-09 10:25:26'),
(2207, 1, 0, 'Product deactivated: 1396', '', 0, 3, '2019-10-09 10:25:29', '2019-10-09 10:25:29'),
(2208, 1, 0, 'Product deactivated: 1397', '', 0, 3, '2019-10-09 10:25:32', '2019-10-09 10:25:32'),
(2209, 1, 0, 'Product deactivated: 1398', '', 0, 3, '2019-10-09 10:25:35', '2019-10-09 10:25:35'),
(2210, 1, 0, 'Product modification', 'Product', 1372, 3, '2019-10-09 10:28:56', '2019-10-09 10:28:56'),
(2211, 1, 0, 'Product modification', 'Product', 1372, 3, '2019-10-09 10:29:07', '2019-10-09 10:29:07'),
(2212, 1, 0, 'Product modification', 'Product', 1372, 3, '2019-10-09 10:29:36', '2019-10-09 10:29:36'),
(2213, 1, 0, 'Product modification', 'Product', 1372, 3, '2019-10-09 10:29:50', '2019-10-09 10:29:50'),
(2214, 1, 0, 'Product modification', 'Product', 1372, 3, '2019-10-09 10:30:45', '2019-10-09 10:30:45'),
(2215, 1, 0, 'Product modification', 'Product', 1372, 3, '2019-10-09 10:32:00', '2019-10-09 10:32:00'),
(2216, 1, 0, 'Product modification', 'Product', 1372, 3, '2019-10-09 10:33:45', '2019-10-09 10:33:45'),
(2217, 1, 0, 'Connexion au back-office depuis 176.141.187.100', '', 0, 1, '2019-10-09 10:35:53', '2019-10-09 10:35:53'),
(2218, 1, 0, 'Product modification', 'Product', 1372, 3, '2019-10-09 10:39:34', '2019-10-09 10:39:34'),
(2219, 1, 0, 'Product modification', 'Product', 1372, 3, '2019-10-09 10:41:17', '2019-10-09 10:41:17'),
(2220, 1, 0, 'Product deactivated: 1044', '', 0, 3, '2019-10-09 10:49:26', '2019-10-09 10:49:26'),
(2221, 1, 0, 'Product deactivated: 1046', '', 0, 3, '2019-10-09 10:49:32', '2019-10-09 10:49:32'),
(2222, 1, 0, 'Product deactivated: 1047', '', 0, 3, '2019-10-09 10:49:35', '2019-10-09 10:49:35'),
(2223, 1, 0, 'Product deactivated: 1049', '', 0, 3, '2019-10-09 10:49:39', '2019-10-09 10:49:39'),
(2224, 1, 0, 'Product deactivated: 1051', '', 0, 3, '2019-10-09 10:49:45', '2019-10-09 10:49:45'),
(2225, 1, 0, 'Product deactivated: 1052', '', 0, 3, '2019-10-09 10:49:48', '2019-10-09 10:49:48'),
(2226, 1, 0, 'Product deactivated: 1054', '', 0, 3, '2019-10-09 10:49:53', '2019-10-09 10:49:53'),
(2227, 1, 0, 'Product deactivated: 1055', '', 0, 3, '2019-10-09 10:49:58', '2019-10-09 10:49:58'),
(2228, 1, 0, 'Product deactivated: 1057', '', 0, 3, '2019-10-09 10:50:05', '2019-10-09 10:50:05'),
(2229, 1, 0, 'Product deactivated: 1058', '', 0, 3, '2019-10-09 10:50:09', '2019-10-09 10:50:09'),
(2230, 1, 0, 'Product deactivated: 1059', '', 0, 3, '2019-10-09 10:50:14', '2019-10-09 10:50:14'),
(2231, 1, 0, 'Product deactivated: 1060', '', 0, 3, '2019-10-09 10:50:17', '2019-10-09 10:50:17'),
(2232, 1, 0, 'Product deactivated: 1061', '', 0, 3, '2019-10-09 10:50:24', '2019-10-09 10:50:24'),
(2233, 1, 0, 'Product deactivated: 1062', '', 0, 3, '2019-10-09 10:50:31', '2019-10-09 10:50:31'),
(2234, 1, 0, 'Product modification', 'Product', 1042, 3, '2019-10-09 11:01:04', '2019-10-09 11:01:04'),
(2235, 1, 0, 'Product modification', 'Product', 1042, 3, '2019-10-09 11:09:19', '2019-10-09 11:09:19'),
(2236, 1, 0, 'Product modification', 'Product', 1042, 3, '2019-10-09 11:18:15', '2019-10-09 11:18:15'),
(2237, 1, 0, 'Product deactivated: 929', '', 0, 3, '2019-10-09 11:36:27', '2019-10-09 11:36:27'),
(2238, 1, 0, 'Product deactivated: 897', '', 0, 3, '2019-10-09 11:36:47', '2019-10-09 11:36:47'),
(2239, 1, 0, 'Product deactivated: 893', '', 0, 3, '2019-10-09 11:36:51', '2019-10-09 11:36:51'),
(2240, 1, 0, 'Product deactivated: 894', '', 0, 3, '2019-10-09 11:36:56', '2019-10-09 11:36:56'),
(2241, 1, 0, 'Product deactivated: 895', '', 0, 3, '2019-10-09 11:37:05', '2019-10-09 11:37:05'),
(2242, 1, 0, 'Product deactivated: 881', '', 0, 3, '2019-10-09 11:37:11', '2019-10-09 11:37:11'),
(2243, 1, 0, 'Product deactivated: 882', '', 0, 3, '2019-10-09 11:37:14', '2019-10-09 11:37:14'),
(2244, 1, 0, 'Product deactivated: 883', '', 0, 3, '2019-10-09 11:37:17', '2019-10-09 11:37:17'),
(2245, 1, 0, 'Product deactivated: 884', '', 0, 3, '2019-10-09 11:37:20', '2019-10-09 11:37:20'),
(2246, 1, 0, 'Product deactivated: 885', '', 0, 3, '2019-10-09 11:37:24', '2019-10-09 11:37:24'),
(2247, 1, 0, 'Product deactivated: 886', '', 0, 3, '2019-10-09 11:37:28', '2019-10-09 11:37:28'),
(2248, 1, 0, 'Product deactivated: 887', '', 0, 3, '2019-10-09 11:37:32', '2019-10-09 11:37:32'),
(2249, 1, 0, 'Product deactivated: 888', '', 0, 3, '2019-10-09 11:37:37', '2019-10-09 11:37:37'),
(2250, 1, 0, 'Product deactivated: 889', '', 0, 3, '2019-10-09 11:37:42', '2019-10-09 11:37:42'),
(2251, 1, 0, 'Product deactivated: 890', '', 0, 3, '2019-10-09 11:37:49', '2019-10-09 11:37:49'),
(2252, 1, 0, 'Product deactivated: 891', '', 0, 3, '2019-10-09 11:37:54', '2019-10-09 11:37:54'),
(2253, 1, 0, 'Product deactivated: 892', '', 0, 3, '2019-10-09 11:37:58', '2019-10-09 11:37:58'),
(2254, 1, 0, 'Product deactivated: 896', '', 0, 3, '2019-10-09 11:38:02', '2019-10-09 11:38:02'),
(2255, 1, 0, 'Product deactivated: 898', '', 0, 3, '2019-10-09 11:38:16', '2019-10-09 11:38:16'),
(2256, 1, 0, 'Product deactivated: 900', '', 0, 3, '2019-10-09 11:38:21', '2019-10-09 11:38:21'),
(2257, 1, 0, 'Product deactivated: 901', '', 0, 3, '2019-10-09 11:38:24', '2019-10-09 11:38:24'),
(2258, 1, 0, 'Product deactivated: 902', '', 0, 3, '2019-10-09 11:38:28', '2019-10-09 11:38:28'),
(2259, 1, 0, 'Product deactivated: 904', '', 0, 3, '2019-10-09 11:38:38', '2019-10-09 11:38:38'),
(2260, 1, 0, 'Product deactivated: 905', '', 0, 3, '2019-10-09 11:38:41', '2019-10-09 11:38:41'),
(2261, 1, 0, 'Product deactivated: 907', '', 0, 3, '2019-10-09 11:38:49', '2019-10-09 11:38:49'),
(2262, 1, 0, 'Product deactivated: 909', '', 0, 3, '2019-10-09 11:38:54', '2019-10-09 11:38:54'),
(2263, 1, 0, 'Product deactivated: 911', '', 0, 3, '2019-10-09 11:38:58', '2019-10-09 11:38:58'),
(2264, 1, 0, 'Product deactivated: 913', '', 0, 3, '2019-10-09 11:39:02', '2019-10-09 11:39:02'),
(2265, 1, 0, 'Product deactivated: 914', '', 0, 3, '2019-10-09 11:39:06', '2019-10-09 11:39:06'),
(2266, 1, 0, 'Product deactivated: 916', '', 0, 3, '2019-10-09 11:39:09', '2019-10-09 11:39:09'),
(2267, 1, 0, 'Product deactivated: 917', '', 0, 3, '2019-10-09 11:39:13', '2019-10-09 11:39:13'),
(2268, 1, 0, 'Product deactivated: 918', '', 0, 3, '2019-10-09 11:39:15', '2019-10-09 11:39:15'),
(2269, 1, 0, 'Product deactivated: 920', '', 0, 3, '2019-10-09 11:39:19', '2019-10-09 11:39:19'),
(2270, 1, 0, 'Product deactivated: 921', '', 0, 3, '2019-10-09 11:39:26', '2019-10-09 11:39:26'),
(2271, 1, 0, 'Product deactivated: 922', '', 0, 3, '2019-10-09 11:39:30', '2019-10-09 11:39:30'),
(2272, 1, 0, 'Product deactivated: 924', '', 0, 3, '2019-10-09 11:39:56', '2019-10-09 11:39:56'),
(2273, 1, 0, 'Product deactivated: 923', '', 0, 3, '2019-10-09 11:40:09', '2019-10-09 11:40:09'),
(2274, 1, 0, 'Product deactivated: 925', '', 0, 3, '2019-10-09 11:40:15', '2019-10-09 11:40:15'),
(2275, 1, 0, 'Product deactivated: 926', '', 0, 3, '2019-10-09 11:40:20', '2019-10-09 11:40:20'),
(2276, 1, 0, 'Product deactivated: 927', '', 0, 3, '2019-10-09 11:40:23', '2019-10-09 11:40:23'),
(2277, 1, 0, 'Product deactivated: 928', '', 0, 3, '2019-10-09 11:40:40', '2019-10-09 11:40:40'),
(2278, 1, 0, 'Product deactivated: 930', '', 0, 3, '2019-10-09 11:40:44', '2019-10-09 11:40:44'),
(2279, 1, 0, 'Product deactivated: 931', '', 0, 3, '2019-10-09 11:40:49', '2019-10-09 11:40:49'),
(2280, 1, 0, 'Product deactivated: 932', '', 0, 3, '2019-10-09 11:40:55', '2019-10-09 11:40:55'),
(2281, 1, 0, 'Product modification', 'Product', 899, 3, '2019-10-09 11:45:11', '2019-10-09 11:45:11'),
(2282, 1, 0, 'Product modification', 'Product', 899, 3, '2019-10-09 11:52:09', '2019-10-09 11:52:09'),
(2283, 1, 0, 'Création : Attribute', 'Attribute', 38, 3, '2019-10-09 11:53:12', '2019-10-09 11:53:12'),
(2284, 1, 0, 'Product modification', 'Product', 899, 3, '2019-10-09 11:54:29', '2019-10-09 11:54:29'),
(2285, 1, 0, 'Product modification', 'Product', 899, 3, '2019-10-09 11:54:59', '2019-10-09 11:54:59'),
(2286, 1, 0, 'Product modification', 'Product', 899, 3, '2019-10-09 11:55:13', '2019-10-09 11:55:13'),
(2287, 1, 0, 'Product modification', 'Product', 899, 3, '2019-10-09 13:13:05', '2019-10-09 13:13:05'),
(2288, 1, 0, 'Product modification', 'Product', 899, 3, '2019-10-09 13:17:41', '2019-10-09 13:17:41'),
(2289, 1, 0, 'Product modification', 'Product', 899, 3, '2019-10-09 13:25:46', '2019-10-09 13:25:46'),
(2290, 1, 0, 'Product deactivated: 1154', '', 0, 3, '2019-10-09 13:42:56', '2019-10-09 13:42:56'),
(2291, 1, 0, 'Product deactivated: 1155', '', 0, 3, '2019-10-09 13:43:04', '2019-10-09 13:43:04'),
(2292, 1, 0, 'Product deactivated: 1156', '', 0, 3, '2019-10-09 13:43:07', '2019-10-09 13:43:07'),
(2293, 1, 0, 'Product deactivated: 1157', '', 0, 3, '2019-10-09 13:48:20', '2019-10-09 13:48:20'),
(2294, 1, 0, 'Product activated: 1157', '', 0, 3, '2019-10-09 13:48:38', '2019-10-09 13:48:38'),
(2295, 1, 0, 'Product deactivated: 1158', '', 0, 3, '2019-10-09 13:48:58', '2019-10-09 13:48:58'),
(2296, 1, 0, 'Product deactivated: 1160', '', 0, 3, '2019-10-09 13:49:06', '2019-10-09 13:49:06'),
(2297, 1, 0, 'Product deactivated: 1161', '', 0, 3, '2019-10-09 13:49:17', '2019-10-09 13:49:17'),
(2298, 1, 0, 'Product deactivated: 1162', '', 0, 3, '2019-10-09 13:49:27', '2019-10-09 13:49:27'),
(2299, 1, 0, 'Product deactivated: 1163', '', 0, 3, '2019-10-09 13:49:38', '2019-10-09 13:49:38'),
(2300, 1, 0, 'Product deactivated: 1165', '', 0, 3, '2019-10-09 13:49:53', '2019-10-09 13:49:53'),
(2301, 1, 0, 'Product deactivated: 1166', '', 0, 3, '2019-10-09 13:50:00', '2019-10-09 13:50:00'),
(2302, 1, 0, 'Product deactivated: 1167', '', 0, 3, '2019-10-09 13:50:04', '2019-10-09 13:50:04'),
(2303, 1, 0, 'Product deactivated: 1168', '', 0, 3, '2019-10-09 13:50:59', '2019-10-09 13:50:59'),
(2304, 1, 0, 'Product deactivated: 1169', '', 0, 3, '2019-10-09 13:51:05', '2019-10-09 13:51:05'),
(2305, 1, 0, 'Product deactivated: 1170', '', 0, 3, '2019-10-09 13:51:10', '2019-10-09 13:51:10'),
(2306, 1, 0, 'Product deactivated: 1171', '', 0, 3, '2019-10-09 13:51:17', '2019-10-09 13:51:17'),
(2307, 1, 0, 'Product deactivated: 1173', '', 0, 3, '2019-10-09 13:51:39', '2019-10-09 13:51:39'),
(2308, 1, 0, 'Product deactivated: 1174', '', 0, 3, '2019-10-09 13:51:56', '2019-10-09 13:51:56'),
(2309, 1, 0, 'Product deactivated: 1175', '', 0, 3, '2019-10-09 13:52:05', '2019-10-09 13:52:05'),
(2310, 1, 0, 'Product deactivated: 1176', '', 0, 3, '2019-10-09 13:52:09', '2019-10-09 13:52:09'),
(2311, 1, 0, 'Product deactivated: 1177', '', 0, 3, '2019-10-09 13:52:15', '2019-10-09 13:52:15'),
(2312, 1, 0, 'Product deactivated: 1178', '', 0, 3, '2019-10-09 13:52:20', '2019-10-09 13:52:20'),
(2313, 1, 0, 'Product deactivated: 1179', '', 0, 3, '2019-10-09 13:52:23', '2019-10-09 13:52:23'),
(2314, 1, 0, 'Product deactivated: 1180', '', 0, 3, '2019-10-09 13:52:26', '2019-10-09 13:52:26'),
(2315, 1, 0, 'Product deactivated: 1181', '', 0, 3, '2019-10-09 13:52:30', '2019-10-09 13:52:30'),
(2316, 1, 0, 'Product deactivated: 1182', '', 0, 3, '2019-10-09 13:52:33', '2019-10-09 13:52:33'),
(2317, 1, 0, 'Product deactivated: 1183', '', 0, 3, '2019-10-09 13:52:35', '2019-10-09 13:52:35'),
(2318, 1, 0, 'Product deactivated: 1184', '', 0, 3, '2019-10-09 13:52:38', '2019-10-09 13:52:38'),
(2319, 1, 0, 'Product deactivated: 1185', '', 0, 3, '2019-10-09 13:52:47', '2019-10-09 13:52:47'),
(2320, 1, 0, 'Product deactivated: 1186', '', 0, 3, '2019-10-09 13:52:51', '2019-10-09 13:52:51'),
(2321, 1, 0, 'Product deactivated: 1188', '', 0, 3, '2019-10-09 13:54:54', '2019-10-09 13:54:54'),
(2322, 1, 0, 'Product deactivated: 1189', '', 0, 3, '2019-10-09 14:01:53', '2019-10-09 14:01:53'),
(2323, 1, 0, 'Product deactivated: 1190', '', 0, 3, '2019-10-09 14:01:57', '2019-10-09 14:01:57'),
(2324, 1, 0, 'Product deactivated: 1191', '', 0, 3, '2019-10-09 14:02:01', '2019-10-09 14:02:01'),
(2325, 1, 0, 'Product deactivated: 1192', '', 0, 3, '2019-10-09 14:02:05', '2019-10-09 14:02:05'),
(2326, 1, 0, 'Product deactivated: 1193', '', 0, 3, '2019-10-09 14:02:08', '2019-10-09 14:02:08'),
(2327, 1, 0, 'Product deactivated: 1194', '', 0, 3, '2019-10-09 14:02:11', '2019-10-09 14:02:11'),
(2328, 1, 0, 'Product deactivated: 1195', '', 0, 3, '2019-10-09 14:02:14', '2019-10-09 14:02:14'),
(2329, 1, 0, 'Product deactivated: 1196', '', 0, 3, '2019-10-09 14:02:18', '2019-10-09 14:02:18'),
(2330, 1, 0, 'Product deactivated: 1198', '', 0, 3, '2019-10-09 14:02:29', '2019-10-09 14:02:29'),
(2331, 1, 0, 'Product deactivated: 1199', '', 0, 3, '2019-10-09 14:02:32', '2019-10-09 14:02:32'),
(2332, 1, 0, 'Product deactivated: 1201', '', 0, 3, '2019-10-09 14:02:36', '2019-10-09 14:02:36'),
(2333, 1, 0, 'Product deactivated: 1202', '', 0, 3, '2019-10-09 14:02:39', '2019-10-09 14:02:39'),
(2334, 1, 0, 'Product deactivated: 1203', '', 0, 3, '2019-10-09 14:02:42', '2019-10-09 14:02:42'),
(2335, 1, 0, 'Product deactivated: 1204', '', 0, 3, '2019-10-09 14:02:46', '2019-10-09 14:02:46'),
(2336, 1, 0, 'Product deactivated: 1205', '', 0, 3, '2019-10-09 14:02:50', '2019-10-09 14:02:50'),
(2337, 1, 0, 'Product deactivated: 1206', '', 0, 3, '2019-10-09 14:02:54', '2019-10-09 14:02:54'),
(2338, 1, 0, 'Product deactivated: 1207', '', 0, 3, '2019-10-09 14:03:00', '2019-10-09 14:03:00'),
(2339, 1, 0, 'Product deactivated: 1208', '', 0, 3, '2019-10-09 14:03:04', '2019-10-09 14:03:04'),
(2340, 1, 0, 'Product deactivated: 1209', '', 0, 3, '2019-10-09 14:03:11', '2019-10-09 14:03:11'),
(2341, 1, 0, 'Product deactivated: 1210', '', 0, 3, '2019-10-09 14:03:19', '2019-10-09 14:03:19'),
(2342, 1, 0, 'Product deactivated: 1211', '', 0, 3, '2019-10-09 14:03:22', '2019-10-09 14:03:22'),
(2343, 1, 0, 'Product deactivated: 1212', '', 0, 3, '2019-10-09 14:03:25', '2019-10-09 14:03:25'),
(2344, 1, 0, 'Product deactivated: 1213', '', 0, 3, '2019-10-09 14:03:27', '2019-10-09 14:03:27'),
(2345, 1, 0, 'Product deactivated: 1214', '', 0, 3, '2019-10-09 14:03:34', '2019-10-09 14:03:34'),
(2346, 1, 0, 'Product deactivated: 1215', '', 0, 3, '2019-10-09 14:03:50', '2019-10-09 14:03:50'),
(2347, 1, 0, 'Product deactivated: 1216', '', 0, 3, '2019-10-09 14:04:17', '2019-10-09 14:04:17'),
(2348, 1, 0, 'Product deactivated: 1217', '', 0, 3, '2019-10-09 14:04:21', '2019-10-09 14:04:21'),
(2349, 1, 0, 'Product deactivated: 1218', '', 0, 3, '2019-10-09 14:04:24', '2019-10-09 14:04:24');
INSERT INTO `ps_log` (`id_log`, `severity`, `error_code`, `message`, `object_type`, `object_id`, `id_employee`, `date_add`, `date_upd`) VALUES
(2350, 1, 0, 'Product deactivated: 1219', '', 0, 3, '2019-10-09 14:04:28', '2019-10-09 14:04:28'),
(2351, 1, 0, 'Product deactivated: 1220', '', 0, 3, '2019-10-09 14:04:37', '2019-10-09 14:04:37'),
(2352, 1, 0, 'Product deactivated: 1221', '', 0, 3, '2019-10-09 14:04:40', '2019-10-09 14:04:40'),
(2353, 1, 0, 'Product deactivated: 1222', '', 0, 3, '2019-10-09 14:04:43', '2019-10-09 14:04:43'),
(2354, 1, 0, 'Product deactivated: 1223', '', 0, 3, '2019-10-09 14:04:46', '2019-10-09 14:04:46'),
(2355, 1, 0, 'Product deactivated: 1224', '', 0, 3, '2019-10-09 14:04:52', '2019-10-09 14:04:52'),
(2356, 1, 0, 'Product deactivated: 1225', '', 0, 3, '2019-10-09 14:04:54', '2019-10-09 14:04:54'),
(2357, 1, 0, 'Product deactivated: 1226', '', 0, 3, '2019-10-09 14:04:57', '2019-10-09 14:04:57'),
(2358, 1, 0, 'Product activated: 1226', '', 0, 3, '2019-10-09 14:05:20', '2019-10-09 14:05:20'),
(2359, 1, 0, 'Product modification', 'Product', 1226, 3, '2019-10-09 14:13:18', '2019-10-09 14:13:18'),
(2360, 1, 0, 'Création : Attribute', 'Attribute', 39, 3, '2019-10-09 14:20:09', '2019-10-09 14:20:09'),
(2361, 1, 0, 'Création : Attribute', 'Attribute', 40, 3, '2019-10-09 14:30:06', '2019-10-09 14:30:06'),
(2362, 1, 0, 'Création : Attribute', 'Attribute', 41, 3, '2019-10-09 14:34:30', '2019-10-09 14:34:30'),
(2363, 1, 0, 'Création : Attribute', 'Attribute', 42, 3, '2019-10-09 14:34:54', '2019-10-09 14:34:54'),
(2364, 1, 0, 'Création : Attribute', 'Attribute', 43, 3, '2019-10-09 14:36:04', '2019-10-09 14:36:04'),
(2365, 1, 0, 'Création : Attribute', 'Attribute', 44, 3, '2019-10-09 14:52:53', '2019-10-09 14:52:53'),
(2366, 1, 0, 'Création : Attribute', 'Attribute', 45, 3, '2019-10-09 14:53:04', '2019-10-09 14:53:04'),
(2367, 1, 0, 'Création : Attribute', 'Attribute', 46, 3, '2019-10-09 14:53:13', '2019-10-09 14:53:13'),
(2368, 1, 0, 'Création : Attribute', 'Attribute', 47, 3, '2019-10-09 14:53:31', '2019-10-09 14:53:31'),
(2369, 1, 0, 'Création : Attribute', 'Attribute', 48, 3, '2019-10-09 14:53:44', '2019-10-09 14:53:44'),
(2370, 1, 0, 'Création : Attribute', 'Attribute', 49, 3, '2019-10-09 14:53:57', '2019-10-09 14:53:57'),
(2371, 1, 0, 'Création : Attribute', 'Attribute', 50, 3, '2019-10-09 14:54:11', '2019-10-09 14:54:11'),
(2372, 1, 0, 'Création : Attribute', 'Attribute', 51, 3, '2019-10-09 14:54:25', '2019-10-09 14:54:25'),
(2373, 1, 0, 'Création : Attribute', 'Attribute', 52, 3, '2019-10-09 14:54:36', '2019-10-09 14:54:36'),
(2374, 1, 0, 'Création : Attribute', 'Attribute', 53, 3, '2019-10-09 14:54:46', '2019-10-09 14:54:46'),
(2375, 1, 0, 'Création : Attribute', 'Attribute', 54, 3, '2019-10-09 14:54:59', '2019-10-09 14:54:59'),
(2376, 1, 0, 'Création : Attribute', 'Attribute', 55, 3, '2019-10-09 14:55:13', '2019-10-09 14:55:13'),
(2377, 1, 0, 'Création : Attribute', 'Attribute', 56, 3, '2019-10-09 14:55:28', '2019-10-09 14:55:28'),
(2378, 1, 0, 'Création : Attribute', 'Attribute', 57, 3, '2019-10-09 14:55:40', '2019-10-09 14:55:40'),
(2379, 1, 0, 'Création : Attribute', 'Attribute', 58, 3, '2019-10-09 14:56:01', '2019-10-09 14:56:01'),
(2380, 1, 0, 'Création : Attribute', 'Attribute', 59, 3, '2019-10-09 14:56:16', '2019-10-09 14:56:16'),
(2381, 1, 0, 'Création : Attribute', 'Attribute', 60, 3, '2019-10-09 14:56:42', '2019-10-09 14:56:42'),
(2382, 1, 0, 'Création : Attribute', 'Attribute', 61, 3, '2019-10-09 14:56:51', '2019-10-09 14:56:51'),
(2383, 1, 0, 'Création : Attribute', 'Attribute', 62, 3, '2019-10-09 14:57:01', '2019-10-09 14:57:01'),
(2384, 1, 0, 'Création : Attribute', 'Attribute', 63, 3, '2019-10-09 14:57:14', '2019-10-09 14:57:14'),
(2385, 1, 0, 'Création : Attribute', 'Attribute', 64, 3, '2019-10-09 14:57:26', '2019-10-09 14:57:26'),
(2386, 1, 0, 'Création : Attribute', 'Attribute', 65, 3, '2019-10-09 14:57:39', '2019-10-09 14:57:39'),
(2387, 1, 0, 'Création : Attribute', 'Attribute', 66, 3, '2019-10-09 14:57:48', '2019-10-09 14:57:48'),
(2388, 1, 0, 'Création : Attribute', 'Attribute', 67, 3, '2019-10-09 14:57:58', '2019-10-09 14:57:58'),
(2389, 1, 0, 'Création : Attribute', 'Attribute', 68, 3, '2019-10-09 14:58:15', '2019-10-09 14:58:15'),
(2390, 1, 0, 'Création : Attribute', 'Attribute', 69, 3, '2019-10-09 14:58:26', '2019-10-09 14:58:26'),
(2391, 1, 0, 'Création : Attribute', 'Attribute', 70, 3, '2019-10-09 14:58:39', '2019-10-09 14:58:39'),
(2392, 1, 0, 'Création : Attribute', 'Attribute', 71, 3, '2019-10-09 14:58:46', '2019-10-09 14:58:46'),
(2393, 1, 0, 'Création : Attribute', 'Attribute', 72, 3, '2019-10-09 14:58:55', '2019-10-09 14:58:55'),
(2394, 1, 0, 'Création : Attribute', 'Attribute', 73, 3, '2019-10-09 14:59:02', '2019-10-09 14:59:02'),
(2395, 1, 0, 'Création : Attribute', 'Attribute', 74, 3, '2019-10-09 14:59:12', '2019-10-09 14:59:12'),
(2396, 1, 0, 'Création : Attribute', 'Attribute', 75, 3, '2019-10-09 14:59:23', '2019-10-09 14:59:23'),
(2397, 1, 0, 'Création : Attribute', 'Attribute', 76, 3, '2019-10-09 14:59:38', '2019-10-09 14:59:38'),
(2398, 1, 0, 'Création : Attribute', 'Attribute', 77, 3, '2019-10-09 14:59:50', '2019-10-09 14:59:50'),
(2399, 1, 0, 'Création : Attribute', 'Attribute', 78, 3, '2019-10-09 15:00:05', '2019-10-09 15:00:05'),
(2400, 1, 0, 'Création : Attribute', 'Attribute', 79, 3, '2019-10-09 15:00:13', '2019-10-09 15:00:13'),
(2401, 1, 0, 'Création : Attribute', 'Attribute', 80, 3, '2019-10-09 15:00:20', '2019-10-09 15:00:20'),
(2402, 1, 0, 'Création : Attribute', 'Attribute', 81, 3, '2019-10-09 15:00:37', '2019-10-09 15:00:37'),
(2403, 1, 0, 'Création : Attribute', 'Attribute', 82, 3, '2019-10-09 15:00:45', '2019-10-09 15:00:45'),
(2404, 1, 0, 'Création : Attribute', 'Attribute', 83, 3, '2019-10-09 15:00:53', '2019-10-09 15:00:53'),
(2405, 1, 0, 'Création : Attribute', 'Attribute', 84, 3, '2019-10-09 15:01:02', '2019-10-09 15:01:02'),
(2406, 1, 0, 'Création : Attribute', 'Attribute', 85, 3, '2019-10-09 15:01:14', '2019-10-09 15:01:14'),
(2407, 1, 0, 'Création : Attribute', 'Attribute', 86, 3, '2019-10-09 15:01:28', '2019-10-09 15:01:28'),
(2408, 1, 0, 'Création : Attribute', 'Attribute', 87, 3, '2019-10-09 15:01:40', '2019-10-09 15:01:40'),
(2409, 1, 0, 'Création : Attribute', 'Attribute', 88, 3, '2019-10-09 15:01:59', '2019-10-09 15:01:59'),
(2410, 1, 0, 'Création : Attribute', 'Attribute', 89, 3, '2019-10-09 15:02:15', '2019-10-09 15:02:15'),
(2411, 1, 0, 'Création : Attribute', 'Attribute', 90, 3, '2019-10-09 15:02:33', '2019-10-09 15:02:33'),
(2412, 1, 0, 'Product modification', 'Product', 1226, 3, '2019-10-09 15:07:43', '2019-10-09 15:07:43'),
(2413, 1, 0, 'Product modification', 'Product', 1226, 3, '2019-10-09 15:09:31', '2019-10-09 15:09:31'),
(2414, 1, 0, 'modification Attribute', 'Attribute', 40, 3, '2019-10-09 15:37:39', '2019-10-09 15:37:39'),
(2415, 1, 0, 'Product modification', 'Product', 1226, 3, '2019-10-09 16:12:34', '2019-10-09 16:12:34'),
(2416, 1, 0, 'Product modification', 'Product', 1226, 3, '2019-10-09 16:15:08', '2019-10-09 16:15:08'),
(2417, 1, 0, 'Product modification', 'Product', 1226, 3, '2019-10-09 17:04:39', '2019-10-09 17:04:39'),
(2418, 1, 0, 'Product deactivated: 1363', '', 0, 3, '2019-10-09 17:33:08', '2019-10-09 17:33:08'),
(2419, 1, 0, 'Product deactivated: 1364', '', 0, 3, '2019-10-09 17:33:13', '2019-10-09 17:33:13'),
(2420, 1, 0, 'Product deactivated: 1365', '', 0, 3, '2019-10-09 17:33:16', '2019-10-09 17:33:16'),
(2421, 1, 0, 'Product deactivated: 1366', '', 0, 3, '2019-10-09 17:33:24', '2019-10-09 17:33:24'),
(2422, 1, 0, 'Product deactivated: 1367', '', 0, 3, '2019-10-09 17:33:28', '2019-10-09 17:33:28'),
(2423, 1, 0, 'Product deactivated: 1368', '', 0, 3, '2019-10-09 17:33:32', '2019-10-09 17:33:32'),
(2424, 1, 0, 'Product deactivated: 1369', '', 0, 3, '2019-10-09 17:33:35', '2019-10-09 17:33:35'),
(2425, 1, 0, 'Product deactivated: 1370', '', 0, 3, '2019-10-09 17:33:39', '2019-10-09 17:33:39'),
(2426, 1, 0, 'Product deactivated: 1371', '', 0, 3, '2019-10-09 17:33:42', '2019-10-09 17:33:42'),
(2427, 1, 0, 'Product modification', 'Product', 1362, 3, '2019-10-09 17:37:52', '2019-10-09 17:37:52'),
(2428, 1, 0, 'Product modification', 'Product', 1362, 3, '2019-10-09 17:40:44', '2019-10-09 17:40:44'),
(2429, 1, 0, 'Product modification', 'Product', 1362, 3, '2019-10-09 17:47:25', '2019-10-09 17:47:25'),
(2430, 1, 0, 'Product modification', 'Product', 1362, 3, '2019-10-09 17:48:34', '2019-10-09 17:48:34'),
(2431, 1, 0, 'Connexion au back-office depuis 176.141.187.100', '', 0, 3, '2019-10-10 09:12:12', '2019-10-10 09:12:12'),
(2432, 1, 0, 'Product deactivated: 1339', '', 0, 3, '2019-10-10 09:18:34', '2019-10-10 09:18:34'),
(2433, 1, 0, 'Product deactivated: 1341', '', 0, 3, '2019-10-10 09:18:54', '2019-10-10 09:18:54'),
(2434, 1, 0, 'Product deactivated: 1343', '', 0, 3, '2019-10-10 09:18:57', '2019-10-10 09:18:57'),
(2435, 1, 0, 'Product deactivated: 1346', '', 0, 3, '2019-10-10 09:19:03', '2019-10-10 09:19:03'),
(2436, 1, 0, 'Product deactivated: 1349', '', 0, 3, '2019-10-10 09:19:06', '2019-10-10 09:19:06'),
(2437, 1, 0, 'Product deactivated: 1356', '', 0, 3, '2019-10-10 09:19:09', '2019-10-10 09:19:09'),
(2438, 1, 0, 'Product deactivated: 1347', '', 0, 3, '2019-10-10 09:19:15', '2019-10-10 09:19:15'),
(2439, 1, 0, 'Product modification', 'Product', 1355, 3, '2019-10-10 09:19:38', '2019-10-10 09:19:38'),
(2440, 1, 0, 'Product modification', 'Product', 1355, 3, '2019-10-10 09:20:20', '2019-10-10 09:20:20'),
(2441, 1, 0, 'Product modification', 'Product', 1355, 3, '2019-10-10 09:21:49', '2019-10-10 09:21:49'),
(2442, 1, 0, 'Product modification', 'Product', 1355, 3, '2019-10-10 10:02:07', '2019-10-10 10:02:07'),
(2443, 1, 0, 'Connexion au back-office depuis 176.141.187.100', '', 0, 1, '2019-10-10 12:52:56', '2019-10-10 12:52:56'),
(2444, 1, 0, 'Connexion au back-office depuis 176.141.187.100', '', 0, 1, '2019-10-11 08:50:01', '2019-10-11 08:50:01'),
(2445, 1, 0, 'Connexion au back-office depuis 176.141.187.100', '', 0, 2, '2019-10-11 10:28:17', '2019-10-11 10:28:17'),
(2446, 1, 0, 'Connexion au back-office depuis 176.141.187.100', '', 0, 1, '2019-10-11 10:54:21', '2019-10-11 10:54:21'),
(2447, 1, 0, 'Connexion au back-office depuis 176.141.187.100', '', 0, 1, '2019-10-11 11:47:09', '2019-10-11 11:47:09'),
(2448, 1, 0, 'Connexion au back-office depuis 176.141.187.100', '', 0, 1, '2019-10-11 13:08:43', '2019-10-11 13:08:43'),
(2449, 1, 0, 'Connexion au back-office depuis 176.141.187.100', '', 0, 1, '2019-10-11 15:32:00', '2019-10-11 15:32:00'),
(2450, 1, 0, 'Connexion au back-office depuis 80.215.119.116', '', 0, 1, '2019-10-13 15:02:55', '2019-10-13 15:02:55'),
(2451, 1, 0, 'Connexion au back-office depuis 93.23.106.153', '', 0, 1, '2019-10-13 15:58:19', '2019-10-13 15:58:19'),
(2452, 1, 0, 'Connexion au back-office depuis 176.141.187.100', '', 0, 1, '2019-10-14 08:58:21', '2019-10-14 08:58:21'),
(2453, 1, 0, 'Connexion au back-office depuis 176.141.187.100', '', 0, 1, '2019-10-14 09:32:34', '2019-10-14 09:32:34'),
(2454, 1, 0, 'Connexion au back-office depuis 176.141.187.100', '', 0, 2, '2019-10-14 10:13:25', '2019-10-14 10:13:25'),
(2455, 1, 0, 'Connexion au back-office depuis 176.141.187.100', '', 0, 3, '2019-10-14 10:37:23', '2019-10-14 10:37:23'),
(2456, 1, 0, 'Product activated: 1356', '', 0, 3, '2019-10-14 10:53:05', '2019-10-14 10:53:05'),
(2457, 1, 0, 'Product modification', 'Product', 1356, 3, '2019-10-14 10:56:57', '2019-10-14 10:56:57'),
(2458, 1, 0, 'Product modification', 'Product', 1356, 3, '2019-10-14 10:58:25', '2019-10-14 10:58:25'),
(2459, 1, 0, 'Product modification', 'Product', 1356, 3, '2019-10-14 11:03:14', '2019-10-14 11:03:14'),
(2460, 1, 0, 'Product modification', 'Product', 1356, 3, '2019-10-14 11:07:00', '2019-10-14 11:07:00'),
(2461, 1, 0, 'Connexion au back-office depuis 176.141.187.100', '', 0, 1, '2019-10-14 11:07:57', '2019-10-14 11:07:57'),
(2462, 1, 0, 'Product modification', 'Product', 1356, 3, '2019-10-14 11:09:12', '2019-10-14 11:09:12'),
(2463, 1, 0, 'Product deactivated: 955', '', 0, 2, '2019-10-14 11:12:17', '2019-10-14 11:12:17'),
(2464, 1, 0, 'Product modification', 'Product', 1334, 3, '2019-10-14 11:15:45', '2019-10-14 11:15:45'),
(2465, 1, 0, 'Création : HsAccessoriesGroupAbstract', 'HsAccessoriesGroupAbstract', 7, 2, '2019-10-14 11:18:38', '2019-10-14 11:18:38'),
(2466, 1, 0, 'Product deactivated: 1043', '', 0, 3, '2019-10-14 11:36:55', '2019-10-14 11:36:55'),
(2467, 1, 0, 'Product deactivated: 1045', '', 0, 3, '2019-10-14 11:37:01', '2019-10-14 11:37:01'),
(2468, 1, 0, 'Product deactivated: 1048', '', 0, 3, '2019-10-14 11:37:07', '2019-10-14 11:37:07'),
(2469, 1, 0, 'Product deactivated: 1050', '', 0, 3, '2019-10-14 11:37:14', '2019-10-14 11:37:14'),
(2470, 1, 0, 'Product deactivated: 1053', '', 0, 3, '2019-10-14 11:37:21', '2019-10-14 11:37:21'),
(2471, 1, 0, 'Product deactivated: 1056', '', 0, 3, '2019-10-14 11:37:24', '2019-10-14 11:37:24'),
(2472, 1, 0, 'Product modification', 'Product', 1041, 3, '2019-10-14 11:42:16', '2019-10-14 11:42:16'),
(2473, 1, 0, 'Product modification', 'Product', 1041, 3, '2019-10-14 11:57:04', '2019-10-14 11:57:04'),
(2474, 1, 0, 'Product modification', 'Product', 1041, 3, '2019-10-14 12:00:45', '2019-10-14 12:00:45'),
(2475, 1, 0, 'Connexion au back-office depuis 176.141.187.100', '', 0, 1, '2019-10-14 13:12:35', '2019-10-14 13:12:35'),
(2476, 1, 0, 'modification HsAccessoriesGroupAbstract', 'HsAccessoriesGroupAbstract', 7, 2, '2019-10-14 13:13:50', '2019-10-14 13:13:50'),
(2477, 1, 0, 'modification HsAccessoriesGroupAbstract', 'HsAccessoriesGroupAbstract', 7, 2, '2019-10-14 13:16:16', '2019-10-14 13:16:16'),
(2478, 1, 0, 'Création : Attribute', 'Attribute', 91, 2, '2019-10-14 13:55:55', '2019-10-14 13:55:55'),
(2479, 1, 0, 'Product modification', 'Product', 944, 2, '2019-10-14 14:01:43', '2019-10-14 14:01:43'),
(2480, 1, 0, 'Connexion au back-office depuis 176.141.187.100', '', 0, 1, '2019-10-14 14:16:17', '2019-10-14 14:16:17'),
(2481, 1, 0, 'Product modification', 'Product', 944, 2, '2019-10-14 14:20:50', '2019-10-14 14:20:50'),
(2482, 1, 0, 'modification Attribute', 'Attribute', 91, 2, '2019-10-14 14:22:18', '2019-10-14 14:22:18'),
(2483, 1, 0, 'Products deactivated: (945).', '', 0, 2, '2019-10-14 14:22:59', '2019-10-14 14:22:59'),
(2484, 1, 0, 'Products deactivated: (946).', '', 0, 2, '2019-10-14 14:23:00', '2019-10-14 14:23:00'),
(2485, 1, 0, 'Products deactivated: (947).', '', 0, 2, '2019-10-14 14:23:01', '2019-10-14 14:23:01'),
(2486, 1, 0, 'Products deactivated: (948).', '', 0, 2, '2019-10-14 14:23:01', '2019-10-14 14:23:01'),
(2487, 1, 0, 'Products deactivated: (949).', '', 0, 2, '2019-10-14 14:23:02', '2019-10-14 14:23:02'),
(2488, 1, 0, 'Products deactivated: (950).', '', 0, 2, '2019-10-14 14:23:02', '2019-10-14 14:23:02'),
(2489, 1, 0, 'Products deactivated: (951).', '', 0, 2, '2019-10-14 14:23:03', '2019-10-14 14:23:03'),
(2490, 1, 0, 'Products deactivated: (952).', '', 0, 2, '2019-10-14 14:23:04', '2019-10-14 14:23:04'),
(2491, 1, 0, 'Products deactivated: (953).', '', 0, 2, '2019-10-14 14:23:04', '2019-10-14 14:23:04'),
(2492, 1, 0, 'Products deactivated: (954).', '', 0, 2, '2019-10-14 14:23:05', '2019-10-14 14:23:05'),
(2493, 1, 0, 'modification ApPageBuilderDetailsModel', 'ApPageBuilderDetailsModel', 1, 1, '2019-10-14 14:43:33', '2019-10-14 14:43:33'),
(2494, 1, 0, 'modification ApPageBuilderDetailsModel', 'ApPageBuilderDetailsModel', 1, 1, '2019-10-14 14:44:16', '2019-10-14 14:44:16'),
(2495, 1, 0, 'modification ApPageBuilderDetailsModel', 'ApPageBuilderDetailsModel', 1, 1, '2019-10-14 14:46:58', '2019-10-14 14:46:58'),
(2496, 1, 0, 'modification ApPageBuilderDetailsModel', 'ApPageBuilderDetailsModel', 1, 1, '2019-10-14 14:49:24', '2019-10-14 14:49:24'),
(2497, 1, 0, 'modification ApPageBuilderDetailsModel', 'ApPageBuilderDetailsModel', 1, 1, '2019-10-14 14:49:54', '2019-10-14 14:49:54'),
(2498, 1, 0, 'modification ApPageBuilderDetailsModel', 'ApPageBuilderDetailsModel', 1, 1, '2019-10-14 14:50:47', '2019-10-14 14:50:47'),
(2499, 1, 0, 'modification ApPageBuilderDetailsModel', 'ApPageBuilderDetailsModel', 1, 1, '2019-10-14 14:51:13', '2019-10-14 14:51:13'),
(2500, 1, 0, 'modification ApPageBuilderDetailsModel', 'ApPageBuilderDetailsModel', 1, 1, '2019-10-14 14:51:32', '2019-10-14 14:51:32'),
(2501, 1, 0, 'modification ApPageBuilderDetailsModel', 'ApPageBuilderDetailsModel', 1, 1, '2019-10-14 14:51:51', '2019-10-14 14:51:51'),
(2502, 1, 0, 'Création : ApPageBuilderDetailsModel', 'ApPageBuilderDetailsModel', 9, 1, '2019-10-14 14:54:10', '2019-10-14 14:54:10'),
(2503, 1, 0, 'modification ApPageBuilderProductsModel', 'ApPageBuilderProductsModel', 5, 1, '2019-10-14 14:55:44', '2019-10-14 14:55:44'),
(2504, 1, 0, 'modification ApPageBuilderDetailsModel', 'ApPageBuilderDetailsModel', 1, 2, '2019-10-14 14:57:52', '2019-10-14 14:57:52'),
(2505, 1, 0, 'Product activated: 929', '', 0, 3, '2019-10-14 15:09:30', '2019-10-14 15:09:30'),
(2506, 1, 0, 'modification ApPageBuilderDetailsModel', 'ApPageBuilderDetailsModel', 1, 2, '2019-10-14 15:10:22', '2019-10-14 15:10:22'),
(2507, 1, 0, 'modification ApPageBuilderDetailsModel', 'ApPageBuilderDetailsModel', 1, 2, '2019-10-14 15:11:57', '2019-10-14 15:11:57'),
(2508, 1, 0, 'modification ImageType', 'ImageType', 5, 1, '2019-10-14 15:21:44', '2019-10-14 15:21:44'),
(2509, 1, 0, 'Product modification', 'Product', 929, 3, '2019-10-14 15:25:42', '2019-10-14 15:25:42'),
(2510, 1, 0, 'modification ImageType', 'ImageType', 5, 2, '2019-10-14 15:27:02', '2019-10-14 15:27:02'),
(2511, 1, 0, 'Connexion au back-office depuis 176.141.187.100', '', 0, 3, '2019-10-14 16:04:03', '2019-10-14 16:04:03'),
(2512, 1, 0, 'Product deactivated: 915', '', 0, 3, '2019-10-14 16:04:39', '2019-10-14 16:04:39'),
(2513, 1, 0, 'Product deactivated: 910', '', 0, 3, '2019-10-14 16:04:42', '2019-10-14 16:04:42'),
(2514, 1, 0, 'Product deactivated: 912', '', 0, 3, '2019-10-14 16:04:44', '2019-10-14 16:04:44'),
(2515, 1, 0, 'Product deactivated: 919', '', 0, 3, '2019-10-14 16:04:46', '2019-10-14 16:04:46'),
(2516, 1, 0, 'Product deactivated: 906', '', 0, 3, '2019-10-14 16:04:48', '2019-10-14 16:04:48'),
(2517, 1, 0, 'Product deactivated: 908', '', 0, 3, '2019-10-14 16:04:50', '2019-10-14 16:04:50'),
(2518, 1, 0, 'Product deactivated: 903', '', 0, 3, '2019-10-14 16:06:17', '2019-10-14 16:06:17'),
(2519, 1, 0, 'Connexion au back-office depuis 176.141.187.100', '', 0, 1, '2019-10-14 16:12:39', '2019-10-14 16:12:39'),
(2520, 1, 0, 'Product modification', 'Product', 929, 3, '2019-10-14 16:16:29', '2019-10-14 16:16:29'),
(2521, 1, 0, 'Product modification', 'Product', 929, 3, '2019-10-14 16:19:27', '2019-10-14 16:19:27'),
(2522, 1, 0, 'Connexion au back-office depuis 176.141.187.100', '', 0, 3, '2019-10-14 17:00:41', '2019-10-14 17:00:41'),
(2523, 1, 0, 'Product modification', 'Product', 929, 3, '2019-10-14 17:02:16', '2019-10-14 17:02:16'),
(2524, 1, 0, 'Product modification', 'Product', 929, 3, '2019-10-14 17:06:30', '2019-10-14 17:06:30'),
(2525, 1, 0, 'Product modification', 'Product', 929, 3, '2019-10-14 17:08:01', '2019-10-14 17:08:01'),
(2526, 1, 0, 'Product modification', 'Product', 1159, 3, '2019-10-14 17:13:14', '2019-10-14 17:13:14'),
(2527, 1, 0, 'Product modification', 'Product', 1159, 3, '2019-10-14 17:39:43', '2019-10-14 17:39:43'),
(2528, 1, 0, 'Product modification', 'Product', 1159, 3, '2019-10-14 17:51:28', '2019-10-14 17:51:28'),
(2529, 1, 0, 'Product modification', 'Product', 1159, 3, '2019-10-14 17:55:25', '2019-10-14 17:55:25'),
(2530, 1, 0, 'Product deactivated: 1187', '', 0, 3, '2019-10-14 17:56:41', '2019-10-14 17:56:41'),
(2531, 1, 0, 'Product deactivated: 1200', '', 0, 3, '2019-10-14 17:56:54', '2019-10-14 17:56:54'),
(2532, 1, 0, 'Product deactivated: 1197', '', 0, 3, '2019-10-14 17:57:01', '2019-10-14 17:57:01'),
(2533, 1, 0, 'Product deactivated: 1172', '', 0, 3, '2019-10-14 17:57:12', '2019-10-14 17:57:12'),
(2534, 1, 0, 'Product deactivated: 1164', '', 0, 3, '2019-10-14 17:57:17', '2019-10-14 17:57:17'),
(2535, 1, 0, 'Product modification', 'Product', 1159, 3, '2019-10-14 17:58:18', '2019-10-14 17:58:18'),
(2536, 1, 0, 'Product modification', 'Product', 1159, 3, '2019-10-14 17:59:48', '2019-10-14 17:59:48'),
(2537, 1, 0, 'Product deactivated: 1355', '', 0, 3, '2019-10-14 18:04:29', '2019-10-14 18:04:29'),
(2538, 1, 0, 'Connexion au back-office depuis 176.141.187.100', '', 0, 3, '2019-10-15 09:22:13', '2019-10-15 09:22:13'),
(2539, 1, 0, 'Product deactivated: 792', '', 0, 3, '2019-10-15 09:40:46', '2019-10-15 09:40:46'),
(2540, 1, 0, 'Product deactivated: 793', '', 0, 3, '2019-10-15 09:50:27', '2019-10-15 09:50:27'),
(2541, 1, 0, 'Product deactivated: 790', '', 0, 3, '2019-10-15 09:50:47', '2019-10-15 09:50:47'),
(2542, 1, 0, 'Product deactivated: 789', '', 0, 3, '2019-10-15 09:50:55', '2019-10-15 09:50:55'),
(2543, 1, 0, 'Product deactivated: 801', '', 0, 3, '2019-10-15 09:51:02', '2019-10-15 09:51:02'),
(2544, 1, 0, 'Product deactivated: 794', '', 0, 3, '2019-10-15 09:51:11', '2019-10-15 09:51:11'),
(2545, 1, 0, 'Product deactivated: 795', '', 0, 3, '2019-10-15 09:51:18', '2019-10-15 09:51:18'),
(2546, 1, 0, 'Product deactivated: 796', '', 0, 3, '2019-10-15 09:51:26', '2019-10-15 09:51:26'),
(2547, 1, 0, 'Product deactivated: 797', '', 0, 3, '2019-10-15 09:51:44', '2019-10-15 09:51:44'),
(2548, 1, 0, 'Product deactivated: 798', '', 0, 3, '2019-10-15 09:51:51', '2019-10-15 09:51:51'),
(2549, 1, 0, 'Product deactivated: 799', '', 0, 3, '2019-10-15 09:52:02', '2019-10-15 09:52:02'),
(2550, 1, 0, 'Product deactivated: 800', '', 0, 3, '2019-10-15 09:52:08', '2019-10-15 09:52:08'),
(2551, 1, 0, 'Product modification', 'Product', 791, 3, '2019-10-15 09:55:02', '2019-10-15 09:55:02'),
(2552, 1, 0, 'Product modification', 'Product', 791, 3, '2019-10-15 09:56:44', '2019-10-15 09:56:44'),
(2553, 1, 0, 'Connexion au back-office depuis 176.141.187.100', '', 0, 2, '2019-10-15 09:58:01', '2019-10-15 09:58:01'),
(2554, 1, 0, 'Connexion au back-office depuis 176.141.187.100', '', 0, 1, '2019-10-15 10:32:22', '2019-10-15 10:32:22'),
(2555, 1, 0, 'Product modification', 'Product', 791, 3, '2019-10-15 11:04:08', '2019-10-15 11:04:08'),
(2556, 1, 0, 'Connexion au back-office depuis 176.141.187.100', '', 0, 1, '2019-10-15 13:14:05', '2019-10-15 13:14:05'),
(2557, 1, 0, 'Connexion au back-office depuis 176.141.187.100', '', 0, 3, '2019-10-15 13:20:20', '2019-10-15 13:20:20'),
(2558, 1, 0, 'Product deactivated: 1357', '', 0, 3, '2019-10-15 13:23:09', '2019-10-15 13:23:09'),
(2559, 1, 0, 'modification ImageType', 'ImageType', 6, 1, '2019-10-15 14:26:41', '2019-10-15 14:26:41'),
(2560, 1, 0, 'modification ImageType', 'ImageType', 10, 1, '2019-10-15 14:27:46', '2019-10-15 14:27:46'),
(2561, 1, 0, 'modification ImageType', 'ImageType', 10, 1, '2019-10-15 14:29:03', '2019-10-15 14:29:03'),
(2562, 1, 0, 'modification ImageType', 'ImageType', 2, 1, '2019-10-15 14:29:38', '2019-10-15 14:29:38'),
(2563, 1, 0, 'modification ImageType', 'ImageType', 10, 1, '2019-10-15 14:30:31', '2019-10-15 14:30:31'),
(2564, 1, 0, 'modification ImageType', 'ImageType', 10, 1, '2019-10-15 14:30:33', '2019-10-15 14:30:33'),
(2565, 1, 0, 'modification ImageType', 'ImageType', 10, 1, '2019-10-15 14:31:07', '2019-10-15 14:31:07'),
(2566, 1, 0, 'modification ImageType', 'ImageType', 2, 1, '2019-10-15 14:31:17', '2019-10-15 14:31:17'),
(2567, 1, 0, 'modification ImageType', 'ImageType', 2, 1, '2019-10-15 14:31:56', '2019-10-15 14:31:56'),
(2568, 1, 0, 'Connexion au back-office depuis 176.141.187.100', '', 0, 1, '2019-10-15 15:32:14', '2019-10-15 15:32:14'),
(2569, 1, 0, 'Connexion au back-office depuis 176.141.187.100', '', 0, 3, '2019-10-15 16:10:38', '2019-10-15 16:10:38'),
(2570, 1, 0, 'Création : AttributeGroup', 'AttributeGroup', 8, 2, '2019-10-15 16:36:56', '2019-10-15 16:36:56'),
(2571, 1, 0, 'Création : Attribute', 'Attribute', 92, 2, '2019-10-15 16:38:01', '2019-10-15 16:38:01'),
(2572, 1, 0, 'Création : Attribute', 'Attribute', 93, 2, '2019-10-15 16:38:13', '2019-10-15 16:38:13'),
(2573, 1, 0, 'Création : AttributeGroup', 'AttributeGroup', 9, 2, '2019-10-15 16:39:01', '2019-10-15 16:39:01'),
(2574, 1, 0, 'Création : AttributeGroup', 'AttributeGroup', 10, 2, '2019-10-15 17:04:11', '2019-10-15 17:04:11'),
(2575, 1, 0, 'Connexion au back-office depuis 176.141.187.100', '', 0, 3, '2019-10-16 09:30:55', '2019-10-16 09:30:55'),
(2576, 1, 0, 'Connexion au back-office depuis 83.156.202.149', '', 0, 1, '2019-10-16 09:31:54', '2019-10-16 09:31:54'),
(2577, 1, 0, 'Product modification', 'Product', 791, 3, '2019-10-16 09:37:11', '2019-10-16 09:37:11'),
(2578, 1, 0, 'Product modification', 'Product', 1362, 3, '2019-10-16 09:38:14', '2019-10-16 09:38:14'),
(2579, 1, 0, 'Product modification', 'Product', 1372, 3, '2019-10-16 09:38:50', '2019-10-16 09:38:50'),
(2580, 1, 0, 'Product modification', 'Product', 1372, 3, '2019-10-16 09:40:32', '2019-10-16 09:40:32'),
(2581, 1, 0, 'Product deactivated: 775', '', 0, 3, '2019-10-16 09:47:14', '2019-10-16 09:47:14'),
(2582, 1, 0, 'Product deactivated: 776', '', 0, 3, '2019-10-16 09:47:19', '2019-10-16 09:47:19'),
(2583, 1, 0, 'Product deactivated: 777', '', 0, 3, '2019-10-16 09:47:23', '2019-10-16 09:47:23'),
(2584, 1, 0, 'Product deactivated: 778', '', 0, 3, '2019-10-16 09:47:26', '2019-10-16 09:47:26'),
(2585, 1, 0, 'Product deactivated: 779', '', 0, 3, '2019-10-16 09:47:30', '2019-10-16 09:47:30'),
(2586, 1, 0, 'Product deactivated: 780', '', 0, 3, '2019-10-16 09:47:40', '2019-10-16 09:47:40'),
(2587, 1, 0, 'Product modification', 'Product', 774, 3, '2019-10-16 09:49:53', '2019-10-16 09:49:53'),
(2588, 1, 0, 'Product modification', 'Product', 774, 3, '2019-10-16 09:50:21', '2019-10-16 09:50:21'),
(2589, 1, 0, 'Product modification', 'Product', 774, 3, '2019-10-16 09:52:58', '2019-10-16 09:52:58'),
(2590, 1, 0, 'Product modification', 'Product', 774, 3, '2019-10-16 09:54:58', '2019-10-16 09:54:58'),
(2591, 1, 0, 'Connexion au back-office depuis 83.156.202.149', '', 0, 1, '2019-10-16 09:55:40', '2019-10-16 09:55:40'),
(2592, 1, 0, 'Création : Attribute', 'Attribute', 94, 3, '2019-10-16 09:56:28', '2019-10-16 09:56:28'),
(2593, 1, 0, 'Product modification', 'Product', 774, 3, '2019-10-16 09:57:14', '2019-10-16 09:57:14'),
(2594, 1, 0, 'Product modification', 'Product', 774, 3, '2019-10-16 09:57:36', '2019-10-16 09:57:36'),
(2595, 1, 0, 'Product modification', 'Product', 774, 3, '2019-10-16 09:58:34', '2019-10-16 09:58:34'),
(2596, 1, 0, 'Product modification', 'Product', 774, 3, '2019-10-16 10:03:16', '2019-10-16 10:03:16'),
(2597, 1, 0, 'Product modification', 'Product', 704, 3, '2019-10-16 10:05:22', '2019-10-16 10:05:22'),
(2598, 1, 0, 'Product modification', 'Product', 704, 3, '2019-10-16 10:05:32', '2019-10-16 10:05:32'),
(2599, 1, 0, 'Product modification', 'Product', 704, 3, '2019-10-16 10:06:11', '2019-10-16 10:06:11'),
(2600, 1, 0, 'Product modification', 'Product', 704, 3, '2019-10-16 10:10:30', '2019-10-16 10:10:30'),
(2601, 1, 0, 'Product modification', 'Product', 704, 3, '2019-10-16 10:11:32', '2019-10-16 10:11:32'),
(2602, 1, 0, 'Product modification', 'Product', 704, 3, '2019-10-16 10:12:32', '2019-10-16 10:12:32'),
(2603, 1, 0, 'Product modification', 'Product', 704, 3, '2019-10-16 10:14:27', '2019-10-16 10:14:27'),
(2604, 1, 0, 'Création : AttributeGroup', 'AttributeGroup', 11, 3, '2019-10-16 10:15:22', '2019-10-16 10:15:22'),
(2605, 1, 0, 'Création : Attribute', 'Attribute', 95, 3, '2019-10-16 10:15:43', '2019-10-16 10:15:43'),
(2606, 1, 0, 'Création : Attribute', 'Attribute', 96, 3, '2019-10-16 10:15:50', '2019-10-16 10:15:50'),
(2607, 1, 0, 'Product deactivated: 749', '', 0, 3, '2019-10-16 10:20:44', '2019-10-16 10:20:44'),
(2608, 1, 0, 'Product deactivated: 751', '', 0, 3, '2019-10-16 10:20:49', '2019-10-16 10:20:49'),
(2609, 1, 0, 'Product deactivated: 753', '', 0, 3, '2019-10-16 10:20:52', '2019-10-16 10:20:52'),
(2610, 1, 0, 'Product deactivated: 755', '', 0, 3, '2019-10-16 10:20:55', '2019-10-16 10:20:55'),
(2611, 1, 0, 'Product deactivated: 746', '', 0, 3, '2019-10-16 10:21:02', '2019-10-16 10:21:02'),
(2612, 1, 0, 'Product deactivated: 748', '', 0, 3, '2019-10-16 10:21:11', '2019-10-16 10:21:11'),
(2613, 1, 0, 'Product deactivated: 750', '', 0, 3, '2019-10-16 10:21:16', '2019-10-16 10:21:16'),
(2614, 1, 0, 'Product deactivated: 752', '', 0, 3, '2019-10-16 10:21:21', '2019-10-16 10:21:21'),
(2615, 1, 0, 'Product deactivated: 754', '', 0, 3, '2019-10-16 10:21:24', '2019-10-16 10:21:24'),
(2616, 1, 0, 'Product deactivated: 756', '', 0, 3, '2019-10-16 10:21:27', '2019-10-16 10:21:27'),
(2617, 1, 0, 'Product deactivated: 757', '', 0, 3, '2019-10-16 10:21:30', '2019-10-16 10:21:30'),
(2618, 1, 0, 'Product deactivated: 747', '', 0, 3, '2019-10-16 10:21:33', '2019-10-16 10:21:33'),
(2619, 1, 0, 'Product modification', 'Product', 745, 3, '2019-10-16 10:30:55', '2019-10-16 10:30:55'),
(2620, 1, 0, 'Product modification', 'Product', 745, 3, '2019-10-16 10:33:48', '2019-10-16 10:33:48'),
(2621, 1, 0, 'Product modification', 'Product', 745, 3, '2019-10-16 10:34:30', '2019-10-16 10:34:30'),
(2622, 1, 0, 'Product modification', 'Product', 745, 3, '2019-10-16 10:37:14', '2019-10-16 10:37:14'),
(2623, 1, 0, 'Product modification', 'Product', 1041, 3, '2019-10-16 10:37:49', '2019-10-16 10:37:49'),
(2624, 1, 0, 'Product modification', 'Product', 1042, 3, '2019-10-16 10:38:20', '2019-10-16 10:38:20'),
(2625, 1, 0, 'Product deactivated: 1063', '', 0, 3, '2019-10-16 10:41:52', '2019-10-16 10:41:52'),
(2626, 1, 0, 'Product deactivated: 1064', '', 0, 3, '2019-10-16 10:41:55', '2019-10-16 10:41:55'),
(2627, 1, 0, 'Product deactivated: 1065', '', 0, 3, '2019-10-16 10:41:59', '2019-10-16 10:41:59'),
(2628, 1, 0, 'Product deactivated: 1066', '', 0, 3, '2019-10-16 10:42:06', '2019-10-16 10:42:06'),
(2629, 1, 0, 'Product deactivated: 1067', '', 0, 3, '2019-10-16 10:42:09', '2019-10-16 10:42:09'),
(2630, 1, 0, 'Product deactivated: 1068', '', 0, 3, '2019-10-16 10:42:13', '2019-10-16 10:42:13'),
(2631, 1, 0, 'Product deactivated: 1069', '', 0, 3, '2019-10-16 10:42:18', '2019-10-16 10:42:18'),
(2632, 1, 0, 'Product deactivated: 1070', '', 0, 3, '2019-10-16 10:42:21', '2019-10-16 10:42:21'),
(2633, 1, 0, 'Product deactivated: 1071', '', 0, 3, '2019-10-16 10:42:24', '2019-10-16 10:42:24'),
(2634, 1, 0, 'Product deactivated: 1072', '', 0, 3, '2019-10-16 10:42:29', '2019-10-16 10:42:29'),
(2635, 1, 0, 'Product deactivated: 1073', '', 0, 3, '2019-10-16 10:42:31', '2019-10-16 10:42:31'),
(2636, 1, 0, 'Product deactivated: 1074', '', 0, 3, '2019-10-16 10:42:35', '2019-10-16 10:42:35'),
(2637, 1, 0, 'Product modification', 'Product', 1159, 3, '2019-10-16 10:43:05', '2019-10-16 10:43:05'),
(2638, 1, 0, 'Product deactivated: 1227', '', 0, 3, '2019-10-16 10:43:26', '2019-10-16 10:43:26'),
(2639, 1, 0, 'Product deactivated: 759', '', 0, 3, '2019-10-16 10:44:06', '2019-10-16 10:44:06'),
(2640, 1, 0, 'Product deactivated: 760', '', 0, 3, '2019-10-16 10:44:14', '2019-10-16 10:44:14'),
(2641, 1, 0, 'Product deactivated: 761', '', 0, 3, '2019-10-16 10:44:18', '2019-10-16 10:44:18'),
(2642, 1, 0, 'Product deactivated: 762', '', 0, 3, '2019-10-16 10:44:27', '2019-10-16 10:44:27'),
(2643, 1, 0, 'Product deactivated: 763', '', 0, 3, '2019-10-16 10:44:30', '2019-10-16 10:44:30'),
(2644, 1, 0, 'Product deactivated: 764', '', 0, 3, '2019-10-16 10:44:37', '2019-10-16 10:44:37'),
(2645, 1, 0, 'Product deactivated: 765', '', 0, 3, '2019-10-16 10:44:40', '2019-10-16 10:44:40'),
(2646, 1, 0, 'Product deactivated: 766', '', 0, 3, '2019-10-16 10:44:45', '2019-10-16 10:44:45'),
(2647, 1, 0, 'Product deactivated: 767', '', 0, 3, '2019-10-16 10:44:56', '2019-10-16 10:44:56'),
(2648, 1, 0, 'Product deactivated: 768', '', 0, 3, '2019-10-16 10:45:00', '2019-10-16 10:45:00'),
(2649, 1, 0, 'Product deactivated: 769', '', 0, 3, '2019-10-16 10:45:04', '2019-10-16 10:45:04'),
(2650, 1, 0, 'Product deactivated: 770', '', 0, 3, '2019-10-16 10:45:09', '2019-10-16 10:45:09'),
(2651, 1, 0, 'Product deactivated: 771', '', 0, 3, '2019-10-16 10:45:13', '2019-10-16 10:45:13'),
(2652, 1, 0, 'Product deactivated: 772', '', 0, 3, '2019-10-16 10:45:18', '2019-10-16 10:45:18'),
(2653, 1, 0, 'Product deactivated: 773', '', 0, 3, '2019-10-16 10:45:21', '2019-10-16 10:45:21'),
(2654, 1, 0, 'Product modification', 'Product', 1159, 3, '2019-10-16 10:45:46', '2019-10-16 10:45:46'),
(2655, 1, 0, 'Product modification', 'Product', 758, 3, '2019-10-16 10:46:33', '2019-10-16 10:46:33'),
(2656, 1, 0, 'Product modification', 'Product', 758, 3, '2019-10-16 10:47:01', '2019-10-16 10:47:01'),
(2657, 1, 0, 'modification Attribute', 'Attribute', 67, 3, '2019-10-16 10:47:35', '2019-10-16 10:47:35'),
(2658, 1, 0, 'Création : Attribute', 'Attribute', 97, 3, '2019-10-16 10:47:52', '2019-10-16 10:47:52'),
(2659, 1, 0, 'Création : Attribute', 'Attribute', 98, 3, '2019-10-16 10:48:05', '2019-10-16 10:48:05'),
(2660, 1, 0, 'Création : Attribute', 'Attribute', 99, 3, '2019-10-16 10:48:17', '2019-10-16 10:48:17'),
(2661, 1, 0, 'Création : Attribute', 'Attribute', 100, 3, '2019-10-16 10:48:25', '2019-10-16 10:48:25'),
(2662, 1, 0, 'Création : Attribute', 'Attribute', 101, 3, '2019-10-16 10:48:38', '2019-10-16 10:48:38'),
(2663, 1, 0, 'Création : Attribute', 'Attribute', 102, 3, '2019-10-16 10:49:06', '2019-10-16 10:49:06'),
(2664, 1, 0, 'Création : Attribute', 'Attribute', 103, 3, '2019-10-16 10:49:42', '2019-10-16 10:49:42'),
(2665, 1, 0, 'Product modification', 'Product', 758, 3, '2019-10-16 10:54:08', '2019-10-16 10:54:08'),
(2666, 1, 0, 'Product modification', 'Product', 758, 3, '2019-10-16 10:59:02', '2019-10-16 10:59:02'),
(2667, 1, 0, 'Product modification', 'Product', 758, 3, '2019-10-16 11:04:39', '2019-10-16 11:04:39'),
(2668, 1, 0, 'Product deactivated: 705', '', 0, 3, '2019-10-16 11:05:38', '2019-10-16 11:05:38'),
(2669, 1, 0, 'Product deactivated: 706', '', 0, 3, '2019-10-16 11:05:42', '2019-10-16 11:05:42'),
(2670, 1, 0, 'Product deactivated: 707', '', 0, 3, '2019-10-16 11:05:45', '2019-10-16 11:05:45'),
(2671, 1, 0, 'Product deactivated: 708', '', 0, 3, '2019-10-16 11:05:50', '2019-10-16 11:05:50'),
(2672, 1, 0, 'Product deactivated: 709', '', 0, 3, '2019-10-16 11:05:53', '2019-10-16 11:05:53'),
(2673, 1, 0, 'Product deactivated: 710', '', 0, 3, '2019-10-16 11:05:56', '2019-10-16 11:05:56'),
(2674, 1, 0, 'Product deactivated: 711', '', 0, 3, '2019-10-16 11:05:59', '2019-10-16 11:05:59'),
(2675, 1, 0, 'Product deactivated: 712', '', 0, 3, '2019-10-16 11:06:02', '2019-10-16 11:06:02'),
(2676, 1, 0, 'Product deactivated: 715', '', 0, 3, '2019-10-16 11:06:07', '2019-10-16 11:06:07'),
(2677, 1, 0, 'Product deactivated: 716', '', 0, 3, '2019-10-16 11:06:11', '2019-10-16 11:06:11'),
(2678, 1, 0, 'Product deactivated: 717', '', 0, 3, '2019-10-16 11:06:14', '2019-10-16 11:06:14'),
(2679, 1, 0, 'Product deactivated: 718', '', 0, 3, '2019-10-16 11:06:18', '2019-10-16 11:06:18'),
(2680, 1, 0, 'Product deactivated: 719', '', 0, 3, '2019-10-16 11:06:23', '2019-10-16 11:06:23'),
(2681, 1, 0, 'Product deactivated: 720', '', 0, 3, '2019-10-16 11:06:26', '2019-10-16 11:06:26'),
(2682, 1, 0, 'Product deactivated: 721', '', 0, 3, '2019-10-16 11:06:35', '2019-10-16 11:06:35'),
(2683, 1, 0, 'Product deactivated: 713', '', 0, 3, '2019-10-16 11:06:40', '2019-10-16 11:06:40'),
(2684, 1, 0, 'Product deactivated: 714', '', 0, 3, '2019-10-16 11:06:43', '2019-10-16 11:06:43'),
(2685, 1, 0, 'Product deactivated: 1358', '', 0, 3, '2019-10-16 11:07:55', '2019-10-16 11:07:55'),
(2686, 1, 0, 'Product deactivated: 1360', '', 0, 3, '2019-10-16 11:08:10', '2019-10-16 11:08:10'),
(2687, 1, 0, 'Product deactivated: 1359', '', 0, 3, '2019-10-16 11:08:17', '2019-10-16 11:08:17'),
(2688, 1, 0, 'Product deactivated: 1361', '', 0, 3, '2019-10-16 11:08:24', '2019-10-16 11:08:24'),
(2689, 1, 0, 'Product modification', 'Product', 1334, 3, '2019-10-16 11:13:00', '2019-10-16 11:13:00'),
(2690, 1, 0, 'Product deactivated: 933', '', 0, 3, '2019-10-16 11:13:08', '2019-10-16 11:13:08'),
(2691, 1, 0, 'Product deactivated: 939', '', 0, 3, '2019-10-16 11:13:15', '2019-10-16 11:13:15'),
(2692, 1, 0, 'Product deactivated: 934', '', 0, 3, '2019-10-16 11:13:18', '2019-10-16 11:13:18'),
(2693, 1, 0, 'Product deactivated: 935', '', 0, 3, '2019-10-16 11:13:22', '2019-10-16 11:13:22'),
(2694, 1, 0, 'Product deactivated: 936', '', 0, 3, '2019-10-16 11:13:26', '2019-10-16 11:13:26'),
(2695, 1, 0, 'Product deactivated: 937', '', 0, 3, '2019-10-16 11:13:30', '2019-10-16 11:13:30'),
(2696, 1, 0, 'Product deactivated: 940', '', 0, 3, '2019-10-16 11:13:34', '2019-10-16 11:13:34'),
(2697, 1, 0, 'Product deactivated: 941', '', 0, 3, '2019-10-16 11:13:57', '2019-10-16 11:13:57'),
(2698, 1, 0, 'Product deactivated: 938', '', 0, 3, '2019-10-16 11:14:01', '2019-10-16 11:14:01'),
(2699, 1, 0, 'Product deactivated: 782', '', 0, 3, '2019-10-16 11:14:15', '2019-10-16 11:14:15'),
(2700, 1, 0, 'Product deactivated: 783', '', 0, 3, '2019-10-16 11:14:21', '2019-10-16 11:14:21'),
(2701, 1, 0, 'Product deactivated: 784', '', 0, 3, '2019-10-16 11:14:25', '2019-10-16 11:14:25'),
(2702, 1, 0, 'Product deactivated: 786', '', 0, 3, '2019-10-16 11:14:29', '2019-10-16 11:14:29'),
(2703, 1, 0, 'Product deactivated: 785', '', 0, 3, '2019-10-16 11:14:32', '2019-10-16 11:14:32'),
(2704, 1, 0, 'Product deactivated: 788', '', 0, 3, '2019-10-16 11:14:35', '2019-10-16 11:14:35'),
(2705, 1, 0, 'Product deactivated: 787', '', 0, 3, '2019-10-16 11:14:39', '2019-10-16 11:14:39'),
(2706, 1, 0, 'Product deactivated: 781', '', 0, 3, '2019-10-16 11:14:42', '2019-10-16 11:14:42'),
(2707, 1, 0, 'Product modification', 'Product', 1372, 3, '2019-10-16 11:15:24', '2019-10-16 11:15:24'),
(2708, 1, 0, 'Product modification', 'Product', 929, 3, '2019-10-16 11:15:51', '2019-10-16 11:15:51'),
(2709, 1, 0, 'Product modification', 'Product', 899, 3, '2019-10-16 11:16:38', '2019-10-16 11:16:38'),
(2710, 1, 0, 'Product modification', 'Product', 774, 3, '2019-10-16 11:17:17', '2019-10-16 11:17:17'),
(2711, 1, 0, 'Product modification', 'Product', 1252, 3, '2019-10-16 11:38:34', '2019-10-16 11:38:34'),
(2712, 1, 0, 'Connexion au back-office depuis 83.156.202.149', '', 0, 1, '2019-10-16 13:12:23', '2019-10-16 13:12:23'),
(2713, 1, 0, 'Product deactivated: 1280', '', 0, 3, '2019-10-16 13:44:42', '2019-10-16 13:44:42'),
(2714, 1, 0, 'Product deactivated: 1275', '', 0, 3, '2019-10-16 13:44:47', '2019-10-16 13:44:47'),
(2715, 1, 0, 'Product deactivated: 1276', '', 0, 3, '2019-10-16 13:44:52', '2019-10-16 13:44:52'),
(2716, 1, 0, 'Product deactivated: 1277', '', 0, 3, '2019-10-16 13:44:58', '2019-10-16 13:44:58'),
(2717, 1, 0, 'Product deactivated: 1278', '', 0, 3, '2019-10-16 13:45:02', '2019-10-16 13:45:02'),
(2718, 1, 0, 'Product deactivated: 1279', '', 0, 3, '2019-10-16 13:45:05', '2019-10-16 13:45:05'),
(2719, 1, 0, 'Product modification', 'Product', 1281, 3, '2019-10-16 13:46:14', '2019-10-16 13:46:14'),
(2720, 1, 0, 'Product modification', 'Product', 1281, 3, '2019-10-16 13:49:04', '2019-10-16 13:49:04'),
(2721, 1, 0, 'Product modification', 'Product', 1281, 3, '2019-10-16 13:49:50', '2019-10-16 13:49:50'),
(2722, 1, 0, 'Product modification', 'Product', 1281, 3, '2019-10-16 13:52:55', '2019-10-16 13:52:55'),
(2723, 1, 0, 'Product deactivated: 1268', '', 0, 3, '2019-10-16 13:55:56', '2019-10-16 13:55:56'),
(2724, 1, 0, 'Product deactivated: 1269', '', 0, 3, '2019-10-16 13:56:03', '2019-10-16 13:56:03'),
(2725, 1, 0, 'Product deactivated: 1270', '', 0, 3, '2019-10-16 13:56:11', '2019-10-16 13:56:11'),
(2726, 1, 0, 'Product deactivated: 1271', '', 0, 3, '2019-10-16 13:56:15', '2019-10-16 13:56:15'),
(2727, 1, 0, 'Product deactivated: 1272', '', 0, 3, '2019-10-16 13:56:18', '2019-10-16 13:56:18'),
(2728, 1, 0, 'Product deactivated: 1273', '', 0, 3, '2019-10-16 13:56:25', '2019-10-16 13:56:25'),
(2729, 1, 0, 'Product deactivated: 1274', '', 0, 3, '2019-10-16 13:56:28', '2019-10-16 13:56:28'),
(2730, 1, 0, 'Product deactivated: 1256', '', 0, 3, '2019-10-16 13:56:30', '2019-10-16 13:56:30'),
(2731, 1, 0, 'Product deactivated: 1257', '', 0, 3, '2019-10-16 13:56:34', '2019-10-16 13:56:34'),
(2732, 1, 0, 'Product deactivated: 1258', '', 0, 3, '2019-10-16 13:56:38', '2019-10-16 13:56:38'),
(2733, 1, 0, 'Product deactivated: 1259', '', 0, 3, '2019-10-16 13:56:41', '2019-10-16 13:56:41'),
(2734, 1, 0, 'Product deactivated: 1260', '', 0, 3, '2019-10-16 13:56:44', '2019-10-16 13:56:44'),
(2735, 1, 0, 'Product deactivated: 1261', '', 0, 3, '2019-10-16 13:56:47', '2019-10-16 13:56:47'),
(2736, 1, 0, 'Product deactivated: 1262', '', 0, 3, '2019-10-16 13:56:50', '2019-10-16 13:56:50'),
(2737, 1, 0, 'Product deactivated: 1263', '', 0, 3, '2019-10-16 13:56:55', '2019-10-16 13:56:55'),
(2738, 1, 0, 'Product deactivated: 1264', '', 0, 3, '2019-10-16 13:56:58', '2019-10-16 13:56:58'),
(2739, 1, 0, 'Product deactivated: 1265', '', 0, 3, '2019-10-16 13:57:02', '2019-10-16 13:57:02'),
(2740, 1, 0, 'Product deactivated: 1266', '', 0, 3, '2019-10-16 13:57:05', '2019-10-16 13:57:05'),
(2741, 1, 0, 'Product modification', 'Product', 1267, 3, '2019-10-16 13:57:41', '2019-10-16 13:57:41'),
(2742, 1, 0, 'Product modification', 'Product', 1267, 3, '2019-10-16 13:59:34', '2019-10-16 13:59:34'),
(2743, 1, 0, 'Création : Attribute', 'Attribute', 104, 3, '2019-10-16 14:04:40', '2019-10-16 14:04:40'),
(2744, 1, 0, 'Création : Attribute', 'Attribute', 105, 3, '2019-10-16 14:04:55', '2019-10-16 14:04:55'),
(2745, 1, 0, 'Création : Attribute', 'Attribute', 106, 3, '2019-10-16 14:05:06', '2019-10-16 14:05:06'),
(2746, 1, 0, 'Création : Attribute', 'Attribute', 107, 3, '2019-10-16 14:05:17', '2019-10-16 14:05:17'),
(2747, 1, 0, 'Création : Attribute', 'Attribute', 108, 3, '2019-10-16 14:05:27', '2019-10-16 14:05:27'),
(2748, 1, 0, 'Création : Attribute', 'Attribute', 109, 3, '2019-10-16 14:05:54', '2019-10-16 14:05:54'),
(2749, 1, 0, 'Création : Attribute', 'Attribute', 110, 3, '2019-10-16 14:06:18', '2019-10-16 14:06:18'),
(2750, 1, 0, 'Création : Attribute', 'Attribute', 111, 3, '2019-10-16 14:06:30', '2019-10-16 14:06:30'),
(2751, 1, 0, 'Création : Attribute', 'Attribute', 112, 3, '2019-10-16 14:06:40', '2019-10-16 14:06:40'),
(2752, 1, 0, 'Product modification', 'Product', 1267, 3, '2019-10-16 14:10:32', '2019-10-16 14:10:32'),
(2753, 1, 0, 'Product modification', 'Product', 1267, 3, '2019-10-16 14:12:17', '2019-10-16 14:12:17'),
(2754, 1, 0, 'Product modification', 'Product', 1267, 3, '2019-10-16 15:25:05', '2019-10-16 15:25:05'),
(2755, 1, 0, 'Product modification', 'Product', 1267, 3, '2019-10-16 16:23:22', '2019-10-16 16:23:22'),
(2756, 1, 0, 'Product modification', 'Product', 1267, 3, '2019-10-16 16:31:55', '2019-10-16 16:31:55'),
(2757, 1, 0, 'Product modification', 'Product', 1267, 3, '2019-10-16 16:32:09', '2019-10-16 16:32:09'),
(2758, 1, 0, 'Product deactivated: 1237', '', 0, 3, '2019-10-16 17:05:02', '2019-10-16 17:05:02'),
(2759, 1, 0, 'Product deactivated: 1228', '', 0, 3, '2019-10-16 17:05:06', '2019-10-16 17:05:06'),
(2760, 1, 0, 'Product deactivated: 1229', '', 0, 3, '2019-10-16 17:05:12', '2019-10-16 17:05:12'),
(2761, 1, 0, 'Product deactivated: 1230', '', 0, 3, '2019-10-16 17:05:15', '2019-10-16 17:05:15'),
(2762, 1, 0, 'Product deactivated: 1231', '', 0, 3, '2019-10-16 17:05:18', '2019-10-16 17:05:18'),
(2763, 1, 0, 'Product deactivated: 1232', '', 0, 3, '2019-10-16 17:05:21', '2019-10-16 17:05:21'),
(2764, 1, 0, 'Product deactivated: 1233', '', 0, 3, '2019-10-16 17:05:27', '2019-10-16 17:05:27'),
(2765, 1, 0, 'Product deactivated: 1234', '', 0, 3, '2019-10-16 17:05:30', '2019-10-16 17:05:30'),
(2766, 1, 0, 'Product deactivated: 1235', '', 0, 3, '2019-10-16 17:05:35', '2019-10-16 17:05:35'),
(2767, 1, 0, 'Product deactivated: 1236', '', 0, 3, '2019-10-16 17:05:39', '2019-10-16 17:05:39'),
(2768, 1, 0, 'Product deactivated: 1240', '', 0, 3, '2019-10-16 17:05:42', '2019-10-16 17:05:42'),
(2769, 1, 0, 'Product deactivated: 1239', '', 0, 3, '2019-10-16 17:05:50', '2019-10-16 17:05:50'),
(2770, 1, 0, 'Product deactivated: 1241', '', 0, 3, '2019-10-16 17:05:55', '2019-10-16 17:05:55'),
(2771, 1, 0, 'Product deactivated: 1248', '', 0, 3, '2019-10-16 17:06:23', '2019-10-16 17:06:23'),
(2772, 1, 0, 'Product deactivated: 1249', '', 0, 3, '2019-10-16 17:06:27', '2019-10-16 17:06:27'),
(2773, 1, 0, 'Product deactivated: 1253', '', 0, 3, '2019-10-16 17:26:46', '2019-10-16 17:26:46'),
(2774, 1, 0, 'Product deactivated: 1252', '', 0, 3, '2019-10-16 17:26:49', '2019-10-16 17:26:49'),
(2775, 1, 0, 'Product deactivated: 1255', '', 0, 3, '2019-10-16 17:26:52', '2019-10-16 17:26:52'),
(2776, 1, 0, 'Product deactivated: 1254', '', 0, 3, '2019-10-16 17:26:58', '2019-10-16 17:26:58'),
(2777, 1, 0, 'Product deactivated: 1238', '', 0, 3, '2019-10-16 17:27:09', '2019-10-16 17:27:09'),
(2778, 1, 0, 'Product deactivated: 1243', '', 0, 3, '2019-10-16 17:27:14', '2019-10-16 17:27:14'),
(2779, 1, 0, 'Product deactivated: 1242', '', 0, 3, '2019-10-16 17:27:20', '2019-10-16 17:27:20'),
(2780, 1, 0, 'Product deactivated: 1244', '', 0, 3, '2019-10-16 17:27:25', '2019-10-16 17:27:25'),
(2781, 1, 0, 'Product deactivated: 1245', '', 0, 3, '2019-10-16 17:27:29', '2019-10-16 17:27:29'),
(2782, 1, 0, 'Product deactivated: 1246', '', 0, 3, '2019-10-16 17:27:37', '2019-10-16 17:27:37'),
(2783, 1, 0, 'Product deactivated: 1247', '', 0, 3, '2019-10-16 17:27:42', '2019-10-16 17:27:42'),
(2784, 1, 0, 'Product deactivated: 1250', '', 0, 3, '2019-10-16 17:27:45', '2019-10-16 17:27:45'),
(2785, 1, 0, 'Product modification', 'Product', 1251, 3, '2019-10-16 17:30:02', '2019-10-16 17:30:02'),
(2786, 1, 0, 'Product modification', 'Product', 1251, 3, '2019-10-16 17:36:26', '2019-10-16 17:36:26'),
(2787, 1, 0, 'Création : Attribute', 'Attribute', 113, 3, '2019-10-16 17:39:15', '2019-10-16 17:39:15'),
(2788, 1, 0, 'Création : Attribute', 'Attribute', 114, 3, '2019-10-16 17:39:24', '2019-10-16 17:39:24'),
(2789, 1, 0, 'modification Attribute', 'Attribute', 104, 3, '2019-10-16 17:41:06', '2019-10-16 17:41:06'),
(2790, 1, 0, 'modification Attribute', 'Attribute', 104, 3, '2019-10-16 17:41:47', '2019-10-16 17:41:47'),
(2791, 1, 0, 'modification Attribute', 'Attribute', 105, 3, '2019-10-16 17:42:19', '2019-10-16 17:42:19'),
(2792, 1, 0, 'Product modification', 'Product', 1251, 3, '2019-10-16 17:49:54', '2019-10-16 17:49:54'),
(2793, 1, 0, 'Product modification', 'Product', 1251, 3, '2019-10-16 17:50:28', '2019-10-16 17:50:28'),
(2794, 1, 0, 'Connexion au back-office depuis 176.141.187.100', '', 0, 3, '2019-10-17 09:32:33', '2019-10-17 09:32:33'),
(2795, 1, 0, 'Product modification', 'Product', 1251, 3, '2019-10-17 10:18:50', '2019-10-17 10:18:50'),
(2796, 1, 0, 'Product deactivated: 1142', '', 0, 3, '2019-10-17 10:43:48', '2019-10-17 10:43:48'),
(2797, 1, 0, 'Product deactivated: 1143', '', 0, 3, '2019-10-17 10:43:59', '2019-10-17 10:43:59'),
(2798, 1, 0, 'Product deactivated: 1145', '', 0, 3, '2019-10-17 10:44:13', '2019-10-17 10:44:13'),
(2799, 1, 0, 'Product deactivated: 1147', '', 0, 3, '2019-10-17 10:44:20', '2019-10-17 10:44:20'),
(2800, 1, 0, 'Product deactivated: 1148', '', 0, 3, '2019-10-17 10:44:28', '2019-10-17 10:44:28'),
(2801, 1, 0, 'Product deactivated: 1144', '', 0, 3, '2019-10-17 10:44:37', '2019-10-17 10:44:37'),
(2802, 1, 0, 'Product deactivated: 1146', '', 0, 3, '2019-10-17 10:44:44', '2019-10-17 10:44:44'),
(2803, 1, 0, 'Product deactivated: 1149', '', 0, 3, '2019-10-17 10:44:55', '2019-10-17 10:44:55'),
(2804, 1, 0, 'Product deactivated: 1150', '', 0, 3, '2019-10-17 10:45:02', '2019-10-17 10:45:02'),
(2805, 1, 0, 'Product deactivated: 1151', '', 0, 3, '2019-10-17 10:45:08', '2019-10-17 10:45:08'),
(2806, 1, 0, 'Product deactivated: 1152', '', 0, 3, '2019-10-17 10:45:13', '2019-10-17 10:45:13'),
(2807, 1, 0, 'Product deactivated: 1153', '', 0, 3, '2019-10-17 10:45:19', '2019-10-17 10:45:19'),
(2808, 1, 0, 'Product modification', 'Product', 1141, 3, '2019-10-17 10:47:22', '2019-10-17 10:47:22'),
(2809, 1, 0, 'Product modification', 'Product', 1141, 3, '2019-10-17 11:02:33', '2019-10-17 11:02:33'),
(2810, 1, 0, 'Connexion au back-office depuis 176.141.187.100', '', 0, 2, '2019-10-17 11:12:53', '2019-10-17 11:12:53'),
(2811, 1, 0, 'modification AttributeGroup', 'AttributeGroup', 4, 3, '2019-10-17 11:23:30', '2019-10-17 11:23:30'),
(2812, 1, 0, 'Création : AttributeGroup', 'AttributeGroup', 12, 3, '2019-10-17 11:24:56', '2019-10-17 11:24:56'),
(2813, 1, 0, 'Création : Attribute', 'Attribute', 115, 2, '2019-10-17 11:25:19', '2019-10-17 11:25:19'),
(2814, 1, 0, 'Création : AttributeGroup', 'AttributeGroup', 13, 3, '2019-10-17 11:25:29', '2019-10-17 11:25:29'),
(2815, 1, 0, 'Création : Attribute', 'Attribute', 116, 2, '2019-10-17 11:25:35', '2019-10-17 11:25:35'),
(2816, 1, 0, 'modification Attribute', 'Attribute', 115, 2, '2019-10-17 11:25:59', '2019-10-17 11:25:59'),
(2817, 1, 0, 'Création : AttributeGroup', 'AttributeGroup', 14, 3, '2019-10-17 11:26:01', '2019-10-17 11:26:01'),
(2818, 1, 0, 'modification Attribute', 'Attribute', 115, 2, '2019-10-17 11:26:09', '2019-10-17 11:26:09'),
(2819, 1, 0, 'modification AttributeGroup', 'AttributeGroup', 10, 2, '2019-10-17 11:26:31', '2019-10-17 11:26:31'),
(2820, 1, 0, 'modification AttributeGroup', 'AttributeGroup', 8, 2, '2019-10-17 11:26:45', '2019-10-17 11:26:45'),
(2821, 1, 0, 'Création : Attribute', 'Attribute', 117, 2, '2019-10-17 11:27:08', '2019-10-17 11:27:08'),
(2822, 1, 0, 'Création : Attribute', 'Attribute', 118, 2, '2019-10-17 11:27:44', '2019-10-17 11:27:44'),
(2823, 1, 0, 'Création : Attribute', 'Attribute', 119, 3, '2019-10-17 11:27:59', '2019-10-17 11:27:59'),
(2824, 1, 0, 'Création : Attribute', 'Attribute', 120, 3, '2019-10-17 11:28:31', '2019-10-17 11:28:31'),
(2825, 1, 0, 'Création : Attribute', 'Attribute', 121, 3, '2019-10-17 11:28:47', '2019-10-17 11:28:47'),
(2826, 1, 0, 'Product modification', 'Product', 344, 2, '2019-10-17 11:29:06', '2019-10-17 11:29:06'),
(2827, 1, 0, 'Création : Attribute', 'Attribute', 122, 3, '2019-10-17 11:29:27', '2019-10-17 11:29:27'),
(2828, 1, 0, 'Création : Attribute', 'Attribute', 123, 3, '2019-10-17 11:29:44', '2019-10-17 11:29:44'),
(2829, 1, 0, 'Création : Attribute', 'Attribute', 124, 3, '2019-10-17 11:29:58', '2019-10-17 11:29:58'),
(2830, 1, 0, 'Création : Attribute', 'Attribute', 125, 3, '2019-10-17 11:30:13', '2019-10-17 11:30:13'),
(2831, 1, 0, 'Création : Attribute', 'Attribute', 126, 3, '2019-10-17 11:30:26', '2019-10-17 11:30:26'),
(2832, 1, 0, 'Création : Attribute', 'Attribute', 127, 3, '2019-10-17 11:32:27', '2019-10-17 11:32:27'),
(2833, 1, 0, 'Création : Attribute', 'Attribute', 128, 3, '2019-10-17 11:32:34', '2019-10-17 11:32:34'),
(2834, 1, 0, 'Product modification', 'Product', 344, 2, '2019-10-17 11:32:39', '2019-10-17 11:32:39'),
(2835, 1, 0, 'Création : Attribute', 'Attribute', 129, 3, '2019-10-17 11:32:41', '2019-10-17 11:32:41'),
(2836, 1, 0, 'Création : Attribute', 'Attribute', 130, 3, '2019-10-17 11:32:49', '2019-10-17 11:32:49');
