INSERT INTO `ps_guest` (`id_guest`, `id_operating_system`, `id_web_browser`, `id_customer`, `javascript`, `screen_resolution_x`, `screen_resolution_y`, `screen_color`, `sun_java`, `adobe_flash`, `adobe_director`, `apple_quicktime`, `real_player`, `windows_media`, `accept_language`, `mobile_theme`) VALUES
(5707, 6, 3, 0, 0, 0, 0, 0, 0, 0, 0, 0, 0, 0, 'de-at', 0),
(5708, 0, 0, 0, 0, 0, 0, 0, 0, 0, 0, 0, 0, 0, 'fr', 0),
(5709, 6, 3, 0, 0, 0, 0, 0, 0, 0, 0, 0, 0, 0, 'de-at', 0),
(5710, 6, 3, 0, 0, 0, 0, 0, 0, 0, 0, 0, 0, 0, 'de-at', 0),
(5711, 6, 3, 0, 0, 0, 0, 0, 0, 0, 0, 0, 0, 0, 'de-at', 0),
(5712, 0, 0, 0, 0, 0, 0, 0, 0, 0, 0, 0, 0, 0, 'fr', 0),
(5713, 6, 3, 0, 0, 0, 0, 0, 0, 0, 0, 0, 0, 0, 'de-at', 0),
(5714, 6, 3, 0, 0, 0, 0, 0, 0, 0, 0, 0, 0, 0, 'de-at', 0),
(5715, 6, 3, 0, 0, 0, 0, 0, 0, 0, 0, 0, 0, 0, 'de-at', 0),
(5716, 6, 3, 0, 0, 0, 0, 0, 0, 0, 0, 0, 0, 0, 'de-at', 0),
(5717, 0, 0, 0, 0, 0, 0, 0, 0, 0, 0, 0, 0, 0, 'fr', 0),
(5718, 6, 3, 0, 0, 0, 0, 0, 0, 0, 0, 0, 0, 0, 'de-at', 0),
(5719, 6, 3, 0, 0, 0, 0, 0, 0, 0, 0, 0, 0, 0, 'de-at', 0),
(5720, 6, 3, 0, 0, 0, 0, 0, 0, 0, 0, 0, 0, 0, 'de-at', 0),
(5721, 6, 3, 0, 0, 0, 0, 0, 0, 0, 0, 0, 0, 0, 'de-at', 0),
(5722, 0, 0, 0, 0, 0, 0, 0, 0, 0, 0, 0, 0, 0, 'fr', 0),
(5723, 6, 3, 0, 0, 0, 0, 0, 0, 0, 0, 0, 0, 0, 'de-at', 0),
(5724, 6, 3, 0, 0, 0, 0, 0, 0, 0, 0, 0, 0, 0, 'de-at', 0),
(5725, 6, 3, 0, 0, 0, 0, 0, 0, 0, 0, 0, 0, 0, 'de-at', 0),
(5726, 6, 3, 0, 0, 0, 0, 0, 0, 0, 0, 0, 0, 0, 'de-at', 0),
(5727, 6, 3, 0, 0, 0, 0, 0, 0, 0, 0, 0, 0, 0, 'de-at', 0),
(5728, 0, 0, 0, 0, 0, 0, 0, 0, 0, 0, 0, 0, 0, 'fr', 0),
(5729, 6, 3, 0, 0, 0, 0, 0, 0, 0, 0, 0, 0, 0, 'de-at', 0),
(5730, 6, 3, 0, 0, 0, 0, 0, 0, 0, 0, 0, 0, 0, 'de-at', 0),
(5731, 6, 3, 0, 0, 0, 0, 0, 0, 0, 0, 0, 0, 0, 'de-at', 0),
(5732, 6, 3, 0, 0, 0, 0, 0, 0, 0, 0, 0, 0, 0, 'de-at', 0),
(5733, 6, 3, 0, 0, 0, 0, 0, 0, 0, 0, 0, 0, 0, 'de-at', 0),
(5734, 6, 3, 0, 0, 0, 0, 0, 0, 0, 0, 0, 0, 0, 'de-at', 0),
(5735, 6, 3, 0, 0, 0, 0, 0, 0, 0, 0, 0, 0, 0, 'de-at', 0),
(5736, 0, 0, 0, 0, 0, 0, 0, 0, 0, 0, 0, 0, 0, 'fr', 0),
(5737, 6, 3, 0, 0, 0, 0, 0, 0, 0, 0, 0, 0, 0, 'de-at', 0),
(5738, 6, 3, 0, 0, 0, 0, 0, 0, 0, 0, 0, 0, 0, 'de-at', 0),
(5739, 6, 3, 0, 0, 0, 0, 0, 0, 0, 0, 0, 0, 0, 'de-at', 0),
(5740, 6, 3, 0, 0, 0, 0, 0, 0, 0, 0, 0, 0, 0, 'de-at', 0),
(5741, 6, 3, 0, 0, 0, 0, 0, 0, 0, 0, 0, 0, 0, 'de-at', 0),
(5742, 0, 0, 0, 0, 0, 0, 0, 0, 0, 0, 0, 0, 0, '', 0),
(5743, 0, 0, 0, 0, 0, 0, 0, 0, 0, 0, 0, 0, 0, 'fr', 0),
(5744, 6, 3, 0, 0, 0, 0, 0, 0, 0, 0, 0, 0, 0, 'de-at', 0),
(5745, 6, 3, 0, 0, 0, 0, 0, 0, 0, 0, 0, 0, 0, 'de-at', 0),
(5746, 6, 3, 0, 0, 0, 0, 0, 0, 0, 0, 0, 0, 0, 'de-at', 0),
(5747, 6, 3, 0, 0, 0, 0, 0, 0, 0, 0, 0, 0, 0, 'de-at', 0),
(5748, 0, 0, 0, 0, 0, 0, 0, 0, 0, 0, 0, 0, 0, 'fr', 0),
(5749, 6, 3, 0, 0, 0, 0, 0, 0, 0, 0, 0, 0, 0, 'de-at', 0),
(5750, 6, 3, 0, 0, 0, 0, 0, 0, 0, 0, 0, 0, 0, 'de-at', 0),
(5751, 6, 3, 0, 0, 0, 0, 0, 0, 0, 0, 0, 0, 0, 'de-at', 0),
(5752, 0, 0, 0, 0, 0, 0, 0, 0, 0, 0, 0, 0, 0, '', 0),
(5753, 0, 0, 0, 0, 0, 0, 0, 0, 0, 0, 0, 0, 0, '', 0),
(5754, 0, 0, 0, 0, 0, 0, 0, 0, 0, 0, 0, 0, 0, '', 0),
(5755, 0, 0, 0, 0, 0, 0, 0, 0, 0, 0, 0, 0, 0, '', 0),
(5756, 6, 3, 0, 0, 0, 0, 0, 0, 0, 0, 0, 0, 0, 'de-at', 0),
(5757, 0, 0, 0, 0, 0, 0, 0, 0, 0, 0, 0, 0, 0, '', 0),
(5758, 0, 0, 0, 0, 0, 0, 0, 0, 0, 0, 0, 0, 0, '', 0),
(5759, 6, 3, 0, 0, 0, 0, 0, 0, 0, 0, 0, 0, 0, 'de-at', 0),
(5760, 0, 0, 0, 0, 0, 0, 0, 0, 0, 0, 0, 0, 0, '', 0),
(5761, 6, 3, 0, 0, 0, 0, 0, 0, 0, 0, 0, 0, 0, 'de-at', 0),
(5762, 6, 3, 0, 0, 0, 0, 0, 0, 0, 0, 0, 0, 0, 'de-at', 0),
(5763, 0, 0, 0, 0, 0, 0, 0, 0, 0, 0, 0, 0, 0, 'fr', 0),
(5764, 6, 3, 0, 0, 0, 0, 0, 0, 0, 0, 0, 0, 0, 'de-at', 0),
(5765, 6, 3, 0, 0, 0, 0, 0, 0, 0, 0, 0, 0, 0, 'de-at', 0),
(5766, 6, 3, 0, 0, 0, 0, 0, 0, 0, 0, 0, 0, 0, 'de-at', 0),
(5767, 6, 3, 0, 0, 0, 0, 0, 0, 0, 0, 0, 0, 0, 'de-at', 0),
(5768, 0, 0, 0, 0, 0, 0, 0, 0, 0, 0, 0, 0, 0, 'fr', 0),
(5769, 6, 3, 0, 0, 0, 0, 0, 0, 0, 0, 0, 0, 0, 'de-at', 0),
(5770, 6, 3, 0, 0, 0, 0, 0, 0, 0, 0, 0, 0, 0, 'de-at', 0),
(5771, 6, 3, 0, 0, 0, 0, 0, 0, 0, 0, 0, 0, 0, 'de-at', 0),
(5772, 6, 3, 0, 0, 0, 0, 0, 0, 0, 0, 0, 0, 0, 'de-at', 0),
(5773, 6, 3, 0, 0, 0, 0, 0, 0, 0, 0, 0, 0, 0, 'de-at', 0),
(5774, 6, 3, 0, 0, 0, 0, 0, 0, 0, 0, 0, 0, 0, 'de-at', 0),
(5775, 6, 3, 0, 0, 0, 0, 0, 0, 0, 0, 0, 0, 0, 'de-at', 0),
(5776, 0, 0, 0, 0, 0, 0, 0, 0, 0, 0, 0, 0, 0, 'fr', 0),
(5777, 6, 3, 0, 0, 0, 0, 0, 0, 0, 0, 0, 0, 0, 'de-at', 0),
(5778, 6, 3, 0, 0, 0, 0, 0, 0, 0, 0, 0, 0, 0, 'de-at', 0),
(5779, 6, 3, 0, 0, 0, 0, 0, 0, 0, 0, 0, 0, 0, 'de-at', 0),
(5780, 6, 3, 0, 0, 0, 0, 0, 0, 0, 0, 0, 0, 0, 'de-at', 0),
(5781, 0, 0, 0, 0, 0, 0, 0, 0, 0, 0, 0, 0, 0, 'fr', 0),
(5782, 6, 3, 0, 0, 0, 0, 0, 0, 0, 0, 0, 0, 0, 'de-at', 0),
(5783, 6, 3, 0, 0, 0, 0, 0, 0, 0, 0, 0, 0, 0, 'de-at', 0),
(5784, 6, 3, 0, 0, 0, 0, 0, 0, 0, 0, 0, 0, 0, 'de-at', 0),
(5785, 6, 3, 0, 0, 0, 0, 0, 0, 0, 0, 0, 0, 0, 'de-at', 0),
(5786, 6, 3, 0, 0, 0, 0, 0, 0, 0, 0, 0, 0, 0, 'de-at', 0),
(5787, 0, 0, 0, 0, 0, 0, 0, 0, 0, 0, 0, 0, 0, 'fr', 0),
(5788, 6, 3, 0, 0, 0, 0, 0, 0, 0, 0, 0, 0, 0, 'de-at', 0),
(5789, 6, 3, 0, 0, 0, 0, 0, 0, 0, 0, 0, 0, 0, 'de-at', 0),
(5790, 0, 0, 0, 0, 0, 0, 0, 0, 0, 0, 0, 0, 0, 'fr', 0),
(5791, 6, 3, 0, 0, 0, 0, 0, 0, 0, 0, 0, 0, 0, 'de-at', 0),
(5792, 0, 0, 0, 0, 0, 0, 0, 0, 0, 0, 0, 0, 0, '', 0),
(5793, 6, 3, 0, 0, 0, 0, 0, 0, 0, 0, 0, 0, 0, 'de-at', 0),
(5794, 6, 3, 0, 0, 0, 0, 0, 0, 0, 0, 0, 0, 0, 'de-at', 0),
(5795, 0, 0, 0, 0, 0, 0, 0, 0, 0, 0, 0, 0, 0, 'fr', 0),
(5796, 6, 3, 0, 0, 0, 0, 0, 0, 0, 0, 0, 0, 0, 'de-at', 0),
(5797, 6, 3, 0, 0, 0, 0, 0, 0, 0, 0, 0, 0, 0, 'de-at', 0),
(5798, 6, 3, 0, 0, 0, 0, 0, 0, 0, 0, 0, 0, 0, 'de-at', 0),
(5799, 6, 3, 0, 0, 0, 0, 0, 0, 0, 0, 0, 0, 0, 'de-at', 0),
(5800, 0, 0, 0, 0, 0, 0, 0, 0, 0, 0, 0, 0, 0, 'fr', 0),
(5801, 6, 3, 0, 0, 0, 0, 0, 0, 0, 0, 0, 0, 0, 'de-at', 0),
(5802, 6, 3, 0, 0, 0, 0, 0, 0, 0, 0, 0, 0, 0, 'de-at', 0),
(5803, 6, 3, 0, 0, 0, 0, 0, 0, 0, 0, 0, 0, 0, 'de-at', 0),
(5804, 6, 3, 0, 0, 0, 0, 0, 0, 0, 0, 0, 0, 0, 'de-at', 0),
(5805, 6, 3, 0, 0, 0, 0, 0, 0, 0, 0, 0, 0, 0, 'de-at', 0),
(5806, 8, 3, 0, 0, 0, 0, 0, 0, 0, 0, 0, 0, 0, '', 0),
(5807, 0, 0, 0, 0, 0, 0, 0, 0, 0, 0, 0, 0, 0, 'fr', 0),
(5808, 6, 3, 0, 0, 0, 0, 0, 0, 0, 0, 0, 0, 0, 'de-at', 0),
(5809, 6, 3, 0, 0, 0, 0, 0, 0, 0, 0, 0, 0, 0, 'de-at', 0),
(5810, 6, 3, 0, 0, 0, 0, 0, 0, 0, 0, 0, 0, 0, 'de-at', 0),
(5811, 6, 3, 0, 0, 0, 0, 0, 0, 0, 0, 0, 0, 0, 'de-at', 0),
(5812, 6, 3, 0, 0, 0, 0, 0, 0, 0, 0, 0, 0, 0, 'de-at', 0),
(5813, 0, 0, 0, 0, 0, 0, 0, 0, 0, 0, 0, 0, 0, 'fr', 0),
(5814, 6, 3, 0, 0, 0, 0, 0, 0, 0, 0, 0, 0, 0, 'de-at', 0),
(5815, 6, 3, 0, 0, 0, 0, 0, 0, 0, 0, 0, 0, 0, 'de-at', 0),
(5816, 6, 3, 0, 0, 0, 0, 0, 0, 0, 0, 0, 0, 0, 'de-at', 0),
(5817, 6, 3, 0, 0, 0, 0, 0, 0, 0, 0, 0, 0, 0, 'de-at', 0),
(5818, 0, 0, 0, 0, 0, 0, 0, 0, 0, 0, 0, 0, 0, '', 0),
(5819, 6, 3, 0, 0, 0, 0, 0, 0, 0, 0, 0, 0, 0, 'de-at', 0),
(5820, 0, 0, 0, 0, 0, 0, 0, 0, 0, 0, 0, 0, 0, 'fr', 0),
(5821, 6, 3, 0, 0, 0, 0, 0, 0, 0, 0, 0, 0, 0, 'de-at', 0),
(5822, 6, 3, 0, 0, 0, 0, 0, 0, 0, 0, 0, 0, 0, 'de-at', 0),
(5823, 6, 3, 0, 0, 0, 0, 0, 0, 0, 0, 0, 0, 0, 'de-at', 0),
(5824, 0, 0, 0, 0, 0, 0, 0, 0, 0, 0, 0, 0, 0, '', 0),
(5825, 0, 0, 0, 0, 0, 0, 0, 0, 0, 0, 0, 0, 0, '', 0),
(5826, 0, 0, 0, 0, 0, 0, 0, 0, 0, 0, 0, 0, 0, '', 0),
(5827, 0, 0, 0, 0, 0, 0, 0, 0, 0, 0, 0, 0, 0, '', 0),
(5828, 0, 0, 0, 0, 0, 0, 0, 0, 0, 0, 0, 0, 0, 'fr', 0),
(5829, 0, 0, 0, 0, 0, 0, 0, 0, 0, 0, 0, 0, 0, '', 0),
(5830, 0, 0, 0, 0, 0, 0, 0, 0, 0, 0, 0, 0, 0, '', 0),
(5831, 6, 3, 0, 0, 0, 0, 0, 0, 0, 0, 0, 0, 0, 'de-at', 0),
(5832, 0, 0, 0, 0, 0, 0, 0, 0, 0, 0, 0, 0, 0, '', 0),
(5833, 0, 0, 0, 0, 0, 0, 0, 0, 0, 0, 0, 0, 0, '', 0),
(5834, 0, 0, 0, 0, 0, 0, 0, 0, 0, 0, 0, 0, 0, '', 0),
(5835, 0, 0, 0, 0, 0, 0, 0, 0, 0, 0, 0, 0, 0, '', 0),
(5836, 6, 3, 0, 0, 0, 0, 0, 0, 0, 0, 0, 0, 0, 'de-at', 0),
(5837, 0, 0, 0, 0, 0, 0, 0, 0, 0, 0, 0, 0, 0, '', 0),
(5838, 6, 3, 0, 0, 0, 0, 0, 0, 0, 0, 0, 0, 0, 'de-at', 0),
(5839, 0, 0, 0, 0, 0, 0, 0, 0, 0, 0, 0, 0, 0, '', 0),
(5840, 6, 3, 0, 0, 0, 0, 0, 0, 0, 0, 0, 0, 0, 'de-at', 0),
(5841, 0, 0, 0, 0, 0, 0, 0, 0, 0, 0, 0, 0, 0, '', 0),
(5842, 0, 0, 0, 0, 0, 0, 0, 0, 0, 0, 0, 0, 0, '', 0),
(5843, 0, 0, 0, 0, 0, 0, 0, 0, 0, 0, 0, 0, 0, '', 0),
(5844, 0, 0, 0, 0, 0, 0, 0, 0, 0, 0, 0, 0, 0, 'fr', 0),
(5845, 6, 3, 0, 0, 0, 0, 0, 0, 0, 0, 0, 0, 0, 'de-at', 0),
(5846, 0, 0, 0, 0, 0, 0, 0, 0, 0, 0, 0, 0, 0, '', 0),
(5847, 0, 0, 0, 0, 0, 0, 0, 0, 0, 0, 0, 0, 0, 'fr', 0),
(5848, 0, 0, 0, 0, 0, 0, 0, 0, 0, 0, 0, 0, 0, '', 0),
(5849, 0, 0, 0, 0, 0, 0, 0, 0, 0, 0, 0, 0, 0, '', 0),
(5850, 0, 0, 0, 0, 0, 0, 0, 0, 0, 0, 0, 0, 0, '', 0),
(5851, 6, 3, 0, 0, 0, 0, 0, 0, 0, 0, 0, 0, 0, 'de-at', 0),
(5852, 0, 0, 0, 0, 0, 0, 0, 0, 0, 0, 0, 0, 0, 'fr', 0),
(5853, 0, 0, 0, 0, 0, 0, 0, 0, 0, 0, 0, 0, 0, 'fr', 0),
(5854, 0, 0, 0, 0, 0, 0, 0, 0, 0, 0, 0, 0, 0, 'fr', 0),
(5855, 0, 0, 0, 0, 0, 0, 0, 0, 0, 0, 0, 0, 0, 'en', 0),
(5856, 0, 0, 0, 0, 0, 0, 0, 0, 0, 0, 0, 0, 0, 'en', 0),
(5857, 0, 0, 0, 0, 0, 0, 0, 0, 0, 0, 0, 0, 0, 'fr', 0),
(5858, 0, 0, 0, 0, 0, 0, 0, 0, 0, 0, 0, 0, 0, 'fr', 0),
(5859, 0, 0, 0, 0, 0, 0, 0, 0, 0, 0, 0, 0, 0, 'fr', 0),
(5860, 0, 0, 0, 0, 0, 0, 0, 0, 0, 0, 0, 0, 0, 'fr', 0),
(5861, 0, 0, 0, 0, 0, 0, 0, 0, 0, 0, 0, 0, 0, 'fr', 0),
(5862, 0, 0, 0, 0, 0, 0, 0, 0, 0, 0, 0, 0, 0, 'fr', 0),
(5863, 0, 0, 0, 0, 0, 0, 0, 0, 0, 0, 0, 0, 0, 'fr', 0),
(5864, 0, 0, 0, 0, 0, 0, 0, 0, 0, 0, 0, 0, 0, '', 0),
(5865, 0, 0, 0, 0, 0, 0, 0, 0, 0, 0, 0, 0, 0, 'fr', 0),
(5866, 0, 0, 0, 0, 0, 0, 0, 0, 0, 0, 0, 0, 0, 'fr', 0),
(5867, 0, 0, 0, 0, 0, 0, 0, 0, 0, 0, 0, 0, 0, 'fr', 0),
(5868, 0, 0, 0, 0, 0, 0, 0, 0, 0, 0, 0, 0, 0, 'fr', 0),
(5869, 0, 0, 0, 0, 0, 0, 0, 0, 0, 0, 0, 0, 0, '', 0),
(5870, 0, 0, 0, 0, 0, 0, 0, 0, 0, 0, 0, 0, 0, 'fr', 0),
(5871, 0, 0, 0, 0, 0, 0, 0, 0, 0, 0, 0, 0, 0, '', 0),
(5872, 0, 0, 0, 0, 0, 0, 0, 0, 0, 0, 0, 0, 0, 'fr', 0),
(5873, 0, 0, 0, 0, 0, 0, 0, 0, 0, 0, 0, 0, 0, 'fr', 0),
(5874, 0, 0, 0, 0, 0, 0, 0, 0, 0, 0, 0, 0, 0, '', 0),
(5875, 0, 0, 0, 0, 0, 0, 0, 0, 0, 0, 0, 0, 0, '', 0),
(5876, 0, 0, 0, 0, 0, 0, 0, 0, 0, 0, 0, 0, 0, 'fr', 0),
(5877, 0, 0, 0, 0, 0, 0, 0, 0, 0, 0, 0, 0, 0, 'fr', 0),
(5878, 0, 0, 0, 0, 0, 0, 0, 0, 0, 0, 0, 0, 0, '', 0),
(5879, 0, 0, 0, 0, 0, 0, 0, 0, 0, 0, 0, 0, 0, 'fr', 0),
(5880, 0, 0, 0, 0, 0, 0, 0, 0, 0, 0, 0, 0, 0, 'fr', 0),
(5881, 0, 0, 0, 0, 0, 0, 0, 0, 0, 0, 0, 0, 0, 'fr', 0),
(5882, 0, 0, 0, 0, 0, 0, 0, 0, 0, 0, 0, 0, 0, '', 0),
(5883, 0, 0, 0, 0, 0, 0, 0, 0, 0, 0, 0, 0, 0, 'fr', 0),
(5884, 3, 3, 0, 0, 0, 0, 0, 0, 0, 0, 0, 0, 0, 'fr', 0),
(5885, 3, 3, 0, 0, 0, 0, 0, 0, 0, 0, 0, 0, 0, 'fr', 0),
(5886, 5, 11, 0, 0, 0, 0, 0, 0, 0, 0, 0, 0, 0, 'it', 0),
(5887, 0, 0, 0, 0, 0, 0, 0, 0, 0, 0, 0, 0, 0, 'fr', 0),
(5888, 3, 3, 0, 0, 0, 0, 0, 0, 0, 0, 0, 0, 0, 'fr', 0),
(5889, 3, 3, 0, 0, 0, 0, 0, 0, 0, 0, 0, 0, 0, 'fr', 0),
(5890, 3, 3, 0, 0, 0, 0, 0, 0, 0, 0, 0, 0, 0, 'fr', 0),
(5891, 3, 3, 0, 0, 0, 0, 0, 0, 0, 0, 0, 0, 0, 'fr', 0),
(5892, 3, 3, 0, 0, 0, 0, 0, 0, 0, 0, 0, 0, 0, 'fr', 0),
(5893, 3, 3, 0, 0, 0, 0, 0, 0, 0, 0, 0, 0, 0, 'fr', 0),
(5894, 0, 0, 0, 0, 0, 0, 0, 0, 0, 0, 0, 0, 0, 'fr', 0),
(5895, 3, 3, 0, 0, 0, 0, 0, 0, 0, 0, 0, 0, 0, 'fr', 0),
(5896, 0, 0, 0, 0, 0, 0, 0, 0, 0, 0, 0, 0, 0, 'fr', 0),
(5897, 0, 0, 0, 0, 0, 0, 0, 0, 0, 0, 0, 0, 0, 'fr', 0),
(5898, 0, 0, 0, 0, 0, 0, 0, 0, 0, 0, 0, 0, 0, 'fr', 0),
(5899, 0, 0, 0, 0, 0, 0, 0, 0, 0, 0, 0, 0, 0, '', 0),
(5900, 3, 3, 0, 0, 0, 0, 0, 0, 0, 0, 0, 0, 0, 'fr', 0),
(5901, 0, 0, 0, 0, 0, 0, 0, 0, 0, 0, 0, 0, 0, '', 0),
(5902, 3, 3, 0, 0, 0, 0, 0, 0, 0, 0, 0, 0, 0, 'fr', 0),
(5903, 3, 3, 0, 0, 0, 0, 0, 0, 0, 0, 0, 0, 0, 'fr', 0),
(5904, 3, 3, 0, 0, 0, 0, 0, 0, 0, 0, 0, 0, 0, 'fr', 0),
(5905, 3, 3, 0, 0, 0, 0, 0, 0, 0, 0, 0, 0, 0, 'fr', 0),
(5906, 3, 3, 0, 0, 0, 0, 0, 0, 0, 0, 0, 0, 0, 'fr', 0),
(5907, 3, 3, 0, 0, 0, 0, 0, 0, 0, 0, 0, 0, 0, 'fr', 0),
(5908, 3, 11, 0, 0, 0, 0, 0, 0, 0, 0, 0, 0, 0, '', 0),
(5909, 0, 0, 0, 0, 0, 0, 0, 0, 0, 0, 0, 0, 0, '', 0),
(5910, 0, 0, 0, 0, 0, 0, 0, 0, 0, 0, 0, 0, 0, '', 0),
(5911, 0, 0, 0, 0, 0, 0, 0, 0, 0, 0, 0, 0, 0, '', 0),
(5912, 0, 0, 0, 0, 0, 0, 0, 0, 0, 0, 0, 0, 0, '', 0),
(5913, 0, 0, 0, 0, 0, 0, 0, 0, 0, 0, 0, 0, 0, '', 0),
(5914, 8, 11, 0, 0, 0, 0, 0, 0, 0, 0, 0, 0, 0, '', 0),
(5915, 7, 11, 0, 0, 0, 0, 0, 0, 0, 0, 0, 0, 0, '', 0),
(5916, 0, 0, 0, 0, 0, 0, 0, 0, 0, 0, 0, 0, 0, '', 0),
(5917, 0, 0, 0, 0, 0, 0, 0, 0, 0, 0, 0, 0, 0, '', 0),
(5918, 0, 0, 0, 0, 0, 0, 0, 0, 0, 0, 0, 0, 0, '', 0),
(5919, 0, 0, 0, 0, 0, 0, 0, 0, 0, 0, 0, 0, 0, '', 0),
(5920, 0, 0, 0, 0, 0, 0, 0, 0, 0, 0, 0, 0, 0, '', 0),
(5921, 0, 0, 0, 0, 0, 0, 0, 0, 0, 0, 0, 0, 0, 'fr', 0),
(5922, 0, 0, 0, 0, 0, 0, 0, 0, 0, 0, 0, 0, 0, '', 0),
(5923, 0, 0, 0, 0, 0, 0, 0, 0, 0, 0, 0, 0, 0, '', 0),
(5924, 0, 0, 0, 0, 0, 0, 0, 0, 0, 0, 0, 0, 0, '', 0),
(5925, 0, 0, 0, 0, 0, 0, 0, 0, 0, 0, 0, 0, 0, '', 0),
(5926, 0, 0, 0, 0, 0, 0, 0, 0, 0, 0, 0, 0, 0, '', 0),
(5927, 0, 0, 0, 0, 0, 0, 0, 0, 0, 0, 0, 0, 0, '', 0),
(5928, 0, 0, 0, 0, 0, 0, 0, 0, 0, 0, 0, 0, 0, '', 0),
(5929, 0, 0, 0, 0, 0, 0, 0, 0, 0, 0, 0, 0, 0, '', 0),
(5930, 0, 0, 0, 0, 0, 0, 0, 0, 0, 0, 0, 0, 0, '', 0),
(5931, 0, 0, 0, 0, 0, 0, 0, 0, 0, 0, 0, 0, 0, '', 0),
(5932, 0, 0, 0, 0, 0, 0, 0, 0, 0, 0, 0, 0, 0, '', 0),
(5933, 0, 0, 0, 0, 0, 0, 0, 0, 0, 0, 0, 0, 0, '', 0),
(5934, 0, 0, 0, 0, 0, 0, 0, 0, 0, 0, 0, 0, 0, '', 0),
(5935, 7, 1, 0, 0, 0, 0, 0, 0, 0, 0, 0, 0, 0, '', 0),
(5936, 0, 0, 0, 0, 0, 0, 0, 0, 0, 0, 0, 0, 0, '', 0),
(5937, 0, 0, 0, 0, 0, 0, 0, 0, 0, 0, 0, 0, 0, '', 0),
(5938, 0, 0, 0, 0, 0, 0, 0, 0, 0, 0, 0, 0, 0, '', 0),
(5939, 0, 0, 0, 0, 0, 0, 0, 0, 0, 0, 0, 0, 0, '', 0),
(5940, 0, 0, 0, 0, 0, 0, 0, 0, 0, 0, 0, 0, 0, '', 0),
(5941, 0, 0, 0, 0, 0, 0, 0, 0, 0, 0, 0, 0, 0, '', 0),
(5942, 0, 0, 0, 0, 0, 0, 0, 0, 0, 0, 0, 0, 0, '', 0),
(5943, 0, 0, 0, 0, 0, 0, 0, 0, 0, 0, 0, 0, 0, '', 0),
(5944, 0, 0, 0, 0, 0, 0, 0, 0, 0, 0, 0, 0, 0, '', 0),
(5945, 0, 0, 0, 0, 0, 0, 0, 0, 0, 0, 0, 0, 0, '', 0),
(5946, 3, 3, 0, 0, 0, 0, 0, 0, 0, 0, 0, 0, 0, 'fr', 0),
(5947, 3, 3, 0, 0, 0, 0, 0, 0, 0, 0, 0, 0, 0, 'fr', 0),
(5948, 3, 3, 0, 0, 0, 0, 0, 0, 0, 0, 0, 0, 0, 'fr', 0),
(5949, 0, 0, 0, 0, 0, 0, 0, 0, 0, 0, 0, 0, 0, '', 0),
(5950, 0, 0, 0, 0, 0, 0, 0, 0, 0, 0, 0, 0, 0, '', 0),
(5951, 0, 0, 0, 0, 0, 0, 0, 0, 0, 0, 0, 0, 0, '', 0),
(5952, 0, 0, 0, 0, 0, 0, 0, 0, 0, 0, 0, 0, 0, '', 0),
(5953, 0, 0, 0, 0, 0, 0, 0, 0, 0, 0, 0, 0, 0, '', 0),
(5954, 0, 0, 0, 0, 0, 0, 0, 0, 0, 0, 0, 0, 0, '', 0),
(5955, 0, 0, 0, 0, 0, 0, 0, 0, 0, 0, 0, 0, 0, '', 0),
(5956, 0, 0, 0, 0, 0, 0, 0, 0, 0, 0, 0, 0, 0, '', 0),
(5957, 0, 0, 0, 0, 0, 0, 0, 0, 0, 0, 0, 0, 0, '', 0),
(5958, 0, 0, 0, 0, 0, 0, 0, 0, 0, 0, 0, 0, 0, '', 0),
(5959, 0, 0, 0, 0, 0, 0, 0, 0, 0, 0, 0, 0, 0, '', 0),
(5960, 0, 0, 0, 0, 0, 0, 0, 0, 0, 0, 0, 0, 0, '', 0),
(5961, 0, 0, 0, 0, 0, 0, 0, 0, 0, 0, 0, 0, 0, '', 0),
(5962, 0, 0, 0, 0, 0, 0, 0, 0, 0, 0, 0, 0, 0, '', 0),
(5963, 0, 0, 0, 0, 0, 0, 0, 0, 0, 0, 0, 0, 0, '', 0),
(5964, 0, 0, 0, 0, 0, 0, 0, 0, 0, 0, 0, 0, 0, '', 0),
(5965, 0, 0, 0, 0, 0, 0, 0, 0, 0, 0, 0, 0, 0, '', 0),
(5966, 0, 0, 0, 0, 0, 0, 0, 0, 0, 0, 0, 0, 0, '', 0),
(5967, 7, 1, 0, 0, 0, 0, 0, 0, 0, 0, 0, 0, 0, 'fr-fr', 0),
(5968, 9, 11, 0, 0, 0, 0, 0, 0, 0, 0, 0, 0, 0, '', 0),
(5969, 0, 0, 0, 0, 0, 0, 0, 0, 0, 0, 0, 0, 0, '', 0),
(5970, 0, 0, 0, 0, 0, 0, 0, 0, 0, 0, 0, 0, 0, '', 0),
(5971, 0, 0, 0, 0, 0, 0, 0, 0, 0, 0, 0, 0, 0, '', 0),
(5972, 0, 0, 0, 0, 0, 0, 0, 0, 0, 0, 0, 0, 0, 'fr', 0),
(5973, 0, 0, 0, 0, 0, 0, 0, 0, 0, 0, 0, 0, 0, 'fr', 0),
(5974, 0, 0, 0, 0, 0, 0, 0, 0, 0, 0, 0, 0, 0, '', 0),
(5975, 7, 1, 0, 0, 0, 0, 0, 0, 0, 0, 0, 0, 0, 'fr-fr', 0),
(5976, 0, 1, 0, 0, 0, 0, 0, 0, 0, 0, 0, 0, 0, 'fr-fr', 0),
(5977, 0, 1, 0, 0, 0, 0, 0, 0, 0, 0, 0, 0, 0, 'fr-fr', 0),
(5978, 0, 1, 0, 0, 0, 0, 0, 0, 0, 0, 0, 0, 0, 'fr-fr', 0),
(5979, 0, 1, 0, 0, 0, 0, 0, 0, 0, 0, 0, 0, 0, 'fr-fr', 0),
(5980, 0, 0, 0, 0, 0, 0, 0, 0, 0, 0, 0, 0, 0, '', 0),
(5981, 0, 0, 0, 0, 0, 0, 0, 0, 0, 0, 0, 0, 0, '', 0),
(5982, 0, 0, 0, 0, 0, 0, 0, 0, 0, 0, 0, 0, 0, '', 0),
(5983, 0, 0, 0, 0, 0, 0, 0, 0, 0, 0, 0, 0, 0, '', 0),
(5984, 0, 0, 0, 0, 0, 0, 0, 0, 0, 0, 0, 0, 0, '', 0),
(5985, 0, 0, 0, 0, 0, 0, 0, 0, 0, 0, 0, 0, 0, '', 0),
(5986, 0, 0, 0, 0, 0, 0, 0, 0, 0, 0, 0, 0, 0, '', 0),
(5987, 0, 0, 0, 0, 0, 0, 0, 0, 0, 0, 0, 0, 0, '', 0),
(5988, 0, 0, 0, 0, 0, 0, 0, 0, 0, 0, 0, 0, 0, '', 0),
(5989, 0, 0, 0, 0, 0, 0, 0, 0, 0, 0, 0, 0, 0, '', 0),
(5990, 6, 11, 0, 0, 0, 0, 0, 0, 0, 0, 0, 0, 0, 'fr', 0),
(5991, 0, 0, 0, 0, 0, 0, 0, 0, 0, 0, 0, 0, 0, '', 0),
(5992, 0, 0, 0, 0, 0, 0, 0, 0, 0, 0, 0, 0, 0, '', 0),
(5993, 0, 0, 0, 0, 0, 0, 0, 0, 0, 0, 0, 0, 0, '', 0),
(5994, 0, 0, 0, 0, 0, 0, 0, 0, 0, 0, 0, 0, 0, '', 0),
(5995, 0, 0, 0, 0, 0, 0, 0, 0, 0, 0, 0, 0, 0, '', 0),
(5996, 0, 0, 0, 0, 0, 0, 0, 0, 0, 0, 0, 0, 0, '', 0),
(5997, 0, 0, 0, 0, 0, 0, 0, 0, 0, 0, 0, 0, 0, '', 0),
(5998, 0, 0, 0, 0, 0, 0, 0, 0, 0, 0, 0, 0, 0, '', 0),
(5999, 0, 0, 0, 0, 0, 0, 0, 0, 0, 0, 0, 0, 0, '', 0),
(6000, 0, 0, 0, 0, 0, 0, 0, 0, 0, 0, 0, 0, 0, '', 0),
(6001, 0, 0, 0, 0, 0, 0, 0, 0, 0, 0, 0, 0, 0, '', 0),
(6002, 0, 0, 0, 0, 0, 0, 0, 0, 0, 0, 0, 0, 0, '', 0),
(6003, 0, 0, 0, 0, 0, 0, 0, 0, 0, 0, 0, 0, 0, '', 0),
(6004, 0, 0, 0, 0, 0, 0, 0, 0, 0, 0, 0, 0, 0, '', 0),
(6005, 0, 0, 0, 0, 0, 0, 0, 0, 0, 0, 0, 0, 0, '', 0),
(6006, 0, 0, 0, 0, 0, 0, 0, 0, 0, 0, 0, 0, 0, '', 0),
(6007, 0, 0, 0, 0, 0, 0, 0, 0, 0, 0, 0, 0, 0, '', 0),
(6008, 0, 0, 0, 0, 0, 0, 0, 0, 0, 0, 0, 0, 0, '', 0),
(6009, 0, 0, 0, 0, 0, 0, 0, 0, 0, 0, 0, 0, 0, '', 0),
(6010, 0, 0, 0, 0, 0, 0, 0, 0, 0, 0, 0, 0, 0, '', 0),
(6011, 0, 0, 0, 0, 0, 0, 0, 0, 0, 0, 0, 0, 0, '', 0),
(6012, 0, 0, 0, 0, 0, 0, 0, 0, 0, 0, 0, 0, 0, '', 0),
(6013, 7, 11, 0, 0, 0, 0, 0, 0, 0, 0, 0, 0, 0, '', 0),
(6014, 0, 0, 0, 0, 0, 0, 0, 0, 0, 0, 0, 0, 0, '', 0),
(6015, 0, 0, 0, 0, 0, 0, 0, 0, 0, 0, 0, 0, 0, '', 0),
(6016, 0, 0, 0, 0, 0, 0, 0, 0, 0, 0, 0, 0, 0, '', 0),
(6017, 9, 11, 0, 0, 0, 0, 0, 0, 0, 0, 0, 0, 0, '', 0),
(6018, 0, 0, 0, 0, 0, 0, 0, 0, 0, 0, 0, 0, 0, '', 0),
(6019, 0, 0, 0, 0, 0, 0, 0, 0, 0, 0, 0, 0, 0, '', 0),
(6020, 8, 11, 0, 0, 0, 0, 0, 0, 0, 0, 0, 0, 0, '', 0),
(6021, 3, 3, 0, 0, 0, 0, 0, 0, 0, 0, 0, 0, 0, 'fr', 0),
(6022, 7, 1, 0, 0, 0, 0, 0, 0, 0, 0, 0, 0, 0, '', 0),
(6023, 0, 0, 0, 0, 0, 0, 0, 0, 0, 0, 0, 0, 0, '', 0),
(6024, 0, 0, 0, 0, 0, 0, 0, 0, 0, 0, 0, 0, 0, '', 0),
(6025, 0, 0, 0, 0, 0, 0, 0, 0, 0, 0, 0, 0, 0, '', 0),
(6026, 0, 0, 0, 0, 0, 0, 0, 0, 0, 0, 0, 0, 0, '', 0),
(6027, 0, 0, 0, 0, 0, 0, 0, 0, 0, 0, 0, 0, 0, '', 0),
(6028, 0, 0, 0, 0, 0, 0, 0, 0, 0, 0, 0, 0, 0, '', 0),
(6029, 0, 0, 0, 0, 0, 0, 0, 0, 0, 0, 0, 0, 0, '', 0),
(6030, 0, 0, 0, 0, 0, 0, 0, 0, 0, 0, 0, 0, 0, '', 0),
(6031, 0, 0, 0, 0, 0, 0, 0, 0, 0, 0, 0, 0, 0, '', 0),
(6032, 0, 0, 0, 0, 0, 0, 0, 0, 0, 0, 0, 0, 0, '', 0),
(6033, 0, 0, 0, 0, 0, 0, 0, 0, 0, 0, 0, 0, 0, '', 0),
(6034, 0, 0, 0, 0, 0, 0, 0, 0, 0, 0, 0, 0, 0, '', 0),
(6035, 0, 0, 0, 0, 0, 0, 0, 0, 0, 0, 0, 0, 0, '', 0),
(6036, 0, 0, 0, 0, 0, 0, 0, 0, 0, 0, 0, 0, 0, '', 0),
(6037, 3, 11, 0, 0, 0, 0, 0, 0, 0, 0, 0, 0, 0, 'fr', 0),
(6038, 0, 0, 0, 0, 0, 0, 0, 0, 0, 0, 0, 0, 0, '', 0),
(6039, 0, 0, 0, 0, 0, 0, 0, 0, 0, 0, 0, 0, 0, '', 0),
(6040, 0, 0, 0, 0, 0, 0, 0, 0, 0, 0, 0, 0, 0, '', 0),
(6041, 0, 0, 0, 0, 0, 0, 0, 0, 0, 0, 0, 0, 0, '', 0),
(6042, 0, 0, 0, 0, 0, 0, 0, 0, 0, 0, 0, 0, 0, '', 0),
(6043, 9, 11, 0, 0, 0, 0, 0, 0, 0, 0, 0, 0, 0, '', 0),
(6044, 6, 11, 0, 0, 0, 0, 0, 0, 0, 0, 0, 0, 0, 'fr', 0),
(6045, 0, 0, 0, 0, 0, 0, 0, 0, 0, 0, 0, 0, 0, '', 0),
(6046, 9, 11, 0, 0, 0, 0, 0, 0, 0, 0, 0, 0, 0, '', 0),
(6047, 0, 0, 0, 0, 0, 0, 0, 0, 0, 0, 0, 0, 0, '', 0),
(6048, 0, 0, 0, 0, 0, 0, 0, 0, 0, 0, 0, 0, 0, '', 0),
(6049, 0, 0, 0, 0, 0, 0, 0, 0, 0, 0, 0, 0, 0, '', 0),
(6050, 0, 0, 0, 0, 0, 0, 0, 0, 0, 0, 0, 0, 0, '', 0),
(6051, 0, 0, 0, 0, 0, 0, 0, 0, 0, 0, 0, 0, 0, '', 0),
(6052, 0, 0, 0, 0, 0, 0, 0, 0, 0, 0, 0, 0, 0, '', 0),
(6053, 6, 11, 0, 0, 0, 0, 0, 0, 0, 0, 0, 0, 0, '', 0),
(6054, 7, 11, 0, 0, 0, 0, 0, 0, 0, 0, 0, 0, 0, '', 0),
(6055, 7, 11, 0, 0, 0, 0, 0, 0, 0, 0, 0, 0, 0, '', 0),
(6056, 0, 0, 0, 0, 0, 0, 0, 0, 0, 0, 0, 0, 0, '', 0),
(6057, 0, 0, 0, 0, 0, 0, 0, 0, 0, 0, 0, 0, 0, 'fr', 0),
(6058, 0, 0, 0, 0, 0, 0, 0, 0, 0, 0, 0, 0, 0, '', 0),
(6059, 0, 0, 0, 0, 0, 0, 0, 0, 0, 0, 0, 0, 0, 'fr', 0),
(6060, 0, 0, 0, 0, 0, 0, 0, 0, 0, 0, 0, 0, 0, 'fr', 0),
(6061, 0, 0, 0, 0, 0, 0, 0, 0, 0, 0, 0, 0, 0, 'fr', 0),
(6062, 0, 0, 0, 0, 0, 0, 0, 0, 0, 0, 0, 0, 0, 'fr', 0),
(6063, 0, 0, 0, 0, 0, 0, 0, 0, 0, 0, 0, 0, 0, 'fr', 0),
(6064, 0, 0, 0, 0, 0, 0, 0, 0, 0, 0, 0, 0, 0, 'fr', 0),
(6065, 0, 0, 0, 0, 0, 0, 0, 0, 0, 0, 0, 0, 0, '', 0),
(6066, 0, 0, 0, 0, 0, 0, 0, 0, 0, 0, 0, 0, 0, '', 0),
(6067, 0, 0, 0, 0, 0, 0, 0, 0, 0, 0, 0, 0, 0, 'fr', 0),
(6068, 0, 0, 0, 0, 0, 0, 0, 0, 0, 0, 0, 0, 0, 'fr', 0),
(6069, 0, 0, 0, 0, 0, 0, 0, 0, 0, 0, 0, 0, 0, 'fr', 0),
(6070, 0, 0, 0, 0, 0, 0, 0, 0, 0, 0, 0, 0, 0, 'fr', 0),
(6071, 0, 0, 0, 0, 0, 0, 0, 0, 0, 0, 0, 0, 0, 'fr', 0),
(6072, 0, 0, 0, 0, 0, 0, 0, 0, 0, 0, 0, 0, 0, 'fr', 0),
(6073, 0, 0, 0, 0, 0, 0, 0, 0, 0, 0, 0, 0, 0, 'fr', 0),
(6074, 0, 0, 0, 0, 0, 0, 0, 0, 0, 0, 0, 0, 0, 'fr', 0),
(6075, 0, 0, 0, 0, 0, 0, 0, 0, 0, 0, 0, 0, 0, 'fr', 0),
(6076, 0, 0, 0, 0, 0, 0, 0, 0, 0, 0, 0, 0, 0, 'fr', 0),
(6077, 0, 0, 0, 0, 0, 0, 0, 0, 0, 0, 0, 0, 0, 'fr', 0),
(6078, 0, 0, 0, 0, 0, 0, 0, 0, 0, 0, 0, 0, 0, 'fr', 0),
(6079, 0, 0, 0, 0, 0, 0, 0, 0, 0, 0, 0, 0, 0, '', 0),
(6080, 0, 0, 0, 0, 0, 0, 0, 0, 0, 0, 0, 0, 0, 'fr', 0),
(6081, 0, 0, 0, 0, 0, 0, 0, 0, 0, 0, 0, 0, 0, 'fr', 0),
(6082, 0, 0, 0, 0, 0, 0, 0, 0, 0, 0, 0, 0, 0, 'fr', 0),
(6083, 0, 0, 0, 0, 0, 0, 0, 0, 0, 0, 0, 0, 0, 'fr', 0),
(6084, 0, 0, 0, 0, 0, 0, 0, 0, 0, 0, 0, 0, 0, 'fr', 0),
(6085, 0, 0, 0, 0, 0, 0, 0, 0, 0, 0, 0, 0, 0, 'fr', 0),
(6086, 0, 0, 0, 0, 0, 0, 0, 0, 0, 0, 0, 0, 0, 'fr', 0),
(6087, 0, 0, 0, 0, 0, 0, 0, 0, 0, 0, 0, 0, 0, 'fr', 0),
(6088, 0, 0, 0, 0, 0, 0, 0, 0, 0, 0, 0, 0, 0, 'fr', 0),
(6089, 0, 0, 0, 0, 0, 0, 0, 0, 0, 0, 0, 0, 0, 'fr', 0),
(6090, 0, 0, 0, 0, 0, 0, 0, 0, 0, 0, 0, 0, 0, 'fr', 0),
(6091, 0, 0, 0, 0, 0, 0, 0, 0, 0, 0, 0, 0, 0, 'fr', 0),
(6092, 0, 0, 0, 0, 0, 0, 0, 0, 0, 0, 0, 0, 0, 'fr', 0),
(6093, 0, 0, 0, 0, 0, 0, 0, 0, 0, 0, 0, 0, 0, 'fr', 0),
(6094, 0, 0, 0, 0, 0, 0, 0, 0, 0, 0, 0, 0, 0, 'fr', 0),
(6095, 0, 0, 0, 0, 0, 0, 0, 0, 0, 0, 0, 0, 0, 'fr', 0),
(6096, 0, 0, 0, 0, 0, 0, 0, 0, 0, 0, 0, 0, 0, 'fr', 0),
(6097, 0, 0, 0, 0, 0, 0, 0, 0, 0, 0, 0, 0, 0, 'fr', 0),
(6098, 0, 0, 0, 0, 0, 0, 0, 0, 0, 0, 0, 0, 0, 'fr', 0),
(6099, 0, 0, 0, 0, 0, 0, 0, 0, 0, 0, 0, 0, 0, 'fr', 0),
(6100, 0, 0, 0, 0, 0, 0, 0, 0, 0, 0, 0, 0, 0, 'fr', 0),
(6101, 0, 0, 0, 0, 0, 0, 0, 0, 0, 0, 0, 0, 0, 'fr', 0),
(6102, 0, 0, 0, 0, 0, 0, 0, 0, 0, 0, 0, 0, 0, 'fr', 0),
(6103, 0, 0, 0, 0, 0, 0, 0, 0, 0, 0, 0, 0, 0, 'fr', 0),
(6104, 0, 0, 0, 0, 0, 0, 0, 0, 0, 0, 0, 0, 0, 'fr', 0),
(6105, 0, 0, 0, 0, 0, 0, 0, 0, 0, 0, 0, 0, 0, '', 0),
(6106, 0, 0, 0, 0, 0, 0, 0, 0, 0, 0, 0, 0, 0, '', 0),
(6107, 0, 0, 0, 0, 0, 0, 0, 0, 0, 0, 0, 0, 0, 'fr', 0),
(6108, 0, 0, 0, 0, 0, 0, 0, 0, 0, 0, 0, 0, 0, 'fr', 0),
(6109, 0, 0, 0, 0, 0, 0, 0, 0, 0, 0, 0, 0, 0, 'fr', 0),
(6110, 0, 0, 0, 0, 0, 0, 0, 0, 0, 0, 0, 0, 0, 'fr', 0),
(6111, 0, 0, 0, 0, 0, 0, 0, 0, 0, 0, 0, 0, 0, 'fr', 0),
(6112, 0, 0, 0, 0, 0, 0, 0, 0, 0, 0, 0, 0, 0, 'fr', 0),
(6113, 0, 0, 0, 0, 0, 0, 0, 0, 0, 0, 0, 0, 0, 'fr', 0),
(6114, 0, 0, 0, 0, 0, 0, 0, 0, 0, 0, 0, 0, 0, 'fr', 0),
(6115, 0, 0, 0, 0, 0, 0, 0, 0, 0, 0, 0, 0, 0, 'fr', 0),
(6116, 0, 0, 0, 0, 0, 0, 0, 0, 0, 0, 0, 0, 0, 'fr', 0),
(6117, 0, 0, 0, 0, 0, 0, 0, 0, 0, 0, 0, 0, 0, 'fr', 0),
(6118, 0, 0, 0, 0, 0, 0, 0, 0, 0, 0, 0, 0, 0, 'fr', 0),
(6119, 0, 0, 0, 0, 0, 0, 0, 0, 0, 0, 0, 0, 0, 'fr', 0),
(6120, 7, 1, 0, 0, 0, 0, 0, 0, 0, 0, 0, 0, 0, '', 0),
(6121, 0, 0, 0, 0, 0, 0, 0, 0, 0, 0, 0, 0, 0, 'fr', 0),
(6122, 0, 0, 0, 0, 0, 0, 0, 0, 0, 0, 0, 0, 0, 'fr', 0),
(6123, 0, 0, 0, 0, 0, 0, 0, 0, 0, 0, 0, 0, 0, 'fr', 0),
(6124, 0, 0, 0, 0, 0, 0, 0, 0, 0, 0, 0, 0, 0, '', 0),
(6125, 0, 0, 0, 0, 0, 0, 0, 0, 0, 0, 0, 0, 0, 'fr', 0),
(6126, 0, 0, 0, 0, 0, 0, 0, 0, 0, 0, 0, 0, 0, 'fr', 0),
(6127, 0, 0, 0, 0, 0, 0, 0, 0, 0, 0, 0, 0, 0, 'fr', 0),
(6128, 0, 0, 0, 0, 0, 0, 0, 0, 0, 0, 0, 0, 0, 'fr', 0),
(6129, 0, 0, 0, 0, 0, 0, 0, 0, 0, 0, 0, 0, 0, 'fr', 0),
(6130, 0, 0, 0, 0, 0, 0, 0, 0, 0, 0, 0, 0, 0, 'fr', 0),
(6131, 0, 0, 0, 0, 0, 0, 0, 0, 0, 0, 0, 0, 0, 'fr', 0),
(6132, 0, 0, 0, 0, 0, 0, 0, 0, 0, 0, 0, 0, 0, 'fr', 0),
(6133, 0, 0, 0, 0, 0, 0, 0, 0, 0, 0, 0, 0, 0, 'fr', 0),
(6134, 0, 0, 0, 0, 0, 0, 0, 0, 0, 0, 0, 0, 0, 'fr', 0),
(6135, 0, 0, 0, 0, 0, 0, 0, 0, 0, 0, 0, 0, 0, 'fr', 0),
(6136, 0, 0, 0, 0, 0, 0, 0, 0, 0, 0, 0, 0, 0, '', 0),
(6137, 0, 0, 0, 0, 0, 0, 0, 0, 0, 0, 0, 0, 0, 'fr', 0),
(6138, 6, 10, 0, 0, 0, 0, 0, 0, 0, 0, 0, 0, 0, 'fr', 0),
(6139, 6, 10, 0, 0, 0, 0, 0, 0, 0, 0, 0, 0, 0, 'fr', 0),
(6140, 0, 0, 0, 0, 0, 0, 0, 0, 0, 0, 0, 0, 0, '', 0),
(6141, 0, 0, 0, 0, 0, 0, 0, 0, 0, 0, 0, 0, 0, '', 0),
(6142, 0, 0, 0, 0, 0, 0, 0, 0, 0, 0, 0, 0, 0, '', 0),
(6143, 0, 0, 0, 0, 0, 0, 0, 0, 0, 0, 0, 0, 0, '', 0),
(6144, 0, 0, 0, 0, 0, 0, 0, 0, 0, 0, 0, 0, 0, '', 0),
(6145, 0, 0, 0, 0, 0, 0, 0, 0, 0, 0, 0, 0, 0, '', 0),
(6146, 7, 1, 0, 0, 0, 0, 0, 0, 0, 0, 0, 0, 0, 'fr-fr', 0),
(6147, 0, 1, 0, 0, 0, 0, 0, 0, 0, 0, 0, 0, 0, 'fr-fr', 0),
(6148, 0, 1, 0, 0, 0, 0, 0, 0, 0, 0, 0, 0, 0, 'fr-fr', 0),
(6149, 0, 1, 0, 0, 0, 0, 0, 0, 0, 0, 0, 0, 0, 'fr-fr', 0),
(6150, 0, 1, 0, 0, 0, 0, 0, 0, 0, 0, 0, 0, 0, 'fr-fr', 0),
(6151, 3, 3, 0, 0, 0, 0, 0, 0, 0, 0, 0, 0, 0, 'fr', 0),
(6152, 3, 3, 0, 0, 0, 0, 0, 0, 0, 0, 0, 0, 0, 'fr', 0),
(6153, 3, 3, 0, 0, 0, 0, 0, 0, 0, 0, 0, 0, 0, 'fr', 0),
(6154, 3, 3, 0, 0, 0, 0, 0, 0, 0, 0, 0, 0, 0, 'fr', 0),
(6155, 3, 3, 0, 0, 0, 0, 0, 0, 0, 0, 0, 0, 0, 'fr', 0),
(6156, 3, 3, 0, 0, 0, 0, 0, 0, 0, 0, 0, 0, 0, 'fr', 0),
(6157, 3, 3, 0, 0, 0, 0, 0, 0, 0, 0, 0, 0, 0, 'fr', 0),
(6158, 3, 3, 0, 0, 0, 0, 0, 0, 0, 0, 0, 0, 0, 'fr', 0),
(6159, 3, 3, 0, 0, 0, 0, 0, 0, 0, 0, 0, 0, 0, 'fr', 0),
(6160, 3, 3, 0, 0, 0, 0, 0, 0, 0, 0, 0, 0, 0, 'fr', 0),
(6161, 3, 3, 0, 0, 0, 0, 0, 0, 0, 0, 0, 0, 0, 'fr', 0),
(6162, 3, 3, 0, 0, 0, 0, 0, 0, 0, 0, 0, 0, 0, 'fr', 0),
(6163, 3, 3, 0, 0, 0, 0, 0, 0, 0, 0, 0, 0, 0, 'fr', 0),
(6164, 3, 3, 0, 0, 0, 0, 0, 0, 0, 0, 0, 0, 0, 'fr', 0),
(6165, 6, 3, 0, 0, 0, 0, 0, 0, 0, 0, 0, 0, 0, 'fr', 0),
(6166, 0, 0, 0, 0, 0, 0, 0, 0, 0, 0, 0, 0, 0, '', 0),
(6167, 0, 0, 0, 0, 0, 0, 0, 0, 0, 0, 0, 0, 0, '', 0),
(6168, 0, 0, 0, 0, 0, 0, 0, 0, 0, 0, 0, 0, 0, '', 0),
(6169, 0, 0, 0, 0, 0, 0, 0, 0, 0, 0, 0, 0, 0, '', 0),
(6170, 0, 0, 0, 0, 0, 0, 0, 0, 0, 0, 0, 0, 0, '', 0),
(6171, 0, 0, 0, 0, 0, 0, 0, 0, 0, 0, 0, 0, 0, '', 0),
(6172, 0, 0, 0, 0, 0, 0, 0, 0, 0, 0, 0, 0, 0, '', 0),
(6173, 0, 0, 0, 0, 0, 0, 0, 0, 0, 0, 0, 0, 0, '', 0),
(6174, 0, 0, 0, 0, 0, 0, 0, 0, 0, 0, 0, 0, 0, '', 0),
(6175, 0, 0, 0, 0, 0, 0, 0, 0, 0, 0, 0, 0, 0, '', 0),
(6176, 0, 0, 0, 0, 0, 0, 0, 0, 0, 0, 0, 0, 0, '', 0),
(6177, 0, 0, 0, 0, 0, 0, 0, 0, 0, 0, 0, 0, 0, '', 0),
(6178, 3, 11, 0, 0, 0, 0, 0, 0, 0, 0, 0, 0, 0, '', 0),
(6179, 0, 0, 0, 0, 0, 0, 0, 0, 0, 0, 0, 0, 0, '', 0),
(6180, 0, 0, 0, 0, 0, 0, 0, 0, 0, 0, 0, 0, 0, '', 0),
(6181, 0, 0, 0, 0, 0, 0, 0, 0, 0, 0, 0, 0, 0, '', 0),
(6182, 0, 0, 0, 0, 0, 0, 0, 0, 0, 0, 0, 0, 0, '', 0),
(6183, 0, 0, 0, 0, 0, 0, 0, 0, 0, 0, 0, 0, 0, '', 0),
(6184, 0, 0, 0, 0, 0, 0, 0, 0, 0, 0, 0, 0, 0, '', 0),
(6185, 0, 0, 0, 0, 0, 0, 0, 0, 0, 0, 0, 0, 0, '', 0),
(6186, 7, 1, 0, 0, 0, 0, 0, 0, 0, 0, 0, 0, 0, '', 0),
(6187, 0, 0, 0, 0, 0, 0, 0, 0, 0, 0, 0, 0, 0, '', 0),
(6188, 0, 0, 0, 0, 0, 0, 0, 0, 0, 0, 0, 0, 0, '', 0),
(6189, 0, 0, 0, 0, 0, 0, 0, 0, 0, 0, 0, 0, 0, '', 0),
(6190, 0, 0, 0, 0, 0, 0, 0, 0, 0, 0, 0, 0, 0, '', 0),
(6191, 0, 0, 0, 0, 0, 0, 0, 0, 0, 0, 0, 0, 0, '', 0),
(6192, 0, 0, 0, 0, 0, 0, 0, 0, 0, 0, 0, 0, 0, '', 0),
(6193, 0, 0, 0, 0, 0, 0, 0, 0, 0, 0, 0, 0, 0, '', 0),
(6194, 0, 0, 0, 0, 0, 0, 0, 0, 0, 0, 0, 0, 0, '', 0),
(6195, 0, 0, 0, 0, 0, 0, 0, 0, 0, 0, 0, 0, 0, '', 0),
(6196, 0, 0, 0, 0, 0, 0, 0, 0, 0, 0, 0, 0, 0, '', 0),
(6197, 0, 0, 0, 0, 0, 0, 0, 0, 0, 0, 0, 0, 0, '', 0),
(6198, 0, 0, 0, 0, 0, 0, 0, 0, 0, 0, 0, 0, 0, '', 0),
(6199, 0, 0, 0, 0, 0, 0, 0, 0, 0, 0, 0, 0, 0, '', 0),
(6200, 0, 0, 0, 0, 0, 0, 0, 0, 0, 0, 0, 0, 0, '', 0),
(6201, 0, 0, 0, 0, 0, 0, 0, 0, 0, 0, 0, 0, 0, '', 0),
(6202, 0, 0, 0, 0, 0, 0, 0, 0, 0, 0, 0, 0, 0, '', 0),
(6203, 0, 0, 0, 0, 0, 0, 0, 0, 0, 0, 0, 0, 0, '', 0),
(6204, 0, 0, 0, 0, 0, 0, 0, 0, 0, 0, 0, 0, 0, '', 0),
(6205, 0, 0, 0, 0, 0, 0, 0, 0, 0, 0, 0, 0, 0, '', 0),
(6206, 0, 0, 0, 0, 0, 0, 0, 0, 0, 0, 0, 0, 0, '', 0),
(6207, 0, 0, 0, 0, 0, 0, 0, 0, 0, 0, 0, 0, 0, '', 0),
(6208, 9, 11, 0, 0, 0, 0, 0, 0, 0, 0, 0, 0, 0, '', 0),
(6209, 0, 0, 0, 0, 0, 0, 0, 0, 0, 0, 0, 0, 0, '', 0),
(6210, 0, 0, 0, 0, 0, 0, 0, 0, 0, 0, 0, 0, 0, '', 0),
(6211, 0, 0, 0, 0, 0, 0, 0, 0, 0, 0, 0, 0, 0, '', 0),
(6212, 0, 0, 0, 0, 0, 0, 0, 0, 0, 0, 0, 0, 0, '', 0),
(6213, 0, 0, 0, 0, 0, 0, 0, 0, 0, 0, 0, 0, 0, '', 0),
(6214, 0, 0, 0, 0, 0, 0, 0, 0, 0, 0, 0, 0, 0, '', 0),
(6215, 0, 0, 0, 0, 0, 0, 0, 0, 0, 0, 0, 0, 0, '', 0),
(6216, 0, 0, 0, 0, 0, 0, 0, 0, 0, 0, 0, 0, 0, '', 0),
(6217, 0, 0, 0, 0, 0, 0, 0, 0, 0, 0, 0, 0, 0, '', 0),
(6218, 0, 0, 0, 0, 0, 0, 0, 0, 0, 0, 0, 0, 0, '', 0),
(6219, 0, 0, 0, 0, 0, 0, 0, 0, 0, 0, 0, 0, 0, '', 0),
(6220, 0, 0, 0, 0, 0, 0, 0, 0, 0, 0, 0, 0, 0, '', 0),
(6221, 0, 0, 0, 0, 0, 0, 0, 0, 0, 0, 0, 0, 0, '', 0),
(6222, 0, 0, 0, 0, 0, 0, 0, 0, 0, 0, 0, 0, 0, '', 0),
(6223, 0, 0, 0, 0, 0, 0, 0, 0, 0, 0, 0, 0, 0, '', 0),
(6224, 0, 0, 0, 0, 0, 0, 0, 0, 0, 0, 0, 0, 0, '', 0),
(6225, 0, 0, 0, 0, 0, 0, 0, 0, 0, 0, 0, 0, 0, '', 0),
(6226, 0, 0, 0, 0, 0, 0, 0, 0, 0, 0, 0, 0, 0, '', 0),
(6227, 0, 0, 0, 0, 0, 0, 0, 0, 0, 0, 0, 0, 0, '', 0),
(6228, 0, 0, 0, 0, 0, 0, 0, 0, 0, 0, 0, 0, 0, '', 0),
(6229, 0, 0, 0, 0, 0, 0, 0, 0, 0, 0, 0, 0, 0, '', 0),
(6230, 0, 0, 0, 0, 0, 0, 0, 0, 0, 0, 0, 0, 0, '', 0),
(6231, 0, 0, 0, 0, 0, 0, 0, 0, 0, 0, 0, 0, 0, '', 0),
(6232, 0, 0, 0, 0, 0, 0, 0, 0, 0, 0, 0, 0, 0, 'fr', 0),
(6233, 0, 0, 0, 0, 0, 0, 0, 0, 0, 0, 0, 0, 0, 'fr', 0),
(6234, 0, 0, 0, 0, 0, 0, 0, 0, 0, 0, 0, 0, 0, '', 0),
(6235, 0, 0, 0, 0, 0, 0, 0, 0, 0, 0, 0, 0, 0, '', 0),
(6236, 7, 1, 0, 0, 0, 0, 0, 0, 0, 0, 0, 0, 0, '', 0),
(6237, 0, 0, 0, 0, 0, 0, 0, 0, 0, 0, 0, 0, 0, '', 0),
(6238, 0, 0, 0, 0, 0, 0, 0, 0, 0, 0, 0, 0, 0, '', 0),
(6239, 0, 0, 0, 0, 0, 0, 0, 0, 0, 0, 0, 0, 0, '', 0),
(6240, 0, 0, 0, 0, 0, 0, 0, 0, 0, 0, 0, 0, 0, 'fr', 0),
(6241, 9, 3, 0, 0, 0, 0, 0, 0, 0, 0, 0, 0, 0, 'fr', 0),
(6242, 0, 0, 0, 0, 0, 0, 0, 0, 0, 0, 0, 0, 0, '', 0),
(6243, 0, 0, 0, 0, 0, 0, 0, 0, 0, 0, 0, 0, 0, '', 0),
(6244, 0, 0, 0, 0, 0, 0, 0, 0, 0, 0, 0, 0, 0, '', 0),
(6245, 0, 0, 0, 0, 0, 0, 0, 0, 0, 0, 0, 0, 0, '', 0),
(6246, 0, 0, 0, 0, 0, 0, 0, 0, 0, 0, 0, 0, 0, '', 0),
(6247, 9, 11, 0, 0, 0, 0, 0, 0, 0, 0, 0, 0, 0, '', 0),
(6248, 0, 0, 0, 0, 0, 0, 0, 0, 0, 0, 0, 0, 0, '', 0),
(6249, 0, 0, 0, 0, 0, 0, 0, 0, 0, 0, 0, 0, 0, '', 0),
(6250, 0, 0, 0, 0, 0, 0, 0, 0, 0, 0, 0, 0, 0, '', 0),
(6251, 0, 0, 0, 0, 0, 0, 0, 0, 0, 0, 0, 0, 0, '', 0),
(6252, 6, 10, 0, 0, 0, 0, 0, 0, 0, 0, 0, 0, 0, 'fr', 0),
(6253, 0, 0, 0, 0, 0, 0, 0, 0, 0, 0, 0, 0, 0, '', 0),
(6254, 0, 0, 0, 0, 0, 0, 0, 0, 0, 0, 0, 0, 0, '', 0),
(6255, 6, 11, 0, 0, 0, 0, 0, 0, 0, 0, 0, 0, 0, 'fr', 0),
(6256, 0, 0, 0, 0, 0, 0, 0, 0, 0, 0, 0, 0, 0, '', 0),
(6257, 0, 0, 0, 0, 0, 0, 0, 0, 0, 0, 0, 0, 0, '', 0),
(6258, 0, 0, 0, 0, 0, 0, 0, 0, 0, 0, 0, 0, 0, '', 0),
(6259, 0, 0, 0, 0, 0, 0, 0, 0, 0, 0, 0, 0, 0, '', 0),
(6260, 6, 3, 0, 0, 0, 0, 0, 0, 0, 0, 0, 0, 0, 'fr', 0),
(6261, 0, 0, 0, 0, 0, 0, 0, 0, 0, 0, 0, 0, 0, '', 0),
(6262, 3, 11, 0, 0, 0, 0, 0, 0, 0, 0, 0, 0, 0, 'fr', 0),
(6263, 3, 11, 0, 0, 0, 0, 0, 0, 0, 0, 0, 0, 0, 'fr', 0),
(6264, 0, 0, 0, 0, 0, 0, 0, 0, 0, 0, 0, 0, 0, '', 0),
(6265, 0, 0, 0, 0, 0, 0, 0, 0, 0, 0, 0, 0, 0, '', 0),
(6266, 0, 0, 0, 0, 0, 0, 0, 0, 0, 0, 0, 0, 0, '', 0),
(6267, 0, 0, 0, 0, 0, 0, 0, 0, 0, 0, 0, 0, 0, '', 0),
(6268, 0, 0, 0, 0, 0, 0, 0, 0, 0, 0, 0, 0, 0, '', 0),
(6269, 0, 0, 0, 0, 0, 0, 0, 0, 0, 0, 0, 0, 0, '', 0),
(6270, 0, 0, 0, 0, 0, 0, 0, 0, 0, 0, 0, 0, 0, 'fr', 0),
(6271, 0, 0, 0, 0, 0, 0, 0, 0, 0, 0, 0, 0, 0, '', 0),
(6272, 0, 0, 0, 0, 0, 0, 0, 0, 0, 0, 0, 0, 0, '', 0),
(6273, 0, 0, 0, 0, 0, 0, 0, 0, 0, 0, 0, 0, 0, '', 0),
(6274, 0, 0, 0, 0, 0, 0, 0, 0, 0, 0, 0, 0, 0, 'en-us', 0),
(6275, 0, 0, 0, 0, 0, 0, 0, 0, 0, 0, 0, 0, 0, '', 0),
(6276, 0, 0, 0, 0, 0, 0, 0, 0, 0, 0, 0, 0, 0, '', 0),
(6277, 0, 0, 0, 0, 0, 0, 0, 0, 0, 0, 0, 0, 0, '', 0),
(6278, 0, 0, 0, 0, 0, 0, 0, 0, 0, 0, 0, 0, 0, '', 0),
(6279, 0, 0, 0, 0, 0, 0, 0, 0, 0, 0, 0, 0, 0, 'fr', 0),
(6280, 0, 0, 0, 0, 0, 0, 0, 0, 0, 0, 0, 0, 0, 'fr', 0),
(6281, 0, 0, 0, 0, 0, 0, 0, 0, 0, 0, 0, 0, 0, 'fr', 0),
(6282, 0, 0, 0, 0, 0, 0, 0, 0, 0, 0, 0, 0, 0, 'fr', 0),
(6283, 0, 0, 0, 0, 0, 0, 0, 0, 0, 0, 0, 0, 0, 'fr', 0),
(6284, 0, 0, 0, 0, 0, 0, 0, 0, 0, 0, 0, 0, 0, 'fr', 0),
(6285, 0, 0, 0, 0, 0, 0, 0, 0, 0, 0, 0, 0, 0, 'fr', 0),
(6286, 0, 0, 0, 0, 0, 0, 0, 0, 0, 0, 0, 0, 0, 'fr', 0),
(6287, 0, 0, 0, 0, 0, 0, 0, 0, 0, 0, 0, 0, 0, 'fr', 0),
(6288, 0, 0, 0, 0, 0, 0, 0, 0, 0, 0, 0, 0, 0, 'fr', 0),
(6289, 0, 0, 0, 0, 0, 0, 0, 0, 0, 0, 0, 0, 0, 'fr', 0),
(6290, 0, 0, 0, 0, 0, 0, 0, 0, 0, 0, 0, 0, 0, 'fr', 0),
(6291, 0, 0, 0, 0, 0, 0, 0, 0, 0, 0, 0, 0, 0, 'fr', 0),
(6292, 0, 0, 0, 0, 0, 0, 0, 0, 0, 0, 0, 0, 0, 'fr', 0),
(6293, 0, 0, 0, 0, 0, 0, 0, 0, 0, 0, 0, 0, 0, 'fr', 0),
(6294, 0, 0, 0, 0, 0, 0, 0, 0, 0, 0, 0, 0, 0, 'fr', 0),
(6295, 0, 0, 0, 0, 0, 0, 0, 0, 0, 0, 0, 0, 0, 'fr', 0),
(6296, 0, 0, 0, 0, 0, 0, 0, 0, 0, 0, 0, 0, 0, 'fr', 0),
(6297, 0, 0, 0, 0, 0, 0, 0, 0, 0, 0, 0, 0, 0, 'fr', 0),
(6298, 0, 0, 0, 0, 0, 0, 0, 0, 0, 0, 0, 0, 0, 'fr', 0),
(6299, 0, 0, 0, 0, 0, 0, 0, 0, 0, 0, 0, 0, 0, 'fr', 0),
(6300, 0, 0, 0, 0, 0, 0, 0, 0, 0, 0, 0, 0, 0, 'fr', 0),
(6301, 0, 0, 0, 0, 0, 0, 0, 0, 0, 0, 0, 0, 0, 'fr', 0),
(6302, 0, 0, 0, 0, 0, 0, 0, 0, 0, 0, 0, 0, 0, 'fr', 0),
(6303, 0, 0, 0, 0, 0, 0, 0, 0, 0, 0, 0, 0, 0, 'fr', 0),
(6304, 0, 0, 0, 0, 0, 0, 0, 0, 0, 0, 0, 0, 0, 'fr', 0),
(6305, 0, 0, 0, 0, 0, 0, 0, 0, 0, 0, 0, 0, 0, 'fr', 0),
(6306, 0, 0, 0, 0, 0, 0, 0, 0, 0, 0, 0, 0, 0, 'fr', 0),
(6307, 0, 0, 0, 0, 0, 0, 0, 0, 0, 0, 0, 0, 0, 'fr', 0),
(6308, 0, 0, 0, 0, 0, 0, 0, 0, 0, 0, 0, 0, 0, 'fr', 0),
(6309, 0, 0, 0, 0, 0, 0, 0, 0, 0, 0, 0, 0, 0, 'fr', 0),
(6310, 0, 0, 0, 0, 0, 0, 0, 0, 0, 0, 0, 0, 0, 'fr', 0),
(6311, 0, 0, 0, 0, 0, 0, 0, 0, 0, 0, 0, 0, 0, 'fr', 0),
(6312, 0, 0, 0, 0, 0, 0, 0, 0, 0, 0, 0, 0, 0, 'fr', 0),
(6313, 0, 0, 0, 0, 0, 0, 0, 0, 0, 0, 0, 0, 0, 'fr', 0),
(6314, 0, 0, 0, 0, 0, 0, 0, 0, 0, 0, 0, 0, 0, 'fr', 0),
(6315, 0, 0, 0, 0, 0, 0, 0, 0, 0, 0, 0, 0, 0, 'fr', 0),
(6316, 0, 0, 0, 0, 0, 0, 0, 0, 0, 0, 0, 0, 0, 'fr', 0),
(6317, 0, 0, 0, 0, 0, 0, 0, 0, 0, 0, 0, 0, 0, 'fr', 0),
(6318, 0, 0, 0, 0, 0, 0, 0, 0, 0, 0, 0, 0, 0, 'fr', 0),
(6319, 0, 0, 0, 0, 0, 0, 0, 0, 0, 0, 0, 0, 0, 'fr', 0),
(6320, 0, 0, 0, 0, 0, 0, 0, 0, 0, 0, 0, 0, 0, 'fr', 0),
(6321, 0, 0, 0, 0, 0, 0, 0, 0, 0, 0, 0, 0, 0, 'fr', 0),
(6322, 0, 0, 0, 0, 0, 0, 0, 0, 0, 0, 0, 0, 0, 'fr', 0),
(6323, 0, 0, 0, 0, 0, 0, 0, 0, 0, 0, 0, 0, 0, 'fr', 0),
(6324, 0, 0, 0, 0, 0, 0, 0, 0, 0, 0, 0, 0, 0, 'fr', 0),
(6325, 0, 0, 0, 0, 0, 0, 0, 0, 0, 0, 0, 0, 0, 'fr', 0),
(6326, 0, 0, 0, 0, 0, 0, 0, 0, 0, 0, 0, 0, 0, 'fr', 0),
(6327, 0, 0, 0, 0, 0, 0, 0, 0, 0, 0, 0, 0, 0, 'fr', 0),
(6328, 0, 0, 0, 0, 0, 0, 0, 0, 0, 0, 0, 0, 0, 'fr', 0),
(6329, 0, 0, 0, 0, 0, 0, 0, 0, 0, 0, 0, 0, 0, 'fr', 0),
(6330, 0, 0, 0, 0, 0, 0, 0, 0, 0, 0, 0, 0, 0, 'fr', 0),
(6331, 0, 0, 0, 0, 0, 0, 0, 0, 0, 0, 0, 0, 0, 'fr', 0),
(6332, 0, 0, 0, 0, 0, 0, 0, 0, 0, 0, 0, 0, 0, 'fr', 0),
(6333, 0, 0, 0, 0, 0, 0, 0, 0, 0, 0, 0, 0, 0, 'fr', 0),
(6334, 0, 0, 0, 0, 0, 0, 0, 0, 0, 0, 0, 0, 0, 'fr', 0),
(6335, 0, 0, 0, 0, 0, 0, 0, 0, 0, 0, 0, 0, 0, 'fr', 0),
(6336, 0, 0, 0, 0, 0, 0, 0, 0, 0, 0, 0, 0, 0, 'fr', 0),
(6337, 0, 0, 0, 0, 0, 0, 0, 0, 0, 0, 0, 0, 0, 'fr', 0),
(6338, 0, 0, 0, 0, 0, 0, 0, 0, 0, 0, 0, 0, 0, 'fr', 0),
(6339, 0, 0, 0, 0, 0, 0, 0, 0, 0, 0, 0, 0, 0, 'fr', 0),
(6340, 0, 0, 0, 0, 0, 0, 0, 0, 0, 0, 0, 0, 0, 'fr', 0),
(6341, 0, 0, 0, 0, 0, 0, 0, 0, 0, 0, 0, 0, 0, 'fr', 0),
(6342, 0, 0, 0, 0, 0, 0, 0, 0, 0, 0, 0, 0, 0, 'fr', 0),
(6343, 0, 0, 0, 0, 0, 0, 0, 0, 0, 0, 0, 0, 0, 'fr', 0),
(6344, 0, 0, 0, 0, 0, 0, 0, 0, 0, 0, 0, 0, 0, 'fr', 0),
(6345, 0, 0, 0, 0, 0, 0, 0, 0, 0, 0, 0, 0, 0, 'fr', 0),
(6346, 0, 0, 0, 0, 0, 0, 0, 0, 0, 0, 0, 0, 0, 'fr', 0),
(6347, 0, 0, 0, 0, 0, 0, 0, 0, 0, 0, 0, 0, 0, 'fr', 0),
(6348, 0, 0, 0, 0, 0, 0, 0, 0, 0, 0, 0, 0, 0, 'fr', 0),
(6349, 0, 0, 0, 0, 0, 0, 0, 0, 0, 0, 0, 0, 0, 'fr', 0),
(6350, 0, 0, 0, 0, 0, 0, 0, 0, 0, 0, 0, 0, 0, 'fr', 0),
(6351, 0, 0, 0, 0, 0, 0, 0, 0, 0, 0, 0, 0, 0, 'fr', 0),
(6352, 0, 0, 0, 0, 0, 0, 0, 0, 0, 0, 0, 0, 0, 'fr', 0),
(6353, 0, 0, 0, 0, 0, 0, 0, 0, 0, 0, 0, 0, 0, 'fr', 0),
(6354, 0, 0, 0, 0, 0, 0, 0, 0, 0, 0, 0, 0, 0, 'fr', 0),
(6355, 0, 0, 0, 0, 0, 0, 0, 0, 0, 0, 0, 0, 0, 'fr', 0),
(6356, 0, 0, 0, 0, 0, 0, 0, 0, 0, 0, 0, 0, 0, 'fr', 0),
(6357, 0, 0, 0, 0, 0, 0, 0, 0, 0, 0, 0, 0, 0, 'fr', 0),
(6358, 0, 0, 0, 0, 0, 0, 0, 0, 0, 0, 0, 0, 0, 'fr', 0),
(6359, 0, 0, 0, 0, 0, 0, 0, 0, 0, 0, 0, 0, 0, 'fr', 0),
(6360, 0, 0, 0, 0, 0, 0, 0, 0, 0, 0, 0, 0, 0, 'fr', 0),
(6361, 0, 0, 0, 0, 0, 0, 0, 0, 0, 0, 0, 0, 0, 'fr', 0),
(6362, 0, 0, 0, 0, 0, 0, 0, 0, 0, 0, 0, 0, 0, 'fr', 0),
(6363, 0, 0, 0, 0, 0, 0, 0, 0, 0, 0, 0, 0, 0, 'fr', 0),
(6364, 0, 0, 0, 0, 0, 0, 0, 0, 0, 0, 0, 0, 0, 'fr', 0),
(6365, 0, 0, 0, 0, 0, 0, 0, 0, 0, 0, 0, 0, 0, 'fr', 0),
(6366, 0, 0, 0, 0, 0, 0, 0, 0, 0, 0, 0, 0, 0, 'fr', 0),
(6367, 0, 0, 0, 0, 0, 0, 0, 0, 0, 0, 0, 0, 0, 'fr', 0),
(6368, 0, 0, 0, 0, 0, 0, 0, 0, 0, 0, 0, 0, 0, 'fr', 0),
(6369, 0, 0, 0, 0, 0, 0, 0, 0, 0, 0, 0, 0, 0, 'fr', 0),
(6370, 0, 0, 0, 0, 0, 0, 0, 0, 0, 0, 0, 0, 0, 'fr', 0),
(6371, 0, 0, 0, 0, 0, 0, 0, 0, 0, 0, 0, 0, 0, 'fr', 0),
(6372, 0, 0, 0, 0, 0, 0, 0, 0, 0, 0, 0, 0, 0, 'fr', 0),
(6373, 0, 0, 0, 0, 0, 0, 0, 0, 0, 0, 0, 0, 0, 'fr', 0),
(6374, 0, 0, 0, 0, 0, 0, 0, 0, 0, 0, 0, 0, 0, 'fr', 0),
(6375, 0, 0, 0, 0, 0, 0, 0, 0, 0, 0, 0, 0, 0, 'fr', 0),
(6376, 0, 0, 0, 0, 0, 0, 0, 0, 0, 0, 0, 0, 0, 'fr', 0),
(6377, 0, 0, 0, 0, 0, 0, 0, 0, 0, 0, 0, 0, 0, 'fr', 0),
(6378, 0, 0, 0, 0, 0, 0, 0, 0, 0, 0, 0, 0, 0, 'fr', 0),
(6379, 0, 0, 0, 0, 0, 0, 0, 0, 0, 0, 0, 0, 0, 'fr', 0),
(6380, 0, 0, 0, 0, 0, 0, 0, 0, 0, 0, 0, 0, 0, 'fr', 0),
(6381, 0, 0, 0, 0, 0, 0, 0, 0, 0, 0, 0, 0, 0, 'fr', 0),
(6382, 0, 0, 0, 0, 0, 0, 0, 0, 0, 0, 0, 0, 0, 'fr', 0),
(6383, 0, 0, 0, 0, 0, 0, 0, 0, 0, 0, 0, 0, 0, 'fr', 0),
(6384, 0, 0, 0, 0, 0, 0, 0, 0, 0, 0, 0, 0, 0, 'fr', 0),
(6385, 0, 0, 0, 0, 0, 0, 0, 0, 0, 0, 0, 0, 0, 'fr', 0),
(6386, 0, 0, 0, 0, 0, 0, 0, 0, 0, 0, 0, 0, 0, 'fr', 0),
(6387, 0, 0, 0, 0, 0, 0, 0, 0, 0, 0, 0, 0, 0, 'fr', 0),
(6388, 0, 0, 0, 0, 0, 0, 0, 0, 0, 0, 0, 0, 0, 'fr', 0),
(6389, 0, 0, 0, 0, 0, 0, 0, 0, 0, 0, 0, 0, 0, 'fr', 0),
(6390, 0, 0, 0, 0, 0, 0, 0, 0, 0, 0, 0, 0, 0, 'fr', 0),
(6391, 0, 0, 0, 0, 0, 0, 0, 0, 0, 0, 0, 0, 0, 'fr', 0),
(6392, 0, 0, 0, 0, 0, 0, 0, 0, 0, 0, 0, 0, 0, 'fr', 0),
(6393, 0, 0, 0, 0, 0, 0, 0, 0, 0, 0, 0, 0, 0, 'fr', 0),
(6394, 0, 0, 0, 0, 0, 0, 0, 0, 0, 0, 0, 0, 0, 'fr', 0),
(6395, 0, 0, 0, 0, 0, 0, 0, 0, 0, 0, 0, 0, 0, 'fr', 0),
(6396, 0, 0, 0, 0, 0, 0, 0, 0, 0, 0, 0, 0, 0, 'fr', 0),
(6397, 0, 0, 0, 0, 0, 0, 0, 0, 0, 0, 0, 0, 0, 'fr', 0),
(6398, 0, 0, 0, 0, 0, 0, 0, 0, 0, 0, 0, 0, 0, 'fr', 0),
(6399, 0, 0, 0, 0, 0, 0, 0, 0, 0, 0, 0, 0, 0, 'fr', 0),
(6400, 0, 0, 0, 0, 0, 0, 0, 0, 0, 0, 0, 0, 0, 'fr', 0),
(6401, 0, 0, 0, 0, 0, 0, 0, 0, 0, 0, 0, 0, 0, 'fr', 0),
(6402, 0, 0, 0, 0, 0, 0, 0, 0, 0, 0, 0, 0, 0, 'fr', 0),
(6403, 0, 0, 0, 0, 0, 0, 0, 0, 0, 0, 0, 0, 0, 'fr', 0),
(6404, 0, 0, 0, 0, 0, 0, 0, 0, 0, 0, 0, 0, 0, 'fr', 0),
(6405, 0, 0, 0, 0, 0, 0, 0, 0, 0, 0, 0, 0, 0, 'fr', 0),
(6406, 0, 0, 0, 0, 0, 0, 0, 0, 0, 0, 0, 0, 0, 'fr', 0),
(6407, 0, 0, 0, 0, 0, 0, 0, 0, 0, 0, 0, 0, 0, 'fr', 0),
(6408, 0, 0, 0, 0, 0, 0, 0, 0, 0, 0, 0, 0, 0, 'fr', 0),
(6409, 0, 0, 0, 0, 0, 0, 0, 0, 0, 0, 0, 0, 0, 'fr', 0),
(6410, 0, 0, 0, 0, 0, 0, 0, 0, 0, 0, 0, 0, 0, 'fr', 0),
(6411, 0, 0, 0, 0, 0, 0, 0, 0, 0, 0, 0, 0, 0, 'fr', 0),
(6412, 0, 0, 0, 0, 0, 0, 0, 0, 0, 0, 0, 0, 0, 'fr', 0),
(6413, 0, 0, 0, 0, 0, 0, 0, 0, 0, 0, 0, 0, 0, 'fr', 0),
(6414, 0, 0, 0, 0, 0, 0, 0, 0, 0, 0, 0, 0, 0, 'fr', 0),
(6415, 0, 0, 0, 0, 0, 0, 0, 0, 0, 0, 0, 0, 0, 'fr', 0),
(6416, 0, 0, 0, 0, 0, 0, 0, 0, 0, 0, 0, 0, 0, 'fr', 0),
(6417, 0, 0, 0, 0, 0, 0, 0, 0, 0, 0, 0, 0, 0, 'fr', 0),
(6418, 0, 0, 0, 0, 0, 0, 0, 0, 0, 0, 0, 0, 0, 'fr', 0),
(6419, 0, 0, 0, 0, 0, 0, 0, 0, 0, 0, 0, 0, 0, 'fr', 0),
(6420, 0, 0, 0, 0, 0, 0, 0, 0, 0, 0, 0, 0, 0, 'fr', 0),
(6421, 0, 0, 0, 0, 0, 0, 0, 0, 0, 0, 0, 0, 0, 'fr', 0),
(6422, 0, 0, 0, 0, 0, 0, 0, 0, 0, 0, 0, 0, 0, 'fr', 0),
(6423, 0, 0, 0, 0, 0, 0, 0, 0, 0, 0, 0, 0, 0, 'fr', 0),
(6424, 0, 0, 0, 0, 0, 0, 0, 0, 0, 0, 0, 0, 0, 'fr', 0),
(6425, 0, 0, 0, 0, 0, 0, 0, 0, 0, 0, 0, 0, 0, 'fr', 0),
(6426, 0, 0, 0, 0, 0, 0, 0, 0, 0, 0, 0, 0, 0, 'fr', 0),
(6427, 0, 0, 0, 0, 0, 0, 0, 0, 0, 0, 0, 0, 0, 'fr', 0),
(6428, 0, 0, 0, 0, 0, 0, 0, 0, 0, 0, 0, 0, 0, 'fr', 0),
(6429, 0, 0, 0, 0, 0, 0, 0, 0, 0, 0, 0, 0, 0, 'fr', 0),
(6430, 0, 0, 0, 0, 0, 0, 0, 0, 0, 0, 0, 0, 0, 'fr', 0),
(6431, 0, 0, 0, 0, 0, 0, 0, 0, 0, 0, 0, 0, 0, 'fr', 0),
(6432, 0, 0, 0, 0, 0, 0, 0, 0, 0, 0, 0, 0, 0, 'fr', 0),
(6433, 0, 0, 0, 0, 0, 0, 0, 0, 0, 0, 0, 0, 0, 'fr', 0),
(6434, 0, 0, 0, 0, 0, 0, 0, 0, 0, 0, 0, 0, 0, 'fr', 0),
(6435, 0, 0, 0, 0, 0, 0, 0, 0, 0, 0, 0, 0, 0, 'fr', 0),
(6436, 0, 0, 0, 0, 0, 0, 0, 0, 0, 0, 0, 0, 0, 'fr', 0),
(6437, 0, 0, 0, 0, 0, 0, 0, 0, 0, 0, 0, 0, 0, 'fr', 0),
(6438, 0, 0, 0, 0, 0, 0, 0, 0, 0, 0, 0, 0, 0, 'fr', 0),
(6439, 0, 0, 0, 0, 0, 0, 0, 0, 0, 0, 0, 0, 0, 'fr', 0),
(6440, 0, 0, 0, 0, 0, 0, 0, 0, 0, 0, 0, 0, 0, 'fr', 0),
(6441, 0, 0, 0, 0, 0, 0, 0, 0, 0, 0, 0, 0, 0, 'fr', 0),
(6442, 0, 0, 0, 0, 0, 0, 0, 0, 0, 0, 0, 0, 0, 'fr', 0),
(6443, 0, 0, 0, 0, 0, 0, 0, 0, 0, 0, 0, 0, 0, 'fr', 0),
(6444, 0, 0, 0, 0, 0, 0, 0, 0, 0, 0, 0, 0, 0, 'fr', 0),
(6445, 0, 0, 0, 0, 0, 0, 0, 0, 0, 0, 0, 0, 0, 'fr', 0),
(6446, 0, 0, 0, 0, 0, 0, 0, 0, 0, 0, 0, 0, 0, 'fr', 0),
(6447, 0, 0, 0, 0, 0, 0, 0, 0, 0, 0, 0, 0, 0, '', 0),
(6448, 0, 0, 0, 0, 0, 0, 0, 0, 0, 0, 0, 0, 0, '', 0),
(6449, 0, 0, 0, 0, 0, 0, 0, 0, 0, 0, 0, 0, 0, 'fr', 0),
(6450, 0, 0, 0, 0, 0, 0, 0, 0, 0, 0, 0, 0, 0, 'fr', 0),
(6451, 0, 0, 0, 0, 0, 0, 0, 0, 0, 0, 0, 0, 0, 'fr', 0),
(6452, 0, 0, 0, 0, 0, 0, 0, 0, 0, 0, 0, 0, 0, 'fr', 0),
(6453, 0, 0, 0, 0, 0, 0, 0, 0, 0, 0, 0, 0, 0, 'fr', 0),
(6454, 0, 0, 0, 0, 0, 0, 0, 0, 0, 0, 0, 0, 0, 'fr', 0),
(6455, 0, 0, 0, 0, 0, 0, 0, 0, 0, 0, 0, 0, 0, 'fr', 0),
(6456, 0, 0, 0, 0, 0, 0, 0, 0, 0, 0, 0, 0, 0, 'fr', 0),
(6457, 0, 0, 0, 0, 0, 0, 0, 0, 0, 0, 0, 0, 0, 'fr', 0),
(6458, 0, 0, 0, 0, 0, 0, 0, 0, 0, 0, 0, 0, 0, 'fr', 0),
(6459, 0, 0, 0, 0, 0, 0, 0, 0, 0, 0, 0, 0, 0, 'fr', 0),
(6460, 0, 0, 0, 0, 0, 0, 0, 0, 0, 0, 0, 0, 0, 'fr', 0),
(6461, 0, 0, 0, 0, 0, 0, 0, 0, 0, 0, 0, 0, 0, 'fr', 0),
(6462, 0, 0, 0, 0, 0, 0, 0, 0, 0, 0, 0, 0, 0, 'fr', 0),
(6463, 0, 0, 0, 0, 0, 0, 0, 0, 0, 0, 0, 0, 0, 'fr', 0),
(6464, 0, 0, 0, 0, 0, 0, 0, 0, 0, 0, 0, 0, 0, 'fr', 0),
(6465, 0, 0, 0, 0, 0, 0, 0, 0, 0, 0, 0, 0, 0, '', 0),
(6466, 0, 0, 0, 0, 0, 0, 0, 0, 0, 0, 0, 0, 0, 'fr', 0),
(6467, 0, 0, 0, 0, 0, 0, 0, 0, 0, 0, 0, 0, 0, 'fr', 0),
(6468, 0, 0, 0, 0, 0, 0, 0, 0, 0, 0, 0, 0, 0, 'fr', 0),
(6469, 0, 0, 0, 0, 0, 0, 0, 0, 0, 0, 0, 0, 0, 'fr', 0),
(6470, 0, 0, 0, 0, 0, 0, 0, 0, 0, 0, 0, 0, 0, 'fr', 0),
(6471, 0, 0, 0, 0, 0, 0, 0, 0, 0, 0, 0, 0, 0, 'fr', 0),
(6472, 0, 0, 0, 0, 0, 0, 0, 0, 0, 0, 0, 0, 0, 'fr', 0),
(6473, 0, 0, 0, 0, 0, 0, 0, 0, 0, 0, 0, 0, 0, 'fr', 0),
(6474, 0, 0, 0, 0, 0, 0, 0, 0, 0, 0, 0, 0, 0, 'fr', 0),
(6475, 0, 0, 0, 0, 0, 0, 0, 0, 0, 0, 0, 0, 0, 'fr', 0),
(6476, 0, 0, 0, 0, 0, 0, 0, 0, 0, 0, 0, 0, 0, 'fr', 0),
(6477, 0, 0, 0, 0, 0, 0, 0, 0, 0, 0, 0, 0, 0, 'fr', 0),
(6478, 0, 0, 0, 0, 0, 0, 0, 0, 0, 0, 0, 0, 0, 'fr', 0),
(6479, 0, 0, 0, 0, 0, 0, 0, 0, 0, 0, 0, 0, 0, 'fr', 0),
(6480, 0, 0, 0, 0, 0, 0, 0, 0, 0, 0, 0, 0, 0, 'fr', 0),
(6481, 0, 0, 0, 0, 0, 0, 0, 0, 0, 0, 0, 0, 0, 'fr', 0),
(6482, 0, 0, 0, 0, 0, 0, 0, 0, 0, 0, 0, 0, 0, 'fr', 0),
(6483, 0, 0, 0, 0, 0, 0, 0, 0, 0, 0, 0, 0, 0, 'fr', 0),
(6484, 0, 0, 0, 0, 0, 0, 0, 0, 0, 0, 0, 0, 0, 'fr', 0),
(6485, 0, 0, 0, 0, 0, 0, 0, 0, 0, 0, 0, 0, 0, 'fr', 0),
(6486, 0, 0, 0, 0, 0, 0, 0, 0, 0, 0, 0, 0, 0, 'fr', 0),
(6487, 0, 0, 0, 0, 0, 0, 0, 0, 0, 0, 0, 0, 0, 'fr', 0),
(6488, 0, 0, 0, 0, 0, 0, 0, 0, 0, 0, 0, 0, 0, 'fr', 0),
(6489, 0, 0, 0, 0, 0, 0, 0, 0, 0, 0, 0, 0, 0, 'fr', 0),
(6490, 0, 0, 0, 0, 0, 0, 0, 0, 0, 0, 0, 0, 0, 'fr', 0),
(6491, 0, 0, 0, 0, 0, 0, 0, 0, 0, 0, 0, 0, 0, 'fr', 0),
(6492, 0, 0, 0, 0, 0, 0, 0, 0, 0, 0, 0, 0, 0, 'fr', 0),
(6493, 0, 0, 0, 0, 0, 0, 0, 0, 0, 0, 0, 0, 0, 'fr', 0),
(6494, 0, 0, 0, 0, 0, 0, 0, 0, 0, 0, 0, 0, 0, 'fr', 0),
(6495, 0, 0, 0, 0, 0, 0, 0, 0, 0, 0, 0, 0, 0, 'fr', 0),
(6496, 0, 0, 0, 0, 0, 0, 0, 0, 0, 0, 0, 0, 0, 'fr', 0),
(6497, 0, 0, 0, 0, 0, 0, 0, 0, 0, 0, 0, 0, 0, 'fr', 0),
(6498, 0, 0, 0, 0, 0, 0, 0, 0, 0, 0, 0, 0, 0, 'fr', 0),
(6499, 0, 0, 0, 0, 0, 0, 0, 0, 0, 0, 0, 0, 0, 'fr', 0),
(6500, 0, 0, 0, 0, 0, 0, 0, 0, 0, 0, 0, 0, 0, 'fr', 0),
(6501, 0, 0, 0, 0, 0, 0, 0, 0, 0, 0, 0, 0, 0, 'fr', 0),
(6502, 0, 0, 0, 0, 0, 0, 0, 0, 0, 0, 0, 0, 0, 'fr', 0),
(6503, 0, 0, 0, 0, 0, 0, 0, 0, 0, 0, 0, 0, 0, 'fr', 0),
(6504, 0, 0, 0, 0, 0, 0, 0, 0, 0, 0, 0, 0, 0, 'fr', 0),
(6505, 0, 0, 0, 0, 0, 0, 0, 0, 0, 0, 0, 0, 0, 'fr', 0),
(6506, 0, 0, 0, 0, 0, 0, 0, 0, 0, 0, 0, 0, 0, 'fr', 0),
(6507, 0, 0, 0, 0, 0, 0, 0, 0, 0, 0, 0, 0, 0, 'fr', 0),
(6508, 0, 0, 0, 0, 0, 0, 0, 0, 0, 0, 0, 0, 0, 'fr', 0),
(6509, 0, 0, 0, 0, 0, 0, 0, 0, 0, 0, 0, 0, 0, 'fr', 0),
(6510, 0, 0, 0, 0, 0, 0, 0, 0, 0, 0, 0, 0, 0, 'fr', 0),
(6511, 0, 0, 0, 0, 0, 0, 0, 0, 0, 0, 0, 0, 0, 'fr', 0),
(6512, 0, 0, 0, 0, 0, 0, 0, 0, 0, 0, 0, 0, 0, 'fr', 0),
(6513, 0, 0, 0, 0, 0, 0, 0, 0, 0, 0, 0, 0, 0, 'fr', 0),
(6514, 0, 0, 0, 0, 0, 0, 0, 0, 0, 0, 0, 0, 0, 'fr', 0),
(6515, 0, 0, 0, 0, 0, 0, 0, 0, 0, 0, 0, 0, 0, 'fr', 0),
(6516, 0, 0, 0, 0, 0, 0, 0, 0, 0, 0, 0, 0, 0, 'fr', 0),
(6517, 0, 0, 0, 0, 0, 0, 0, 0, 0, 0, 0, 0, 0, 'fr', 0),
(6518, 0, 0, 0, 0, 0, 0, 0, 0, 0, 0, 0, 0, 0, 'fr', 0),
(6519, 0, 0, 0, 0, 0, 0, 0, 0, 0, 0, 0, 0, 0, 'fr', 0),
(6520, 0, 0, 0, 0, 0, 0, 0, 0, 0, 0, 0, 0, 0, 'fr', 0),
(6521, 0, 0, 0, 0, 0, 0, 0, 0, 0, 0, 0, 0, 0, 'fr', 0),
(6522, 0, 0, 0, 0, 0, 0, 0, 0, 0, 0, 0, 0, 0, 'fr', 0),
(6523, 0, 0, 0, 0, 0, 0, 0, 0, 0, 0, 0, 0, 0, 'fr', 0),
(6524, 0, 0, 0, 0, 0, 0, 0, 0, 0, 0, 0, 0, 0, 'fr', 0),
(6525, 0, 0, 0, 0, 0, 0, 0, 0, 0, 0, 0, 0, 0, 'fr', 0),
(6526, 0, 0, 0, 0, 0, 0, 0, 0, 0, 0, 0, 0, 0, 'fr', 0),
(6527, 0, 0, 0, 0, 0, 0, 0, 0, 0, 0, 0, 0, 0, 'fr', 0),
(6528, 0, 0, 0, 0, 0, 0, 0, 0, 0, 0, 0, 0, 0, 'fr', 0),
(6529, 0, 0, 0, 0, 0, 0, 0, 0, 0, 0, 0, 0, 0, 'fr', 0),
(6530, 0, 0, 0, 0, 0, 0, 0, 0, 0, 0, 0, 0, 0, 'fr', 0),
(6531, 0, 0, 0, 0, 0, 0, 0, 0, 0, 0, 0, 0, 0, 'fr', 0),
(6532, 0, 0, 0, 0, 0, 0, 0, 0, 0, 0, 0, 0, 0, 'fr', 0),
(6533, 0, 0, 0, 0, 0, 0, 0, 0, 0, 0, 0, 0, 0, 'fr', 0),
(6534, 0, 0, 0, 0, 0, 0, 0, 0, 0, 0, 0, 0, 0, 'fr', 0),
(6535, 0, 0, 0, 0, 0, 0, 0, 0, 0, 0, 0, 0, 0, 'fr', 0),
(6536, 0, 0, 0, 0, 0, 0, 0, 0, 0, 0, 0, 0, 0, 'fr', 0),
(6537, 0, 0, 0, 0, 0, 0, 0, 0, 0, 0, 0, 0, 0, 'fr', 0),
(6538, 0, 0, 0, 0, 0, 0, 0, 0, 0, 0, 0, 0, 0, 'fr', 0),
(6539, 0, 0, 0, 0, 0, 0, 0, 0, 0, 0, 0, 0, 0, 'fr', 0),
(6540, 0, 0, 0, 0, 0, 0, 0, 0, 0, 0, 0, 0, 0, 'fr', 0),
(6541, 0, 0, 0, 0, 0, 0, 0, 0, 0, 0, 0, 0, 0, 'fr', 0),
(6542, 0, 0, 0, 0, 0, 0, 0, 0, 0, 0, 0, 0, 0, 'fr', 0),
(6543, 0, 0, 0, 0, 0, 0, 0, 0, 0, 0, 0, 0, 0, 'fr', 0),
(6544, 0, 0, 0, 0, 0, 0, 0, 0, 0, 0, 0, 0, 0, 'fr', 0),
(6545, 0, 0, 0, 0, 0, 0, 0, 0, 0, 0, 0, 0, 0, 'fr', 0),
(6546, 0, 0, 0, 0, 0, 0, 0, 0, 0, 0, 0, 0, 0, 'fr', 0),
(6547, 3, 11, 0, 0, 0, 0, 0, 0, 0, 0, 0, 0, 0, '', 0),
(6548, 0, 0, 0, 0, 0, 0, 0, 0, 0, 0, 0, 0, 0, 'en-us', 0),
(6549, 0, 0, 0, 0, 0, 0, 0, 0, 0, 0, 0, 0, 0, 'fr', 0),
(6550, 0, 0, 0, 0, 0, 0, 0, 0, 0, 0, 0, 0, 0, '', 0),
(6551, 9, 11, 0, 0, 0, 0, 0, 0, 0, 0, 0, 0, 0, '', 0),
(6552, 9, 11, 0, 0, 0, 0, 0, 0, 0, 0, 0, 0, 0, 'fr', 0),
(6553, 0, 0, 0, 0, 0, 0, 0, 0, 0, 0, 0, 0, 0, '', 0),
(6554, 0, 0, 0, 0, 0, 0, 0, 0, 0, 0, 0, 0, 0, '', 0),
(6555, 0, 0, 0, 0, 0, 0, 0, 0, 0, 0, 0, 0, 0, '', 0),
(6556, 0, 0, 0, 0, 0, 0, 0, 0, 0, 0, 0, 0, 0, '', 0),
(6557, 0, 0, 0, 0, 0, 0, 0, 0, 0, 0, 0, 0, 0, '', 0),
(6558, 0, 0, 0, 0, 0, 0, 0, 0, 0, 0, 0, 0, 0, '', 0),
(6559, 0, 0, 0, 0, 0, 0, 0, 0, 0, 0, 0, 0, 0, '', 0),
(6560, 0, 0, 0, 0, 0, 0, 0, 0, 0, 0, 0, 0, 0, '', 0),
(6561, 0, 0, 0, 0, 0, 0, 0, 0, 0, 0, 0, 0, 0, '', 0),
(6562, 0, 0, 0, 0, 0, 0, 0, 0, 0, 0, 0, 0, 0, '', 0),
(6563, 0, 0, 0, 0, 0, 0, 0, 0, 0, 0, 0, 0, 0, '', 0),
(6564, 0, 0, 0, 0, 0, 0, 0, 0, 0, 0, 0, 0, 0, '', 0),
(6565, 0, 0, 0, 0, 0, 0, 0, 0, 0, 0, 0, 0, 0, '', 0),
(6566, 0, 0, 0, 0, 0, 0, 0, 0, 0, 0, 0, 0, 0, '', 0),
(6567, 0, 0, 0, 0, 0, 0, 0, 0, 0, 0, 0, 0, 0, '', 0),
(6568, 0, 0, 0, 0, 0, 0, 0, 0, 0, 0, 0, 0, 0, '', 0),
(6569, 0, 0, 0, 0, 0, 0, 0, 0, 0, 0, 0, 0, 0, '', 0),
(6570, 6, 11, 0, 0, 0, 0, 0, 0, 0, 0, 0, 0, 0, '', 0),
(6571, 0, 0, 0, 0, 0, 0, 0, 0, 0, 0, 0, 0, 0, '', 0),
(6572, 0, 0, 0, 0, 0, 0, 0, 0, 0, 0, 0, 0, 0, '', 0),
(6573, 0, 0, 0, 0, 0, 0, 0, 0, 0, 0, 0, 0, 0, '', 0),
(6574, 0, 0, 0, 0, 0, 0, 0, 0, 0, 0, 0, 0, 0, 'fr', 0),
(6575, 0, 0, 0, 0, 0, 0, 0, 0, 0, 0, 0, 0, 0, 'fr', 0),
(6576, 0, 0, 0, 0, 0, 0, 0, 0, 0, 0, 0, 0, 0, '', 0),
(6577, 0, 0, 0, 0, 0, 0, 0, 0, 0, 0, 0, 0, 0, '', 0),
(6578, 0, 0, 0, 0, 0, 0, 0, 0, 0, 0, 0, 0, 0, '', 0),
(6579, 0, 0, 0, 0, 0, 0, 0, 0, 0, 0, 0, 0, 0, '', 0),
(6580, 0, 0, 0, 0, 0, 0, 0, 0, 0, 0, 0, 0, 0, '', 0),
(6581, 0, 0, 0, 0, 0, 0, 0, 0, 0, 0, 0, 0, 0, '', 0),
(6582, 0, 0, 0, 0, 0, 0, 0, 0, 0, 0, 0, 0, 0, '', 0),
(6583, 0, 0, 0, 0, 0, 0, 0, 0, 0, 0, 0, 0, 0, '', 0),
(6584, 0, 0, 0, 0, 0, 0, 0, 0, 0, 0, 0, 0, 0, '', 0),
(6585, 0, 0, 0, 0, 0, 0, 0, 0, 0, 0, 0, 0, 0, '', 0),
(6586, 0, 0, 0, 0, 0, 0, 0, 0, 0, 0, 0, 0, 0, '', 0),
(6587, 0, 0, 0, 0, 0, 0, 0, 0, 0, 0, 0, 0, 0, '', 0),
(6588, 0, 0, 0, 0, 0, 0, 0, 0, 0, 0, 0, 0, 0, '', 0),
(6589, 0, 0, 0, 0, 0, 0, 0, 0, 0, 0, 0, 0, 0, '', 0),
(6590, 3, 11, 0, 0, 0, 0, 0, 0, 0, 0, 0, 0, 0, '', 0),
(6591, 3, 11, 0, 0, 0, 0, 0, 0, 0, 0, 0, 0, 0, '', 0),
(6592, 0, 0, 0, 0, 0, 0, 0, 0, 0, 0, 0, 0, 0, '', 0),
(6593, 0, 0, 0, 0, 0, 0, 0, 0, 0, 0, 0, 0, 0, '', 0),
(6594, 0, 0, 0, 0, 0, 0, 0, 0, 0, 0, 0, 0, 0, '', 0),
(6595, 0, 0, 0, 0, 0, 0, 0, 0, 0, 0, 0, 0, 0, '', 0),
(6596, 0, 0, 0, 0, 0, 0, 0, 0, 0, 0, 0, 0, 0, '', 0),
(6597, 0, 0, 0, 0, 0, 0, 0, 0, 0, 0, 0, 0, 0, '', 0),
(6598, 7, 1, 0, 0, 0, 0, 0, 0, 0, 0, 0, 0, 0, '', 0),
(6599, 0, 0, 0, 0, 0, 0, 0, 0, 0, 0, 0, 0, 0, '', 0),
(6600, 0, 0, 0, 0, 0, 0, 0, 0, 0, 0, 0, 0, 0, '', 0),
(6601, 0, 0, 0, 0, 0, 0, 0, 0, 0, 0, 0, 0, 0, '', 0),
(6602, 0, 0, 0, 0, 0, 0, 0, 0, 0, 0, 0, 0, 0, '', 0),
(6603, 0, 0, 0, 0, 0, 0, 0, 0, 0, 0, 0, 0, 0, '', 0),
(6604, 0, 0, 0, 0, 0, 0, 0, 0, 0, 0, 0, 0, 0, '', 0),
(6605, 9, 11, 0, 0, 0, 0, 0, 0, 0, 0, 0, 0, 0, '', 0),
(6606, 0, 0, 0, 0, 0, 0, 0, 0, 0, 0, 0, 0, 0, '', 0),
(6607, 7, 1, 0, 0, 0, 0, 0, 0, 0, 0, 0, 0, 0, '', 0),
(6608, 3, 11, 0, 0, 0, 0, 0, 0, 0, 0, 0, 0, 0, '', 0),
(6609, 0, 0, 0, 0, 0, 0, 0, 0, 0, 0, 0, 0, 0, '', 0),
(6610, 7, 1, 0, 0, 0, 0, 0, 0, 0, 0, 0, 0, 0, '', 0),
(6611, 0, 0, 0, 0, 0, 0, 0, 0, 0, 0, 0, 0, 0, '', 0),
(6612, 0, 0, 0, 0, 0, 0, 0, 0, 0, 0, 0, 0, 0, '', 0),
(6613, 0, 0, 0, 0, 0, 0, 0, 0, 0, 0, 0, 0, 0, '', 0),
(6614, 0, 0, 0, 0, 0, 0, 0, 0, 0, 0, 0, 0, 0, '', 0),
(6615, 0, 0, 0, 0, 0, 0, 0, 0, 0, 0, 0, 0, 0, '', 0),
(6616, 0, 0, 0, 0, 0, 0, 0, 0, 0, 0, 0, 0, 0, '', 0),
(6617, 0, 0, 0, 0, 0, 0, 0, 0, 0, 0, 0, 0, 0, '', 0),
(6618, 0, 0, 0, 0, 0, 0, 0, 0, 0, 0, 0, 0, 0, '', 0),
(6619, 0, 0, 0, 0, 0, 0, 0, 0, 0, 0, 0, 0, 0, '', 0),
(6620, 0, 0, 0, 0, 0, 0, 0, 0, 0, 0, 0, 0, 0, '', 0),
(6621, 0, 0, 0, 0, 0, 0, 0, 0, 0, 0, 0, 0, 0, '', 0),
(6622, 0, 0, 0, 0, 0, 0, 0, 0, 0, 0, 0, 0, 0, '', 0),
(6623, 0, 0, 0, 0, 0, 0, 0, 0, 0, 0, 0, 0, 0, '', 0),
(6624, 0, 0, 0, 0, 0, 0, 0, 0, 0, 0, 0, 0, 0, '', 0),
(6625, 3, 11, 0, 0, 0, 0, 0, 0, 0, 0, 0, 0, 0, '', 0),
(6626, 0, 0, 0, 0, 0, 0, 0, 0, 0, 0, 0, 0, 0, '', 0),
(6627, 0, 0, 0, 0, 0, 0, 0, 0, 0, 0, 0, 0, 0, '', 0),
(6628, 0, 0, 0, 0, 0, 0, 0, 0, 0, 0, 0, 0, 0, '', 0),
(6629, 0, 0, 0, 0, 0, 0, 0, 0, 0, 0, 0, 0, 0, '', 0),
(6630, 0, 0, 0, 0, 0, 0, 0, 0, 0, 0, 0, 0, 0, '', 0),
(6631, 0, 0, 0, 0, 0, 0, 0, 0, 0, 0, 0, 0, 0, '', 0),
(6632, 0, 0, 0, 0, 0, 0, 0, 0, 0, 0, 0, 0, 0, '', 0),
(6633, 0, 0, 0, 0, 0, 0, 0, 0, 0, 0, 0, 0, 0, '', 0);
INSERT INTO `ps_guest` (`id_guest`, `id_operating_system`, `id_web_browser`, `id_customer`, `javascript`, `screen_resolution_x`, `screen_resolution_y`, `screen_color`, `sun_java`, `adobe_flash`, `adobe_director`, `apple_quicktime`, `real_player`, `windows_media`, `accept_language`, `mobile_theme`) VALUES
(6634, 0, 0, 0, 0, 0, 0, 0, 0, 0, 0, 0, 0, 0, '', 0),
(6635, 0, 0, 0, 0, 0, 0, 0, 0, 0, 0, 0, 0, 0, '', 0),
(6636, 9, 11, 0, 0, 0, 0, 0, 0, 0, 0, 0, 0, 0, '', 0),
(6637, 0, 0, 0, 0, 0, 0, 0, 0, 0, 0, 0, 0, 0, '', 0),
(6638, 7, 0, 0, 0, 0, 0, 0, 0, 0, 0, 0, 0, 0, 'fr-fr', 0),
(6639, 0, 1, 0, 0, 0, 0, 0, 0, 0, 0, 0, 0, 0, 'fr-fr', 0),
(6640, 0, 1, 0, 0, 0, 0, 0, 0, 0, 0, 0, 0, 0, 'fr-fr', 0),
(6641, 7, 1, 0, 0, 0, 0, 0, 0, 0, 0, 0, 0, 0, 'fr-fr', 0),
(6642, 0, 1, 0, 0, 0, 0, 0, 0, 0, 0, 0, 0, 0, 'fr-fr', 0),
(6643, 0, 1, 0, 0, 0, 0, 0, 0, 0, 0, 0, 0, 0, 'fr-fr', 0),
(6644, 0, 0, 0, 0, 0, 0, 0, 0, 0, 0, 0, 0, 0, '', 0),
(6645, 0, 0, 0, 0, 0, 0, 0, 0, 0, 0, 0, 0, 0, '', 0),
(6646, 0, 0, 0, 0, 0, 0, 0, 0, 0, 0, 0, 0, 0, '', 0),
(6647, 0, 0, 0, 0, 0, 0, 0, 0, 0, 0, 0, 0, 0, '', 0),
(6648, 0, 0, 0, 0, 0, 0, 0, 0, 0, 0, 0, 0, 0, '', 0),
(6649, 0, 0, 0, 0, 0, 0, 0, 0, 0, 0, 0, 0, 0, '', 0),
(6650, 0, 0, 0, 0, 0, 0, 0, 0, 0, 0, 0, 0, 0, '', 0),
(6651, 0, 0, 0, 0, 0, 0, 0, 0, 0, 0, 0, 0, 0, '', 0),
(6652, 0, 0, 0, 0, 0, 0, 0, 0, 0, 0, 0, 0, 0, '', 0),
(6653, 0, 0, 0, 0, 0, 0, 0, 0, 0, 0, 0, 0, 0, '', 0),
(6654, 0, 0, 0, 0, 0, 0, 0, 0, 0, 0, 0, 0, 0, '', 0),
(6655, 0, 0, 0, 0, 0, 0, 0, 0, 0, 0, 0, 0, 0, '', 0),
(6656, 0, 0, 0, 0, 0, 0, 0, 0, 0, 0, 0, 0, 0, '', 0),
(6657, 0, 0, 0, 0, 0, 0, 0, 0, 0, 0, 0, 0, 0, '', 0),
(6658, 0, 0, 0, 0, 0, 0, 0, 0, 0, 0, 0, 0, 0, '', 0),
(6659, 0, 0, 0, 0, 0, 0, 0, 0, 0, 0, 0, 0, 0, '', 0),
(6660, 0, 0, 0, 0, 0, 0, 0, 0, 0, 0, 0, 0, 0, '', 0),
(6661, 0, 0, 0, 0, 0, 0, 0, 0, 0, 0, 0, 0, 0, '', 0),
(6662, 0, 0, 0, 0, 0, 0, 0, 0, 0, 0, 0, 0, 0, '', 0),
(6663, 0, 0, 0, 0, 0, 0, 0, 0, 0, 0, 0, 0, 0, '', 0),
(6664, 0, 0, 0, 0, 0, 0, 0, 0, 0, 0, 0, 0, 0, '', 0),
(6665, 0, 0, 0, 0, 0, 0, 0, 0, 0, 0, 0, 0, 0, '', 0),
(6666, 0, 0, 0, 0, 0, 0, 0, 0, 0, 0, 0, 0, 0, '', 0),
(6667, 0, 0, 0, 0, 0, 0, 0, 0, 0, 0, 0, 0, 0, '', 0),
(6668, 0, 0, 0, 0, 0, 0, 0, 0, 0, 0, 0, 0, 0, '', 0),
(6669, 0, 0, 0, 0, 0, 0, 0, 0, 0, 0, 0, 0, 0, '', 0),
(6670, 3, 10, 0, 0, 0, 0, 0, 0, 0, 0, 0, 0, 0, 'fr', 0),
(6671, 0, 0, 0, 0, 0, 0, 0, 0, 0, 0, 0, 0, 0, '', 0),
(6672, 0, 0, 0, 0, 0, 0, 0, 0, 0, 0, 0, 0, 0, '', 0),
(6673, 0, 0, 0, 0, 0, 0, 0, 0, 0, 0, 0, 0, 0, 'fr', 0),
(6674, 7, 11, 0, 0, 0, 0, 0, 0, 0, 0, 0, 0, 0, '', 0),
(6675, 6, 11, 0, 0, 0, 0, 0, 0, 0, 0, 0, 0, 0, '', 0),
(6676, 0, 0, 0, 0, 0, 0, 0, 0, 0, 0, 0, 0, 0, '', 0),
(6677, 0, 0, 0, 0, 0, 0, 0, 0, 0, 0, 0, 0, 0, '', 0),
(6678, 0, 0, 0, 0, 0, 0, 0, 0, 0, 0, 0, 0, 0, '', 0),
(6679, 0, 0, 0, 0, 0, 0, 0, 0, 0, 0, 0, 0, 0, '', 0),
(6680, 0, 0, 0, 0, 0, 0, 0, 0, 0, 0, 0, 0, 0, '', 0),
(6681, 0, 0, 0, 0, 0, 0, 0, 0, 0, 0, 0, 0, 0, '', 0),
(6682, 0, 0, 0, 0, 0, 0, 0, 0, 0, 0, 0, 0, 0, '', 0),
(6683, 0, 0, 0, 0, 0, 0, 0, 0, 0, 0, 0, 0, 0, '', 0),
(6684, 0, 0, 0, 0, 0, 0, 0, 0, 0, 0, 0, 0, 0, '', 0),
(6685, 0, 0, 0, 0, 0, 0, 0, 0, 0, 0, 0, 0, 0, '', 0),
(6686, 0, 0, 0, 0, 0, 0, 0, 0, 0, 0, 0, 0, 0, '', 0),
(6687, 0, 0, 0, 0, 0, 0, 0, 0, 0, 0, 0, 0, 0, '', 0),
(6688, 7, 11, 0, 0, 0, 0, 0, 0, 0, 0, 0, 0, 0, '', 0),
(6689, 0, 0, 0, 0, 0, 0, 0, 0, 0, 0, 0, 0, 0, '', 0),
(6690, 0, 0, 0, 0, 0, 0, 0, 0, 0, 0, 0, 0, 0, '', 0),
(6691, 0, 0, 0, 0, 0, 0, 0, 0, 0, 0, 0, 0, 0, '', 0),
(6692, 0, 0, 0, 0, 0, 0, 0, 0, 0, 0, 0, 0, 0, '', 0),
(6693, 0, 0, 0, 0, 0, 0, 0, 0, 0, 0, 0, 0, 0, '', 0),
(6694, 6, 3, 0, 0, 0, 0, 0, 0, 0, 0, 0, 0, 0, 'fr', 0),
(6695, 0, 0, 0, 0, 0, 0, 0, 0, 0, 0, 0, 0, 0, '', 0),
(6696, 0, 0, 0, 0, 0, 0, 0, 0, 0, 0, 0, 0, 0, 'fr', 0),
(6697, 0, 0, 0, 0, 0, 0, 0, 0, 0, 0, 0, 0, 0, 'fr', 0),
(6698, 0, 0, 0, 0, 0, 0, 0, 0, 0, 0, 0, 0, 0, 'fr', 0),
(6699, 0, 0, 0, 0, 0, 0, 0, 0, 0, 0, 0, 0, 0, 'fr', 0),
(6700, 0, 0, 0, 0, 0, 0, 0, 0, 0, 0, 0, 0, 0, 'fr', 0),
(6701, 0, 0, 0, 0, 0, 0, 0, 0, 0, 0, 0, 0, 0, 'fr', 0),
(6702, 0, 0, 0, 0, 0, 0, 0, 0, 0, 0, 0, 0, 0, 'fr', 0),
(6703, 0, 0, 0, 0, 0, 0, 0, 0, 0, 0, 0, 0, 0, 'fr', 0),
(6704, 0, 0, 0, 0, 0, 0, 0, 0, 0, 0, 0, 0, 0, 'fr', 0),
(6705, 0, 0, 0, 0, 0, 0, 0, 0, 0, 0, 0, 0, 0, 'fr', 0),
(6706, 0, 0, 0, 0, 0, 0, 0, 0, 0, 0, 0, 0, 0, 'fr', 0),
(6707, 0, 0, 0, 0, 0, 0, 0, 0, 0, 0, 0, 0, 0, 'fr', 0),
(6708, 0, 0, 0, 0, 0, 0, 0, 0, 0, 0, 0, 0, 0, 'fr', 0),
(6709, 0, 0, 0, 0, 0, 0, 0, 0, 0, 0, 0, 0, 0, 'fr', 0),
(6710, 0, 0, 0, 0, 0, 0, 0, 0, 0, 0, 0, 0, 0, 'fr', 0),
(6711, 0, 0, 0, 0, 0, 0, 0, 0, 0, 0, 0, 0, 0, 'fr', 0),
(6712, 0, 0, 0, 0, 0, 0, 0, 0, 0, 0, 0, 0, 0, 'fr', 0),
(6713, 0, 0, 0, 0, 0, 0, 0, 0, 0, 0, 0, 0, 0, 'fr', 0),
(6714, 0, 0, 0, 0, 0, 0, 0, 0, 0, 0, 0, 0, 0, 'fr', 0),
(6715, 0, 0, 0, 0, 0, 0, 0, 0, 0, 0, 0, 0, 0, 'fr', 0),
(6716, 0, 0, 0, 0, 0, 0, 0, 0, 0, 0, 0, 0, 0, 'fr', 0),
(6717, 0, 0, 0, 0, 0, 0, 0, 0, 0, 0, 0, 0, 0, 'fr', 0),
(6718, 0, 0, 0, 0, 0, 0, 0, 0, 0, 0, 0, 0, 0, 'fr', 0),
(6719, 0, 0, 0, 0, 0, 0, 0, 0, 0, 0, 0, 0, 0, 'fr', 0),
(6720, 0, 0, 0, 0, 0, 0, 0, 0, 0, 0, 0, 0, 0, 'fr', 0),
(6721, 0, 0, 0, 0, 0, 0, 0, 0, 0, 0, 0, 0, 0, 'fr', 0),
(6722, 0, 0, 0, 0, 0, 0, 0, 0, 0, 0, 0, 0, 0, 'fr', 0),
(6723, 0, 0, 0, 0, 0, 0, 0, 0, 0, 0, 0, 0, 0, 'fr', 0),
(6724, 0, 0, 0, 0, 0, 0, 0, 0, 0, 0, 0, 0, 0, 'fr', 0),
(6725, 0, 0, 0, 0, 0, 0, 0, 0, 0, 0, 0, 0, 0, 'fr', 0),
(6726, 0, 0, 0, 0, 0, 0, 0, 0, 0, 0, 0, 0, 0, 'fr', 0),
(6727, 0, 0, 0, 0, 0, 0, 0, 0, 0, 0, 0, 0, 0, 'fr', 0),
(6728, 0, 0, 0, 0, 0, 0, 0, 0, 0, 0, 0, 0, 0, 'fr', 0),
(6729, 0, 0, 0, 0, 0, 0, 0, 0, 0, 0, 0, 0, 0, 'fr', 0),
(6730, 0, 0, 0, 0, 0, 0, 0, 0, 0, 0, 0, 0, 0, 'fr', 0),
(6731, 0, 0, 0, 0, 0, 0, 0, 0, 0, 0, 0, 0, 0, 'fr', 0),
(6732, 0, 0, 0, 0, 0, 0, 0, 0, 0, 0, 0, 0, 0, 'fr', 0),
(6733, 0, 0, 0, 0, 0, 0, 0, 0, 0, 0, 0, 0, 0, 'fr', 0),
(6734, 0, 0, 0, 0, 0, 0, 0, 0, 0, 0, 0, 0, 0, 'fr', 0),
(6735, 0, 0, 0, 0, 0, 0, 0, 0, 0, 0, 0, 0, 0, 'fr', 0),
(6736, 0, 0, 0, 0, 0, 0, 0, 0, 0, 0, 0, 0, 0, 'fr', 0),
(6737, 0, 0, 0, 0, 0, 0, 0, 0, 0, 0, 0, 0, 0, 'fr', 0),
(6738, 0, 0, 0, 0, 0, 0, 0, 0, 0, 0, 0, 0, 0, 'fr', 0),
(6739, 0, 0, 0, 0, 0, 0, 0, 0, 0, 0, 0, 0, 0, 'fr', 0),
(6740, 0, 0, 0, 0, 0, 0, 0, 0, 0, 0, 0, 0, 0, 'fr', 0),
(6741, 0, 0, 0, 0, 0, 0, 0, 0, 0, 0, 0, 0, 0, 'fr', 0),
(6742, 0, 0, 0, 0, 0, 0, 0, 0, 0, 0, 0, 0, 0, 'fr', 0),
(6743, 0, 0, 0, 0, 0, 0, 0, 0, 0, 0, 0, 0, 0, 'fr', 0),
(6744, 0, 0, 0, 0, 0, 0, 0, 0, 0, 0, 0, 0, 0, 'fr', 0),
(6745, 0, 0, 0, 0, 0, 0, 0, 0, 0, 0, 0, 0, 0, 'fr', 0),
(6746, 0, 0, 0, 0, 0, 0, 0, 0, 0, 0, 0, 0, 0, 'fr', 0),
(6747, 0, 0, 0, 0, 0, 0, 0, 0, 0, 0, 0, 0, 0, 'fr', 0),
(6748, 0, 0, 0, 0, 0, 0, 0, 0, 0, 0, 0, 0, 0, 'fr', 0),
(6749, 0, 0, 0, 0, 0, 0, 0, 0, 0, 0, 0, 0, 0, 'fr', 0),
(6750, 0, 0, 0, 0, 0, 0, 0, 0, 0, 0, 0, 0, 0, 'fr', 0),
(6751, 0, 0, 0, 0, 0, 0, 0, 0, 0, 0, 0, 0, 0, 'fr', 0),
(6752, 0, 0, 0, 0, 0, 0, 0, 0, 0, 0, 0, 0, 0, 'fr', 0),
(6753, 0, 0, 0, 0, 0, 0, 0, 0, 0, 0, 0, 0, 0, 'fr', 0),
(6754, 0, 0, 0, 0, 0, 0, 0, 0, 0, 0, 0, 0, 0, 'fr', 0),
(6755, 0, 0, 0, 0, 0, 0, 0, 0, 0, 0, 0, 0, 0, 'fr', 0),
(6756, 0, 0, 0, 0, 0, 0, 0, 0, 0, 0, 0, 0, 0, '', 0),
(6757, 7, 3, 0, 0, 0, 0, 0, 0, 0, 0, 0, 0, 0, 'fr', 0),
(6758, 0, 0, 0, 0, 0, 0, 0, 0, 0, 0, 0, 0, 0, '', 0),
(6759, 0, 0, 0, 0, 0, 0, 0, 0, 0, 0, 0, 0, 0, '', 0),
(6760, 0, 0, 0, 0, 0, 0, 0, 0, 0, 0, 0, 0, 0, '', 0),
(6761, 0, 0, 0, 0, 0, 0, 0, 0, 0, 0, 0, 0, 0, '', 0),
(6762, 0, 0, 0, 0, 0, 0, 0, 0, 0, 0, 0, 0, 0, '', 0),
(6763, 0, 0, 0, 0, 0, 0, 0, 0, 0, 0, 0, 0, 0, '', 0),
(6764, 0, 0, 0, 0, 0, 0, 0, 0, 0, 0, 0, 0, 0, '', 0),
(6765, 6, 3, 0, 0, 0, 0, 0, 0, 0, 0, 0, 0, 0, 'fr', 0),
(6766, 6, 3, 0, 0, 0, 0, 0, 0, 0, 0, 0, 0, 0, 'fr', 0),
(6767, 9, 11, 0, 0, 0, 0, 0, 0, 0, 0, 0, 0, 0, '', 0),
(6768, 0, 0, 0, 0, 0, 0, 0, 0, 0, 0, 0, 0, 0, '', 0),
(6769, 0, 0, 0, 0, 0, 0, 0, 0, 0, 0, 0, 0, 0, '', 0),
(6770, 0, 0, 0, 0, 0, 0, 0, 0, 0, 0, 0, 0, 0, '', 0),
(6771, 0, 0, 0, 0, 0, 0, 0, 0, 0, 0, 0, 0, 0, '', 0),
(6772, 0, 0, 0, 0, 0, 0, 0, 0, 0, 0, 0, 0, 0, '', 0),
(6773, 0, 0, 0, 0, 0, 0, 0, 0, 0, 0, 0, 0, 0, '', 0),
(6774, 0, 0, 0, 0, 0, 0, 0, 0, 0, 0, 0, 0, 0, '', 0),
(6775, 0, 0, 0, 0, 0, 0, 0, 0, 0, 0, 0, 0, 0, '', 0),
(6776, 0, 0, 0, 0, 0, 0, 0, 0, 0, 0, 0, 0, 0, '', 0),
(6777, 9, 11, 0, 0, 0, 0, 0, 0, 0, 0, 0, 0, 0, 'fr', 0),
(6778, 0, 0, 0, 0, 0, 0, 0, 0, 0, 0, 0, 0, 0, 'fr', 0),
(6779, 0, 0, 0, 0, 0, 0, 0, 0, 0, 0, 0, 0, 0, 'fr', 0),
(6780, 7, 1, 0, 0, 0, 0, 0, 0, 0, 0, 0, 0, 0, '', 0),
(6781, 0, 0, 0, 0, 0, 0, 0, 0, 0, 0, 0, 0, 0, '', 0),
(6782, 3, 3, 0, 0, 0, 0, 0, 0, 0, 0, 0, 0, 0, 'fr', 0),
(6783, 6, 11, 0, 0, 0, 0, 0, 0, 0, 0, 0, 0, 0, '', 0),
(6784, 0, 0, 0, 0, 0, 0, 0, 0, 0, 0, 0, 0, 0, 'en-us', 0),
(6785, 6, 11, 0, 0, 0, 0, 0, 0, 0, 0, 0, 0, 0, '', 0),
(6786, 0, 0, 0, 0, 0, 0, 0, 0, 0, 0, 0, 0, 0, '', 0),
(6787, 0, 0, 0, 0, 0, 0, 0, 0, 0, 0, 0, 0, 0, '', 0),
(6788, 0, 0, 0, 0, 0, 0, 0, 0, 0, 0, 0, 0, 0, 'fr', 0),
(6789, 0, 0, 0, 0, 0, 0, 0, 0, 0, 0, 0, 0, 0, '', 0),
(6790, 0, 0, 0, 0, 0, 0, 0, 0, 0, 0, 0, 0, 0, '', 0),
(6791, 0, 0, 0, 0, 0, 0, 0, 0, 0, 0, 0, 0, 0, '', 0),
(6792, 6, 3, 0, 0, 0, 0, 0, 0, 0, 0, 0, 0, 0, 'fr', 0),
(6793, 6, 3, 0, 0, 0, 0, 0, 0, 0, 0, 0, 0, 0, 'fr', 0),
(6794, 6, 3, 0, 0, 0, 0, 0, 0, 0, 0, 0, 0, 0, 'fr', 0),
(6795, 6, 3, 0, 0, 0, 0, 0, 0, 0, 0, 0, 0, 0, 'fr', 0),
(6796, 0, 0, 0, 0, 0, 0, 0, 0, 0, 0, 0, 0, 0, '', 0),
(6797, 7, 1, 0, 0, 0, 0, 0, 0, 0, 0, 0, 0, 0, '', 0),
(6798, 0, 0, 0, 0, 0, 0, 0, 0, 0, 0, 0, 0, 0, '', 0),
(6799, 3, 3, 0, 0, 0, 0, 0, 0, 0, 0, 0, 0, 0, 'fr', 0),
(6800, 0, 0, 0, 0, 0, 0, 0, 0, 0, 0, 0, 0, 0, '', 0),
(6801, 0, 0, 0, 0, 0, 0, 0, 0, 0, 0, 0, 0, 0, '', 0),
(6802, 0, 0, 0, 0, 0, 0, 0, 0, 0, 0, 0, 0, 0, '', 0),
(6803, 0, 0, 0, 0, 0, 0, 0, 0, 0, 0, 0, 0, 0, '', 0),
(6804, 0, 0, 0, 0, 0, 0, 0, 0, 0, 0, 0, 0, 0, '', 0),
(6805, 0, 0, 0, 0, 0, 0, 0, 0, 0, 0, 0, 0, 0, '', 0),
(6806, 0, 0, 0, 0, 0, 0, 0, 0, 0, 0, 0, 0, 0, '', 0),
(6807, 0, 0, 0, 0, 0, 0, 0, 0, 0, 0, 0, 0, 0, '', 0),
(6808, 0, 0, 0, 0, 0, 0, 0, 0, 0, 0, 0, 0, 0, '', 0),
(6809, 0, 0, 0, 0, 0, 0, 0, 0, 0, 0, 0, 0, 0, '', 0),
(6810, 0, 0, 0, 0, 0, 0, 0, 0, 0, 0, 0, 0, 0, '', 0),
(6811, 0, 0, 0, 0, 0, 0, 0, 0, 0, 0, 0, 0, 0, '', 0),
(6812, 0, 0, 0, 0, 0, 0, 0, 0, 0, 0, 0, 0, 0, '', 0),
(6813, 0, 0, 0, 0, 0, 0, 0, 0, 0, 0, 0, 0, 0, '', 0),
(6814, 0, 0, 0, 0, 0, 0, 0, 0, 0, 0, 0, 0, 0, '', 0),
(6815, 0, 0, 0, 0, 0, 0, 0, 0, 0, 0, 0, 0, 0, '', 0),
(6816, 0, 0, 0, 0, 0, 0, 0, 0, 0, 0, 0, 0, 0, '', 0),
(6817, 0, 0, 0, 0, 0, 0, 0, 0, 0, 0, 0, 0, 0, '', 0),
(6818, 0, 0, 0, 0, 0, 0, 0, 0, 0, 0, 0, 0, 0, '', 0),
(6819, 0, 0, 0, 0, 0, 0, 0, 0, 0, 0, 0, 0, 0, '', 0),
(6820, 0, 0, 0, 0, 0, 0, 0, 0, 0, 0, 0, 0, 0, '', 0),
(6821, 7, 1, 0, 0, 0, 0, 0, 0, 0, 0, 0, 0, 0, '', 0),
(6822, 0, 0, 0, 0, 0, 0, 0, 0, 0, 0, 0, 0, 0, '', 0),
(6823, 7, 11, 0, 0, 0, 0, 0, 0, 0, 0, 0, 0, 0, 'fr', 0),
(6824, 0, 0, 0, 0, 0, 0, 0, 0, 0, 0, 0, 0, 0, '', 0),
(6825, 0, 0, 0, 0, 0, 0, 0, 0, 0, 0, 0, 0, 0, '', 0),
(6826, 0, 0, 0, 0, 0, 0, 0, 0, 0, 0, 0, 0, 0, '', 0),
(6827, 0, 0, 0, 0, 0, 0, 0, 0, 0, 0, 0, 0, 0, '', 0),
(6828, 0, 0, 0, 0, 0, 0, 0, 0, 0, 0, 0, 0, 0, '', 0),
(6829, 0, 0, 0, 0, 0, 0, 0, 0, 0, 0, 0, 0, 0, '', 0),
(6830, 0, 0, 0, 0, 0, 0, 0, 0, 0, 0, 0, 0, 0, '', 0),
(6831, 0, 0, 0, 0, 0, 0, 0, 0, 0, 0, 0, 0, 0, '', 0),
(6832, 0, 0, 0, 0, 0, 0, 0, 0, 0, 0, 0, 0, 0, '', 0),
(6833, 0, 0, 0, 0, 0, 0, 0, 0, 0, 0, 0, 0, 0, '', 0),
(6834, 0, 0, 0, 0, 0, 0, 0, 0, 0, 0, 0, 0, 0, '', 0),
(6835, 0, 0, 0, 0, 0, 0, 0, 0, 0, 0, 0, 0, 0, '', 0),
(6836, 0, 0, 0, 0, 0, 0, 0, 0, 0, 0, 0, 0, 0, '', 0),
(6837, 0, 0, 0, 0, 0, 0, 0, 0, 0, 0, 0, 0, 0, '', 0),
(6838, 0, 0, 0, 0, 0, 0, 0, 0, 0, 0, 0, 0, 0, '', 0),
(6839, 0, 0, 0, 0, 0, 0, 0, 0, 0, 0, 0, 0, 0, '', 0),
(6840, 3, 11, 0, 0, 0, 0, 0, 0, 0, 0, 0, 0, 0, '', 0),
(6841, 9, 11, 0, 0, 0, 0, 0, 0, 0, 0, 0, 0, 0, '', 0),
(6842, 9, 11, 0, 0, 0, 0, 0, 0, 0, 0, 0, 0, 0, '', 0),
(6843, 6, 11, 0, 0, 0, 0, 0, 0, 0, 0, 0, 0, 0, '', 0),
(6844, 0, 0, 0, 0, 0, 0, 0, 0, 0, 0, 0, 0, 0, '', 0),
(6845, 0, 0, 0, 0, 0, 0, 0, 0, 0, 0, 0, 0, 0, '', 0),
(6846, 0, 0, 0, 0, 0, 0, 0, 0, 0, 0, 0, 0, 0, '', 0),
(6847, 0, 0, 0, 0, 0, 0, 0, 0, 0, 0, 0, 0, 0, '', 0),
(6848, 0, 0, 0, 0, 0, 0, 0, 0, 0, 0, 0, 0, 0, '', 0),
(6849, 0, 0, 0, 0, 0, 0, 0, 0, 0, 0, 0, 0, 0, '', 0),
(6850, 0, 0, 0, 0, 0, 0, 0, 0, 0, 0, 0, 0, 0, '', 0),
(6851, 0, 0, 0, 0, 0, 0, 0, 0, 0, 0, 0, 0, 0, '', 0),
(6852, 0, 0, 0, 0, 0, 0, 0, 0, 0, 0, 0, 0, 0, '', 0),
(6853, 7, 1, 0, 0, 0, 0, 0, 0, 0, 0, 0, 0, 0, 'fr-fr', 0),
(6854, 7, 1, 0, 0, 0, 0, 0, 0, 0, 0, 0, 0, 0, 'fr-fr', 0),
(6855, 0, 0, 0, 0, 0, 0, 0, 0, 0, 0, 0, 0, 0, '', 0),
(6856, 7, 11, 0, 0, 0, 0, 0, 0, 0, 0, 0, 0, 0, '', 0),
(6857, 6, 3, 0, 0, 0, 0, 0, 0, 0, 0, 0, 0, 0, 'fr', 0),
(6858, 7, 1, 0, 0, 0, 0, 0, 0, 0, 0, 0, 0, 0, '', 0),
(6859, 0, 0, 0, 0, 0, 0, 0, 0, 0, 0, 0, 0, 0, '', 0),
(6860, 0, 0, 0, 0, 0, 0, 0, 0, 0, 0, 0, 0, 0, '', 0),
(6861, 0, 0, 0, 0, 0, 0, 0, 0, 0, 0, 0, 0, 0, '', 0),
(6862, 0, 0, 0, 0, 0, 0, 0, 0, 0, 0, 0, 0, 0, '', 0),
(6863, 0, 0, 0, 0, 0, 0, 0, 0, 0, 0, 0, 0, 0, '', 0),
(6864, 0, 0, 0, 0, 0, 0, 0, 0, 0, 0, 0, 0, 0, '', 0),
(6865, 0, 0, 0, 0, 0, 0, 0, 0, 0, 0, 0, 0, 0, '', 0),
(6866, 0, 0, 0, 0, 0, 0, 0, 0, 0, 0, 0, 0, 0, '', 0),
(6867, 0, 0, 0, 0, 0, 0, 0, 0, 0, 0, 0, 0, 0, '', 0),
(6868, 0, 0, 0, 0, 0, 0, 0, 0, 0, 0, 0, 0, 0, '', 0),
(6869, 0, 0, 0, 0, 0, 0, 0, 0, 0, 0, 0, 0, 0, '', 0),
(6870, 0, 0, 0, 0, 0, 0, 0, 0, 0, 0, 0, 0, 0, '', 0),
(6871, 0, 0, 0, 0, 0, 0, 0, 0, 0, 0, 0, 0, 0, '', 0),
(6872, 0, 0, 0, 0, 0, 0, 0, 0, 0, 0, 0, 0, 0, '', 0),
(6873, 0, 0, 0, 0, 0, 0, 0, 0, 0, 0, 0, 0, 0, '', 0),
(6874, 0, 0, 0, 0, 0, 0, 0, 0, 0, 0, 0, 0, 0, '', 0),
(6875, 0, 0, 0, 0, 0, 0, 0, 0, 0, 0, 0, 0, 0, '', 0),
(6876, 0, 0, 0, 0, 0, 0, 0, 0, 0, 0, 0, 0, 0, '', 0),
(6877, 0, 0, 0, 0, 0, 0, 0, 0, 0, 0, 0, 0, 0, '', 0),
(6878, 0, 0, 0, 0, 0, 0, 0, 0, 0, 0, 0, 0, 0, '', 0),
(6879, 0, 0, 0, 0, 0, 0, 0, 0, 0, 0, 0, 0, 0, '', 0),
(6880, 0, 0, 0, 0, 0, 0, 0, 0, 0, 0, 0, 0, 0, '', 0),
(6881, 0, 0, 0, 0, 0, 0, 0, 0, 0, 0, 0, 0, 0, '', 0),
(6882, 0, 0, 0, 0, 0, 0, 0, 0, 0, 0, 0, 0, 0, '', 0),
(6883, 0, 0, 0, 0, 0, 0, 0, 0, 0, 0, 0, 0, 0, '', 0),
(6884, 0, 0, 0, 0, 0, 0, 0, 0, 0, 0, 0, 0, 0, '', 0),
(6885, 0, 0, 0, 0, 0, 0, 0, 0, 0, 0, 0, 0, 0, '', 0),
(6886, 0, 0, 0, 0, 0, 0, 0, 0, 0, 0, 0, 0, 0, '', 0),
(6887, 0, 0, 0, 0, 0, 0, 0, 0, 0, 0, 0, 0, 0, '', 0),
(6888, 5, 11, 0, 0, 0, 0, 0, 0, 0, 0, 0, 0, 0, '', 0),
(6889, 7, 1, 0, 0, 0, 0, 0, 0, 0, 0, 0, 0, 0, '', 0),
(6890, 0, 0, 0, 0, 0, 0, 0, 0, 0, 0, 0, 0, 0, '', 0),
(6891, 0, 0, 0, 0, 0, 0, 0, 0, 0, 0, 0, 0, 0, '', 0),
(6892, 0, 0, 0, 0, 0, 0, 0, 0, 0, 0, 0, 0, 0, '', 0),
(6893, 0, 0, 0, 0, 0, 0, 0, 0, 0, 0, 0, 0, 0, '', 0),
(6894, 0, 0, 0, 0, 0, 0, 0, 0, 0, 0, 0, 0, 0, '', 0),
(6895, 0, 0, 0, 0, 0, 0, 0, 0, 0, 0, 0, 0, 0, '', 0),
(6896, 0, 0, 0, 0, 0, 0, 0, 0, 0, 0, 0, 0, 0, '', 0),
(6897, 0, 0, 0, 0, 0, 0, 0, 0, 0, 0, 0, 0, 0, '', 0),
(6898, 0, 0, 0, 0, 0, 0, 0, 0, 0, 0, 0, 0, 0, '', 0),
(6899, 0, 0, 0, 0, 0, 0, 0, 0, 0, 0, 0, 0, 0, '', 0),
(6900, 0, 0, 0, 0, 0, 0, 0, 0, 0, 0, 0, 0, 0, '', 0),
(6901, 0, 0, 0, 0, 0, 0, 0, 0, 0, 0, 0, 0, 0, '', 0),
(6902, 0, 0, 0, 0, 0, 0, 0, 0, 0, 0, 0, 0, 0, '', 0),
(6903, 0, 0, 0, 0, 0, 0, 0, 0, 0, 0, 0, 0, 0, '', 0),
(6904, 0, 0, 0, 0, 0, 0, 0, 0, 0, 0, 0, 0, 0, '', 0),
(6905, 0, 0, 0, 0, 0, 0, 0, 0, 0, 0, 0, 0, 0, '', 0),
(6906, 9, 11, 0, 0, 0, 0, 0, 0, 0, 0, 0, 0, 0, '', 0),
(6907, 0, 0, 0, 0, 0, 0, 0, 0, 0, 0, 0, 0, 0, '', 0),
(6908, 0, 0, 0, 0, 0, 0, 0, 0, 0, 0, 0, 0, 0, '', 0),
(6909, 0, 0, 0, 0, 0, 0, 0, 0, 0, 0, 0, 0, 0, '', 0),
(6910, 0, 0, 0, 0, 0, 0, 0, 0, 0, 0, 0, 0, 0, '', 0),
(6911, 9, 11, 0, 0, 0, 0, 0, 0, 0, 0, 0, 0, 0, '', 0),
(6912, 6, 11, 0, 0, 0, 0, 0, 0, 0, 0, 0, 0, 0, 'fr', 0),
(6913, 0, 0, 0, 0, 0, 0, 0, 0, 0, 0, 0, 0, 0, '', 0),
(6914, 0, 0, 0, 0, 0, 0, 0, 0, 0, 0, 0, 0, 0, '', 0),
(6915, 0, 0, 0, 0, 0, 0, 0, 0, 0, 0, 0, 0, 0, '', 0),
(6916, 0, 0, 0, 0, 0, 0, 0, 0, 0, 0, 0, 0, 0, '', 0),
(6917, 0, 0, 0, 0, 0, 0, 0, 0, 0, 0, 0, 0, 0, '', 0),
(6918, 0, 0, 0, 0, 0, 0, 0, 0, 0, 0, 0, 0, 0, '', 0),
(6919, 0, 0, 0, 0, 0, 0, 0, 0, 0, 0, 0, 0, 0, '', 0),
(6920, 0, 0, 0, 0, 0, 0, 0, 0, 0, 0, 0, 0, 0, '', 0),
(6921, 0, 0, 0, 0, 0, 0, 0, 0, 0, 0, 0, 0, 0, '', 0),
(6922, 0, 0, 0, 0, 0, 0, 0, 0, 0, 0, 0, 0, 0, '', 0),
(6923, 0, 0, 0, 0, 0, 0, 0, 0, 0, 0, 0, 0, 0, '', 0),
(6924, 0, 0, 0, 0, 0, 0, 0, 0, 0, 0, 0, 0, 0, '', 0),
(6925, 0, 0, 0, 0, 0, 0, 0, 0, 0, 0, 0, 0, 0, '', 0),
(6926, 0, 0, 0, 0, 0, 0, 0, 0, 0, 0, 0, 0, 0, '', 0),
(6927, 0, 0, 0, 0, 0, 0, 0, 0, 0, 0, 0, 0, 0, '', 0),
(6928, 0, 0, 0, 0, 0, 0, 0, 0, 0, 0, 0, 0, 0, '', 0),
(6929, 0, 0, 0, 0, 0, 0, 0, 0, 0, 0, 0, 0, 0, '', 0),
(6930, 0, 0, 0, 0, 0, 0, 0, 0, 0, 0, 0, 0, 0, '', 0),
(6931, 0, 0, 0, 0, 0, 0, 0, 0, 0, 0, 0, 0, 0, '', 0),
(6932, 0, 0, 0, 0, 0, 0, 0, 0, 0, 0, 0, 0, 0, '', 0),
(6933, 0, 0, 0, 0, 0, 0, 0, 0, 0, 0, 0, 0, 0, '', 0),
(6934, 9, 11, 0, 0, 0, 0, 0, 0, 0, 0, 0, 0, 0, '', 0),
(6935, 0, 0, 0, 0, 0, 0, 0, 0, 0, 0, 0, 0, 0, '', 0),
(6936, 0, 0, 0, 0, 0, 0, 0, 0, 0, 0, 0, 0, 0, '', 0),
(6937, 0, 0, 0, 0, 0, 0, 0, 0, 0, 0, 0, 0, 0, '', 0),
(6938, 0, 0, 0, 0, 0, 0, 0, 0, 0, 0, 0, 0, 0, '', 0),
(6939, 0, 0, 0, 0, 0, 0, 0, 0, 0, 0, 0, 0, 0, '', 0),
(6940, 0, 0, 0, 0, 0, 0, 0, 0, 0, 0, 0, 0, 0, '', 0),
(6941, 0, 0, 0, 0, 0, 0, 0, 0, 0, 0, 0, 0, 0, '', 0),
(6942, 0, 0, 0, 0, 0, 0, 0, 0, 0, 0, 0, 0, 0, '', 0),
(6943, 7, 1, 0, 0, 0, 0, 0, 0, 0, 0, 0, 0, 0, '', 0),
(6944, 3, 11, 0, 0, 0, 0, 0, 0, 0, 0, 0, 0, 0, '', 0),
(6945, 0, 0, 0, 0, 0, 0, 0, 0, 0, 0, 0, 0, 0, '', 0),
(6946, 0, 0, 0, 0, 0, 0, 0, 0, 0, 0, 0, 0, 0, '', 0),
(6947, 0, 0, 0, 0, 0, 0, 0, 0, 0, 0, 0, 0, 0, '', 0),
(6948, 0, 0, 0, 0, 0, 0, 0, 0, 0, 0, 0, 0, 0, '', 0),
(6949, 0, 0, 0, 0, 0, 0, 0, 0, 0, 0, 0, 0, 0, '', 0),
(6950, 0, 0, 0, 0, 0, 0, 0, 0, 0, 0, 0, 0, 0, '', 0),
(6951, 0, 0, 0, 0, 0, 0, 0, 0, 0, 0, 0, 0, 0, '', 0),
(6952, 0, 0, 0, 0, 0, 0, 0, 0, 0, 0, 0, 0, 0, '', 0),
(6953, 0, 0, 0, 0, 0, 0, 0, 0, 0, 0, 0, 0, 0, '', 0),
(6954, 0, 0, 0, 0, 0, 0, 0, 0, 0, 0, 0, 0, 0, '', 0),
(6955, 0, 0, 0, 0, 0, 0, 0, 0, 0, 0, 0, 0, 0, '', 0),
(6956, 0, 0, 0, 0, 0, 0, 0, 0, 0, 0, 0, 0, 0, '', 0),
(6957, 0, 0, 0, 0, 0, 0, 0, 0, 0, 0, 0, 0, 0, '', 0),
(6958, 0, 0, 0, 0, 0, 0, 0, 0, 0, 0, 0, 0, 0, '', 0),
(6959, 0, 0, 0, 0, 0, 0, 0, 0, 0, 0, 0, 0, 0, '', 0),
(6960, 0, 0, 0, 0, 0, 0, 0, 0, 0, 0, 0, 0, 0, '', 0),
(6961, 0, 0, 0, 0, 0, 0, 0, 0, 0, 0, 0, 0, 0, '', 0),
(6962, 0, 0, 0, 0, 0, 0, 0, 0, 0, 0, 0, 0, 0, '', 0),
(6963, 3, 11, 0, 0, 0, 0, 0, 0, 0, 0, 0, 0, 0, 'ru', 0),
(6964, 0, 0, 0, 0, 0, 0, 0, 0, 0, 0, 0, 0, 0, 'fr', 0),
(6965, 6, 11, 0, 0, 0, 0, 0, 0, 0, 0, 0, 0, 0, 'fr', 0),
(6966, 0, 0, 0, 0, 0, 0, 0, 0, 0, 0, 0, 0, 0, '', 0),
(6967, 0, 0, 0, 0, 0, 0, 0, 0, 0, 0, 0, 0, 0, '', 0),
(6968, 6, 11, 0, 0, 0, 0, 0, 0, 0, 0, 0, 0, 0, 'fr', 0),
(6969, 7, 11, 0, 0, 0, 0, 0, 0, 0, 0, 0, 0, 0, 'fr', 0),
(6970, 7, 11, 0, 0, 0, 0, 0, 0, 0, 0, 0, 0, 0, 'fr', 0);

-- --------------------------------------------------------

--
-- Table structure for table `ps_homeslider`
--

CREATE TABLE `ps_homeslider` (
  `id_homeslider_slides` int(10) UNSIGNED NOT NULL,
  `id_shop` int(10) UNSIGNED NOT NULL
) ENGINE=InnoDB DEFAULT CHARSET=utf8;

--
-- Dumping data for table `ps_homeslider`
--

INSERT INTO `ps_homeslider` (`id_homeslider_slides`, `id_shop`) VALUES
(1, 1),
(2, 1),
(3, 1);

-- --------------------------------------------------------

--
-- Table structure for table `ps_homeslider_slides`
--

CREATE TABLE `ps_homeslider_slides` (
  `id_homeslider_slides` int(10) UNSIGNED NOT NULL,
  `position` int(10) UNSIGNED NOT NULL DEFAULT 0,
  `active` tinyint(1) UNSIGNED NOT NULL DEFAULT 0
) ENGINE=InnoDB DEFAULT CHARSET=utf8;

--
-- Dumping data for table `ps_homeslider_slides`
--

INSERT INTO `ps_homeslider_slides` (`id_homeslider_slides`, `position`, `active`) VALUES
(1, 1, 1),
(2, 2, 1),
(3, 3, 1);

-- --------------------------------------------------------

--
-- Table structure for table `ps_homeslider_slides_lang`
--

CREATE TABLE `ps_homeslider_slides_lang` (
  `id_homeslider_slides` int(10) UNSIGNED NOT NULL,
  `id_lang` int(10) UNSIGNED NOT NULL,
  `title` varchar(255) NOT NULL,
  `description` text NOT NULL,
  `legend` varchar(255) NOT NULL,
  `url` varchar(255) NOT NULL,
  `image` varchar(255) NOT NULL
) ENGINE=InnoDB DEFAULT CHARSET=utf8;

--
-- Dumping data for table `ps_homeslider_slides_lang`
--

INSERT INTO `ps_homeslider_slides_lang` (`id_homeslider_slides`, `id_lang`, `title`, `description`, `legend`, `url`, `image`) VALUES
(1, 1, 'Sample 1', '<h3>EXCEPTEUR OCCAECAT</h3>\n                <p>Lorem ipsum dolor sit amet, consectetur adipiscing elit. Proin tristique in tortor et dignissim. Quisque non tempor leo. Maecenas egestas sem elit</p>', 'sample-1', 'http://www.prestashop.com/?utm_source=back-office&utm_medium=v17_homeslider&utm_campaign=back-office-FR&utm_content=download', 'sample-1.jpg'),
(2, 1, 'Sample 2', '<h3>EXCEPTEUR OCCAECAT</h3>\n                <p>Lorem ipsum dolor sit amet, consectetur adipiscing elit. Proin tristique in tortor et dignissim. Quisque non tempor leo. Maecenas egestas sem elit</p>', 'sample-2', 'http://www.prestashop.com/?utm_source=back-office&utm_medium=v17_homeslider&utm_campaign=back-office-FR&utm_content=download', 'sample-2.jpg'),
(3, 1, 'Sample 3', '<h3>EXCEPTEUR OCCAECAT</h3>\n                <p>Lorem ipsum dolor sit amet, consectetur adipiscing elit. Proin tristique in tortor et dignissim. Quisque non tempor leo. Maecenas egestas sem elit</p>', 'sample-3', 'http://www.prestashop.com/?utm_source=back-office&utm_medium=v17_homeslider&utm_campaign=back-office-FR&utm_content=download', 'sample-3.jpg');

-- --------------------------------------------------------

--
-- Table structure for table `ps_hook`
--

CREATE TABLE `ps_hook` (
  `id_hook` int(10) UNSIGNED NOT NULL,
  `name` varchar(64) NOT NULL,
  `title` varchar(64) NOT NULL,
  `description` text DEFAULT NULL,
  `position` tinyint(1) NOT NULL DEFAULT 1
) ENGINE=InnoDB DEFAULT CHARSET=utf8;

--
-- Dumping data for table `ps_hook`
--

INSERT INTO `ps_hook` (`id_hook`, `name`, `title`, `description`, `position`) VALUES
(1, 'actionValidateOrder', 'New orders', '', 1),
(2, 'displayMaintenance', 'Maintenance Page', 'This hook displays new elements on the maintenance page', 1),
(3, 'displayProductPageDrawer', 'Product Page Drawer', 'This hook displays content in the right sidebar of the product page', 1),
(4, 'actionPaymentConfirmation', 'Payment confirmation', 'This hook displays new elements after the payment is validated', 1),
(5, 'displayPaymentReturn', 'Payment return', '', 1),
(6, 'actionUpdateQuantity', 'Quantity update', 'Quantity is updated only when a customer effectively places their order', 1),
(7, 'displayRightColumn', 'Right column blocks', 'This hook displays new elements in the right-hand column', 1),
(8, 'displayWrapperTop', 'Main wrapper section (top)', 'This hook displays new elements in the top of the main wrapper', 1),
(9, 'displayWrapperBottom', 'Main wrapper section (bottom)', 'This hook displays new elements in the bottom of the main wrapper', 1),
(10, 'displayContentWrapperTop', 'Content wrapper section (top)', 'This hook displays new elements in the top of the content wrapper', 1),
(11, 'displayContentWrapperBottom', 'Content wrapper section (bottom)', 'This hook displays new elements in the bottom of the content wrapper', 1),
(12, 'displayLeftColumn', 'Left column blocks', 'This hook displays new elements in the left-hand column', 1),
(13, 'displayHome', 'Homepage content', 'This hook displays new elements on the homepage', 1),
(14, 'Header', 'Pages html head section', 'This hook adds additional elements in the head section of your pages (head section of html)', 1),
(15, 'actionCartSave', 'Cart creation and update', 'This hook is displayed when a product is added to the cart or if the cart\'s content is modified', 1),
(16, 'actionAuthentication', 'Successful customer authentication', 'This hook is displayed after a customer successfully signs in', 1),
(17, 'actionProductAdd', 'Product creation', 'This hook is displayed after a product is created', 1),
(18, 'actionProductUpdate', 'Product update', 'This hook is displayed after a product has been updated', 1),
(19, 'displayAfterBodyOpeningTag', 'Very top of pages', 'Use this hook for advertisement or modals you want to load first', 1),
(20, 'displayBeforeBodyClosingTag', 'Very bottom of pages', 'Use this hook for your modals or any content you want to load at the very end', 1),
(21, 'displayTop', 'Top of pages', 'This hook displays additional elements at the top of your pages', 1),
(22, 'displayNavFullWidth', 'Navigation', 'This hook displays full width navigation menu at the top of your pages', 1),
(23, 'displayRightColumnProduct', 'New elements on the product page (right column)', 'This hook displays new elements in the right-hand column of the product page', 1),
(24, 'actionProductDelete', 'Product deletion', 'This hook is called when a product is deleted', 1),
(25, 'actionObjectProductInCartDeleteBefore', 'Cart product removal', 'This hook is called before a product is removed from a cart', 1),
(26, 'actionObjectProductInCartDeleteAfter', 'Cart product removal', 'This hook is called after a product is removed from a cart', 1),
(27, 'displayFooterProduct', 'Product footer', 'This hook adds new blocks under the product\'s description', 1),
(28, 'displayInvoice', 'Invoice', 'This hook displays new blocks on the invoice (order)', 1),
(29, 'actionOrderStatusUpdate', 'Order status update - Event', 'This hook launches modules when the status of an order changes', 1),
(30, 'displayAdminOrder', 'Display new elements in the Back Office, tab AdminOrder', 'This hook launches modules when the AdminOrder tab is displayed in the Back Office', 1),
(31, 'displayAdminOrderTabOrder', 'Display new elements in Back Office, AdminOrder, panel Order', 'This hook launches modules when the AdminOrder tab is displayed in the Back Office and extends / override Order panel tabs', 1),
(32, 'displayAdminOrderTabShip', 'Display new elements in Back Office, AdminOrder, panel Shipping', 'This hook launches modules when the AdminOrder tab is displayed in the Back Office and extends / override Shipping panel tabs', 1),
(33, 'displayAdminOrderContentOrder', 'Display new elements in Back Office, AdminOrder, panel Order', 'This hook launches modules when the AdminOrder tab is displayed in the Back Office and extends / override Order panel content', 1),
(34, 'displayAdminOrderContentShip', 'Display new elements in Back Office, AdminOrder, panel Shipping', 'This hook launches modules when the AdminOrder tab is displayed in the Back Office and extends / override Shipping panel content', 1),
(35, 'displayFooter', 'Footer', 'This hook displays new blocks in the footer', 1),
(36, 'displayPDFInvoice', 'PDF Invoice', 'This hook allows you to display additional information on PDF invoices', 1),
(37, 'displayInvoiceLegalFreeText', 'PDF Invoice - Legal Free Text', 'This hook allows you to modify the legal free text on PDF invoices', 1),
(38, 'displayAdminCustomers', 'Display new elements in the Back Office, tab AdminCustomers', 'This hook launches modules when the AdminCustomers tab is displayed in the Back Office', 1),
(39, 'displayAdminCustomersAddressesItemAction', 'Display new elements in the Back Office, tab AdminCustomers, Add', 'This hook launches modules when the Addresses list into the AdminCustomers tab is displayed in the Back Office', 1),
(40, 'displayOrderConfirmation', 'Order confirmation page', 'This hook is called within an order\'s confirmation page', 1),
(41, 'actionCustomerAccountAdd', 'Successful customer account creation', 'This hook is called when a new customer creates an account successfully', 1),
(42, 'actionCustomerAccountUpdate', 'Successful customer account update', 'This hook is called when a customer updates its account successfully', 1),
(43, 'displayCustomerAccount', 'Customer account displayed in Front Office', 'This hook displays new elements on the customer account page', 1),
(44, 'actionOrderSlipAdd', 'Order slip creation', 'This hook is called when a new credit slip is added regarding client order', 1),
(45, 'displayShoppingCartFooter', 'Shopping cart footer', 'This hook displays some specific information on the shopping cart\'s page', 1),
(46, 'displayCreateAccountEmailFormBottom', 'Customer authentication form', 'This hook displays some information on the bottom of the email form', 1),
(47, 'displayAuthenticateFormBottom', 'Customer authentication form', 'This hook displays some information on the bottom of the authentication form', 1),
(48, 'displayCustomerAccountForm', 'Customer account creation form', 'This hook displays some information on the form to create a customer account', 1),
(49, 'displayAdminStatsModules', 'Stats - Modules', '', 1),
(50, 'displayAdminStatsGraphEngine', 'Graph engines', '', 1),
(51, 'actionOrderReturn', 'Returned product', 'This hook is displayed when a customer returns a product ', 1),
(52, 'displayProductAdditionalInfo', 'Product page additional info', 'This hook adds additional information on the product page', 1),
(53, 'displayBackOfficeHome', 'Administration panel homepage', 'This hook is displayed on the admin panel\'s homepage', 1),
(54, 'displayAdminStatsGridEngine', 'Grid engines', '', 1),
(55, 'actionWatermark', 'Watermark', '', 1),
(56, 'actionProductCancel', 'Product cancelled', 'This hook is called when you cancel a product in an order', 1),
(57, 'displayLeftColumnProduct', 'New elements on the product page (left column)', 'This hook displays new elements in the left-hand column of the product page', 1),
(58, 'actionProductOutOfStock', 'Out-of-stock product', 'This hook displays new action buttons if a product is out of stock', 1),
(59, 'actionProductAttributeUpdate', 'Product attribute update', 'This hook is displayed when a product\'s attribute is updated', 1),
(60, 'displayCarrierList', 'Extra carrier (module mode)', '', 1),
(61, 'displayShoppingCart', 'Shopping cart - Additional button', 'This hook displays new action buttons within the shopping cart', 1),
(62, 'actionCarrierUpdate', 'Carrier Update', 'This hook is called when a carrier is updated', 1),
(63, 'actionOrderStatusPostUpdate', 'Post update of order status', '', 1),
(64, 'displayCustomerAccountFormTop', 'Block above the form for create an account', 'This hook is displayed above the customer\'s account creation form', 1),
(65, 'displayBackOfficeHeader', 'Administration panel header', 'This hook is displayed in the header of the admin panel', 1),
(66, 'displayBackOfficeTop', 'Administration panel hover the tabs', 'This hook is displayed on the roll hover of the tabs within the admin panel', 1),
(67, 'displayAdminEndContent', 'Administration end of content', 'This hook is displayed at the end of the main content, before the footer', 1),
(68, 'displayBackOfficeFooter', 'Administration panel footer', 'This hook is displayed within the admin panel\'s footer', 1),
(69, 'actionProductAttributeDelete', 'Product attribute deletion', 'This hook is displayed when a product\'s attribute is deleted', 1),
(70, 'actionCarrierProcess', 'Carrier process', '', 1),
(71, 'displayBeforeCarrier', 'Before carriers list', 'This hook is displayed before the carrier list in Front Office', 1),
(72, 'displayAfterCarrier', 'After carriers list', 'This hook is displayed after the carrier list in Front Office', 1),
(73, 'displayOrderDetail', 'Order detail', 'This hook is displayed within the order\'s details in Front Office', 1),
(74, 'actionPaymentCCAdd', 'Payment CC added', '', 1),
(75, 'actionCategoryAdd', 'Category creation', 'This hook is displayed when a category is created', 1),
(76, 'actionCategoryUpdate', 'Category modification', 'This hook is displayed when a category is modified', 1),
(77, 'actionCategoryDelete', 'Category deletion', 'This hook is displayed when a category is deleted', 1),
(78, 'displayPaymentTop', 'Top of payment page', 'This hook is displayed at the top of the payment page', 1),
(79, 'actionHtaccessCreate', 'After htaccess creation', 'This hook is displayed after the htaccess creation', 1),
(80, 'actionAdminMetaSave', 'After saving the configuration in AdminMeta', 'This hook is displayed after saving the configuration in AdminMeta', 1),
(81, 'displayAttributeGroupForm', 'Add fields to the form \'attribute group\'', 'This hook adds fields to the form \'attribute group\'', 1),
(82, 'actionAttributeGroupSave', 'Saving an attribute group', 'This hook is called while saving an attributes group', 1),
(83, 'actionAttributeGroupDelete', 'Deleting attribute group', 'This hook is called while deleting an attributes  group', 1),
(84, 'displayFeatureForm', 'Add fields to the form \'feature\'', 'This hook adds fields to the form \'feature\'', 1),
(85, 'actionFeatureSave', 'Saving attributes\' features', 'This hook is called while saving an attributes features', 1),
(86, 'actionFeatureDelete', 'Deleting attributes\' features', 'This hook is called while deleting an attributes features', 1),
(87, 'actionProductSave', 'Saving products', 'This hook is called while saving products', 1),
(88, 'displayAttributeGroupPostProcess', 'On post-process in admin attribute group', 'This hook is called on post-process in admin attribute group', 1),
(89, 'displayFeaturePostProcess', 'On post-process in admin feature', 'This hook is called on post-process in admin feature', 1),
(90, 'displayFeatureValueForm', 'Add fields to the form \'feature value\'', 'This hook adds fields to the form \'feature value\'', 1),
(91, 'displayFeatureValuePostProcess', 'On post-process in admin feature value', 'This hook is called on post-process in admin feature value', 1),
(92, 'actionFeatureValueDelete', 'Deleting attributes\' features\' values', 'This hook is called while deleting an attributes features value', 1),
(93, 'actionFeatureValueSave', 'Saving an attributes features value', 'This hook is called while saving an attributes features value', 1),
(94, 'displayAttributeForm', 'Add fields to the form \'attribute value\'', 'This hook adds fields to the form \'attribute value\'', 1),
(95, 'actionAttributePostProcess', 'On post-process in admin feature value', 'This hook is called on post-process in admin feature value', 1),
(96, 'actionAttributeDelete', 'Deleting an attributes features value', 'This hook is called while deleting an attributes features value', 1),
(97, 'actionAttributeSave', 'Saving an attributes features value', 'This hook is called while saving an attributes features value', 1),
(98, 'actionTaxManager', 'Tax Manager Factory', '', 1),
(99, 'displayMyAccountBlock', 'My account block', 'This hook displays extra information within the \'my account\' block\"', 1),
(100, 'actionModuleInstallBefore', 'actionModuleInstallBefore', '', 1),
(101, 'actionModuleInstallAfter', 'actionModuleInstallAfter', '', 1),
(102, 'displayTopColumn', 'Top column blocks', 'This hook displays new elements in the top of columns', 1),
(103, 'displayBackOfficeCategory', 'Display new elements in the Back Office, tab AdminCategories', 'This hook launches modules when the AdminCategories tab is displayed in the Back Office', 1),
(104, 'displayProductListFunctionalButtons', 'Display new elements in the Front Office, products list', 'This hook launches modules when the products list is displayed in the Front Office', 1),
(105, 'displayNav', 'Navigation', '', 1),
(106, 'displayOverrideTemplate', 'Change the default template of current controller', '', 1),
(107, 'actionAdminLoginControllerSetMedia', 'Set media on admin login page header', 'This hook is called after adding media to admin login page header', 1),
(108, 'actionOrderEdited', 'Order edited', 'This hook is called when an order is edited', 1),
(109, 'actionEmailAddBeforeContent', 'Add extra content before mail content', 'This hook is called just before fetching mail template', 1),
(110, 'actionEmailAddAfterContent', 'Add extra content after mail content', 'This hook is called just after fetching mail template', 1),
(111, 'sendMailAlterTemplateVars', 'Alter template vars on the fly', 'This hook is called when Mail::send() is called', 1),
(112, 'displayCartExtraProductActions', 'Extra buttons in shopping cart', 'This hook adds extra buttons to the product lines, in the shopping cart', 1),
(113, 'displayPaymentByBinaries', 'Payment form generated by binaries', 'This hook displays form generated by binaries during the checkout', 1),
(114, 'additionalCustomerFormFields', 'Add fields to the Customer form', 'This hook returns an array of FormFields to add them to the customer registration form', 1),
(115, 'additionalCustomerAddressFields', 'Add fields to the Customer address form', 'This hook returns an array of FormFields to add them to the customer address registration form', 1),
(116, 'addWebserviceResources', 'Add extra webservice resource', 'This hook is called when webservice resources list in webservice controller', 1),
(117, 'displayCustomerLoginFormAfter', 'Display elements after login form', 'This hook displays new elements after the login form', 1),
(118, 'actionClearCache', 'Clear smarty cache', 'This hook is called when smarty\'s cache is cleared', 1),
(119, 'actionClearCompileCache', 'Clear smarty compile cache', 'This hook is called when smarty\'s compile cache is cleared', 1),
(120, 'actionClearSf2Cache', 'Clear Sf2 cache', 'This hook is called when the Symfony cache is cleared', 1),
(121, 'actionValidateCustomerAddressForm', 'Customer address form validation', 'This hook is called when a customer submit its address form', 1),
(122, 'displayCarrierExtraContent', 'Display additional content for a carrier (e.g pickup points)', 'This hook calls only the module related to the carrier, in order to add options when needed', 1),
(123, 'validateCustomerFormFields', 'Customer registration form validation', 'This hook is called to a module when it has sent additional fields with additionalCustomerFormFields', 1),
(124, 'displayProductExtraContent', 'Display extra content on the product page', 'This hook expects ProductExtraContent instances, which will be properly displayed by the template on the product page', 1),
(125, 'filterCmsContent', 'Filter the content page', 'This hook is called just before fetching content page', 1),
(126, 'filterCmsCategoryContent', 'Filter the content page category', 'This hook is called just before fetching content page category', 1),
(127, 'filterProductContent', 'Filter the content page product', 'This hook is called just before fetching content page product', 1),
(128, 'filterCategoryContent', 'Filter the content page category', 'This hook is called just before fetching content page category', 1),
(129, 'filterManufacturerContent', 'Filter the content page manufacturer', 'This hook is called just before fetching content page manufacturer', 1),
(130, 'filterSupplierContent', 'Filter the content page supplier', 'This hook is called just before fetching content page supplier', 1),
(131, 'filterHtmlContent', 'Filter HTML field before rending a page', 'This hook is called just before fetching a page on HTML field', 1),
(132, 'displayDashboardTop', 'Dashboard Top', 'Displays the content in the dashboard\'s top area', 1),
(133, 'actionUpdateLangAfter', 'Update \"lang\" tables', 'Update \"lang\" tables after adding or updating a language', 1),
(134, 'actionOutputHTMLBefore', 'Before HTML output', 'This hook is used to filter the whole HTML page before it is rendered (only front)', 1),
(135, 'displayAfterProductThumbs', 'Display extra content below product thumbs', 'This hook displays new elements below product images ex. additional media', 1),
(136, 'actionDispatcherBefore', 'Before dispatch', 'This hook is called at the beginning of the dispatch method of the Dispatcher', 1),
(137, 'actionDispatcherAfter', 'After dispatch', 'This hook is called at the end of the dispatch method of the Dispatcher', 1),
(138, 'filterProductSearch', 'Filter search products result', 'This hook is called in order to allow to modify search product result', 1),
(139, 'actionProductSearchAfter', 'Event triggered after search product completed', 'This hook is called after the product search. Parameters are already filter', 1),
(140, 'actionEmailSendBefore', 'Before sending an email', 'This hook is used to filter the content or the metadata of an email before sending it or even prevent its sending', 1),
(141, 'displayAdminProductsMainStepLeftColumnMiddle', 'Display new elements in back office product page, left column of', 'This hook launches modules when the back office product page is displayed', 1),
(142, 'displayAdminProductsMainStepLeftColumnBottom', 'Display new elements in back office product page, left column of', 'This hook launches modules when the back office product page is displayed', 1),
(143, 'displayAdminProductsMainStepRightColumnBottom', 'Display new elements in back office product page, right column o', 'This hook launches modules when the back office product page is displayed', 1),
(144, 'displayAdminProductsQuantitiesStepBottom', 'Display new elements in back office product page, Quantities/Com', 'This hook launches modules when the back office product page is displayed', 1),
(145, 'displayAdminProductsPriceStepBottom', 'Display new elements in back office product page, Price tab', 'This hook launches modules when the back office product page is displayed', 1),
(146, 'displayAdminProductsOptionsStepTop', 'Display new elements in back office product page, Options tab', 'This hook launches modules when the back office product page is displayed', 1),
(147, 'displayAdminProductsOptionsStepBottom', 'Display new elements in back office product page, Options tab', 'This hook launches modules when the back office product page is displayed', 1),
(148, 'displayAdminProductsSeoStepBottom', 'Display new elements in back office product page, SEO tab', 'This hook launches modules when the back office product page is displayed', 1),
(149, 'displayAdminProductsShippingStepBottom', 'Display new elements in back office product page, Shipping tab', 'This hook launches modules when the back office product page is displayed', 1),
(150, 'displayAdminProductsCombinationBottom', 'Display new elements in back office product page, Combination ta', 'This hook launches modules when the back office product page is displayed', 1),
(151, 'displayDashboardToolbarTopMenu', 'Display new elements in back office page with a dashboard, on to', 'This hook launches modules when a page with a dashboard is displayed', 1),
(152, 'displayDashboardToolbarIcons', 'Display new elements in back office page with dashboard, on icon', 'This hook launches modules when the back office with dashboard is displayed', 1),
(153, 'actionBuildFrontEndObject', 'Manage elements added to the \"prestashop\" javascript object', 'This hook allows you to customize the \"prestashop\" javascript object that is included in all front office pages', 1),
(154, 'actionFrontControllerAfterInit', 'Perform actions after front office controller initialization', 'This hook is launched after the initialization of all front office controllers', 1),
(155, 'actionAdministrationPageForm', 'Manage Administration Page form fields', 'This hook adds, update or remove fields of the Administration Page form', 1),
(156, 'actionAdministrationPageFormSave', 'Processing Administration page form', 'This hook is called when the Administration Page form is processed', 1),
(157, 'actionPerformancePageForm', 'Manage Performance Page form fields', 'This hook adds, update or remove fields of the Performance Page form', 1),
(158, 'actionPerformancePageFormSave', 'Processing Performance page form', 'This hook is called when the Performance Page form is processed', 1),
(159, 'actionMaintenancePageForm', 'Manage Maintenance Page form fields', 'This hook adds, update or remove fields of the Maintenance Page form', 1),
(160, 'actionMaintenancePageFormSave', 'Processing Maintenance page form', 'This hook is called when the Maintenance Page form is processed', 1),
(161, 'actionWebserviceKeyGridPresenterModifier', 'Modify Webservice grid view data', 'This hook allows to alter presented Webservice grid data', 1),
(162, 'actionWebserviceKeyGridDefinitionModifier', 'Modifying Webservice grid definition', 'This hook allows to alter Webservice grid columns, actions and filters', 1),
(163, 'actionWebserviceKeyGridQueryBuilderModifier', 'Modify Webservice grid query builder', 'This hook allows to alter Doctrine query builder for Webservice grid', 1),
(164, 'actionWebserviceKeyGridFilterFormModifier', 'Modify filters form for Webservice grid', 'This hook allows to alter filters form used in Webservice', 1),
(165, 'actionSqlRequestGridPresenterModifier', 'Modify SQL Manager grid view data', 'This hook allows to alter presented SQL Manager grid data', 1),
(166, 'actionSqlRequestGridDefinitionModifier', 'Modifying SQL Manager grid definition', 'This hook allows to alter SQL Manager grid columns, actions and filters', 1),
(167, 'actionSqlRequestGridQueryBuilderModifier', 'Modify SQL Manager grid query builder', 'This hook allows to alter Doctrine query builder for SQL Manager grid', 1),
(168, 'actionSqlRequestGridFilterFormModifier', 'Modify filters form for SQL Manager grid', 'This hook allows to alter filters form used in SQL Manager', 1),
(169, 'actionMetaGridPresenterModifier', 'Modify SEO and URLs grid view data', 'This hook allows to alter presented SEO and URLs grid data', 1),
(170, 'actionMetaGridDefinitionModifier', 'Modifying SEO and URLs grid definition', 'This hook allows to alter SEO and URLs grid columns, actions and filters', 1),
(171, 'actionMetaGridQueryBuilderModifier', 'Modify SEO and URLs grid query builder', 'This hook allows to alter Doctrine query builder for SEO and URLs grid', 1),
(172, 'actionMetaGridFilterFormModifier', 'Modify filters form for SEO and URLs grid', 'This hook allows to alter filters form used in SEO and URLs', 1),
(173, 'actionLogsGridPresenterModifier', 'Modify Logs grid view data', 'This hook allows to alter presented Logs grid data', 1),
(174, 'actionLogsGridDefinitionModifier', 'Modifying Logs grid definition', 'This hook allows to alter Logs grid columns, actions and filters', 1),
(175, 'actionLogsGridQueryBuilderModifier', 'Modify Logs grid query builder', 'This hook allows to alter Doctrine query builder for Logs grid', 1),
(176, 'actionLogsGridFilterFormModifier', 'Modify filters form for Logs grid', 'This hook allows to alter filters form used in Logs', 1),
(177, 'actionEmailLogsGridPresenterModifier', 'Modify E-mail grid view data', 'This hook allows to alter presented E-mail grid data', 1),
(178, 'actionEmailLogsGridDefinitionModifier', 'Modifying E-mail grid definition', 'This hook allows to alter E-mail grid columns, actions and filters', 1),
(179, 'actionEmailLogsGridQueryBuilderModifier', 'Modify E-mail grid query builder', 'This hook allows to alter Doctrine query builder for E-mail grid', 1),
(180, 'actionEmailLogsGridFilterFormModifier', 'Modify filters form for E-mail grid', 'This hook allows to alter filters form used in E-mail', 1),
(181, 'actionBackupGridPresenterModifier', 'Modify DB Backup grid view data', 'This hook allows to alter presented DB Backup grid data', 1),
(182, 'actionBackupGridDefinitionModifier', 'Modifying DB Backup grid definition', 'This hook allows to alter DB Backup grid columns, actions and filters', 1),
(183, 'actionBackupGridFilterFormModifier', 'Modify filters form for DB Backup grid', 'This hook allows to alter filters form used in DB Backup', 1),
(184, 'actionProductFlagsModifier', 'Customize product labels displayed on the product list on FO', 'This hook allows to add and remove product labels displayed on top of product images', 1),
(185, 'actionListMailThemes', 'List the available email themes and layouts', 'This hook allows to add/remove available email themes (ThemeInterface) and/or to add/remove their layouts (LayoutInterface)', 1),
(186, 'actionGetMailThemeFolder', 'Define the folder of an email theme', 'This hook allows to change the folder of an email theme (useful if you theme is in a module for example)', 1),
(187, 'actionBuildMailLayoutVariables', 'Build the variables used in email layout rendering', 'This hook allows to change the variables used when an email layout is rendered', 1),
(188, 'actionGetMailLayoutTransformations', 'Define the transformation to apply on layout', 'This hook allows to add/remove TransformationInterface used to generate an email layout', 1),
(189, 'displayProductActions', 'Display additional action button on the product page', 'This hook allow additional actions to be triggered, near the add to cart button.', 1),
(190, 'displayPersonalInformationTop', 'Content in the checkout funnel, on top of the personal informati', 'Display actions or additional content in the personal details tab of the checkout funnel.', 1),
(191, 'actionSqlRequestFormBuilderModifier', 'Modify sql request identifiable object form', 'This hook allows to modify sql request identifiable object forms content by modifying form\n          builder data or FormBuilder itself\n      ', 1),
(192, 'actionCustomerFormBuilderModifier', 'Modify customer identifiable object form', 'This hook allows to modify customer identifiable object forms content by modifying form builder\n          data or FormBuilder itself\n      ', 1),
(193, 'actionLanguageFormBuilderModifier', 'Modify language identifiable object form', 'This hook allows to modify language identifiable object forms content by modifying form builder\n          data or FormBuilder itself\n      ', 1),
(194, 'actionCurrencyFormBuilderModifier', 'Modify currency identifiable object form', 'This hook allows to modify currency identifiable object forms content by modifying form builder\n          data or FormBuilder itself\n      ', 1),
(195, 'actionWebserviceKeyFormBuilderModifier', 'Modify webservice key identifiable object form', 'This hook allows to modify webservice key identifiable object forms content by modifying form\n          builder data or FormBuilder itself\n      ', 1),
(196, 'actionMetaFormBuilderModifier', 'Modify meta identifiable object form', 'This hook allows to modify meta identifiable object forms content by modifying form builder\n          data or FormBuilder itself\n      ', 1),
(197, 'actionCategoryFormBuilderModifier', 'Modify category identifiable object form', 'This hook allows to modify category identifiable object forms content by modifying form builder\n          data or FormBuilder itself\n      ', 1),
(198, 'actionRootCategoryFormBuilderModifier', 'Modify root category identifiable object form', 'This hook allows to modify root category identifiable object forms content by modifying form\n          builder data or FormBuilder itself\n      ', 1),
(199, 'actionContactFormBuilderModifier', 'Modify contact identifiable object form', 'This hook allows to modify contact identifiable object forms content by modifying form builder\n          data or FormBuilder itself\n      ', 1),
(200, 'actionCmsPageCategoryFormBuilderModifier', 'Modify cms page category identifiable object form', 'This hook allows to modify cms page category identifiable object forms content by modifying\n          form builder data or FormBuilder itself\n      ', 1),
(201, 'actionTaxFormBuilderModifier', 'Modify tax identifiable object form', 'This hook allows to modify tax identifiable object forms content by modifying form builder data\n          or FormBuilder itself\n      ', 1),
(202, 'actionManufacturerFormBuilderModifier', 'Modify manufacturer identifiable object form', 'This hook allows to modify manufacturer identifiable object forms content by modifying form\n          builder data or FormBuilder itself\n      ', 1),
(203, 'actionEmployeeFormBuilderModifier', 'Modify employee identifiable object form', 'This hook allows to modify employee identifiable object forms content by modifying form builder\n          data or FormBuilder itself\n      ', 1),
(204, 'actionProfileFormBuilderModifier', 'Modify profile identifiable object form', 'This hook allows to modify profile identifiable object forms content by modifying form builder\n          data or FormBuilder itself\n      ', 1),
(205, 'actionCmsPageFormBuilderModifier', 'Modify cms page identifiable object form', 'This hook allows to modify cms page identifiable object forms content by modifying form builder\n          data or FormBuilder itself\n      ', 1),
(206, 'actionManufacturerAddressFormBuilderModifier', 'Modify manufacturer address identifiable object form', 'This hook allows to modify manufacturer address identifiable object forms content by modifying\n          form builder data or FormBuilder itself\n      ', 1),
(207, 'actionBeforeUpdateSqlRequestFormHandler', 'Modify sql request identifiable object data before updating it', 'This hook allows to modify sql request identifiable object forms data before it was updated\n      ', 1),
(208, 'actionBeforeUpdateCustomerFormHandler', 'Modify customer identifiable object data before updating it', 'This hook allows to modify customer identifiable object forms data before it was updated\n      ', 1),
(209, 'actionBeforeUpdateLanguageFormHandler', 'Modify language identifiable object data before updating it', 'This hook allows to modify language identifiable object forms data before it was updated\n      ', 1),
(210, 'actionBeforeUpdateCurrencyFormHandler', 'Modify currency identifiable object data before updating it', 'This hook allows to modify currency identifiable object forms data before it was updated\n      ', 1),
(211, 'actionBeforeUpdateWebserviceKeyFormHandler', 'Modify webservice key identifiable object data before updating i', 'This hook allows to modify webservice key identifiable object forms data before it was\n          updated\n      ', 1),
(212, 'actionBeforeUpdateMetaFormHandler', 'Modify meta identifiable object data before updating it', 'This hook allows to modify meta identifiable object forms data before it was updated\n      ', 1),
(213, 'actionBeforeUpdateCategoryFormHandler', 'Modify category identifiable object data before updating it', 'This hook allows to modify category identifiable object forms data before it was updated\n      ', 1),
(214, 'actionBeforeUpdateRootCategoryFormHandler', 'Modify root category identifiable object data before updating it', 'This hook allows to modify root category identifiable object forms data before it was updated\n      ', 1),
(215, 'actionBeforeUpdateContactFormHandler', 'Modify contact identifiable object data before updating it', 'This hook allows to modify contact identifiable object forms data before it was updated\n      ', 1),
(216, 'actionBeforeUpdateCmsPageCategoryFormHandler', 'Modify cms page category identifiable object data before updatin', 'This hook allows to modify cms page category identifiable object forms data before it was\n          updated\n      ', 1),
(217, 'actionBeforeUpdateTaxFormHandler', 'Modify tax identifiable object data before updating it', 'This hook allows to modify tax identifiable object forms data before it was updated\n      ', 1),
(218, 'actionBeforeUpdateManufacturerFormHandler', 'Modify manufacturer identifiable object data before updating it', 'This hook allows to modify manufacturer identifiable object forms data before it was updated\n      ', 1),
(219, 'actionBeforeUpdateEmployeeFormHandler', 'Modify employee identifiable object data before updating it', 'This hook allows to modify employee identifiable object forms data before it was updated\n      ', 1),
(220, 'actionBeforeUpdateProfileFormHandler', 'Modify profile identifiable object data before updating it', 'This hook allows to modify profile identifiable object forms data before it was updated\n      ', 1),
(221, 'actionBeforeUpdateCmsPageFormHandler', 'Modify cms page identifiable object data before updating it', 'This hook allows to modify cms page identifiable object forms data before it was updated\n      ', 1),
(222, 'actionBeforeUpdateManufacturerAddressFormHandler', 'Modify manufacturer address identifiable object data before upda', 'This hook allows to modify manufacturer address identifiable object forms data before it was\n          updated\n      ', 1),
(223, 'actionAfterUpdateSqlRequestFormHandler', 'Modify sql request identifiable object data after updating it', 'This hook allows to modify sql request identifiable object forms data after it was updated\n      ', 1),
(224, 'actionAfterUpdateCustomerFormHandler', 'Modify customer identifiable object data after updating it', 'This hook allows to modify customer identifiable object forms data after it was updated\n      ', 1),
(225, 'actionAfterUpdateLanguageFormHandler', 'Modify language identifiable object data after updating it', 'This hook allows to modify language identifiable object forms data after it was updated\n      ', 1),
(226, 'actionAfterUpdateCurrencyFormHandler', 'Modify currency identifiable object data after updating it', 'This hook allows to modify currency identifiable object forms data after it was updated\n      ', 1),
(227, 'actionAfterUpdateWebserviceKeyFormHandler', 'Modify webservice key identifiable object data after updating it', 'This hook allows to modify webservice key identifiable object forms data after it was updated\n      ', 1),
(228, 'actionAfterUpdateMetaFormHandler', 'Modify meta identifiable object data after updating it', 'This hook allows to modify meta identifiable object forms data after it was updated\n      ', 1),
(229, 'actionAfterUpdateCategoryFormHandler', 'Modify category identifiable object data after updating it', 'This hook allows to modify category identifiable object forms data after it was updated\n      ', 1),
(230, 'actionAfterUpdateRootCategoryFormHandler', 'Modify root category identifiable object data after updating it', 'This hook allows to modify root category identifiable object forms data after it was updated\n      ', 1),
(231, 'actionAfterUpdateContactFormHandler', 'Modify contact identifiable object data after updating it', 'This hook allows to modify contact identifiable object forms data after it was updated\n      ', 1),
(232, 'actionAfterUpdateCmsPageCategoryFormHandler', 'Modify cms page category identifiable object data after updating', 'This hook allows to modify cms page category identifiable object forms data after it was\n          updated\n      ', 1),
(233, 'actionAfterUpdateTaxFormHandler', 'Modify tax identifiable object data after updating it', 'This hook allows to modify tax identifiable object forms data after it was updated\n      ', 1),
(234, 'actionAfterUpdateManufacturerFormHandler', 'Modify manufacturer identifiable object data after updating it', 'This hook allows to modify manufacturer identifiable object forms data after it was updated\n      ', 1),
(235, 'actionAfterUpdateEmployeeFormHandler', 'Modify employee identifiable object data after updating it', 'This hook allows to modify employee identifiable object forms data after it was updated\n      ', 1),
(236, 'actionAfterUpdateProfileFormHandler', 'Modify profile identifiable object data after updating it', 'This hook allows to modify profile identifiable object forms data after it was updated\n      ', 1),
(237, 'actionAfterUpdateCmsPageFormHandler', 'Modify cms page identifiable object data after updating it', 'This hook allows to modify cms page identifiable object forms data after it was updated\n      ', 1),
(238, 'actionAfterUpdateManufacturerAddressFormHandler', 'Modify manufacturer address identifiable object data after updat', 'This hook allows to modify manufacturer address identifiable object forms data after it was\n          updated\n      ', 1),
(239, 'actionBeforeCreateSqlRequestFormHandler', 'Modify sql request identifiable object data before creating it', 'This hook allows to modify sql request identifiable object forms data before it was created\n      ', 1),
(240, 'actionBeforeCreateCustomerFormHandler', 'Modify customer identifiable object data before creating it', 'This hook allows to modify customer identifiable object forms data before it was created\n      ', 1),
(241, 'actionBeforeCreateLanguageFormHandler', 'Modify language identifiable object data before creating it', 'This hook allows to modify language identifiable object forms data before it was created\n      ', 1),
(242, 'actionBeforeCreateCurrencyFormHandler', 'Modify currency identifiable object data before creating it', 'This hook allows to modify currency identifiable object forms data before it was created\n      ', 1),
(243, 'actionBeforeCreateWebserviceKeyFormHandler', 'Modify webservice key identifiable object data before creating i', 'This hook allows to modify webservice key identifiable object forms data before it was\n          created\n      ', 1),
(244, 'actionBeforeCreateMetaFormHandler', 'Modify meta identifiable object data before creating it', 'This hook allows to modify meta identifiable object forms data before it was created\n      ', 1),
(245, 'actionBeforeCreateCategoryFormHandler', 'Modify category identifiable object data before creating it', 'This hook allows to modify category identifiable object forms data before it was created\n      ', 1),
(246, 'actionBeforeCreateRootCategoryFormHandler', 'Modify root category identifiable object data before creating it', 'This hook allows to modify root category identifiable object forms data before it was created\n      ', 1),
(247, 'actionBeforeCreateContactFormHandler', 'Modify contact identifiable object data before creating it', 'This hook allows to modify contact identifiable object forms data before it was created\n      ', 1),
(248, 'actionBeforeCreateCmsPageCategoryFormHandler', 'Modify cms page category identifiable object data before creatin', 'This hook allows to modify cms page category identifiable object forms data before it was\n          created\n      ', 1),
(249, 'actionBeforeCreateTaxFormHandler', 'Modify tax identifiable object data before creating it', 'This hook allows to modify tax identifiable object forms data before it was created\n      ', 1),
(250, 'actionBeforeCreateManufacturerFormHandler', 'Modify manufacturer identifiable object data before creating it', 'This hook allows to modify manufacturer identifiable object forms data before it was created\n      ', 1),
(251, 'actionBeforeCreateEmployeeFormHandler', 'Modify employee identifiable object data before creating it', 'This hook allows to modify employee identifiable object forms data before it was created\n      ', 1),
(252, 'actionBeforeCreateProfileFormHandler', 'Modify profile identifiable object data before creating it', 'This hook allows to modify profile identifiable object forms data before it was created\n      ', 1),
(253, 'actionBeforeCreateCmsPageFormHandler', 'Modify cms page identifiable object data before creating it', 'This hook allows to modify cms page identifiable object forms data before it was created\n      ', 1),
(254, 'actionBeforeCreateManufacturerAddressFormHandler', 'Modify manufacturer address identifiable object data before crea', 'This hook allows to modify manufacturer address identifiable object forms data before it was\n          created\n      ', 1),
(255, 'actionAfterCreateSqlRequestFormHandler', 'Modify sql request identifiable object data after creating it', 'This hook allows to modify sql request identifiable object forms data after it was created\n      ', 1),
(256, 'actionAfterCreateCustomerFormHandler', 'Modify customer identifiable object data after creating it', 'This hook allows to modify customer identifiable object forms data after it was created\n      ', 1),
(257, 'actionAfterCreateLanguageFormHandler', 'Modify language identifiable object data after creating it', 'This hook allows to modify language identifiable object forms data after it was created\n      ', 1),
(258, 'actionAfterCreateCurrencyFormHandler', 'Modify currency identifiable object data after creating it', 'This hook allows to modify currency identifiable object forms data after it was created\n      ', 1),
(259, 'actionAfterCreateWebserviceKeyFormHandler', 'Modify webservice key identifiable object data after creating it', 'This hook allows to modify webservice key identifiable object forms data after it was created\n      ', 1),
(260, 'actionAfterCreateMetaFormHandler', 'Modify meta identifiable object data after creating it', 'This hook allows to modify meta identifiable object forms data after it was created\n      ', 1),
(261, 'actionAfterCreateCategoryFormHandler', 'Modify category identifiable object data after creating it', 'This hook allows to modify category identifiable object forms data after it was created\n      ', 1),
(262, 'actionAfterCreateRootCategoryFormHandler', 'Modify root category identifiable object data after creating it', 'This hook allows to modify root category identifiable object forms data after it was created\n      ', 1),
(263, 'actionAfterCreateContactFormHandler', 'Modify contact identifiable object data after creating it', 'This hook allows to modify contact identifiable object forms data after it was created\n      ', 1),
(264, 'actionAfterCreateCmsPageCategoryFormHandler', 'Modify cms page category identifiable object data after creating', 'This hook allows to modify cms page category identifiable object forms data after it was\n          created\n      ', 1),
(265, 'actionAfterCreateTaxFormHandler', 'Modify tax identifiable object data after creating it', 'This hook allows to modify tax identifiable object forms data after it was created\n      ', 1),
(266, 'actionAfterCreateManufacturerFormHandler', 'Modify manufacturer identifiable object data after creating it', 'This hook allows to modify manufacturer identifiable object forms data after it was created\n      ', 1),
(267, 'actionAfterCreateEmployeeFormHandler', 'Modify employee identifiable object data after creating it', 'This hook allows to modify employee identifiable object forms data after it was created\n      ', 1),
(268, 'actionAfterCreateProfileFormHandler', 'Modify profile identifiable object data after creating it', 'This hook allows to modify profile identifiable object forms data after it was created\n      ', 1),
(269, 'actionAfterCreateCmsPageFormHandler', 'Modify cms page identifiable object data after creating it', 'This hook allows to modify cms page identifiable object forms data after it was created\n      ', 1),
(270, 'actionAfterCreateManufacturerAddressFormHandler', 'Modify manufacturer address identifiable object data after creat', 'This hook allows to modify manufacturer address identifiable object forms data after it was\n          created\n      ', 1),
(271, 'actionShippingPreferencesPageForm', 'Modify shipping preferences page options form content', 'This hook allows to modify shipping preferences page options form FormBuilder', 1),
(272, 'actionOrdersInvoicesByDateForm', 'Modify orders invoices by date options form content', 'This hook allows to modify orders invoices by date options form FormBuilder', 1),
(273, 'actionOrdersInvoicesByStatusForm', 'Modify orders invoices by status options form content', 'This hook allows to modify orders invoices by status options form FormBuilder', 1),
(274, 'actionOrdersInvoicesOptionsForm', 'Modify orders invoices options options form content', 'This hook allows to modify orders invoices options options form FormBuilder', 1),
(275, 'actionCustomerPreferencesPageForm', 'Modify customer preferences page options form content', 'This hook allows to modify customer preferences page options form FormBuilder', 1),
(276, 'actionOrderPreferencesPageForm', 'Modify order preferences page options form content', 'This hook allows to modify order preferences page options form FormBuilder', 1),
(277, 'actionProductPreferencesPageForm', 'Modify product preferences page options form content', 'This hook allows to modify product preferences page options form FormBuilder', 1),
(278, 'actionGeneralPageForm', 'Modify general page options form content', 'This hook allows to modify general page options form FormBuilder', 1),
(279, 'actionLogsPageForm', 'Modify logs page options form content', 'This hook allows to modify logs page options form FormBuilder', 1),
(280, 'actionOrderDeliverySlipOptionsForm', 'Modify order delivery slip options options form content', 'This hook allows to modify order delivery slip options options form FormBuilder', 1),
(281, 'actionOrderDeliverySlipPdfForm', 'Modify order delivery slip pdf options form content', 'This hook allows to modify order delivery slip pdf options form FormBuilder', 1),
(282, 'actionGeolocationPageForm', 'Modify geolocation page options form content', 'This hook allows to modify geolocation page options form FormBuilder', 1),
(283, 'actionLocalizationPageForm', 'Modify localization page options form content', 'This hook allows to modify localization page options form FormBuilder', 1),
(284, 'actionPaymentPreferencesForm', 'Modify payment preferences options form content', 'This hook allows to modify payment preferences options form FormBuilder', 1),
(285, 'actionEmailConfigurationForm', 'Modify email configuration options form content', 'This hook allows to modify email configuration options form FormBuilder', 1),
(286, 'actionRequestSqlForm', 'Modify request sql options form content', 'This hook allows to modify request sql options form FormBuilder', 1),
(287, 'actionBackupForm', 'Modify backup options form content', 'This hook allows to modify backup options form FormBuilder', 1),
(288, 'actionWebservicePageForm', 'Modify webservice page options form content', 'This hook allows to modify webservice page options form FormBuilder', 1),
(289, 'actionMetaPageForm', 'Modify meta page options form content', 'This hook allows to modify meta page options form FormBuilder', 1),
(290, 'actionEmployeeForm', 'Modify employee options form content', 'This hook allows to modify employee options form FormBuilder', 1),
(291, 'actionCurrencyForm', 'Modify currency options form content', 'This hook allows to modify currency options form FormBuilder', 1),
(292, 'actionShopLogoForm', 'Modify shop logo options form content', 'This hook allows to modify shop logo options form FormBuilder', 1),
(293, 'actionTaxForm', 'Modify tax options form content', 'This hook allows to modify tax options form FormBuilder', 1),
(294, 'actionMailThemeForm', 'Modify mail theme options form content', 'This hook allows to modify mail theme options form FormBuilder', 1),
(295, 'actionPerformancePageSave', 'Modify performance page options form saved data', 'This hook allows to modify data of performance page options form after it was saved\n      ', 1),
(296, 'actionMaintenancePageSave', 'Modify maintenance page options form saved data', 'This hook allows to modify data of maintenance page options form after it was saved\n      ', 1),
(297, 'actionAdministrationPageSave', 'Modify administration page options form saved data', 'This hook allows to modify data of administration page options form after it was saved\n      ', 1),
(298, 'actionShippingPreferencesPageSave', 'Modify shipping preferences page options form saved data', 'This hook allows to modify data of shipping preferences page options form after it was saved\n      ', 1),
(299, 'actionOrdersInvoicesByDateSave', 'Modify orders invoices by date options form saved data', 'This hook allows to modify data of orders invoices by date options form after it was saved\n      ', 1),
(300, 'actionOrdersInvoicesByStatusSave', 'Modify orders invoices by status options form saved data', 'This hook allows to modify data of orders invoices by status options form after it was saved\n      ', 1),
(301, 'actionOrdersInvoicesOptionsSave', 'Modify orders invoices options options form saved data', 'This hook allows to modify data of orders invoices options options form after it was saved\n      ', 1),
(302, 'actionCustomerPreferencesPageSave', 'Modify customer preferences page options form saved data', 'This hook allows to modify data of customer preferences page options form after it was saved\n      ', 1),
(303, 'actionOrderPreferencesPageSave', 'Modify order preferences page options form saved data', 'This hook allows to modify data of order preferences page options form after it was saved\n      ', 1),
(304, 'actionProductPreferencesPageSave', 'Modify product preferences page options form saved data', 'This hook allows to modify data of product preferences page options form after it was saved\n      ', 1);
INSERT INTO `ps_hook` (`id_hook`, `name`, `title`, `description`, `position`) VALUES
(305, 'actionGeneralPageSave', 'Modify general page options form saved data', 'This hook allows to modify data of general page options form after it was saved', 1),
(306, 'actionLogsPageSave', 'Modify logs page options form saved data', 'This hook allows to modify data of logs page options form after it was saved', 1),
(307, 'actionOrderDeliverySlipOptionsSave', 'Modify order delivery slip options options form saved data', 'This hook allows to modify data of order delivery slip options options form after it was\n          saved\n      ', 1),
(308, 'actionOrderDeliverySlipPdfSave', 'Modify order delivery slip pdf options form saved data', 'This hook allows to modify data of order delivery slip pdf options form after it was saved\n      ', 1),
(309, 'actionGeolocationPageSave', 'Modify geolocation page options form saved data', 'This hook allows to modify data of geolocation page options form after it was saved\n      ', 1),
(310, 'actionLocalizationPageSave', 'Modify localization page options form saved data', 'This hook allows to modify data of localization page options form after it was saved\n      ', 1),
(311, 'actionPaymentPreferencesSave', 'Modify payment preferences options form saved data', 'This hook allows to modify data of payment preferences options form after it was saved\n      ', 1),
(312, 'actionEmailConfigurationSave', 'Modify email configuration options form saved data', 'This hook allows to modify data of email configuration options form after it was saved\n      ', 1),
(313, 'actionRequestSqlSave', 'Modify request sql options form saved data', 'This hook allows to modify data of request sql options form after it was saved', 1),
(314, 'actionBackupSave', 'Modify backup options form saved data', 'This hook allows to modify data of backup options form after it was saved', 1),
(315, 'actionWebservicePageSave', 'Modify webservice page options form saved data', 'This hook allows to modify data of webservice page options form after it was saved\n      ', 1),
(316, 'actionMetaPageSave', 'Modify meta page options form saved data', 'This hook allows to modify data of meta page options form after it was saved', 1),
(317, 'actionEmployeeSave', 'Modify employee options form saved data', 'This hook allows to modify data of employee options form after it was saved', 1),
(318, 'actionCurrencySave', 'Modify currency options form saved data', 'This hook allows to modify data of currency options form after it was saved', 1),
(319, 'actionShopLogoSave', 'Modify shop logo options form saved data', 'This hook allows to modify data of shop logo options form after it was saved', 1),
(320, 'actionTaxSave', 'Modify tax options form saved data', 'This hook allows to modify data of tax options form after it was saved', 1),
(321, 'actionMailThemeSave', 'Modify mail theme options form saved data', 'This hook allows to modify data of mail theme options form after it was saved', 1),
(322, 'actionCategoryGridDefinitionModifier', 'Modify category grid definition', 'This hook allows to alter category grid columns, actions and filters', 1),
(323, 'actionEmployeeGridDefinitionModifier', 'Modify employee grid definition', 'This hook allows to alter employee grid columns, actions and filters', 1),
(324, 'actionContactGridDefinitionModifier', 'Modify contact grid definition', 'This hook allows to alter contact grid columns, actions and filters', 1),
(325, 'actionCustomerGridDefinitionModifier', 'Modify customer grid definition', 'This hook allows to alter customer grid columns, actions and filters', 1),
(326, 'actionLanguageGridDefinitionModifier', 'Modify language grid definition', 'This hook allows to alter language grid columns, actions and filters', 1),
(327, 'actionCurrencyGridDefinitionModifier', 'Modify currency grid definition', 'This hook allows to alter currency grid columns, actions and filters', 1),
(328, 'actionSupplierGridDefinitionModifier', 'Modify supplier grid definition', 'This hook allows to alter supplier grid columns, actions and filters', 1),
(329, 'actionProfileGridDefinitionModifier', 'Modify profile grid definition', 'This hook allows to alter profile grid columns, actions and filters', 1),
(330, 'actionCmsPageCategoryGridDefinitionModifier', 'Modify cms page category grid definition', 'This hook allows to alter cms page category grid columns, actions and filters', 1),
(331, 'actionTaxGridDefinitionModifier', 'Modify tax grid definition', 'This hook allows to alter tax grid columns, actions and filters', 1),
(332, 'actionManufacturerGridDefinitionModifier', 'Modify manufacturer grid definition', 'This hook allows to alter manufacturer grid columns, actions and filters', 1),
(333, 'actionManufacturerAddressGridDefinitionModifier', 'Modify manufacturer address grid definition', 'This hook allows to alter manufacturer address grid columns, actions and filters', 1),
(334, 'actionCmsPageGridDefinitionModifier', 'Modify cms page grid definition', 'This hook allows to alter cms page grid columns, actions and filters', 1),
(335, 'actionBackupGridQueryBuilderModifier', 'Modify backup grid query builder', 'This hook allows to alter Doctrine query builder for backup grid', 1),
(336, 'actionCategoryGridQueryBuilderModifier', 'Modify category grid query builder', 'This hook allows to alter Doctrine query builder for category grid', 1),
(337, 'actionEmployeeGridQueryBuilderModifier', 'Modify employee grid query builder', 'This hook allows to alter Doctrine query builder for employee grid', 1),
(338, 'actionContactGridQueryBuilderModifier', 'Modify contact grid query builder', 'This hook allows to alter Doctrine query builder for contact grid', 1),
(339, 'actionCustomerGridQueryBuilderModifier', 'Modify customer grid query builder', 'This hook allows to alter Doctrine query builder for customer grid', 1),
(340, 'actionLanguageGridQueryBuilderModifier', 'Modify language grid query builder', 'This hook allows to alter Doctrine query builder for language grid', 1),
(341, 'actionCurrencyGridQueryBuilderModifier', 'Modify currency grid query builder', 'This hook allows to alter Doctrine query builder for currency grid', 1),
(342, 'actionSupplierGridQueryBuilderModifier', 'Modify supplier grid query builder', 'This hook allows to alter Doctrine query builder for supplier grid', 1),
(343, 'actionProfileGridQueryBuilderModifier', 'Modify profile grid query builder', 'This hook allows to alter Doctrine query builder for profile grid', 1),
(344, 'actionCmsPageCategoryGridQueryBuilderModifier', 'Modify cms page category grid query builder', 'This hook allows to alter Doctrine query builder for cms page category grid', 1),
(345, 'actionTaxGridQueryBuilderModifier', 'Modify tax grid query builder', 'This hook allows to alter Doctrine query builder for tax grid', 1),
(346, 'actionManufacturerGridQueryBuilderModifier', 'Modify manufacturer grid query builder', 'This hook allows to alter Doctrine query builder for manufacturer grid', 1),
(347, 'actionManufacturerAddressGridQueryBuilderModifier', 'Modify manufacturer address grid query builder', 'This hook allows to alter Doctrine query builder for manufacturer address grid', 1),
(348, 'actionCmsPageGridQueryBuilderModifier', 'Modify cms page grid query builder', 'This hook allows to alter Doctrine query builder for cms page grid', 1),
(349, 'actionLogsGridDataModifier', 'Modify logs grid data', 'This hook allows to modify logs grid data', 1),
(350, 'actionEmailLogsGridDataModifier', 'Modify email logs grid data', 'This hook allows to modify email logs grid data', 1),
(351, 'actionSqlRequestGridDataModifier', 'Modify sql request grid data', 'This hook allows to modify sql request grid data', 1),
(352, 'actionBackupGridDataModifier', 'Modify backup grid data', 'This hook allows to modify backup grid data', 1),
(353, 'actionWebserviceKeyGridDataModifier', 'Modify webservice key grid data', 'This hook allows to modify webservice key grid data', 1),
(354, 'actionMetaGridDataModifier', 'Modify meta grid data', 'This hook allows to modify meta grid data', 1),
(355, 'actionCategoryGridDataModifier', 'Modify category grid data', 'This hook allows to modify category grid data', 1),
(356, 'actionEmployeeGridDataModifier', 'Modify employee grid data', 'This hook allows to modify employee grid data', 1),
(357, 'actionContactGridDataModifier', 'Modify contact grid data', 'This hook allows to modify contact grid data', 1),
(358, 'actionCustomerGridDataModifier', 'Modify customer grid data', 'This hook allows to modify customer grid data', 1),
(359, 'actionLanguageGridDataModifier', 'Modify language grid data', 'This hook allows to modify language grid data', 1),
(360, 'actionCurrencyGridDataModifier', 'Modify currency grid data', 'This hook allows to modify currency grid data', 1),
(361, 'actionSupplierGridDataModifier', 'Modify supplier grid data', 'This hook allows to modify supplier grid data', 1),
(362, 'actionProfileGridDataModifier', 'Modify profile grid data', 'This hook allows to modify profile grid data', 1),
(363, 'actionCmsPageCategoryGridDataModifier', 'Modify cms page category grid data', 'This hook allows to modify cms page category grid data', 1),
(364, 'actionTaxGridDataModifier', 'Modify tax grid data', 'This hook allows to modify tax grid data', 1),
(365, 'actionManufacturerGridDataModifier', 'Modify manufacturer grid data', 'This hook allows to modify manufacturer grid data', 1),
(366, 'actionManufacturerAddressGridDataModifier', 'Modify manufacturer address grid data', 'This hook allows to modify manufacturer address grid data', 1),
(367, 'actionCmsPageGridDataModifier', 'Modify cms page grid data', 'This hook allows to modify cms page grid data', 1),
(368, 'actionCategoryGridFilterFormModifier', 'Modify category grid filters', 'This hook allows to modify filters for category grid', 1),
(369, 'actionEmployeeGridFilterFormModifier', 'Modify employee grid filters', 'This hook allows to modify filters for employee grid', 1),
(370, 'actionContactGridFilterFormModifier', 'Modify contact grid filters', 'This hook allows to modify filters for contact grid', 1),
(371, 'actionCustomerGridFilterFormModifier', 'Modify customer grid filters', 'This hook allows to modify filters for customer grid', 1),
(372, 'actionLanguageGridFilterFormModifier', 'Modify language grid filters', 'This hook allows to modify filters for language grid', 1),
(373, 'actionCurrencyGridFilterFormModifier', 'Modify currency grid filters', 'This hook allows to modify filters for currency grid', 1),
(374, 'actionSupplierGridFilterFormModifier', 'Modify supplier grid filters', 'This hook allows to modify filters for supplier grid', 1),
(375, 'actionProfileGridFilterFormModifier', 'Modify profile grid filters', 'This hook allows to modify filters for profile grid', 1),
(376, 'actionCmsPageCategoryGridFilterFormModifier', 'Modify cms page category grid filters', 'This hook allows to modify filters for cms page category grid', 1),
(377, 'actionTaxGridFilterFormModifier', 'Modify tax grid filters', 'This hook allows to modify filters for tax grid', 1),
(378, 'actionManufacturerGridFilterFormModifier', 'Modify manufacturer grid filters', 'This hook allows to modify filters for manufacturer grid', 1),
(379, 'actionManufacturerAddressGridFilterFormModifier', 'Modify manufacturer address grid filters', 'This hook allows to modify filters for manufacturer address grid', 1),
(380, 'actionCmsPageGridFilterFormModifier', 'Modify cms page grid filters', 'This hook allows to modify filters for cms page grid', 1),
(381, 'actionCategoryGridPresenterModifier', 'Modify category grid template data', 'This hook allows to modify data which is about to be used in template for category grid\n      ', 1),
(382, 'actionEmployeeGridPresenterModifier', 'Modify employee grid template data', 'This hook allows to modify data which is about to be used in template for employee grid\n      ', 1),
(383, 'actionContactGridPresenterModifier', 'Modify contact grid template data', 'This hook allows to modify data which is about to be used in template for contact grid\n      ', 1),
(384, 'actionCustomerGridPresenterModifier', 'Modify customer grid template data', 'This hook allows to modify data which is about to be used in template for customer grid\n      ', 1),
(385, 'actionLanguageGridPresenterModifier', 'Modify language grid template data', 'This hook allows to modify data which is about to be used in template for language grid\n      ', 1),
(386, 'actionCurrencyGridPresenterModifier', 'Modify currency grid template data', 'This hook allows to modify data which is about to be used in template for currency grid\n      ', 1),
(387, 'actionSupplierGridPresenterModifier', 'Modify supplier grid template data', 'This hook allows to modify data which is about to be used in template for supplier grid\n      ', 1),
(388, 'actionProfileGridPresenterModifier', 'Modify profile grid template data', 'This hook allows to modify data which is about to be used in template for profile grid\n      ', 1),
(389, 'actionCmsPageCategoryGridPresenterModifier', 'Modify cms page category grid template data', 'This hook allows to modify data which is about to be used in template for cms page category\n          grid\n      ', 1),
(390, 'actionTaxGridPresenterModifier', 'Modify tax grid template data', 'This hook allows to modify data which is about to be used in template for tax grid\n      ', 1),
(391, 'actionManufacturerGridPresenterModifier', 'Modify manufacturer grid template data', 'This hook allows to modify data which is about to be used in template for manufacturer grid\n      ', 1),
(392, 'actionManufacturerAddressGridPresenterModifier', 'Modify manufacturer address grid template data', 'This hook allows to modify data which is about to be used in template for manufacturer address\n          grid\n      ', 1),
(393, 'actionCmsPageGridPresenterModifier', 'Modify cms page grid template data', 'This hook allows to modify data which is about to be used in template for cms page grid\n      ', 1),
(394, 'registerGDPRConsent', 'registerGDPRConsent', '', 1),
(395, 'dashboardZoneOne', 'dashboardZoneOne', '', 1),
(396, 'dashboardData', 'dashboardData', '', 1),
(397, 'actionObjectOrderAddAfter', 'actionObjectOrderAddAfter', '', 1),
(398, 'actionObjectCustomerAddAfter', 'actionObjectCustomerAddAfter', '', 1),
(399, 'actionObjectCustomerMessageAddAfter', 'actionObjectCustomerMessageAddAfter', '', 1),
(400, 'actionObjectCustomerThreadAddAfter', 'actionObjectCustomerThreadAddAfter', '', 1),
(401, 'actionObjectOrderReturnAddAfter', 'actionObjectOrderReturnAddAfter', '', 1),
(402, 'actionAdminControllerSetMedia', 'actionAdminControllerSetMedia', '', 1),
(403, 'dashboardZoneTwo', 'dashboardZoneTwo', '', 1),
(404, 'actionSearch', 'actionSearch', '', 1),
(405, 'gSitemapAppendUrls', 'GSitemap Append URLs', 'This hook allows a module to add URLs to a generated sitemap', 1),
(406, 'actionObjectLanguageAddAfter', 'actionObjectLanguageAddAfter', '', 1),
(407, 'paymentOptions', 'paymentOptions', '', 1),
(408, 'displayNav1', 'displayNav1', '', 1),
(409, 'actionAdminStoresControllerUpdate_optionsAfter', 'actionAdminStoresControllerUpdate_optionsAfter', '', 1),
(410, 'actionAdminCurrenciesControllerSaveAfter', 'actionAdminCurrenciesControllerSaveAfter', '', 1),
(411, 'actionModuleRegisterHookAfter', 'actionModuleRegisterHookAfter', '', 1),
(412, 'actionModuleUnRegisterHookAfter', 'actionModuleUnRegisterHookAfter', '', 1),
(413, 'actionShopDataDuplication', 'actionShopDataDuplication', '', 1),
(414, 'displayFooterBefore', 'displayFooterBefore', '', 1),
(415, 'displayAdminCustomersForm', 'displayAdminCustomersForm', '', 1),
(416, 'actionDeleteGDPRCustomer', 'actionDeleteGDPRCustomer', '', 1),
(417, 'actionExportGDPRData', 'actionExportGDPRData', '', 1),
(418, 'productSearchProvider', 'productSearchProvider', '', 1),
(419, 'displayOrderConfirmation2', 'displayOrderConfirmation2', '', 1),
(420, 'displayCrossSellingShoppingCart', 'displayCrossSellingShoppingCart', '', 1),
(421, 'actionAdminGroupsControllerSaveAfter', 'actionAdminGroupsControllerSaveAfter', '', 1),
(422, 'actionObjectCategoryUpdateAfter', 'actionObjectCategoryUpdateAfter', '', 1),
(423, 'actionObjectCategoryDeleteAfter', 'actionObjectCategoryDeleteAfter', '', 1),
(424, 'actionObjectCategoryAddAfter', 'actionObjectCategoryAddAfter', '', 1),
(425, 'actionObjectCmsUpdateAfter', 'actionObjectCmsUpdateAfter', '', 1),
(426, 'actionObjectCmsDeleteAfter', 'actionObjectCmsDeleteAfter', '', 1),
(427, 'actionObjectCmsAddAfter', 'actionObjectCmsAddAfter', '', 1),
(428, 'actionObjectSupplierUpdateAfter', 'actionObjectSupplierUpdateAfter', '', 1),
(429, 'actionObjectSupplierDeleteAfter', 'actionObjectSupplierDeleteAfter', '', 1),
(430, 'actionObjectSupplierAddAfter', 'actionObjectSupplierAddAfter', '', 1),
(431, 'actionObjectManufacturerUpdateAfter', 'actionObjectManufacturerUpdateAfter', '', 1),
(432, 'actionObjectManufacturerDeleteAfter', 'actionObjectManufacturerDeleteAfter', '', 1),
(433, 'actionObjectManufacturerAddAfter', 'actionObjectManufacturerAddAfter', '', 1),
(434, 'actionObjectProductUpdateAfter', 'actionObjectProductUpdateAfter', '', 1),
(435, 'actionObjectProductDeleteAfter', 'actionObjectProductDeleteAfter', '', 1),
(436, 'actionObjectProductAddAfter', 'actionObjectProductAddAfter', '', 1),
(437, 'displaySearch', 'displaySearch', '', 1),
(438, 'displayAdminNavBarBeforeEnd', 'displayAdminNavBarBeforeEnd', '', 1),
(439, 'displayAdminAfterHeader', 'displayAdminAfterHeader', '', 1),
(440, 'displayGDPRConsent', 'displayGDPRConsent', '', 1),
(441, 'displayNav2', '', '', 1),
(442, 'displayReassurance', '', '', 1),
(443, 'actionAdminMetaControllerUpdate_optionsAfter', 'actionAdminMetaControllerUpdate_optionsAfter', '', 1),
(444, 'actionAdminPerformanceControllerSaveAfter', 'actionAdminPerformanceControllerSaveAfter', '', 1),
(445, 'actionObjectCarrierAddAfter', 'actionObjectCarrierAddAfter', '', 1),
(446, 'actionObjectContactAddAfter', 'actionObjectContactAddAfter', '', 1),
(447, 'actionAdminThemesControllerUpdate_optionsAfter', 'actionAdminThemesControllerUpdate_optionsAfter', '', 1),
(448, 'actionObjectShopUpdateAfter', 'actionObjectShopUpdateAfter', '', 1),
(449, 'actionAdminPreferencesControllerUpdate_optionsAfter', 'actionAdminPreferencesControllerUpdate_optionsAfter', '', 1),
(450, 'actionObjectShopAddAfter', 'actionObjectShopAddAfter', '', 1),
(451, 'actionObjectShopGroupAddAfter', 'actionObjectShopGroupAddAfter', '', 1),
(452, 'actionObjectCartAddAfter', 'actionObjectCartAddAfter', '', 1),
(453, 'actionObjectEmployeeAddAfter', 'actionObjectEmployeeAddAfter', '', 1),
(454, 'actionObjectImageAddAfter', 'actionObjectImageAddAfter', '', 1),
(455, 'actionObjectCartRuleAddAfter', 'actionObjectCartRuleAddAfter', '', 1),
(456, 'actionAdminStoresControllerSaveAfter', 'actionAdminStoresControllerSaveAfter', '', 1),
(457, 'actionAdminWebserviceControllerSaveAfter', 'actionAdminWebserviceControllerSaveAfter', '', 1),
(458, 'moduleroutes', 'moduleroutes', '', 1),
(459, 'displayBanner', 'displayBanner', '', 1),
(460, 'displayFooterAfter', 'displayFooterAfter', '', 1),
(461, 'pagebuilderConfig', 'pagebuilderConfig', '', 1),
(462, 'displayProductInformation', 'displayProductInformation', '', 1),
(463, 'actionAdminShopControllerSaveAfter', 'actionAdminShopControllerSaveAfter', '', 1),
(464, 'displayLeoProfileProduct', 'displayLeoProfileProduct', '', 1),
(465, 'displayAdminProductsExtra', 'displayAdminProductsExtra', '', 1),
(466, 'displayApSC', 'displayApSC', '', 1),
(467, 'displayApCustom', 'displayApCustom', '', 1),
(468, 'displayLeoCartButton', 'displayLeoCartButton', '', 1),
(469, 'displayLeoCartQuantity', 'displayLeoCartQuantity', '', 1),
(470, 'displayLeoCartAttribute', 'displayLeoCartAttribute', '', 1),
(471, 'displayLeoProductReviewExtra', 'displayLeoProductReviewExtra', '', 1),
(472, 'displayLeoProductTab', 'displayLeoProductTab', '', 1),
(473, 'displayLeoProductTabContent', 'displayLeoProductTabContent', '', 1),
(474, 'displayLeoProductListReview', 'displayLeoProductListReview', '', 1),
(475, 'displayLeoCompareButton', 'displayLeoCompareButton', '', 1),
(476, 'displayLeoWishlistButton', 'displayLeoWishlistButton', '', 1),
(477, 'displayLeoProducReviewCompare', 'displayLeoProducReviewCompare', '', 1),
(478, 'displayLeoQuickLogin', 'displayLeoQuickLogin', '', 1),
(479, 'actionCustomerLogoutAfter', 'actionCustomerLogoutAfter', '', 1),
(480, 'displayMobileTopSiteMap', 'displayMobileTopSiteMap', '', 1),
(481, 'actionAdminBefore', '', '', 1),
(482, 'displayLeoProductAtribute', 'displayLeoProductAtribute', '', 1),
(484, 'actionAuthenticationBefore', 'actionAuthenticationBefore', 'actionAuthenticationBefore', 0),
(485, 'displayAdminView', 'displayAdminView', '', 1),
(486, 'displayBeforeShoppingCartBlock', 'displayBeforeShoppingCartBlock', '', 1),
(487, 'actionCartUpdateQuantityBefore', 'actionCartUpdateQuantityBefore', '', 1),
(488, 'displayAdminListBefore', 'displayAdminListBefore', '', 1),
(489, 'actionAdminProductsFormModifier', 'actionAdminProductsFormModifier', '', 1),
(490, 'displayMultiAccessoriesProduct', 'displayMultiAccessoriesProduct', '', 1),
(491, 'actionObjectHsAccessoriesGroupAbstractDeleteAfter', 'actionObjectHsAccessoriesGroupAbstractDeleteAfter', '', 1),
(492, 'actionObjectSpecificPriceRuleUpdateBefore', 'actionObjectSpecificPriceRuleUpdateBefore', '', 1),
(493, 'actionAdminSpecificPriceRuleControllerSaveAfter', 'actionAdminSpecificPriceRuleControllerSaveAfter', '', 1),
(494, 'actionObjectOrderUpdateAfter', 'actionObjectOrderUpdateAfter', '', 1),
(495, 'actionObjectSpecificPriceAddAfter', 'actionObjectSpecificPriceAddAfter', '', 1),
(496, 'actionObjectCombinationDeleteAfter', 'actionObjectCombinationDeleteAfter', '', 1),
(497, 'actionObjectSpecificPriceDeleteAfter', 'actionObjectSpecificPriceDeleteAfter', '', 1),
(498, 'actionProductListModifier', 'actionProductListModifier', '', 1),
(499, 'actionAdminProductsListingResultsModifier', 'actionAdminProductsListingResultsModifier', '', 1),
(500, 'actionGetProductPropertiesAfter', 'actionGetProductPropertiesAfter', '', 1),
(501, 'actionFeatureFormBuilderModifier', 'actionFeatureFormBuilderModifier', '', 1),
(502, 'actionAfterCreateFeatureFormHandler', 'actionAfterCreateFeatureFormHandler', '', 1),
(503, 'actionAfterUpdateFeatureFormHandler', 'actionAfterUpdateFeatureFormHandler', '', 1);

-- --------------------------------------------------------

--
-- Table structure for table `ps_hook_alias`
--

CREATE TABLE `ps_hook_alias` (
  `id_hook_alias` int(10) UNSIGNED NOT NULL,
  `alias` varchar(64) NOT NULL,
  `name` varchar(64) NOT NULL
) ENGINE=InnoDB DEFAULT CHARSET=utf8;

--
-- Dumping data for table `ps_hook_alias`
--

INSERT INTO `ps_hook_alias` (`id_hook_alias`, `alias`, `name`) VALUES
(1, 'newOrder', 'actionValidateOrder'),
(2, 'paymentConfirm', 'actionPaymentConfirmation'),
(3, 'paymentReturn', 'displayPaymentReturn'),
(4, 'updateQuantity', 'actionUpdateQuantity'),
(5, 'rightColumn', 'displayRightColumn'),
(6, 'leftColumn', 'displayLeftColumn'),
(7, 'home', 'displayHome'),
(8, 'displayHeader', 'Header'),
(9, 'cart', 'actionCartSave'),
(10, 'authentication', 'actionAuthentication'),
(11, 'addproduct', 'actionProductAdd'),
(12, 'updateproduct', 'actionProductUpdate'),
(13, 'top', 'displayTop'),
(14, 'extraRight', 'displayRightColumnProduct'),
(15, 'deleteproduct', 'actionProductDelete'),
(16, 'productfooter', 'displayFooterProduct'),
(17, 'invoice', 'displayInvoice'),
(18, 'updateOrderStatus', 'actionOrderStatusUpdate'),
(19, 'adminOrder', 'displayAdminOrder'),
(20, 'footer', 'displayFooter'),
(21, 'PDFInvoice', 'displayPDFInvoice'),
(22, 'adminCustomers', 'displayAdminCustomers'),
(23, 'orderConfirmation', 'displayOrderConfirmation'),
(24, 'createAccount', 'actionCustomerAccountAdd'),
(25, 'customerAccount', 'displayCustomerAccount'),
(26, 'orderSlip', 'actionOrderSlipAdd'),
(27, 'shoppingCart', 'displayShoppingCartFooter'),
(28, 'createAccountForm', 'displayCustomerAccountForm'),
(29, 'AdminStatsModules', 'displayAdminStatsModules'),
(30, 'GraphEngine', 'displayAdminStatsGraphEngine'),
(31, 'orderReturn', 'actionOrderReturn'),
(32, 'productActions', 'displayProductAdditionalInfo'),
(33, 'displayProductButtons', 'displayProductAdditionalInfo'),
(34, 'backOfficeHome', 'displayBackOfficeHome'),
(35, 'GridEngine', 'displayAdminStatsGridEngine'),
(36, 'watermark', 'actionWatermark'),
(37, 'cancelProduct', 'actionProductCancel'),
(38, 'extraLeft', 'displayLeftColumnProduct'),
(39, 'productOutOfStock', 'actionProductOutOfStock'),
(40, 'updateProductAttribute', 'actionProductAttributeUpdate'),
(41, 'extraCarrier', 'displayCarrierList'),
(42, 'shoppingCartExtra', 'displayShoppingCart'),
(43, 'updateCarrier', 'actionCarrierUpdate'),
(44, 'postUpdateOrderStatus', 'actionOrderStatusPostUpdate'),
(45, 'createAccountTop', 'displayCustomerAccountFormTop'),
(46, 'backOfficeHeader', 'displayBackOfficeHeader'),
(47, 'backOfficeTop', 'displayBackOfficeTop'),
(48, 'backOfficeFooter', 'displayBackOfficeFooter'),
(49, 'deleteProductAttribute', 'actionProductAttributeDelete'),
(50, 'processCarrier', 'actionCarrierProcess'),
(51, 'beforeCarrier', 'displayBeforeCarrier'),
(52, 'orderDetailDisplayed', 'displayOrderDetail'),
(53, 'paymentCCAdded', 'actionPaymentCCAdd'),
(54, 'categoryAddition', 'actionCategoryAdd'),
(55, 'categoryUpdate', 'actionCategoryUpdate'),
(56, 'categoryDeletion', 'actionCategoryDelete'),
(57, 'paymentTop', 'displayPaymentTop'),
(58, 'afterCreateHtaccess', 'actionHtaccessCreate'),
(59, 'afterSaveAdminMeta', 'actionAdminMetaSave'),
(60, 'attributeGroupForm', 'displayAttributeGroupForm'),
(61, 'afterSaveAttributeGroup', 'actionAttributeGroupSave'),
(62, 'afterDeleteAttributeGroup', 'actionAttributeGroupDelete'),
(63, 'featureForm', 'displayFeatureForm'),
(64, 'afterSaveFeature', 'actionFeatureSave'),
(65, 'afterDeleteFeature', 'actionFeatureDelete'),
(66, 'afterSaveProduct', 'actionProductSave'),
(67, 'postProcessAttributeGroup', 'displayAttributeGroupPostProcess'),
(68, 'postProcessFeature', 'displayFeaturePostProcess'),
(69, 'featureValueForm', 'displayFeatureValueForm'),
(70, 'postProcessFeatureValue', 'displayFeatureValuePostProcess'),
(71, 'afterDeleteFeatureValue', 'actionFeatureValueDelete'),
(72, 'afterSaveFeatureValue', 'actionFeatureValueSave'),
(73, 'attributeForm', 'displayAttributeForm'),
(74, 'postProcessAttribute', 'actionAttributePostProcess'),
(75, 'afterDeleteAttribute', 'actionAttributeDelete'),
(76, 'afterSaveAttribute', 'actionAttributeSave'),
(77, 'taxManager', 'actionTaxManager'),
(78, 'myAccountBlock', 'displayMyAccountBlock'),
(79, 'actionBeforeCartUpdateQty', 'actionCartUpdateQuantityBefore'),
(80, 'actionBeforeAjaxDie', 'actionAjaxDieBefore'),
(81, 'actionBeforeAuthentication', 'actionAuthenticationBefore'),
(82, 'actionBeforeSubmitAccount', 'actionSubmitAccountBefore'),
(83, 'actionAfterDeleteProductInCart', 'actionDeleteProductInCartAfter');

-- --------------------------------------------------------

--
-- Table structure for table `ps_hook_module`
--

CREATE TABLE `ps_hook_module` (
  `id_module` int(10) UNSIGNED NOT NULL,
  `id_shop` int(11) UNSIGNED NOT NULL DEFAULT 1,
  `id_hook` int(10) UNSIGNED NOT NULL,
  `position` tinyint(2) UNSIGNED NOT NULL
) ENGINE=InnoDB DEFAULT CHARSET=utf8;

--
-- Dumping data for table `ps_hook_module`
--

INSERT INTO `ps_hook_module` (`id_module`, `id_shop`, `id_hook`, `position`) VALUES
(1, 1, 394, 1),
(2, 1, 396, 1),
(2, 1, 397, 1),
(2, 1, 398, 1),
(2, 1, 399, 1),
(2, 1, 400, 1),
(2, 1, 401, 1),
(2, 1, 402, 1),
(3, 1, 63, 1),
(3, 1, 403, 1),
(5, 1, 404, 1),
(6, 1, 50, 1),
(7, 1, 54, 1),
(9, 1, 406, 1),
(10, 1, 12, 1),
(11, 1, 5, 1),
(11, 1, 407, 1),
(12, 1, 409, 1),
(13, 1, 410, 1),
(16, 1, 413, 1),
(17, 1, 41, 1),
(17, 1, 114, 1),
(17, 1, 416, 1),
(17, 1, 417, 1),
(19, 1, 65, 1),
(20, 1, 17, 1),
(20, 1, 18, 1),
(20, 1, 24, 1),
(20, 1, 76, 1),
(20, 1, 419, 1),
(20, 1, 420, 1),
(20, 1, 421, 1),
(21, 1, 14, 1),
(23, 1, 133, 1),
(24, 1, 422, 1),
(24, 1, 423, 1),
(24, 1, 424, 1),
(24, 1, 425, 1),
(24, 1, 426, 1),
(24, 1, 427, 1),
(24, 1, 428, 1),
(24, 1, 429, 1),
(24, 1, 430, 1),
(24, 1, 431, 1),
(24, 1, 432, 1),
(24, 1, 433, 1),
(24, 1, 434, 1),
(24, 1, 435, 1),
(24, 1, 436, 1),
(25, 1, 437, 1),
(31, 1, 49, 1),
(41, 1, 16, 1),
(41, 1, 20, 1),
(54, 1, 438, 1),
(54, 1, 439, 1),
(55, 1, 29, 1),
(55, 1, 101, 1),
(55, 1, 443, 1),
(55, 1, 444, 1),
(55, 1, 445, 1),
(55, 1, 446, 1),
(55, 1, 447, 1),
(55, 1, 448, 1),
(55, 1, 449, 1),
(55, 1, 450, 1),
(55, 1, 451, 1),
(55, 1, 452, 1),
(55, 1, 453, 1),
(55, 1, 454, 1),
(55, 1, 455, 1),
(55, 1, 456, 1),
(55, 1, 457, 1),
(56, 1, 395, 1),
(57, 1, 43, 1),
(57, 1, 440, 1),
(58, 1, 67, 1),
(58, 1, 151, 1),
(58, 1, 152, 1),
(60, 1, 442, 1),
(63, 1, 458, 1),
(63, 1, 463, 1),
(66, 1, 43, 1),
(66, 1, 468, 1),
(66, 1, 469, 1),
(66, 1, 470, 1),
(66, 1, 471, 1),
(66, 1, 472, 1),
(66, 1, 473, 1),
(66, 1, 474, 1),
(66, 1, 475, 1),
(66, 1, 476, 1),
(66, 1, 477, 1),
(68, 1, 7, 1),
(68, 1, 13, 1),
(68, 1, 19, 1),
(68, 1, 21, 1),
(68, 1, 22, 1),
(68, 1, 23, 1),
(68, 1, 35, 1),
(68, 1, 57, 1),
(68, 1, 117, 1),
(68, 1, 408, 1),
(68, 1, 414, 1),
(68, 1, 441, 1),
(68, 1, 460, 1),
(68, 1, 478, 1),
(68, 1, 479, 1),
(69, 1, 481, 1),
(73, 1, 25, 1),
(73, 1, 45, 1),
(73, 1, 61, 1),
(73, 1, 485, 1),
(73, 1, 486, 1),
(73, 1, 487, 1),
(74, 1, 15, 1),
(74, 1, 26, 1),
(74, 1, 69, 1),
(74, 1, 465, 1),
(74, 1, 488, 1),
(74, 1, 489, 1),
(74, 1, 490, 1),
(74, 1, 491, 1),
(76, 1, 48, 1),
(76, 1, 123, 1),
(76, 1, 484, 1),
(77, 1, 2, 1),
(77, 1, 7, 1),
(77, 1, 13, 1),
(77, 1, 21, 1),
(77, 1, 22, 1),
(77, 1, 35, 1),
(77, 1, 57, 1),
(77, 1, 103, 1),
(77, 1, 125, 1),
(77, 1, 127, 1),
(77, 1, 128, 1),
(77, 1, 131, 1),
(77, 1, 134, 1),
(77, 1, 408, 1),
(77, 1, 414, 1),
(77, 1, 441, 1),
(77, 1, 458, 1),
(77, 1, 459, 1),
(77, 1, 460, 1),
(77, 1, 461, 1),
(77, 1, 462, 1),
(77, 1, 463, 1),
(77, 1, 464, 1),
(77, 1, 465, 1),
(77, 1, 466, 1),
(77, 1, 467, 1),
(77, 1, 482, 1),
(81, 1, 75, 1),
(81, 1, 77, 1),
(81, 1, 81, 1),
(81, 1, 82, 1),
(81, 1, 83, 1),
(81, 1, 84, 1),
(81, 1, 85, 1),
(81, 1, 86, 1),
(81, 1, 87, 1),
(81, 1, 88, 1),
(81, 1, 89, 1),
(81, 1, 90, 1),
(81, 1, 91, 1),
(81, 1, 92, 1),
(81, 1, 93, 1),
(81, 1, 94, 1),
(81, 1, 95, 1),
(81, 1, 97, 1),
(81, 1, 418, 1),
(81, 1, 492, 1),
(81, 1, 493, 1),
(81, 1, 501, 1),
(81, 1, 502, 1),
(81, 1, 503, 1),
(82, 1, 1, 1),
(82, 1, 6, 1),
(82, 1, 27, 1),
(82, 1, 52, 1),
(82, 1, 106, 1),
(82, 1, 494, 1),
(82, 1, 495, 1),
(82, 1, 496, 1),
(82, 1, 497, 1),
(82, 1, 498, 1),
(82, 1, 499, 1),
(82, 1, 500, 1),
(2, 1, 395, 2),
(3, 1, 396, 2),
(3, 1, 402, 2),
(4, 1, 403, 2),
(5, 1, 397, 2),
(17, 1, 394, 2),
(21, 1, 413, 2),
(24, 1, 76, 2),
(25, 1, 14, 2),
(26, 1, 52, 2),
(30, 1, 5, 2),
(30, 1, 407, 2),
(32, 1, 49, 2),
(41, 1, 41, 2),
(51, 1, 404, 2),
(54, 1, 65, 2),
(55, 1, 1, 2),
(55, 1, 398, 2),
(55, 1, 400, 2),
(55, 1, 409, 2),
(55, 1, 427, 2),
(55, 1, 436, 2),
(57, 1, 114, 2),
(57, 1, 416, 2),
(58, 1, 438, 2),
(60, 1, 133, 2),
(64, 1, 442, 2),
(64, 1, 463, 2),
(65, 1, 12, 2),
(66, 1, 20, 2),
(68, 1, 27, 2),
(73, 1, 29, 2),
(73, 1, 43, 2),
(74, 1, 17, 2),
(74, 1, 18, 2),
(74, 1, 22, 2),
(74, 1, 24, 2),
(74, 1, 35, 2),
(74, 1, 45, 2),
(74, 1, 452, 2),
(76, 1, 117, 2),
(77, 1, 23, 2),
(77, 1, 411, 2),
(77, 1, 422, 2),
(77, 1, 442, 2),
(77, 1, 448, 2),
(82, 1, 15, 2),
(82, 1, 87, 2),
(82, 1, 458, 2),
(82, 1, 487, 2),
(4, 1, 396, 3),
(4, 1, 402, 3),
(5, 1, 403, 3),
(24, 1, 413, 3),
(27, 1, 14, 3),
(33, 1, 49, 3),
(55, 1, 65, 3),
(55, 1, 397, 3),
(57, 1, 41, 3),
(57, 1, 394, 3),
(63, 1, 12, 3),
(64, 1, 52, 3),
(65, 1, 442, 3),
(65, 1, 463, 3),
(68, 1, 20, 3),
(73, 1, 407, 3),
(76, 1, 114, 3),
(76, 1, 395, 3),
(77, 1, 27, 3),
(77, 1, 65, 3),
(77, 1, 413, 3),
(77, 1, 434, 3),
(81, 1, 76, 3),
(82, 1, 17, 3),
(82, 1, 18, 3),
(82, 1, 23, 3),
(82, 1, 24, 3),
(82, 1, 45, 3),
(5, 1, 396, 4),
(6, 1, 402, 4),
(34, 1, 49, 4),
(63, 1, 14, 4),
(63, 1, 65, 4),
(65, 1, 52, 4),
(65, 1, 413, 4),
(68, 1, 12, 4),
(68, 1, 442, 4),
(76, 1, 41, 4),
(82, 1, 20, 4),
(82, 1, 397, 4),
(35, 1, 49, 5),
(55, 1, 402, 5),
(58, 1, 65, 5),
(64, 1, 14, 5),
(74, 1, 442, 5),
(77, 1, 12, 5),
(77, 1, 14, 5),
(77, 1, 52, 5),
(82, 1, 413, 5),
(36, 1, 49, 6),
(65, 1, 14, 6),
(66, 1, 65, 6),
(66, 1, 402, 6),
(68, 1, 52, 6),
(73, 1, 12, 6),
(37, 1, 49, 7),
(57, 1, 402, 7),
(66, 1, 14, 7),
(76, 1, 65, 7),
(77, 1, 402, 7),
(81, 1, 12, 7),
(38, 1, 49, 8),
(67, 1, 14, 8),
(68, 1, 402, 8),
(82, 1, 65, 8),
(39, 1, 49, 9),
(69, 1, 14, 9),
(69, 1, 402, 9),
(40, 1, 49, 10),
(68, 1, 14, 10),
(82, 1, 402, 10),
(42, 1, 49, 11),
(71, 1, 14, 11),
(43, 1, 49, 12),
(73, 1, 14, 12),
(44, 1, 49, 13),
(74, 1, 14, 13),
(45, 1, 49, 14),
(76, 1, 14, 14),
(46, 1, 49, 15),
(82, 1, 14, 15),
(47, 1, 49, 16),
(48, 1, 49, 17),
(49, 1, 49, 18),
(50, 1, 49, 19),
(51, 1, 49, 20),
(52, 1, 49, 21),
(53, 1, 49, 22);

-- --------------------------------------------------------

--
-- Table structure for table `ps_hook_module_exceptions`
--

CREATE TABLE `ps_hook_module_exceptions` (
  `id_hook_module_exceptions` int(10) UNSIGNED NOT NULL,
  `id_shop` int(11) UNSIGNED NOT NULL DEFAULT 1,
  `id_module` int(10) UNSIGNED NOT NULL,
  `id_hook` int(10) UNSIGNED NOT NULL,
  `file_name` varchar(255) DEFAULT NULL
) ENGINE=InnoDB DEFAULT CHARSET=utf8;

-- --------------------------------------------------------

--
-- Table structure for table `ps_image`
--

CREATE TABLE `ps_image` (
  `id_image` int(10) UNSIGNED NOT NULL,
  `id_product` int(10) UNSIGNED NOT NULL,
  `position` smallint(2) UNSIGNED NOT NULL DEFAULT 0,
  `cover` tinyint(1) UNSIGNED DEFAULT NULL
) ENGINE=InnoDB DEFAULT CHARSET=utf8;

--
-- Dumping data for table `ps_image`
--

INSERT INTO `ps_image` (`id_image`, `id_product`, `position`, `cover`) VALUES
(1, 744, 1, 1),
(2, 743, 1, 1),
(11, 4, 1, 1),
(12, 7, 1, 1),
(13, 8, 1, 1),
(14, 9, 1, 1),
(15, 10, 1, 1),
(16, 11, 1, 1),
(17, 12, 1, 1),
(18, 13, 1, 1),
(19, 14, 1, 1),
(20, 15, 1, 1),
(21, 16, 1, 1),
(22, 17, 1, 1),
(23, 18, 1, 1),
(24, 19, 1, 1),
(25, 20, 1, 1),
(26, 21, 1, 1),
(27, 22, 1, 1),
(28, 23, 1, 1),
(29, 23, 2, NULL),
(30, 24, 1, 1),
(31, 24, 2, NULL),
(32, 26, 1, 1),
(33, 27, 1, 1),
(34, 28, 1, 1),
(35, 29, 1, 1),
(36, 30, 1, 1),
(37, 31, 1, 1),
(38, 32, 1, 1),
(39, 33, 1, 1),
(40, 34, 1, 1),
(41, 35, 1, 1),
(42, 36, 1, 1),
(43, 37, 1, 1),
(44, 38, 1, 1),
(45, 39, 1, 1),
(46, 40, 1, 1),
(47, 41, 1, 1),
(48, 42, 1, 1),
(49, 43, 2, 1),
(50, 44, 1, 1),
(51, 45, 1, 1),
(52, 46, 1, 1),
(53, 49, 1, 1),
(55, 51, 1, 1),
(56, 742, 1, 1),
(58, 66, 1, 1),
(59, 67, 1, 1),
(60, 67, 2, NULL),
(61, 69, 1, 1),
(62, 69, 2, NULL),
(63, 741, 1, 1),
(64, 740, 1, 1),
(65, 739, 1, 1),
(66, 738, 1, 1),
(67, 737, 1, 1),
(68, 736, 1, 1),
(69, 735, 1, 1),
(70, 734, 1, 1),
(71, 733, 1, 1),
(72, 732, 1, 1),
(73, 731, 1, 1),
(74, 730, 1, 1),
(75, 729, 1, 1),
(76, 728, 1, 1),
(77, 727, 1, 1),
(78, 726, 1, 1),
(79, 725, 1, 1),
(80, 70, 1, 1),
(81, 70, 2, NULL),
(82, 71, 1, 1),
(83, 71, 2, NULL),
(84, 72, 1, 1),
(85, 722, 1, 1),
(86, 723, 1, 1),
(87, 724, 1, 1),
(91, 66, 2, NULL),
(92, 956, 1, 1),
(93, 957, 1, 1),
(94, 958, 1, 1),
(95, 959, 1, 1),
(96, 960, 1, 1),
(97, 961, 1, 1),
(98, 962, 1, 1),
(99, 963, 1, 1),
(100, 964, 1, 1),
(101, 965, 1, 1),
(102, 966, 1, 1),
(103, 967, 1, 1),
(104, 968, 1, 1),
(105, 969, 1, 1),
(106, 970, 1, 1),
(107, 971, 1, 1),
(108, 972, 1, 1),
(109, 973, 1, 1),
(110, 974, 1, 1),
(111, 975, 1, 1),
(112, 976, 1, 1),
(113, 977, 1, 1),
(114, 978, 1, 1),
(115, 985, 1, 1),
(116, 979, 1, 1),
(117, 456, 1, 1),
(118, 424, 1, 1),
(119, 425, 1, 1),
(120, 426, 1, 1),
(121, 427, 1, 1),
(122, 428, 1, 1),
(123, 429, 1, 1),
(124, 430, 1, 1),
(125, 431, 1, 1),
(126, 432, 1, 1),
(128, 1334, 1, 1),
(129, 1334, 2, NULL),
(130, 1372, 1, 1),
(131, 1042, 1, 1),
(133, 899, 1, 1),
(134, 899, 2, NULL),
(135, 1362, 1, 1),
(137, 1356, 1, 1),
(138, 1041, 1, 1),
(141, 929, 1, 1),
(142, 1159, 1, 1),
(143, 791, 1, 1),
(144, 774, 1, 1),
(145, 774, 2, NULL),
(146, 704, 1, 1),
(147, 704, 2, NULL),
(148, 745, 1, 1),
(150, 758, 1, 1),
(151, 1281, 1, 1),
(153, 1267, 1, 1),
(154, 1251, 1, 1),
(156, 248, 2, NULL),
(157, 248, 3, NULL),
(158, 248, 4, NULL),
(160, 248, 6, NULL),
(161, 248, 7, 1),
(162, 1141, 1, 1),
(163, 205, 1, 1),
(164, 456, 2, NULL),
(165, 447, 1, 1),
(166, 468, 1, 1),
(167, 458, 1, 1),
(168, 675, 1, 1),
(169, 675, 2, NULL),
(176, 1658, 1, 1),
(182, 358, 1, 1),
(183, 358, 2, NULL),
(187, 295, 1, 1),
(191, 295, 2, NULL),
(192, 354, 1, 1),
(193, 354, 2, NULL),
(194, 354, 3, NULL),
(195, 354, 4, NULL),
(198, 150, 1, 1),
(199, 344, 1, 1),
(200, 1663, 1, 1),
(201, 152, 1, 1),
(202, 167, 1, 1),
(203, 139, 1, 1),
(204, 139, 2, NULL),
(205, 139, 3, NULL),
(206, 139, 4, NULL),
(207, 1291, 1, 1),
(208, 831, 1, NULL),
(209, 171, 1, 1),
(210, 171, 2, NULL),
(213, 120, 1, 1),
(214, 120, 2, NULL),
(215, 378, 1, 1),
(216, 378, 2, NULL),
(218, 805, 1, 1),
(219, 1115, 1, 1),
(221, 137, 1, 1),
(222, 847, 1, 1),
(223, 43, 1, NULL),
(224, 693, 1, 1),
(225, 1140, 1, 1),
(226, 1316, 1, 1),
(228, 1125, 1, 1),
(229, 1328, 1, 1),
(233, 831, 2, 1),
(235, 1128, 1, 1),
(236, 871, 1, 1),
(238, 1399, 1, 1),
(239, 944, 1, 1),
(240, 1035, 1, 1),
(241, 866, 1, 1),
(243, 1320, 1, 1),
(244, 1428, 2, NULL),
(245, 1428, 3, NULL),
(246, 1428, 4, NULL),
(247, 1428, 5, NULL),
(248, 1428, 6, NULL),
(249, 1428, 7, NULL),
(250, 1428, 8, NULL),
(251, 1428, 9, NULL),
(252, 1428, 10, NULL),
(253, 1428, 11, NULL),
(254, 1428, 12, NULL),
(255, 1428, 13, NULL),
(256, 1428, 14, NULL),
(257, 1428, 15, NULL),
(259, 1665, 2, NULL),
(260, 1665, 3, NULL),
(261, 1665, 4, NULL),
(262, 1665, 5, NULL),
(263, 1665, 6, NULL),
(264, 1665, 7, NULL),
(265, 1665, 8, NULL),
(266, 1665, 9, NULL),
(267, 1665, 10, NULL),
(268, 1665, 11, NULL),
(269, 1665, 12, NULL),
(270, 1665, 13, NULL),
(271, 1665, 14, NULL),
(272, 1665, 15, NULL),
(273, 1428, 1, 1),
(275, 1665, 1, 1),
(276, 1565, 1, 1),
(277, 1666, 1, 1),
(283, 1564, 1, 1),
(284, 1561, 1, 1),
(286, 1669, 1, 1),
(292, 1670, 1, 1),
(298, 1560, 1, 1),
(299, 1671, 1, NULL),
(302, 1671, 2, 1),
(304, 1095, 1, 1),
(306, 1095, 2, NULL),
(307, 1035, 2, NULL),
(308, 1587, 1, 1),
(323, 1673, 1, 1),
(326, 1587, 2, NULL),
(327, 1587, 3, NULL),
(328, 1587, 4, NULL),
(329, 1587, 5, NULL),
(330, 1587, 6, NULL),
(331, 1587, 7, NULL),
(332, 1587, 8, NULL),
(333, 1587, 9, NULL),
(334, 1587, 10, NULL),
(335, 1587, 11, NULL),
(336, 1587, 12, NULL),
(337, 1587, 13, NULL),
(338, 1587, 14, NULL),
(339, 1587, 15, NULL),
(341, 1589, 2, NULL),
(342, 1589, 3, NULL),
(343, 1589, 4, NULL),
(344, 1589, 5, NULL),
(345, 1589, 6, NULL),
(346, 1589, 7, NULL),
(347, 1589, 8, NULL),
(348, 1589, 9, NULL),
(349, 1589, 10, NULL),
(350, 1589, 11, NULL),
(351, 1589, 12, NULL),
(352, 1589, 13, NULL),
(353, 1589, 14, NULL),
(354, 1589, 15, NULL),
(355, 1589, 1, 1),
(356, 1674, 1, 1),
(358, 1585, 2, NULL),
(359, 1585, 3, NULL),
(360, 1585, 4, NULL),
(361, 1585, 5, NULL),
(362, 1585, 6, NULL),
(363, 1585, 7, NULL),
(364, 1585, 8, NULL),
(365, 1585, 9, NULL),
(366, 1585, 10, NULL),
(367, 1585, 11, NULL),
(368, 1585, 12, NULL),
(369, 1585, 13, NULL),
(370, 1585, 14, NULL),
(371, 1585, 15, NULL),
(372, 1585, 1, 1),
(373, 1675, 1, 1),
(374, 1484, 1, 1),
(375, 1484, 2, NULL),
(376, 1484, 3, NULL),
(377, 1484, 4, NULL),
(378, 1484, 5, NULL),
(379, 1484, 6, NULL),
(380, 1484, 7, NULL),
(381, 1484, 8, NULL),
(382, 1484, 9, NULL),
(383, 1484, 10, NULL),
(384, 1484, 11, NULL),
(385, 1484, 12, NULL),
(386, 1484, 13, NULL),
(387, 1484, 14, NULL),
(388, 1484, 15, NULL),
(389, 1676, 2, NULL),
(390, 1676, 3, NULL),
(391, 1676, 4, NULL),
(392, 1676, 5, NULL),
(393, 1676, 6, NULL),
(394, 1676, 7, NULL),
(395, 1676, 8, NULL),
(396, 1676, 9, NULL),
(397, 1676, 10, NULL),
(398, 1676, 11, NULL),
(399, 1676, 12, NULL),
(400, 1676, 13, NULL),
(401, 1676, 14, NULL),
(402, 1676, 15, NULL),
(403, 1676, 1, 1),
(404, 1426, 2, NULL),
(405, 1426, 3, NULL),
(406, 1426, 4, NULL),
(407, 1426, 5, NULL),
(408, 1426, 6, NULL),
(409, 1426, 7, NULL),
(410, 1426, 8, NULL),
(411, 1426, 9, NULL),
(412, 1426, 10, NULL),
(413, 1426, 11, NULL),
(414, 1426, 12, NULL),
(415, 1426, 13, NULL),
(416, 1426, 14, NULL),
(417, 1426, 15, NULL),
(419, 809, 1, 1),
(421, 1001, 1, 1),
(422, 1282, 1, 1),
(424, 1432, 1, 1),
(425, 1432, 2, NULL),
(426, 1432, 3, NULL),
(427, 1432, 4, NULL),
(428, 1432, 5, NULL),
(429, 1432, 6, NULL),
(430, 1432, 7, NULL),
(431, 1432, 8, NULL),
(432, 1432, 9, NULL),
(433, 1432, 10, NULL),
(434, 1432, 11, NULL),
(435, 1432, 12, NULL),
(436, 1432, 13, NULL),
(437, 1432, 14, NULL),
(438, 1432, 15, NULL),
(439, 1430, 2, NULL),
(440, 1430, 3, NULL),
(441, 1430, 4, NULL),
(442, 1430, 5, NULL),
(443, 1430, 6, NULL),
(444, 1430, 7, NULL),
(445, 1430, 8, NULL),
(446, 1430, 9, NULL),
(447, 1430, 10, NULL),
(448, 1430, 11, NULL),
(449, 1430, 12, NULL),
(450, 1430, 13, NULL),
(451, 1430, 14, NULL),
(452, 1430, 15, NULL),
(453, 1677, 2, NULL),
(454, 1677, 3, NULL),
(455, 1677, 4, NULL),
(456, 1677, 5, NULL),
(457, 1677, 6, NULL),
(458, 1677, 7, NULL),
(459, 1677, 8, NULL),
(460, 1677, 9, NULL),
(461, 1677, 10, NULL),
(462, 1677, 11, NULL),
(463, 1677, 12, NULL),
(464, 1677, 13, NULL),
(465, 1677, 14, NULL),
(466, 1677, 15, NULL),
(468, 1678, 2, NULL),
(469, 1678, 3, NULL),
(470, 1678, 4, NULL),
(471, 1678, 5, NULL),
(472, 1678, 6, NULL),
(473, 1678, 7, NULL),
(474, 1678, 8, NULL),
(475, 1678, 9, NULL),
(476, 1678, 10, NULL),
(477, 1678, 11, NULL),
(478, 1678, 12, NULL),
(479, 1678, 13, NULL),
(480, 1678, 14, NULL),
(481, 1678, 15, NULL),
(483, 1438, 2, NULL),
(484, 1438, 3, NULL),
(485, 1438, 4, NULL),
(486, 1438, 5, NULL),
(487, 1438, 6, NULL),
(488, 1438, 7, NULL),
(489, 1438, 8, NULL),
(490, 1438, 9, NULL),
(491, 1438, 10, NULL),
(492, 1438, 11, NULL),
(493, 1438, 12, NULL),
(494, 1438, 13, NULL),
(495, 1438, 14, NULL),
(496, 1438, 15, NULL),
(497, 1438, 1, 1),
(498, 1679, 2, NULL),
(499, 1679, 3, NULL),
(500, 1679, 4, NULL),
(501, 1679, 5, NULL),
(502, 1679, 6, NULL),
(503, 1679, 7, NULL),
(504, 1679, 8, NULL),
(505, 1679, 9, NULL),
(506, 1679, 10, NULL),
(507, 1679, 11, NULL),
(508, 1679, 12, NULL),
(509, 1679, 13, NULL),
(510, 1679, 14, NULL),
(511, 1679, 15, NULL),
(512, 1679, 1, 1),
(513, 1436, 1, 1),
(514, 1436, 2, NULL),
(515, 1436, 3, NULL),
(516, 1436, 4, NULL),
(517, 1436, 5, NULL),
(518, 1436, 6, NULL),
(519, 1436, 7, NULL),
(520, 1436, 8, NULL),
(521, 1436, 9, NULL),
(522, 1436, 10, NULL),
(523, 1436, 11, NULL),
(524, 1436, 12, NULL),
(525, 1436, 13, NULL),
(526, 1436, 14, NULL),
(527, 1436, 15, NULL),
(528, 1680, 2, NULL),
(529, 1680, 3, NULL),
(530, 1680, 4, NULL),
(531, 1680, 5, NULL),
(532, 1680, 6, NULL),
(533, 1680, 7, NULL),
(534, 1680, 8, NULL),
(535, 1680, 9, NULL),
(536, 1680, 10, NULL),
(537, 1680, 11, NULL),
(538, 1680, 12, NULL),
(539, 1680, 13, NULL),
(540, 1680, 14, NULL),
(541, 1680, 15, NULL),
(543, 1680, 1, 1),
(544, 1430, 1, 1),
(545, 1678, 1, 1),
(546, 1677, 1, 1),
(547, 1442, 1, 1),
(548, 1442, 2, NULL),
(549, 1442, 3, NULL),
(550, 1442, 4, NULL),
(551, 1442, 5, NULL),
(552, 1442, 6, NULL),
(553, 1442, 7, NULL),
(554, 1442, 8, NULL),
(555, 1442, 9, NULL),
(556, 1442, 10, NULL),
(557, 1442, 11, NULL),
(558, 1442, 12, NULL),
(559, 1442, 13, NULL),
(560, 1442, 14, NULL),
(561, 1442, 15, NULL),
(562, 1446, 3, NULL),
(563, 1446, 2, NULL),
(564, 1446, 4, NULL),
(565, 1446, 5, NULL),
(566, 1446, 6, NULL),
(567, 1446, 7, NULL),
(568, 1446, 8, NULL),
(569, 1446, 9, NULL),
(570, 1446, 10, NULL),
(571, 1446, 11, NULL),
(572, 1446, 12, NULL),
(573, 1446, 13, NULL),
(574, 1446, 14, NULL),
(575, 1446, 15, NULL),
(576, 1446, 1, 1),
(577, 1681, 2, NULL),
(578, 1681, 3, NULL),
(579, 1681, 4, NULL),
(580, 1681, 5, NULL),
(581, 1681, 6, NULL),
(582, 1681, 7, NULL),
(583, 1681, 8, NULL),
(584, 1681, 9, NULL),
(585, 1681, 10, NULL),
(586, 1681, 11, NULL),
(587, 1681, 12, NULL),
(588, 1681, 13, NULL),
(589, 1681, 14, NULL),
(590, 1681, 15, NULL),
(591, 1681, 1, 1),
(592, 1450, 1, 1),
(593, 1450, 2, NULL),
(594, 1450, 3, NULL),
(595, 1450, 4, NULL),
(596, 1450, 5, NULL),
(597, 1450, 6, NULL),
(598, 1450, 7, NULL),
(599, 1450, 8, NULL),
(600, 1450, 9, NULL),
(601, 1450, 10, NULL),
(602, 1450, 11, NULL),
(603, 1450, 12, NULL),
(604, 1450, 13, NULL),
(605, 1450, 14, NULL),
(606, 1450, 15, NULL),
(607, 1682, 2, NULL),
(608, 1682, 3, NULL),
(609, 1682, 4, NULL),
(610, 1682, 5, NULL),
(611, 1682, 6, NULL),
(612, 1682, 7, NULL),
(613, 1682, 8, NULL),
(614, 1682, 9, NULL),
(615, 1682, 10, NULL),
(616, 1682, 11, NULL),
(617, 1682, 12, NULL),
(618, 1682, 13, NULL),
(619, 1682, 14, NULL),
(620, 1682, 15, NULL),
(622, 1682, 1, 1),
(623, 1444, 1, 1),
(624, 1444, 2, NULL),
(625, 1444, 3, NULL),
(626, 1444, 4, NULL),
(627, 1444, 5, NULL),
(628, 1444, 6, NULL),
(629, 1444, 7, NULL),
(630, 1444, 8, NULL),
(631, 1444, 9, NULL),
(632, 1444, 10, NULL),
(633, 1444, 11, NULL),
(634, 1444, 12, NULL),
(635, 1444, 13, NULL),
(636, 1444, 14, NULL),
(637, 1444, 15, NULL),
(653, 1454, 2, NULL),
(654, 1454, 3, NULL),
(655, 1454, 4, NULL),
(656, 1454, 5, NULL),
(657, 1454, 6, NULL),
(658, 1454, 7, NULL),
(659, 1454, 8, NULL),
(660, 1454, 9, NULL),
(661, 1454, 10, NULL),
(662, 1454, 11, NULL),
(663, 1454, 12, NULL),
(664, 1454, 13, NULL),
(665, 1454, 14, NULL),
(666, 1454, 15, NULL),
(667, 1454, 1, 1),
(668, 1426, 1, 1),
(669, 1684, 2, NULL),
(670, 1684, 3, NULL),
(671, 1684, 4, NULL),
(672, 1684, 5, NULL),
(673, 1684, 6, NULL),
(674, 1684, 7, NULL),
(675, 1684, 8, NULL),
(676, 1684, 9, NULL),
(677, 1684, 10, NULL),
(678, 1684, 11, NULL),
(679, 1684, 12, NULL),
(680, 1684, 13, NULL),
(681, 1684, 14, NULL),
(682, 1684, 15, NULL),
(683, 1684, 1, 1),
(684, 1685, 2, NULL),
(685, 1685, 3, NULL),
(686, 1685, 4, NULL),
(687, 1685, 5, NULL),
(688, 1685, 6, NULL),
(689, 1685, 7, NULL),
(690, 1685, 8, NULL),
(691, 1685, 9, NULL),
(692, 1685, 10, NULL),
(693, 1685, 11, NULL),
(694, 1685, 12, NULL),
(695, 1685, 13, NULL),
(696, 1685, 14, NULL),
(697, 1685, 15, NULL),
(698, 1685, 1, 1),
(699, 1686, 2, NULL),
(700, 1686, 3, NULL),
(701, 1686, 4, NULL),
(702, 1686, 5, NULL),
(703, 1686, 6, NULL),
(704, 1686, 7, NULL),
(705, 1686, 8, NULL),
(706, 1686, 9, NULL),
(707, 1686, 10, NULL),
(708, 1686, 11, NULL),
(709, 1686, 12, NULL),
(710, 1686, 13, NULL),
(711, 1686, 14, NULL),
(712, 1686, 15, NULL),
(713, 1686, 1, 1),
(714, 1456, 1, 1),
(715, 1456, 2, NULL),
(716, 1456, 3, NULL),
(717, 1456, 4, NULL),
(718, 1456, 5, NULL),
(719, 1456, 6, NULL),
(720, 1456, 7, NULL),
(721, 1456, 8, NULL),
(722, 1456, 9, NULL),
(723, 1456, 10, NULL),
(724, 1456, 11, NULL),
(725, 1456, 12, NULL),
(726, 1456, 13, NULL),
(727, 1456, 14, NULL),
(728, 1456, 15, NULL),
(729, 1687, 2, NULL),
(730, 1687, 3, NULL),
(731, 1687, 4, NULL),
(732, 1687, 5, NULL),
(733, 1687, 6, NULL),
(734, 1687, 7, NULL),
(735, 1687, 8, NULL),
(736, 1687, 9, NULL),
(737, 1687, 10, NULL),
(738, 1687, 11, NULL),
(739, 1687, 12, NULL),
(740, 1687, 13, NULL),
(741, 1687, 14, NULL),
(742, 1687, 15, NULL),
(743, 1687, 1, 1),
(744, 1458, 2, NULL),
(745, 1458, 3, NULL),
(746, 1458, 4, NULL),
(747, 1458, 5, NULL),
(748, 1458, 6, NULL),
(749, 1458, 7, NULL),
(750, 1458, 8, NULL),
(751, 1458, 9, NULL),
(752, 1458, 10, NULL),
(753, 1458, 11, NULL),
(754, 1458, 12, NULL),
(755, 1458, 13, NULL),
(756, 1458, 14, NULL),
(757, 1458, 15, NULL),
(758, 1458, 1, 1),
(774, 1688, 1, 1),
(775, 1688, 2, NULL),
(776, 1688, 3, NULL),
(777, 1688, 4, NULL),
(778, 1688, 5, NULL),
(779, 1688, 6, NULL),
(780, 1688, 7, NULL),
(781, 1688, 8, NULL),
(782, 1688, 9, NULL),
(783, 1688, 10, NULL),
(784, 1688, 11, NULL),
(785, 1688, 12, NULL),
(786, 1688, 13, NULL),
(787, 1688, 14, NULL),
(788, 1688, 15, NULL),
(789, 1460, 2, NULL),
(790, 1460, 3, NULL),
(791, 1460, 4, NULL),
(792, 1460, 5, NULL),
(793, 1460, 6, NULL),
(794, 1460, 7, NULL),
(795, 1460, 8, NULL),
(796, 1460, 9, NULL),
(797, 1460, 10, NULL),
(798, 1460, 11, NULL),
(799, 1460, 12, NULL),
(800, 1460, 13, NULL),
(801, 1460, 14, NULL),
(802, 1460, 15, NULL),
(803, 1460, 1, 1),
(804, 1689, 2, NULL),
(805, 1689, 3, NULL),
(806, 1689, 4, NULL),
(807, 1689, 5, NULL),
(808, 1689, 6, NULL),
(809, 1689, 7, NULL),
(810, 1689, 8, NULL),
(811, 1689, 9, NULL),
(812, 1689, 10, NULL),
(813, 1689, 11, NULL),
(814, 1689, 12, NULL),
(815, 1689, 13, NULL),
(816, 1689, 14, NULL),
(817, 1689, 15, NULL),
(818, 1689, 1, 1),
(819, 1462, 1, 1),
(820, 1462, 2, NULL),
(821, 1462, 3, NULL),
(822, 1462, 4, NULL),
(823, 1462, 5, NULL),
(824, 1462, 6, NULL),
(825, 1462, 7, NULL),
(826, 1462, 8, NULL),
(827, 1462, 9, NULL),
(828, 1462, 10, NULL),
(829, 1462, 11, NULL),
(830, 1462, 12, NULL),
(831, 1462, 13, NULL),
(832, 1462, 14, NULL),
(833, 1462, 15, NULL),
(834, 1690, 2, NULL),
(835, 1690, 3, NULL),
(836, 1690, 4, NULL),
(837, 1690, 5, NULL),
(838, 1690, 6, NULL),
(839, 1690, 7, NULL),
(840, 1690, 8, NULL),
(841, 1690, 9, NULL),
(842, 1690, 10, NULL),
(843, 1690, 11, NULL),
(844, 1690, 12, NULL),
(845, 1690, 13, NULL),
(846, 1690, 14, NULL),
(847, 1690, 15, NULL),
(849, 1690, 1, 1),
(850, 1464, 1, 1),
(851, 1464, 2, NULL),
(852, 1464, 3, NULL),
(853, 1464, 4, NULL),
(854, 1464, 5, NULL),
(855, 1464, 6, NULL),
(856, 1464, 7, NULL),
(857, 1464, 8, NULL),
(858, 1464, 9, NULL),
(859, 1464, 10, NULL),
(860, 1464, 11, NULL),
(861, 1464, 12, NULL),
(862, 1464, 13, NULL),
(863, 1464, 14, NULL),
(864, 1464, 15, NULL),
(865, 1691, 2, NULL),
(866, 1691, 3, NULL),
(867, 1691, 4, NULL),
(868, 1691, 5, NULL),
(869, 1691, 6, NULL),
(870, 1691, 7, NULL),
(871, 1691, 8, NULL),
(872, 1691, 9, NULL),
(873, 1691, 10, NULL),
(874, 1691, 11, NULL),
(875, 1691, 12, NULL),
(876, 1691, 13, NULL),
(877, 1691, 14, NULL),
(878, 1691, 15, NULL),
(879, 1691, 1, 1),
(880, 1466, 2, NULL),
(881, 1466, 3, NULL),
(882, 1466, 4, NULL),
(883, 1466, 5, NULL),
(884, 1466, 6, NULL),
(885, 1466, 7, NULL),
(886, 1466, 8, NULL),
(887, 1466, 9, NULL),
(888, 1466, 10, NULL),
(889, 1466, 11, NULL),
(890, 1466, 12, NULL),
(891, 1466, 13, NULL),
(892, 1466, 14, NULL),
(893, 1466, 15, NULL),
(894, 1466, 1, 1),
(895, 1692, 2, NULL),
(896, 1692, 3, NULL),
(897, 1692, 4, NULL),
(898, 1692, 5, NULL),
(899, 1692, 6, NULL),
(900, 1692, 7, NULL),
(901, 1692, 8, NULL),
(902, 1692, 9, NULL),
(903, 1692, 10, NULL),
(904, 1692, 11, NULL),
(905, 1692, 12, NULL),
(906, 1692, 13, NULL),
(907, 1692, 14, NULL),
(908, 1692, 15, NULL),
(910, 1692, 1, 1),
(911, 1470, 1, 1),
(912, 1470, 2, NULL),
(913, 1470, 3, NULL),
(914, 1470, 4, NULL),
(915, 1470, 5, NULL),
(916, 1470, 6, NULL),
(917, 1470, 7, NULL),
(918, 1470, 8, NULL),
(919, 1470, 9, NULL),
(920, 1470, 10, NULL),
(921, 1470, 11, NULL),
(922, 1470, 12, NULL),
(923, 1470, 13, NULL),
(924, 1470, 14, NULL),
(925, 1470, 15, NULL),
(926, 1693, 2, NULL),
(927, 1693, 3, NULL),
(928, 1693, 4, NULL),
(929, 1693, 5, NULL),
(930, 1693, 6, NULL),
(931, 1693, 7, NULL),
(932, 1693, 8, NULL),
(933, 1693, 9, NULL),
(934, 1693, 10, NULL),
(935, 1693, 11, NULL),
(936, 1693, 12, NULL),
(937, 1693, 13, NULL),
(938, 1693, 14, NULL),
(939, 1693, 15, NULL),
(940, 1693, 1, 1),
(942, 1468, 2, NULL),
(943, 1468, 3, NULL),
(944, 1468, 4, NULL),
(945, 1468, 5, NULL),
(946, 1468, 6, NULL),
(947, 1468, 7, NULL),
(948, 1468, 8, NULL),
(949, 1468, 9, NULL),
(950, 1468, 10, NULL),
(951, 1468, 11, NULL),
(952, 1468, 12, NULL),
(953, 1468, 13, NULL),
(954, 1468, 14, NULL),
(955, 1468, 15, NULL),
(956, 1476, 2, NULL),
(957, 1476, 3, NULL),
(958, 1476, 4, NULL),
(959, 1476, 5, NULL),
(960, 1476, 6, NULL),
(961, 1476, 7, NULL),
(962, 1476, 8, NULL),
(963, 1476, 9, NULL),
(964, 1476, 10, NULL),
(965, 1476, 11, NULL),
(966, 1476, 12, NULL),
(967, 1476, 13, NULL),
(968, 1476, 14, NULL),
(969, 1476, 15, NULL),
(970, 1476, 1, 1),
(971, 1468, 1, 1),
(972, 1478, 1, 1),
(973, 1478, 2, NULL),
(974, 1478, 3, NULL),
(975, 1478, 4, NULL),
(976, 1478, 5, NULL),
(977, 1478, 6, NULL),
(978, 1478, 7, NULL),
(979, 1478, 8, NULL),
(980, 1478, 9, NULL),
(981, 1478, 10, NULL),
(982, 1478, 11, NULL),
(983, 1478, 12, NULL),
(984, 1478, 13, NULL),
(985, 1478, 14, NULL),
(986, 1478, 15, NULL),
(987, 1482, 2, NULL),
(988, 1482, 3, NULL),
(989, 1482, 4, NULL),
(990, 1482, 5, NULL),
(991, 1482, 6, NULL),
(992, 1482, 7, NULL),
(993, 1482, 8, NULL),
(994, 1482, 9, NULL),
(995, 1482, 10, NULL),
(996, 1482, 11, NULL),
(997, 1482, 12, NULL),
(998, 1482, 13, NULL),
(999, 1482, 14, NULL),
(1000, 1482, 15, NULL),
(1001, 1482, 1, 1),
(1002, 1480, 1, 1),
(1003, 1480, 2, NULL),
(1004, 1480, 3, NULL),
(1005, 1480, 4, NULL),
(1006, 1480, 5, NULL),
(1007, 1480, 6, NULL),
(1008, 1480, 7, NULL),
(1009, 1480, 8, NULL),
(1010, 1480, 9, NULL),
(1011, 1480, 10, NULL),
(1012, 1480, 11, NULL),
(1013, 1480, 12, NULL),
(1014, 1480, 13, NULL),
(1015, 1480, 14, NULL),
(1016, 1480, 15, NULL),
(1017, 1486, 1, 1),
(1018, 1486, 3, NULL),
(1019, 1486, 2, NULL),
(1020, 1486, 4, NULL),
(1021, 1486, 5, NULL),
(1022, 1486, 6, NULL),
(1023, 1486, 7, NULL),
(1024, 1486, 8, NULL),
(1025, 1486, 9, NULL),
(1026, 1486, 10, NULL),
(1027, 1486, 11, NULL),
(1028, 1486, 12, NULL),
(1029, 1486, 13, NULL),
(1030, 1486, 14, NULL),
(1031, 1486, 15, NULL),
(1032, 1488, 2, NULL),
(1033, 1488, 3, NULL),
(1034, 1488, 4, NULL),
(1035, 1488, 5, NULL),
(1036, 1488, 6, NULL),
(1037, 1488, 7, NULL),
(1038, 1488, 8, NULL),
(1039, 1488, 9, NULL),
(1040, 1488, 10, NULL),
(1041, 1488, 11, NULL),
(1042, 1488, 12, NULL),
(1043, 1488, 13, NULL),
(1044, 1488, 14, NULL),
(1045, 1488, 15, NULL),
(1046, 1488, 1, 1),
(1048, 1490, 2, NULL),
(1049, 1490, 3, NULL),
(1050, 1490, 4, NULL),
(1051, 1490, 5, NULL),
(1052, 1490, 6, NULL),
(1053, 1490, 7, NULL),
(1054, 1490, 8, NULL),
(1055, 1490, 9, NULL),
(1056, 1490, 10, NULL),
(1057, 1490, 11, NULL),
(1058, 1490, 12, NULL),
(1059, 1490, 13, NULL),
(1060, 1490, 14, NULL),
(1061, 1490, 15, NULL),
(1062, 1490, 1, 1),
(1063, 1492, 1, 1),
(1064, 1492, 2, NULL),
(1065, 1492, 3, NULL),
(1066, 1492, 4, NULL),
(1067, 1492, 5, NULL),
(1068, 1492, 6, NULL),
(1069, 1492, 7, NULL),
(1070, 1492, 8, NULL),
(1071, 1492, 9, NULL),
(1072, 1492, 10, NULL),
(1073, 1492, 11, NULL),
(1074, 1492, 12, NULL),
(1075, 1492, 13, NULL),
(1076, 1492, 14, NULL),
(1077, 1492, 15, NULL),
(1078, 1495, 1, 1),
(1079, 1495, 2, NULL),
(1080, 1495, 3, NULL),
(1081, 1495, 4, NULL),
(1082, 1495, 5, NULL),
(1083, 1495, 6, NULL),
(1084, 1495, 7, NULL),
(1085, 1495, 8, NULL),
(1086, 1495, 9, NULL),
(1087, 1495, 10, NULL),
(1088, 1495, 11, NULL),
(1089, 1495, 12, NULL),
(1090, 1495, 13, NULL),
(1091, 1495, 14, NULL),
(1092, 1495, 15, NULL),
(1093, 1493, 3, NULL),
(1094, 1493, 2, NULL),
(1095, 1493, 4, NULL),
(1096, 1493, 5, NULL),
(1097, 1493, 6, NULL),
(1098, 1493, 7, NULL),
(1099, 1493, 8, NULL),
(1100, 1493, 9, NULL),
(1101, 1493, 10, NULL),
(1102, 1493, 11, NULL),
(1103, 1493, 12, NULL),
(1104, 1493, 13, NULL),
(1105, 1493, 14, NULL),
(1106, 1493, 15, NULL),
(1107, 1493, 1, 1),
(1109, 1586, 1, 1),
(1110, 1586, 2, NULL),
(1111, 1586, 3, NULL),
(1112, 1586, 4, NULL),
(1113, 1586, 5, NULL),
(1114, 1586, 6, NULL),
(1115, 1586, 7, NULL),
(1116, 1586, 8, NULL),
(1117, 1586, 9, NULL),
(1118, 1586, 10, NULL),
(1119, 1586, 11, NULL),
(1120, 1586, 12, NULL),
(1121, 1586, 13, NULL),
(1122, 1586, 14, NULL),
(1123, 1586, 15, NULL),
(1125, 1499, 1, 1),
(1126, 1499, 2, NULL),
(1127, 1499, 3, NULL),
(1128, 1499, 4, NULL),
(1129, 1499, 5, NULL),
(1130, 1499, 6, NULL),
(1131, 1499, 7, NULL),
(1132, 1499, 8, NULL),
(1133, 1499, 9, NULL),
(1134, 1499, 10, NULL),
(1135, 1499, 11, NULL),
(1136, 1499, 12, NULL),
(1137, 1499, 13, NULL),
(1138, 1499, 14, NULL),
(1139, 1499, 15, NULL),
(1140, 1584, 2, NULL),
(1141, 1584, 3, NULL),
(1142, 1584, 4, NULL),
(1143, 1584, 5, NULL),
(1144, 1584, 6, NULL),
(1145, 1584, 7, NULL),
(1146, 1584, 8, NULL),
(1147, 1584, 9, NULL),
(1148, 1584, 10, NULL),
(1149, 1584, 11, NULL),
(1150, 1584, 12, NULL),
(1151, 1584, 13, NULL),
(1152, 1584, 14, NULL),
(1153, 1584, 15, NULL),
(1154, 1584, 1, 1),
(1155, 1501, 1, 1),
(1156, 1501, 2, NULL),
(1157, 1501, 3, NULL),
(1158, 1501, 4, NULL),
(1159, 1501, 5, NULL),
(1160, 1501, 6, NULL),
(1161, 1501, 7, NULL),
(1162, 1501, 8, NULL),
(1163, 1501, 9, NULL),
(1164, 1501, 10, NULL),
(1165, 1501, 11, NULL),
(1166, 1501, 12, NULL),
(1167, 1501, 13, NULL),
(1168, 1501, 14, NULL),
(1169, 1501, 15, NULL),
(1170, 1674, 2, NULL),
(1171, 1674, 3, NULL),
(1172, 1674, 4, NULL),
(1173, 1674, 5, NULL),
(1174, 1674, 6, NULL),
(1175, 1674, 7, NULL),
(1176, 1674, 8, NULL),
(1177, 1674, 9, NULL),
(1178, 1674, 10, NULL),
(1179, 1674, 11, NULL),
(1180, 1674, 12, NULL),
(1181, 1674, 13, NULL),
(1182, 1674, 14, NULL),
(1183, 1674, 15, NULL),
(1184, 1557, 1, 1),
(1185, 1513, 1, 1),
(1186, 1513, 2, NULL),
(1187, 1513, 3, NULL),
(1188, 1513, 4, NULL),
(1189, 1513, 5, NULL),
(1190, 1513, 6, NULL),
(1191, 1513, 7, NULL),
(1192, 1513, 8, NULL),
(1193, 1513, 9, NULL),
(1194, 1513, 10, NULL),
(1195, 1513, 11, NULL),
(1196, 1513, 12, NULL),
(1197, 1513, 13, NULL),
(1198, 1513, 14, NULL),
(1199, 1513, 15, NULL),
(1200, 1516, 2, NULL),
(1201, 1516, 3, NULL),
(1202, 1516, 4, NULL),
(1203, 1516, 5, NULL),
(1204, 1516, 6, NULL),
(1205, 1516, 7, NULL),
(1206, 1516, 8, NULL),
(1207, 1516, 9, NULL),
(1208, 1516, 10, NULL),
(1209, 1516, 11, NULL),
(1210, 1516, 12, NULL),
(1211, 1516, 13, NULL),
(1212, 1516, 14, NULL),
(1213, 1516, 15, NULL),
(1214, 1516, 1, 1),
(1215, 1556, 1, 1),
(1217, 1532, 1, 1),
(1218, 1532, 2, NULL),
(1219, 1532, 3, NULL),
(1220, 1532, 4, NULL),
(1221, 1532, 5, NULL),
(1222, 1532, 6, NULL),
(1223, 1532, 7, NULL),
(1224, 1532, 8, NULL),
(1225, 1532, 9, NULL),
(1226, 1532, 10, NULL),
(1227, 1532, 11, NULL),
(1228, 1532, 12, NULL),
(1229, 1532, 13, NULL),
(1230, 1532, 14, NULL),
(1231, 1532, 15, NULL),
(1232, 1530, 2, NULL),
(1233, 1530, 3, NULL),
(1234, 1530, 4, NULL),
(1235, 1530, 5, NULL),
(1236, 1530, 6, NULL),
(1237, 1530, 7, NULL),
(1238, 1530, 8, NULL),
(1239, 1530, 9, NULL),
(1240, 1530, 10, NULL),
(1241, 1530, 11, NULL),
(1242, 1530, 12, NULL),
(1243, 1530, 13, NULL),
(1244, 1530, 14, NULL),
(1245, 1530, 15, NULL),
(1246, 1530, 1, 1),
(1247, 1528, 1, 1),
(1248, 1528, 2, NULL),
(1249, 1528, 3, NULL),
(1250, 1528, 4, NULL),
(1251, 1528, 5, NULL),
(1252, 1528, 6, NULL),
(1253, 1528, 7, NULL),
(1254, 1528, 8, NULL),
(1255, 1528, 9, NULL),
(1256, 1528, 10, NULL),
(1257, 1528, 11, NULL),
(1258, 1528, 12, NULL),
(1259, 1528, 13, NULL),
(1260, 1528, 14, NULL),
(1261, 1528, 15, NULL),
(1262, 1526, 2, NULL),
(1263, 1526, 3, NULL),
(1264, 1526, 4, NULL),
(1265, 1526, 5, NULL),
(1266, 1526, 6, NULL),
(1267, 1526, 7, NULL),
(1268, 1526, 8, NULL),
(1269, 1526, 9, NULL),
(1270, 1526, 10, NULL),
(1271, 1526, 11, NULL),
(1272, 1526, 12, NULL),
(1273, 1526, 13, NULL),
(1274, 1526, 14, NULL),
(1275, 1526, 15, NULL),
(1276, 1526, 1, 1),
(1277, 1522, 1, 1),
(1278, 1522, 2, NULL),
(1279, 1522, 3, NULL),
(1280, 1522, 4, NULL),
(1281, 1522, 5, NULL),
(1282, 1522, 6, NULL),
(1283, 1522, 7, NULL),
(1284, 1522, 8, NULL),
(1285, 1522, 9, NULL),
(1286, 1522, 10, NULL),
(1287, 1522, 11, NULL),
(1288, 1522, 12, NULL),
(1289, 1522, 13, NULL),
(1290, 1522, 14, NULL),
(1291, 1522, 15, NULL),
(1292, 1694, 2, NULL),
(1293, 1694, 3, NULL),
(1294, 1694, 4, NULL),
(1295, 1694, 5, NULL),
(1296, 1694, 6, NULL),
(1297, 1694, 7, NULL),
(1298, 1694, 8, NULL),
(1299, 1694, 9, NULL),
(1300, 1694, 10, NULL),
(1301, 1694, 11, NULL),
(1302, 1694, 12, NULL),
(1303, 1694, 13, NULL),
(1304, 1694, 14, NULL),
(1305, 1694, 15, NULL),
(1307, 56, 1, 1),
(1308, 53, 1, 1),
(1309, 53, 2, NULL),
(1310, 53, 3, NULL),
(1311, 1694, 1, 1),
(1316, 1696, 2, NULL),
(1317, 1696, 3, NULL),
(1318, 1696, 4, NULL),
(1319, 1696, 5, NULL),
(1320, 1696, 6, NULL),
(1321, 1696, 7, NULL),
(1322, 1696, 8, NULL),
(1323, 1696, 9, NULL),
(1324, 1696, 10, NULL),
(1325, 1696, 11, NULL),
(1326, 1696, 12, NULL),
(1327, 1696, 13, NULL),
(1328, 1696, 14, NULL),
(1329, 1696, 15, NULL),
(1330, 1696, 1, 1),
(1331, 1697, 2, NULL),
(1332, 1697, 3, NULL),
(1333, 1697, 4, NULL),
(1334, 1697, 5, NULL),
(1335, 1697, 6, NULL),
(1336, 1697, 7, NULL),
(1337, 1697, 8, NULL),
(1338, 1697, 9, NULL),
(1339, 1697, 10, NULL),
(1340, 1697, 11, NULL),
(1341, 1697, 12, NULL),
(1342, 1697, 13, NULL),
(1343, 1697, 14, NULL),
(1344, 1697, 15, NULL),
(1345, 1697, 1, 1),
(1346, 1698, 2, NULL),
(1347, 1698, 3, NULL),
(1348, 1698, 4, NULL),
(1349, 1698, 5, NULL),
(1350, 1698, 6, NULL),
(1351, 1698, 7, NULL),
(1352, 1698, 8, NULL),
(1353, 1698, 9, NULL),
(1354, 1698, 10, NULL),
(1355, 1698, 11, NULL),
(1356, 1698, 12, NULL),
(1357, 1698, 13, NULL),
(1358, 1698, 14, NULL),
(1359, 1698, 15, NULL),
(1360, 1698, 1, 1),
(1361, 1700, 1, 1),
(1362, 1700, 2, NULL),
(1363, 1700, 3, NULL),
(1364, 1700, 4, NULL),
(1365, 1700, 5, NULL),
(1366, 1700, 6, NULL),
(1367, 1700, 7, NULL),
(1368, 1700, 8, NULL),
(1369, 1700, 9, NULL),
(1370, 1701, 2, NULL),
(1371, 1701, 3, NULL),
(1372, 1701, 4, NULL),
(1373, 1701, 5, NULL),
(1374, 1701, 6, NULL),
(1375, 1701, 7, NULL),
(1376, 1701, 8, NULL),
(1377, 1701, 9, NULL),
(1378, 1701, 10, NULL),
(1379, 1701, 11, NULL),
(1380, 1701, 12, NULL),
(1381, 1701, 13, NULL),
(1382, 1701, 14, NULL),
(1383, 1701, 15, NULL),
(1384, 1701, 1, 1),
(1385, 246, 1, 1),
(1386, 1702, 2, NULL),
(1387, 1702, 3, NULL),
(1388, 1702, 4, NULL),
(1389, 1702, 5, NULL),
(1390, 1702, 6, NULL),
(1391, 1702, 7, NULL),
(1392, 1702, 8, NULL),
(1393, 1702, 9, NULL),
(1394, 1702, 10, NULL),
(1395, 1702, 11, NULL),
(1396, 1702, 12, NULL),
(1397, 1702, 13, NULL),
(1398, 1702, 14, NULL),
(1399, 1702, 15, NULL),
(1400, 1702, 1, 1),
(1401, 1703, 2, NULL),
(1402, 1703, 3, NULL),
(1403, 1703, 4, NULL),
(1404, 1703, 5, NULL),
(1405, 1703, 6, NULL),
(1406, 1703, 7, NULL),
(1407, 1703, 8, NULL),
(1408, 1703, 9, NULL),
(1409, 1703, 10, NULL),
(1410, 1703, 11, NULL),
(1411, 1703, 12, NULL),
(1412, 1703, 13, NULL),
(1413, 1703, 14, NULL),
(1414, 1703, 15, NULL),
(1416, 1703, 1, 1),
(1417, 1704, 2, NULL),
(1418, 1704, 3, NULL),
(1419, 1704, 4, NULL),
(1420, 1704, 5, NULL),
(1421, 1704, 6, NULL),
(1422, 1704, 7, NULL),
(1423, 1704, 8, NULL),
(1424, 1704, 9, NULL),
(1425, 1704, 10, NULL),
(1426, 1704, 11, NULL),
(1427, 1704, 12, NULL),
(1428, 1704, 13, NULL),
(1429, 1704, 14, NULL),
(1430, 1704, 15, NULL),
(1431, 1704, 1, 1),
(1432, 1705, 2, NULL),
(1433, 1705, 3, NULL),
(1434, 1705, 4, NULL),
(1435, 1705, 5, NULL),
(1436, 1705, 6, NULL),
(1437, 1705, 7, NULL),
(1438, 1705, 8, NULL),
(1439, 1705, 9, NULL),
(1440, 1705, 10, NULL),
(1441, 1705, 11, NULL),
(1442, 1705, 12, NULL),
(1443, 1705, 13, NULL),
(1444, 1705, 14, NULL),
(1445, 1705, 15, NULL),
(1446, 1705, 1, 1),
(1447, 59, 1, 1),
(1448, 1706, 2, NULL),
(1449, 1706, 3, NULL),
(1450, 1706, 4, NULL),
(1451, 1706, 5, NULL),
(1452, 1706, 6, NULL),
(1453, 1706, 7, NULL),
(1454, 1706, 8, NULL),
(1455, 1706, 9, NULL),
(1456, 1706, 10, NULL),
(1457, 1706, 11, NULL),
(1458, 1706, 12, NULL),
(1459, 1706, 13, NULL),
(1460, 1706, 14, NULL),
(1461, 1706, 15, NULL),
(1462, 1706, 1, 1),
(1463, 1707, 2, NULL),
(1464, 1707, 3, NULL),
(1465, 1707, 4, NULL),
(1466, 1707, 5, NULL),
(1467, 1707, 6, NULL),
(1468, 1707, 7, NULL),
(1469, 1707, 8, NULL),
(1470, 1707, 9, NULL),
(1471, 1707, 10, NULL),
(1472, 1707, 11, NULL),
(1473, 1707, 12, NULL),
(1474, 1707, 13, NULL),
(1475, 1707, 14, NULL),
(1476, 1707, 15, NULL),
(1477, 1707, 1, 1),
(1478, 1708, 2, NULL),
(1479, 1708, 3, NULL),
(1480, 1708, 4, NULL),
(1481, 1708, 5, NULL),
(1482, 1708, 6, NULL),
(1483, 1708, 7, NULL),
(1484, 1708, 8, NULL),
(1485, 1708, 9, NULL),
(1486, 1708, 10, NULL),
(1487, 1708, 11, NULL),
(1488, 1708, 12, NULL),
(1489, 1708, 13, NULL),
(1490, 1708, 14, NULL),
(1491, 1708, 15, NULL),
(1493, 1709, 2, NULL),
(1494, 1709, 3, NULL),
(1495, 1709, 4, NULL),
(1496, 1709, 5, NULL),
(1497, 1709, 6, NULL),
(1498, 1709, 7, NULL),
(1499, 1709, 8, NULL),
(1500, 1709, 9, NULL),
(1501, 1709, 10, NULL),
(1502, 1709, 11, NULL),
(1503, 1709, 12, NULL),
(1504, 1709, 13, NULL),
(1505, 1709, 14, NULL),
(1506, 1709, 15, NULL),
(1508, 1709, 1, 1),
(1509, 1708, 1, 1),
(1510, 1710, 2, NULL),
(1511, 1710, 3, NULL),
(1512, 1710, 4, NULL),
(1513, 1710, 5, NULL),
(1514, 1710, 6, NULL),
(1515, 1710, 7, NULL),
(1516, 1710, 8, NULL),
(1517, 1710, 9, NULL),
(1518, 1710, 10, NULL),
(1519, 1710, 11, NULL),
(1520, 1710, 12, NULL),
(1521, 1710, 13, NULL),
(1522, 1710, 14, NULL),
(1523, 1710, 15, NULL),
(1524, 1710, 1, 1),
(1525, 1711, 2, NULL),
(1526, 1711, 3, NULL),
(1527, 1711, 4, NULL),
(1528, 1711, 5, NULL),
(1529, 1711, 6, NULL),
(1530, 1711, 7, NULL),
(1531, 1711, 8, NULL),
(1532, 1711, 9, NULL),
(1533, 1711, 10, NULL),
(1534, 1711, 11, NULL),
(1535, 1711, 12, NULL),
(1536, 1711, 13, NULL),
(1537, 1711, 14, NULL),
(1538, 1711, 15, NULL),
(1539, 1711, 1, 1),
(1540, 1712, 2, NULL),
(1541, 1712, 3, NULL),
(1542, 1712, 4, NULL),
(1543, 1712, 5, NULL),
(1544, 1712, 6, NULL),
(1545, 1712, 7, NULL),
(1546, 1712, 8, NULL),
(1547, 1712, 9, NULL),
(1548, 1712, 10, NULL),
(1549, 1712, 11, NULL),
(1550, 1712, 12, NULL),
(1551, 1712, 13, NULL),
(1552, 1712, 14, NULL),
(1553, 1712, 15, NULL),
(1554, 1712, 1, 1),
(1555, 1713, 2, NULL),
(1556, 1713, 3, NULL),
(1557, 1713, 4, NULL),
(1558, 1713, 5, NULL),
(1559, 1713, 6, NULL),
(1560, 1713, 7, NULL),
(1561, 1713, 8, NULL),
(1562, 1713, 9, NULL),
(1563, 1713, 10, NULL),
(1564, 1713, 11, NULL),
(1565, 1713, 12, NULL),
(1566, 1713, 13, NULL),
(1567, 1713, 14, NULL),
(1568, 1713, 15, NULL),
(1569, 1713, 1, 1),
(1570, 1714, 2, NULL),
(1571, 1714, 3, NULL),
(1572, 1714, 4, NULL),
(1573, 1714, 5, NULL),
(1574, 1714, 6, NULL),
(1575, 1714, 7, NULL),
(1576, 1714, 8, NULL),
(1577, 1714, 9, NULL),
(1578, 1714, 10, NULL),
(1579, 1714, 11, NULL),
(1580, 1714, 12, NULL),
(1581, 1714, 13, NULL),
(1582, 1714, 14, NULL),
(1583, 1714, 15, NULL),
(1584, 1714, 1, 1),
(1585, 1715, 2, NULL),
(1586, 1715, 3, NULL),
(1587, 1715, 4, NULL),
(1588, 1715, 5, NULL),
(1589, 1715, 6, NULL),
(1590, 1715, 7, NULL),
(1591, 1715, 8, NULL),
(1592, 1715, 9, NULL),
(1593, 1715, 10, NULL),
(1594, 1715, 11, NULL),
(1595, 1715, 12, NULL),
(1596, 1715, 13, NULL),
(1597, 1715, 14, NULL),
(1598, 1715, 15, NULL),
(1599, 1715, 1, 1),
(1600, 1716, 2, NULL),
(1601, 1716, 3, NULL),
(1602, 1716, 4, NULL),
(1603, 1716, 5, NULL),
(1604, 1716, 6, NULL),
(1605, 1716, 7, NULL),
(1606, 1716, 8, NULL),
(1607, 1716, 9, NULL),
(1608, 1716, 10, NULL),
(1609, 1716, 11, NULL),
(1610, 1716, 12, NULL),
(1611, 1716, 13, NULL),
(1612, 1716, 14, NULL),
(1613, 1716, 15, NULL),
(1614, 1716, 1, 1),
(1615, 1717, 2, NULL),
(1616, 1717, 3, NULL),
(1617, 1717, 4, NULL),
(1618, 1717, 5, NULL),
(1619, 1717, 6, NULL),
(1620, 1717, 7, NULL),
(1621, 1717, 8, NULL),
(1622, 1717, 9, NULL),
(1623, 1717, 10, NULL),
(1624, 1717, 11, NULL),
(1625, 1717, 12, NULL),
(1626, 1717, 13, NULL),
(1627, 1717, 14, NULL),
(1628, 1717, 15, NULL),
(1629, 1717, 1, 1),
(1630, 1718, 1, NULL),
(1631, 1718, 2, 1),
(1632, 1719, 1, NULL),
(1633, 1719, 2, 1),
(1634, 1720, 1, 1),
(1635, 1720, 2, NULL),
(1636, 1720, 3, NULL),
(1637, 1720, 4, NULL),
(1638, 1720, 5, NULL),
(1639, 1720, 6, NULL),
(1640, 1720, 7, NULL),
(1641, 1720, 8, NULL),
(1642, 1720, 9, NULL),
(1643, 1720, 10, NULL),
(1644, 1720, 11, NULL),
(1645, 1720, 12, NULL),
(1646, 1720, 13, NULL),
(1647, 1720, 14, NULL),
(1648, 1720, 15, NULL),
(1651, 1721, 1, 1),
(1652, 1721, 2, NULL),
(1653, 1721, 3, NULL),
(1654, 1721, 4, NULL),
(1655, 1721, 5, NULL),
(1656, 1721, 6, NULL),
(1657, 1721, 7, NULL),
(1658, 1721, 8, NULL),
(1659, 1721, 9, NULL),
(1660, 1721, 10, NULL),
(1661, 1721, 11, NULL),
(1662, 1721, 12, NULL),
(1663, 1721, 13, NULL),
(1664, 1721, 14, NULL),
(1665, 1721, 15, NULL),
(1668, 1518, 1, 1),
(1669, 313, 1, 1),
(1670, 313, 2, NULL),
(1671, 1518, 2, NULL),
(1672, 1518, 3, NULL),
(1673, 1518, 4, NULL),
(1674, 1518, 5, NULL),
(1675, 1518, 6, NULL),
(1676, 1518, 7, NULL),
(1677, 1518, 8, NULL),
(1678, 1518, 9, NULL),
(1679, 1518, 10, NULL),
(1680, 1518, 11, NULL),
(1681, 1518, 12, NULL),
(1682, 1518, 13, NULL),
(1683, 1518, 14, NULL),
(1684, 1518, 15, NULL),
(1692, 1631, 1, 1),
(1693, 1632, 1, 1),
(1694, 1634, 1, 1),
(1695, 1636, 1, 1),
(1696, 1638, 1, 1),
(1697, 1641, 1, 1),
(1713, 1722, 1, 1),
(1714, 1723, 1, 1),
(1715, 1724, 1, 1),
(1717, 1726, 1, 1),
(1718, 1727, 1, 1),
(1719, 1728, 1, 1),
(1720, 1729, 1, 1),
(1729, 1734, 1, 1),
(1730, 1734, 2, NULL),
(1731, 1734, 3, NULL),
(1732, 1734, 4, NULL),
(1733, 1734, 5, NULL),
(1734, 1734, 6, NULL),
(1735, 1734, 8, NULL),
(1737, 1734, 7, NULL),
(1742, 1734, 9, NULL),
(1743, 1734, 10, NULL),
(1744, 1734, 11, NULL),
(1747, 1734, 12, NULL),
(1749, 1735, 1, 1),
(1750, 1735, 2, NULL),
(1751, 1735, 3, NULL),
(1758, 1735, 5, NULL),
(1759, 1735, 4, NULL),
(1761, 1735, 6, NULL),
(1762, 1735, 7, NULL),
(1763, 1735, 8, NULL),
(1764, 1735, 9, NULL),
(1768, 1735, 10, NULL),
(1769, 1735, 11, NULL),
(1770, 1735, 12, NULL),
(1774, 1738, 1, 1),
(1775, 1738, 2, NULL),
(1776, 1738, 3, NULL),
(1777, 1738, 4, NULL),
(1778, 1738, 5, NULL),
(1779, 1738, 6, NULL),
(1781, 1738, 7, NULL),
(1782, 1738, 8, NULL),
(1783, 1739, 1, 1),
(1784, 1739, 2, NULL),
(1785, 1739, 3, NULL),
(1786, 1739, 4, NULL),
(1787, 1739, 5, NULL),
(1788, 1739, 6, NULL),
(1789, 1739, 7, NULL),
(1790, 1739, 8, NULL),
(1791, 1739, 9, NULL),
(1792, 1739, 10, NULL),
(1793, 1739, 11, NULL),
(1794, 1739, 12, NULL),
(1795, 313, 3, NULL),
(1796, 313, 4, NULL),
(1797, 1738, 9, NULL),
(1798, 1738, 10, NULL),
(1799, 1734, 13, NULL),
(1800, 1734, 14, NULL),
(1807, 50, 1, 1),
(1808, 50, 2, NULL),
(1809, 50, 3, NULL),
(1810, 50, 4, NULL),
(1811, 50, 5, NULL),
(1818, 421, 1, 1),
(1819, 1743, 1, 1),
(1820, 1743, 2, NULL),
(1821, 1743, 3, NULL),
(1822, 474, 1, 1),
(1823, 1744, 1, 1),
(1824, 1744, 2, NULL),
(1825, 1744, 3, NULL),
(1826, 1744, 4, NULL),
(1832, 805, 2, NULL);

-- --------------------------------------------------------

--
-- Table structure for table `ps_image_lang`
--

CREATE TABLE `ps_image_lang` (
  `id_image` int(10) UNSIGNED NOT NULL,
  `id_lang` int(10) UNSIGNED NOT NULL,
  `legend` varchar(128) DEFAULT NULL
) ENGINE=InnoDB DEFAULT CHARSET=utf8;

--
-- Dumping data for table `ps_image_lang`
--

INSERT INTO `ps_image_lang` (`id_image`, `id_lang`, `legend`) VALUES
(1, 1, ''),
(2, 1, ''),
(11, 1, 'Bras en PP 3 articulations pour montage plafond Ø 75mm'),
(12, 1, 'Aile de mesure pour conduit circulaire Ø100 mm'),
(13, 1, 'Aile de mesure pour conduit circulaire Ø125 mm'),
(14, 1, 'Aile de mesure pour conduit circulaire Ø160 mm'),
(15, 1, 'Aile de mesure pour conduit circulaire Ø200 mm'),
(16, 1, 'Aile de mesure pour conduit circulaire Ø250 mm'),
(17, 1, 'Aile de mesure pour conduit circulaire Ø315 mm'),
(18, 1, 'Aile de mesure pour conduit circulaire Ø355 mm'),
(19, 1, 'Aile de mesure pour conduit circulaire Ø355 mm'),
(20, 1, 'Aile de mesure pour conduit circulaire Ø400 mm'),
(21, 1, 'Aile de mesure pour conduit circulaire Ø450 mm'),
(22, 1, 'Aile de mesure pour conduit circulaire Ø500 mm'),
(23, 1, 'Aile de mesure pour conduit circulaire Ø550 mm'),
(24, 1, 'Aile de mesure pour conduit circulaire Ø600 mm'),
(25, 1, 'Aile de mesure pour conduit circulaire Ø630 mm'),
(26, 1, 'Aile de mesure pour conduit circulaire Ø700 mm'),
(27, 1, 'Aile de mesure pour conduit circulaire Ø900 mm'),
(28, 1, 'Barrière infrarouge 700 mm'),
(29, 1, ''),
(30, 1, 'Barrière infrarouge 1,5 m'),
(31, 1, ''),
(32, 1, 'Croix de mesure métallique Ø 100 mm'),
(33, 1, 'Croix de mesure métallique Ø 125 mm'),
(34, 1, 'Croix de mesure métallique Ø 160 mm'),
(35, 1, 'Croix de mesure métallique Ø 200 mm'),
(36, 1, 'Croix de mesure métallique Ø 250 mm'),
(37, 1, 'Croix de mesure métallique Ø 315 mm'),
(38, 1, ''),
(39, 1, 'Croix de mesure PVC M1 Ø 110 mm'),
(40, 1, 'Croix de mesure PVC M1 Ø 125 mm'),
(41, 1, 'Croix de mesure PVC M1 Ø 160 mm'),
(42, 1, 'Croix de mesure PVC M1 Ø 200 mm'),
(43, 1, 'Croix de mesure PVC M1 Ø 250 mm'),
(44, 1, 'Croix de mesure PVC M1 Ø 315 mm'),
(45, 1, 'Croix de mesure PVC M1 Ø 355 mm'),
(46, 1, 'Croix de mesure PVC M1 Ø 400 mm'),
(47, 1, 'AFX9.PID'),
(48, 1, 'AFX9.PID+'),
(49, 1, 'AFX9 SENSOR'),
(50, 1, 'AFX9 SENSOR+'),
(51, 1, 'AFX9.UNIT'),
(52, 1, 'AFX9.UNIT+'),
(53, 1, 'Servomoteur TOR  5N - 230V - 3 points'),
(55, 1, 'Servomoteur rapide 0-10V 24V - 2.5 sec.'),
(56, 1, ''),
(58, 1, 'Boîte à débit variable version acier Ø 100 mm'),
(59, 1, 'Boîte à débit variable version acier Ø 100 mm communicant Modbus'),
(60, 1, ''),
(61, 1, 'Boîte à débit variable en acier Ø 125 mm'),
(62, 1, ''),
(63, 1, ''),
(64, 1, ''),
(65, 1, ''),
(66, 1, ''),
(67, 1, ''),
(68, 1, ''),
(69, 1, ''),
(70, 1, ''),
(71, 1, ''),
(72, 1, ''),
(73, 1, ''),
(74, 1, ''),
(75, 1, ''),
(76, 1, ''),
(77, 1, ''),
(78, 1, ''),
(79, 1, ''),
(80, 1, 'Boîte à débit variable en acier Ø 125 mm communicant Modbus'),
(81, 1, ''),
(82, 1, 'Boîte à débit variable en acier Ø 160 mm'),
(83, 1, ''),
(84, 1, 'Boîte à débit variable en acier Ø 160 mm communicant Modbus'),
(85, 1, ''),
(86, 1, ''),
(87, 1, ''),
(91, 1, ''),
(92, 1, ''),
(93, 1, ''),
(94, 1, ''),
(95, 1, ''),
(96, 1, ''),
(97, 1, ''),
(98, 1, ''),
(99, 1, ''),
(100, 1, ''),
(101, 1, ''),
(102, 1, ''),
(103, 1, ''),
(104, 1, ''),
(105, 1, ''),
(106, 1, ''),
(107, 1, ''),
(108, 1, ''),
(109, 1, ''),
(110, 1, ''),
(111, 1, ''),
(112, 1, ''),
(113, 1, ''),
(114, 1, ''),
(115, 1, ''),
(116, 1, ''),
(117, 1, ''),
(118, 1, ''),
(119, 1, ''),
(120, 1, ''),
(121, 1, ''),
(122, 1, ''),
(123, 1, ''),
(124, 1, ''),
(125, 1, ''),
(126, 1, ''),
(128, 1, ''),
(129, 1, ''),
(130, 1, ''),
(131, 1, ''),
(133, 1, ''),
(134, 1, ''),
(135, 1, ''),
(137, 1, ''),
(138, 1, ''),
(141, 1, ''),
(142, 1, ''),
(143, 1, ''),
(144, 1, ''),
(145, 1, ''),
(146, 1, ''),
(147, 1, ''),
(148, 1, ''),
(150, 1, ''),
(151, 1, ''),
(153, 1, ''),
(154, 1, ''),
(156, 1, ''),
(157, 1, ''),
(158, 1, ''),
(160, 1, ''),
(161, 1, ''),
(162, 1, ''),
(163, 1, ''),
(164, 1, ''),
(165, 1, ''),
(166, 1, ''),
(167, 1, ''),
(168, 1, ''),
(169, 1, ''),
(176, 1, ''),
(182, 1, ''),
(183, 1, ''),
(187, 1, ''),
(191, 1, ''),
(192, 1, ''),
(193, 1, ''),
(194, 1, ''),
(195, 1, ''),
(198, 1, ''),
(199, 1, ''),
(200, 1, ''),
(201, 1, ''),
(202, 1, ''),
(203, 1, ''),
(204, 1, ''),
(205, 1, ''),
(206, 1, ''),
(207, 1, ''),
(208, 1, ''),
(209, 1, ''),
(210, 1, ''),
(213, 1, ''),
(214, 1, ''),
(215, 1, ''),
(216, 1, ''),
(218, 1, ''),
(219, 1, ''),
(221, 1, ''),
(222, 1, ''),
(223, 1, ''),
(224, 1, ''),
(225, 1, ''),
(226, 1, ''),
(228, 1, ''),
(229, 1, ''),
(233, 1, ''),
(235, 1, ''),
(236, 1, ''),
(238, 1, ''),
(239, 1, ''),
(240, 1, ''),
(241, 1, ''),
(243, 1, ''),
(244, 1, ''),
(245, 1, ''),
(246, 1, ''),
(247, 1, ''),
(248, 1, ''),
(249, 1, ''),
(250, 1, ''),
(251, 1, ''),
(252, 1, ''),
(253, 1, ''),
(254, 1, ''),
(255, 1, ''),
(256, 1, ''),
(257, 1, ''),
(259, 1, ''),
(260, 1, ''),
(261, 1, ''),
(262, 1, ''),
(263, 1, ''),
(264, 1, ''),
(265, 1, ''),
(266, 1, ''),
(267, 1, ''),
(268, 1, ''),
(269, 1, ''),
(270, 1, ''),
(271, 1, ''),
(272, 1, ''),
(273, 1, ''),
(275, 1, ''),
(276, 1, ''),
(277, 1, ''),
(283, 1, ''),
(284, 1, ''),
(286, 1, ''),
(292, 1, ''),
(298, 1, ''),
(299, 1, ''),
(302, 1, ''),
(304, 1, ''),
(306, 1, ''),
(307, 1, ''),
(308, 1, ''),
(323, 1, ''),
(326, 1, ''),
(327, 1, ''),
(328, 1, ''),
(329, 1, ''),
(330, 1, ''),
(331, 1, ''),
(332, 1, ''),
(333, 1, ''),
(334, 1, ''),
(335, 1, ''),
(336, 1, ''),
(337, 1, ''),
(338, 1, ''),
(339, 1, ''),
(341, 1, ''),
(342, 1, ''),
(343, 1, ''),
(344, 1, ''),
(345, 1, ''),
(346, 1, ''),
(347, 1, ''),
(348, 1, ''),
(349, 1, ''),
(350, 1, ''),
(351, 1, ''),
(352, 1, ''),
(353, 1, ''),
(354, 1, ''),
(355, 1, ''),
(356, 1, ''),
(358, 1, ''),
(359, 1, ''),
(360, 1, ''),
(361, 1, ''),
(362, 1, ''),
(363, 1, ''),
(364, 1, ''),
(365, 1, ''),
(366, 1, ''),
(367, 1, ''),
(368, 1, ''),
(369, 1, ''),
(370, 1, ''),
(371, 1, ''),
(372, 1, ''),
(373, 1, ''),
(374, 1, ''),
(375, 1, ''),
(376, 1, ''),
(377, 1, ''),
(378, 1, ''),
(379, 1, ''),
(380, 1, ''),
(381, 1, ''),
(382, 1, ''),
(383, 1, ''),
(384, 1, ''),
(385, 1, ''),
(386, 1, ''),
(387, 1, ''),
(388, 1, ''),
(389, 1, ''),
(390, 1, ''),
(391, 1, ''),
(392, 1, ''),
(393, 1, ''),
(394, 1, ''),
(395, 1, ''),
(396, 1, ''),
(397, 1, ''),
(398, 1, ''),
(399, 1, ''),
(400, 1, ''),
(401, 1, ''),
(402, 1, ''),
(403, 1, ''),
(404, 1, ''),
(405, 1, ''),
(406, 1, ''),
(407, 1, ''),
(408, 1, ''),
(409, 1, ''),
(410, 1, ''),
(411, 1, ''),
(412, 1, ''),
(413, 1, ''),
(414, 1, ''),
(415, 1, ''),
(416, 1, ''),
(417, 1, ''),
(419, 1, ''),
(421, 1, ''),
(422, 1, ''),
(424, 1, ''),
(425, 1, ''),
(426, 1, ''),
(427, 1, ''),
(428, 1, ''),
(429, 1, ''),
(430, 1, ''),
(431, 1, ''),
(432, 1, ''),
(433, 1, ''),
(434, 1, ''),
(435, 1, ''),
(436, 1, ''),
(437, 1, ''),
(438, 1, ''),
(439, 1, ''),
(440, 1, ''),
(441, 1, ''),
(442, 1, ''),
(443, 1, ''),
(444, 1, ''),
(445, 1, ''),
(446, 1, ''),
(447, 1, ''),
(448, 1, ''),
(449, 1, ''),
(450, 1, ''),
(451, 1, ''),
(452, 1, ''),
(453, 1, ''),
(454, 1, ''),
(455, 1, ''),
(456, 1, ''),
(457, 1, ''),
(458, 1, ''),
(459, 1, ''),
(460, 1, ''),
(461, 1, ''),
(462, 1, ''),
(463, 1, ''),
(464, 1, ''),
(465, 1, ''),
(466, 1, ''),
(468, 1, ''),
(469, 1, ''),
(470, 1, ''),
(471, 1, ''),
(472, 1, ''),
(473, 1, ''),
(474, 1, ''),
(475, 1, ''),
(476, 1, ''),
(477, 1, ''),
(478, 1, ''),
(479, 1, ''),
(480, 1, ''),
(481, 1, ''),
(483, 1, ''),
(484, 1, ''),
(485, 1, ''),
(486, 1, ''),
(487, 1, ''),
(488, 1, ''),
(489, 1, ''),
(490, 1, ''),
(491, 1, ''),
(492, 1, ''),
(493, 1, ''),
(494, 1, ''),
(495, 1, ''),
(496, 1, ''),
(497, 1, ''),
(498, 1, ''),
(499, 1, ''),
(500, 1, ''),
(501, 1, ''),
(502, 1, ''),
(503, 1, ''),
(504, 1, ''),
(505, 1, ''),
(506, 1, ''),
(507, 1, ''),
(508, 1, ''),
(509, 1, ''),
(510, 1, ''),
(511, 1, ''),
(512, 1, ''),
(513, 1, ''),
(514, 1, ''),
(515, 1, ''),
(516, 1, ''),
(517, 1, ''),
(518, 1, ''),
(519, 1, ''),
(520, 1, ''),
(521, 1, ''),
(522, 1, ''),
(523, 1, ''),
(524, 1, ''),
(525, 1, ''),
(526, 1, ''),
(527, 1, ''),
(528, 1, ''),
(529, 1, ''),
(530, 1, ''),
(531, 1, ''),
(532, 1, ''),
(533, 1, ''),
(534, 1, ''),
(535, 1, ''),
(536, 1, ''),
(537, 1, ''),
(538, 1, ''),
(539, 1, ''),
(540, 1, ''),
(541, 1, ''),
(543, 1, ''),
(544, 1, ''),
(545, 1, ''),
(546, 1, ''),
(547, 1, ''),
(548, 1, ''),
(549, 1, ''),
(550, 1, ''),
(551, 1, ''),
(552, 1, ''),
(553, 1, ''),
(554, 1, ''),
(555, 1, ''),
(556, 1, ''),
(557, 1, ''),
(558, 1, ''),
(559, 1, ''),
(560, 1, ''),
(561, 1, ''),
(562, 1, ''),
(563, 1, ''),
(564, 1, ''),
(565, 1, ''),
(566, 1, ''),
(567, 1, ''),
(568, 1, ''),
(569, 1, ''),
(570, 1, ''),
(571, 1, ''),
(572, 1, ''),
(573, 1, ''),
(574, 1, ''),
(575, 1, ''),
(576, 1, ''),
(577, 1, ''),
(578, 1, ''),
(579, 1, ''),
(580, 1, ''),
(581, 1, ''),
(582, 1, ''),
(583, 1, ''),
(584, 1, ''),
(585, 1, ''),
(586, 1, ''),
(587, 1, ''),
(588, 1, ''),
(589, 1, ''),
(590, 1, ''),
(591, 1, ''),
(592, 1, ''),
(593, 1, ''),
(594, 1, ''),
(595, 1, ''),
(596, 1, ''),
(597, 1, ''),
(598, 1, ''),
(599, 1, ''),
(600, 1, ''),
(601, 1, ''),
(602, 1, ''),
(603, 1, ''),
(604, 1, ''),
(605, 1, ''),
(606, 1, ''),
(607, 1, ''),
(608, 1, ''),
(609, 1, ''),
(610, 1, ''),
(611, 1, ''),
(612, 1, ''),
(613, 1, ''),
(614, 1, ''),
(615, 1, ''),
(616, 1, ''),
(617, 1, ''),
(618, 1, ''),
(619, 1, ''),
(620, 1, ''),
(622, 1, ''),
(623, 1, ''),
(624, 1, ''),
(625, 1, ''),
(626, 1, ''),
(627, 1, ''),
(628, 1, ''),
(629, 1, ''),
(630, 1, ''),
(631, 1, ''),
(632, 1, ''),
(633, 1, ''),
(634, 1, ''),
(635, 1, ''),
(636, 1, ''),
(637, 1, ''),
(653, 1, ''),
(654, 1, ''),
(655, 1, ''),
(656, 1, ''),
(657, 1, ''),
(658, 1, ''),
(659, 1, ''),
(660, 1, ''),
(661, 1, ''),
(662, 1, ''),
(663, 1, ''),
(664, 1, ''),
(665, 1, ''),
(666, 1, ''),
(667, 1, ''),
(668, 1, ''),
(669, 1, ''),
(670, 1, ''),
(671, 1, ''),
(672, 1, ''),
(673, 1, ''),
(674, 1, ''),
(675, 1, ''),
(676, 1, ''),
(677, 1, ''),
(678, 1, ''),
(679, 1, ''),
(680, 1, ''),
(681, 1, ''),
(682, 1, ''),
(683, 1, ''),
(684, 1, ''),
(685, 1, ''),
(686, 1, ''),
(687, 1, ''),
(688, 1, ''),
(689, 1, ''),
(690, 1, ''),
(691, 1, ''),
(692, 1, ''),
(693, 1, ''),
(694, 1, ''),
(695, 1, ''),
(696, 1, ''),
(697, 1, ''),
(698, 1, ''),
(699, 1, ''),
(700, 1, ''),
(701, 1, ''),
(702, 1, ''),
(703, 1, ''),
(704, 1, ''),
(705, 1, ''),
(706, 1, ''),
(707, 1, ''),
(708, 1, ''),
(709, 1, ''),
(710, 1, ''),
(711, 1, ''),
(712, 1, ''),
(713, 1, ''),
(714, 1, ''),
(715, 1, ''),
(716, 1, ''),
(717, 1, ''),
(718, 1, ''),
(719, 1, ''),
(720, 1, ''),
(721, 1, ''),
(722, 1, ''),
(723, 1, ''),
(724, 1, ''),
(725, 1, ''),
(726, 1, ''),
(727, 1, ''),
(728, 1, ''),
(729, 1, ''),
(730, 1, ''),
(731, 1, ''),
(732, 1, ''),
(733, 1, ''),
(734, 1, ''),
(735, 1, ''),
(736, 1, ''),
(737, 1, ''),
(738, 1, ''),
(739, 1, ''),
(740, 1, ''),
(741, 1, ''),
(742, 1, ''),
(743, 1, ''),
(744, 1, ''),
(745, 1, ''),
(746, 1, ''),
(747, 1, ''),
(748, 1, ''),
(749, 1, ''),
(750, 1, ''),
(751, 1, ''),
(752, 1, ''),
(753, 1, ''),
(754, 1, ''),
(755, 1, ''),
(756, 1, ''),
(757, 1, ''),
(758, 1, ''),
(774, 1, ''),
(775, 1, ''),
(776, 1, ''),
(777, 1, ''),
(778, 1, ''),
(779, 1, ''),
(780, 1, ''),
(781, 1, ''),
(782, 1, ''),
(783, 1, ''),
(784, 1, ''),
(785, 1, ''),
(786, 1, ''),
(787, 1, ''),
(788, 1, ''),
(789, 1, ''),
(790, 1, ''),
(791, 1, ''),
(792, 1, ''),
(793, 1, ''),
(794, 1, ''),
(795, 1, ''),
(796, 1, ''),
(797, 1, ''),
(798, 1, ''),
(799, 1, ''),
(800, 1, ''),
(801, 1, ''),
(802, 1, ''),
(803, 1, ''),
(804, 1, ''),
(805, 1, ''),
(806, 1, ''),
(807, 1, ''),
(808, 1, ''),
(809, 1, ''),
(810, 1, ''),
(811, 1, ''),
(812, 1, ''),
(813, 1, ''),
(814, 1, ''),
(815, 1, ''),
(816, 1, ''),
(817, 1, ''),
(818, 1, ''),
(819, 1, ''),
(820, 1, ''),
(821, 1, ''),
(822, 1, ''),
(823, 1, ''),
(824, 1, ''),
(825, 1, ''),
(826, 1, ''),
(827, 1, ''),
(828, 1, ''),
(829, 1, ''),
(830, 1, ''),
(831, 1, ''),
(832, 1, ''),
(833, 1, ''),
(834, 1, ''),
(835, 1, ''),
(836, 1, ''),
(837, 1, ''),
(838, 1, ''),
(839, 1, ''),
(840, 1, ''),
(841, 1, ''),
(842, 1, ''),
(843, 1, ''),
(844, 1, ''),
(845, 1, ''),
(846, 1, ''),
(847, 1, ''),
(849, 1, ''),
(850, 1, ''),
(851, 1, ''),
(852, 1, ''),
(853, 1, ''),
(854, 1, ''),
(855, 1, ''),
(856, 1, ''),
(857, 1, ''),
(858, 1, ''),
(859, 1, ''),
(860, 1, ''),
(861, 1, ''),
(862, 1, ''),
(863, 1, ''),
(864, 1, ''),
(865, 1, ''),
(866, 1, ''),
(867, 1, ''),
(868, 1, ''),
(869, 1, ''),
(870, 1, ''),
(871, 1, ''),
(872, 1, ''),
(873, 1, ''),
(874, 1, ''),
(875, 1, ''),
(876, 1, ''),
(877, 1, ''),
(878, 1, ''),
(879, 1, ''),
(880, 1, ''),
(881, 1, ''),
(882, 1, ''),
(883, 1, ''),
(884, 1, ''),
(885, 1, ''),
(886, 1, ''),
(887, 1, ''),
(888, 1, ''),
(889, 1, ''),
(890, 1, ''),
(891, 1, ''),
(892, 1, ''),
(893, 1, ''),
(894, 1, ''),
(895, 1, ''),
(896, 1, ''),
(897, 1, ''),
(898, 1, ''),
(899, 1, ''),
(900, 1, ''),
(901, 1, ''),
(902, 1, ''),
(903, 1, ''),
(904, 1, ''),
(905, 1, ''),
(906, 1, ''),
(907, 1, ''),
(908, 1, ''),
(910, 1, ''),
(911, 1, ''),
(912, 1, ''),
(913, 1, ''),
(914, 1, ''),
(915, 1, ''),
(916, 1, ''),
(917, 1, ''),
(918, 1, ''),
(919, 1, ''),
(920, 1, ''),
(921, 1, ''),
(922, 1, ''),
(923, 1, ''),
(924, 1, ''),
(925, 1, ''),
(926, 1, ''),
(927, 1, ''),
(928, 1, ''),
(929, 1, ''),
(930, 1, ''),
(931, 1, ''),
(932, 1, ''),
(933, 1, ''),
(934, 1, ''),
(935, 1, ''),
(936, 1, ''),
(937, 1, ''),
(938, 1, ''),
(939, 1, ''),
(940, 1, ''),
(942, 1, ''),
(943, 1, ''),
(944, 1, ''),
(945, 1, ''),
(946, 1, ''),
(947, 1, ''),
(948, 1, ''),
(949, 1, ''),
(950, 1, ''),
(951, 1, ''),
(952, 1, ''),
(953, 1, ''),
(954, 1, ''),
(955, 1, ''),
(956, 1, ''),
(957, 1, ''),
(958, 1, ''),
(959, 1, ''),
(960, 1, ''),
(961, 1, ''),
(962, 1, ''),
(963, 1, ''),
(964, 1, ''),
(965, 1, ''),
(966, 1, ''),
(967, 1, ''),
(968, 1, ''),
(969, 1, ''),
(970, 1, ''),
(971, 1, ''),
(972, 1, ''),
(973, 1, ''),
(974, 1, ''),
(975, 1, ''),
(976, 1, ''),
(977, 1, ''),
(978, 1, ''),
(979, 1, ''),
(980, 1, ''),
(981, 1, ''),
(982, 1, ''),
(983, 1, ''),
(984, 1, ''),
(985, 1, ''),
(986, 1, ''),
(987, 1, ''),
(988, 1, ''),
(989, 1, ''),
(990, 1, ''),
(991, 1, ''),
(992, 1, ''),
(993, 1, ''),
(994, 1, ''),
(995, 1, ''),
(996, 1, ''),
(997, 1, ''),
(998, 1, ''),
(999, 1, ''),
(1000, 1, ''),
(1001, 1, ''),
(1002, 1, ''),
(1003, 1, ''),
(1004, 1, ''),
(1005, 1, ''),
(1006, 1, ''),
(1007, 1, ''),
(1008, 1, ''),
(1009, 1, ''),
(1010, 1, ''),
(1011, 1, ''),
(1012, 1, ''),
(1013, 1, ''),
(1014, 1, ''),
(1015, 1, ''),
(1016, 1, ''),
(1017, 1, ''),
(1018, 1, ''),
(1019, 1, ''),
(1020, 1, ''),
(1021, 1, ''),
(1022, 1, ''),
(1023, 1, ''),
(1024, 1, ''),
(1025, 1, ''),
(1026, 1, ''),
(1027, 1, ''),
(1028, 1, ''),
(1029, 1, ''),
(1030, 1, ''),
(1031, 1, ''),
(1032, 1, ''),
(1033, 1, ''),
(1034, 1, ''),
(1035, 1, ''),
(1036, 1, ''),
(1037, 1, ''),
(1038, 1, ''),
(1039, 1, ''),
(1040, 1, ''),
(1041, 1, ''),
(1042, 1, ''),
(1043, 1, ''),
(1044, 1, ''),
(1045, 1, ''),
(1046, 1, ''),
(1048, 1, ''),
(1049, 1, ''),
(1050, 1, ''),
(1051, 1, ''),
(1052, 1, ''),
(1053, 1, ''),
(1054, 1, ''),
(1055, 1, ''),
(1056, 1, ''),
(1057, 1, ''),
(1058, 1, ''),
(1059, 1, ''),
(1060, 1, ''),
(1061, 1, ''),
(1062, 1, ''),
(1063, 1, ''),
(1064, 1, ''),
(1065, 1, ''),
(1066, 1, ''),
(1067, 1, ''),
(1068, 1, ''),
(1069, 1, ''),
(1070, 1, ''),
(1071, 1, ''),
(1072, 1, ''),
(1073, 1, ''),
(1074, 1, ''),
(1075, 1, ''),
(1076, 1, ''),
(1077, 1, ''),
(1078, 1, ''),
(1079, 1, ''),
(1080, 1, ''),
(1081, 1, ''),
(1082, 1, ''),
(1083, 1, ''),
(1084, 1, ''),
(1085, 1, ''),
(1086, 1, ''),
(1087, 1, ''),
(1088, 1, ''),
(1089, 1, ''),
(1090, 1, ''),
(1091, 1, ''),
(1092, 1, ''),
(1093, 1, ''),
(1094, 1, ''),
(1095, 1, ''),
(1096, 1, ''),
(1097, 1, ''),
(1098, 1, ''),
(1099, 1, ''),
(1100, 1, ''),
(1101, 1, ''),
(1102, 1, ''),
(1103, 1, ''),
(1104, 1, ''),
(1105, 1, ''),
(1106, 1, ''),
(1107, 1, ''),
(1109, 1, ''),
(1110, 1, ''),
(1111, 1, ''),
(1112, 1, ''),
(1113, 1, ''),
(1114, 1, ''),
(1115, 1, ''),
(1116, 1, ''),
(1117, 1, ''),
(1118, 1, ''),
(1119, 1, ''),
(1120, 1, ''),
(1121, 1, ''),
(1122, 1, ''),
(1123, 1, ''),
(1125, 1, ''),
(1126, 1, ''),
(1127, 1, ''),
(1128, 1, ''),
(1129, 1, ''),
(1130, 1, ''),
(1131, 1, ''),
(1132, 1, ''),
(1133, 1, ''),
(1134, 1, ''),
(1135, 1, ''),
(1136, 1, ''),
(1137, 1, ''),
(1138, 1, ''),
(1139, 1, ''),
(1140, 1, ''),
(1141, 1, ''),
(1142, 1, ''),
(1143, 1, ''),
(1144, 1, ''),
(1145, 1, ''),
(1146, 1, ''),
(1147, 1, ''),
(1148, 1, ''),
(1149, 1, ''),
(1150, 1, ''),
(1151, 1, ''),
(1152, 1, ''),
(1153, 1, ''),
(1154, 1, ''),
(1155, 1, ''),
(1156, 1, ''),
(1157, 1, ''),
(1158, 1, ''),
(1159, 1, ''),
(1160, 1, ''),
(1161, 1, ''),
(1162, 1, ''),
(1163, 1, ''),
(1164, 1, ''),
(1165, 1, ''),
(1166, 1, ''),
(1167, 1, ''),
(1168, 1, ''),
(1169, 1, ''),
(1170, 1, ''),
(1171, 1, ''),
(1172, 1, ''),
(1173, 1, ''),
(1174, 1, ''),
(1175, 1, ''),
(1176, 1, ''),
(1177, 1, ''),
(1178, 1, ''),
(1179, 1, ''),
(1180, 1, ''),
(1181, 1, ''),
(1182, 1, ''),
(1183, 1, ''),
(1184, 1, ''),
(1185, 1, ''),
(1186, 1, ''),
(1187, 1, ''),
(1188, 1, ''),
(1189, 1, ''),
(1190, 1, ''),
(1191, 1, ''),
(1192, 1, ''),
(1193, 1, ''),
(1194, 1, ''),
(1195, 1, ''),
(1196, 1, ''),
(1197, 1, ''),
(1198, 1, ''),
(1199, 1, ''),
(1200, 1, ''),
(1201, 1, ''),
(1202, 1, ''),
(1203, 1, ''),
(1204, 1, ''),
(1205, 1, ''),
(1206, 1, ''),
(1207, 1, ''),
(1208, 1, ''),
(1209, 1, ''),
(1210, 1, ''),
(1211, 1, ''),
(1212, 1, ''),
(1213, 1, ''),
(1214, 1, ''),
(1215, 1, ''),
(1217, 1, ''),
(1218, 1, ''),
(1219, 1, ''),
(1220, 1, ''),
(1221, 1, ''),
(1222, 1, ''),
(1223, 1, ''),
(1224, 1, ''),
(1225, 1, ''),
(1226, 1, ''),
(1227, 1, ''),
(1228, 1, ''),
(1229, 1, ''),
(1230, 1, ''),
(1231, 1, ''),
(1232, 1, ''),
(1233, 1, ''),
(1234, 1, ''),
(1235, 1, ''),
(1236, 1, ''),
(1237, 1, ''),
(1238, 1, ''),
(1239, 1, ''),
(1240, 1, ''),
(1241, 1, ''),
(1242, 1, ''),
(1243, 1, ''),
(1244, 1, ''),
(1245, 1, ''),
(1246, 1, ''),
(1247, 1, ''),
(1248, 1, ''),
(1249, 1, ''),
(1250, 1, ''),
(1251, 1, ''),
(1252, 1, ''),
(1253, 1, ''),
(1254, 1, ''),
(1255, 1, ''),
(1256, 1, ''),
(1257, 1, ''),
(1258, 1, ''),
(1259, 1, ''),
(1260, 1, ''),
(1261, 1, ''),
(1262, 1, ''),
(1263, 1, ''),
(1264, 1, ''),
(1265, 1, ''),
(1266, 1, ''),
(1267, 1, ''),
(1268, 1, ''),
(1269, 1, ''),
(1270, 1, ''),
(1271, 1, ''),
(1272, 1, ''),
(1273, 1, ''),
(1274, 1, ''),
(1275, 1, ''),
(1276, 1, ''),
(1277, 1, ''),
(1278, 1, ''),
(1279, 1, ''),
(1280, 1, ''),
(1281, 1, ''),
(1282, 1, ''),
(1283, 1, ''),
(1284, 1, ''),
(1285, 1, ''),
(1286, 1, ''),
(1287, 1, ''),
(1288, 1, ''),
(1289, 1, ''),
(1290, 1, ''),
(1291, 1, ''),
(1292, 1, ''),
(1293, 1, ''),
(1294, 1, ''),
(1295, 1, ''),
(1296, 1, ''),
(1297, 1, ''),
(1298, 1, ''),
(1299, 1, ''),
(1300, 1, ''),
(1301, 1, ''),
(1302, 1, ''),
(1303, 1, ''),
(1304, 1, ''),
(1305, 1, ''),
(1307, 1, ''),
(1308, 1, ''),
(1309, 1, ''),
(1310, 1, ''),
(1311, 1, ''),
(1316, 1, ''),
(1317, 1, ''),
(1318, 1, ''),
(1319, 1, ''),
(1320, 1, ''),
(1321, 1, ''),
(1322, 1, ''),
(1323, 1, ''),
(1324, 1, ''),
(1325, 1, ''),
(1326, 1, ''),
(1327, 1, ''),
(1328, 1, ''),
(1329, 1, ''),
(1330, 1, ''),
(1331, 1, ''),
(1332, 1, ''),
(1333, 1, ''),
(1334, 1, ''),
(1335, 1, ''),
(1336, 1, ''),
(1337, 1, ''),
(1338, 1, ''),
(1339, 1, ''),
(1340, 1, ''),
(1341, 1, ''),
(1342, 1, ''),
(1343, 1, ''),
(1344, 1, ''),
(1345, 1, ''),
(1346, 1, ''),
(1347, 1, ''),
(1348, 1, ''),
(1349, 1, ''),
(1350, 1, ''),
(1351, 1, ''),
(1352, 1, ''),
(1353, 1, ''),
(1354, 1, ''),
(1355, 1, ''),
(1356, 1, ''),
(1357, 1, ''),
(1358, 1, ''),
(1359, 1, ''),
(1360, 1, ''),
(1361, 1, ''),
(1362, 1, ''),
(1363, 1, ''),
(1364, 1, ''),
(1365, 1, ''),
(1366, 1, ''),
(1367, 1, ''),
(1368, 1, ''),
(1369, 1, ''),
(1370, 1, ''),
(1371, 1, ''),
(1372, 1, ''),
(1373, 1, ''),
(1374, 1, ''),
(1375, 1, ''),
(1376, 1, ''),
(1377, 1, ''),
(1378, 1, ''),
(1379, 1, ''),
(1380, 1, ''),
(1381, 1, ''),
(1382, 1, ''),
(1383, 1, ''),
(1384, 1, ''),
(1385, 1, ''),
(1386, 1, ''),
(1387, 1, ''),
(1388, 1, ''),
(1389, 1, ''),
(1390, 1, ''),
(1391, 1, ''),
(1392, 1, ''),
(1393, 1, ''),
(1394, 1, ''),
(1395, 1, ''),
(1396, 1, ''),
(1397, 1, ''),
(1398, 1, ''),
(1399, 1, ''),
(1400, 1, ''),
(1401, 1, ''),
(1402, 1, ''),
(1403, 1, ''),
(1404, 1, ''),
(1405, 1, ''),
(1406, 1, ''),
(1407, 1, ''),
(1408, 1, ''),
(1409, 1, ''),
(1410, 1, ''),
(1411, 1, ''),
(1412, 1, ''),
(1413, 1, ''),
(1414, 1, ''),
(1416, 1, ''),
(1417, 1, ''),
(1418, 1, ''),
(1419, 1, ''),
(1420, 1, ''),
(1421, 1, ''),
(1422, 1, ''),
(1423, 1, ''),
(1424, 1, ''),
(1425, 1, ''),
(1426, 1, ''),
(1427, 1, ''),
(1428, 1, ''),
(1429, 1, ''),
(1430, 1, ''),
(1431, 1, ''),
(1432, 1, ''),
(1433, 1, ''),
(1434, 1, ''),
(1435, 1, ''),
(1436, 1, ''),
(1437, 1, ''),
(1438, 1, ''),
(1439, 1, ''),
(1440, 1, ''),
(1441, 1, ''),
(1442, 1, ''),
(1443, 1, ''),
(1444, 1, ''),
(1445, 1, ''),
(1446, 1, ''),
(1447, 1, ''),
(1448, 1, ''),
(1449, 1, ''),
(1450, 1, ''),
(1451, 1, ''),
(1452, 1, ''),
(1453, 1, ''),
(1454, 1, ''),
(1455, 1, ''),
(1456, 1, ''),
(1457, 1, ''),
(1458, 1, ''),
(1459, 1, ''),
(1460, 1, ''),
(1461, 1, ''),
(1462, 1, ''),
(1463, 1, ''),
(1464, 1, ''),
(1465, 1, ''),
(1466, 1, ''),
(1467, 1, ''),
(1468, 1, ''),
(1469, 1, ''),
(1470, 1, ''),
(1471, 1, ''),
(1472, 1, ''),
(1473, 1, ''),
(1474, 1, ''),
(1475, 1, ''),
(1476, 1, ''),
(1477, 1, ''),
(1478, 1, ''),
(1479, 1, ''),
(1480, 1, ''),
(1481, 1, ''),
(1482, 1, ''),
(1483, 1, ''),
(1484, 1, ''),
(1485, 1, ''),
(1486, 1, ''),
(1487, 1, ''),
(1488, 1, ''),
(1489, 1, ''),
(1490, 1, ''),
(1491, 1, ''),
(1493, 1, ''),
(1494, 1, ''),
(1495, 1, ''),
(1496, 1, ''),
(1497, 1, ''),
(1498, 1, ''),
(1499, 1, ''),
(1500, 1, ''),
(1501, 1, ''),
(1502, 1, ''),
(1503, 1, ''),
(1504, 1, ''),
(1505, 1, ''),
(1506, 1, ''),
(1508, 1, ''),
(1509, 1, ''),
(1510, 1, ''),
(1511, 1, ''),
(1512, 1, ''),
(1513, 1, ''),
(1514, 1, ''),
(1515, 1, ''),
(1516, 1, ''),
(1517, 1, ''),
(1518, 1, ''),
(1519, 1, ''),
(1520, 1, ''),
(1521, 1, ''),
(1522, 1, ''),
(1523, 1, ''),
(1524, 1, ''),
(1525, 1, ''),
(1526, 1, ''),
(1527, 1, ''),
(1528, 1, ''),
(1529, 1, ''),
(1530, 1, ''),
(1531, 1, ''),
(1532, 1, ''),
(1533, 1, ''),
(1534, 1, ''),
(1535, 1, ''),
(1536, 1, ''),
(1537, 1, ''),
(1538, 1, ''),
(1539, 1, ''),
(1540, 1, ''),
(1541, 1, ''),
(1542, 1, ''),
(1543, 1, ''),
(1544, 1, ''),
(1545, 1, ''),
(1546, 1, ''),
(1547, 1, ''),
(1548, 1, ''),
(1549, 1, ''),
(1550, 1, ''),
(1551, 1, ''),
(1552, 1, ''),
(1553, 1, ''),
(1554, 1, ''),
(1555, 1, ''),
(1556, 1, ''),
(1557, 1, ''),
(1558, 1, ''),
(1559, 1, ''),
(1560, 1, ''),
(1561, 1, ''),
(1562, 1, ''),
(1563, 1, ''),
(1564, 1, ''),
(1565, 1, ''),
(1566, 1, ''),
(1567, 1, ''),
(1568, 1, ''),
(1569, 1, ''),
(1570, 1, ''),
(1571, 1, ''),
(1572, 1, ''),
(1573, 1, ''),
(1574, 1, ''),
(1575, 1, ''),
(1576, 1, ''),
(1577, 1, ''),
(1578, 1, ''),
(1579, 1, ''),
(1580, 1, ''),
(1581, 1, ''),
(1582, 1, ''),
(1583, 1, ''),
(1584, 1, ''),
(1585, 1, ''),
(1586, 1, ''),
(1587, 1, ''),
(1588, 1, ''),
(1589, 1, ''),
(1590, 1, ''),
(1591, 1, ''),
(1592, 1, ''),
(1593, 1, ''),
(1594, 1, ''),
(1595, 1, ''),
(1596, 1, ''),
(1597, 1, ''),
(1598, 1, ''),
(1599, 1, ''),
(1600, 1, ''),
(1601, 1, ''),
(1602, 1, ''),
(1603, 1, ''),
(1604, 1, ''),
(1605, 1, ''),
(1606, 1, ''),
(1607, 1, ''),
(1608, 1, ''),
(1609, 1, ''),
(1610, 1, ''),
(1611, 1, ''),
(1612, 1, ''),
(1613, 1, ''),
(1614, 1, ''),
(1615, 1, ''),
(1616, 1, ''),
(1617, 1, ''),
(1618, 1, ''),
(1619, 1, ''),
(1620, 1, ''),
(1621, 1, ''),
(1622, 1, ''),
(1623, 1, ''),
(1624, 1, ''),
(1625, 1, ''),
(1626, 1, ''),
(1627, 1, ''),
(1628, 1, ''),
(1629, 1, ''),
(1630, 1, ''),
(1631, 1, ''),
(1632, 1, ''),
(1633, 1, ''),
(1634, 1, ''),
(1635, 1, ''),
(1636, 1, ''),
(1637, 1, ''),
(1638, 1, ''),
(1639, 1, ''),
(1640, 1, ''),
(1641, 1, ''),
(1642, 1, ''),
(1643, 1, ''),
(1644, 1, ''),
(1645, 1, ''),
(1646, 1, ''),
(1647, 1, ''),
(1648, 1, ''),
(1651, 1, ''),
(1652, 1, ''),
(1653, 1, ''),
(1654, 1, ''),
(1655, 1, ''),
(1656, 1, ''),
(1657, 1, ''),
(1658, 1, ''),
(1659, 1, ''),
(1660, 1, ''),
(1661, 1, ''),
(1662, 1, ''),
(1663, 1, ''),
(1664, 1, ''),
(1665, 1, ''),
(1668, 1, ''),
(1669, 1, ''),
(1670, 1, ''),
(1671, 1, ''),
(1672, 1, ''),
(1673, 1, ''),
(1674, 1, ''),
(1675, 1, ''),
(1676, 1, ''),
(1677, 1, ''),
(1678, 1, ''),
(1679, 1, ''),
(1680, 1, ''),
(1681, 1, ''),
(1682, 1, ''),
(1683, 1, ''),
(1684, 1, ''),
(1692, 1, ''),
(1693, 1, ''),
(1694, 1, ''),
(1695, 1, ''),
(1696, 1, ''),
(1697, 1, ''),
(1713, 1, ''),
(1714, 1, ''),
(1715, 1, ''),
(1717, 1, ''),
(1718, 1, ''),
(1719, 1, ''),
(1720, 1, ''),
(1729, 1, ''),
(1730, 1, ''),
(1731, 1, ''),
(1732, 1, ''),
(1733, 1, ''),
(1734, 1, ''),
(1735, 1, ''),
(1737, 1, ''),
(1742, 1, ''),
(1743, 1, ''),
(1744, 1, ''),
(1747, 1, ''),
(1749, 1, ''),
(1750, 1, ''),
(1751, 1, ''),
(1758, 1, ''),
(1759, 1, ''),
(1761, 1, ''),
(1762, 1, ''),
(1763, 1, ''),
(1764, 1, ''),
(1768, 1, ''),
(1769, 1, ''),
(1770, 1, ''),
(1774, 1, ''),
(1775, 1, ''),
(1776, 1, ''),
(1777, 1, ''),
(1778, 1, ''),
(1779, 1, ''),
(1781, 1, ''),
(1782, 1, ''),
(1783, 1, ''),
(1784, 1, ''),
(1785, 1, ''),
(1786, 1, ''),
(1787, 1, ''),
(1788, 1, ''),
(1789, 1, ''),
(1790, 1, ''),
(1791, 1, ''),
(1792, 1, ''),
(1793, 1, ''),
(1794, 1, ''),
(1795, 1, ''),
(1796, 1, ''),
(1797, 1, ''),
(1798, 1, ''),
(1799, 1, ''),
(1800, 1, ''),
(1807, 1, ''),
(1808, 1, ''),
(1809, 1, ''),
(1810, 1, ''),
(1811, 1, ''),
(1818, 1, ''),
(1819, 1, ''),
(1820, 1, ''),
(1821, 1, ''),
(1822, 1, ''),
(1823, 1, ''),
(1824, 1, ''),
(1825, 1, ''),
(1826, 1, ''),
(1832, 1, '');

-- --------------------------------------------------------

--
-- Table structure for table `ps_image_shop`
--

CREATE TABLE `ps_image_shop` (
  `id_product` int(10) UNSIGNED NOT NULL,
  `id_image` int(11) UNSIGNED NOT NULL,
  `id_shop` int(11) UNSIGNED NOT NULL,
  `cover` tinyint(1) UNSIGNED DEFAULT NULL
) ENGINE=InnoDB DEFAULT CHARSET=utf8;

--
-- Dumping data for table `ps_image_shop`
--

INSERT INTO `ps_image_shop` (`id_product`, `id_image`, `id_shop`, `cover`) VALUES
(4, 11, 1, 1),
(7, 12, 1, 1),
(8, 13, 1, 1),
(9, 14, 1, 1),
(10, 15, 1, 1),
(11, 16, 1, 1),
(12, 17, 1, 1),
(13, 18, 1, 1),
(14, 19, 1, 1),
(15, 20, 1, 1),
(16, 21, 1, 1),
(17, 22, 1, 1),
(18, 23, 1, 1),
(19, 24, 1, 1),
(20, 25, 1, 1),
(21, 26, 1, 1),
(22, 27, 1, 1),
(23, 29, 1, NULL),
(23, 28, 1, 1),
(24, 31, 1, NULL),
(24, 30, 1, 1),
(26, 32, 1, 1),
(27, 33, 1, 1),
(28, 34, 1, 1),
(29, 35, 1, 1),
(30, 36, 1, 1),
(31, 37, 1, 1),
(32, 38, 1, 1),
(33, 39, 1, 1),
(34, 40, 1, 1),
(35, 41, 1, 1),
(36, 42, 1, 1),
(37, 43, 1, 1),
(38, 44, 1, 1),
(39, 45, 1, 1),
(40, 46, 1, 1),
(41, 47, 1, 1),
(42, 48, 1, 1),
(43, 223, 1, NULL),
(43, 49, 1, 1),
(44, 50, 1, 1),
(45, 51, 1, 1),
(46, 52, 1, 1),
(49, 53, 1, 1),
(50, 1808, 1, NULL),
(50, 1809, 1, NULL),
(50, 1810, 1, NULL),
(50, 1811, 1, NULL),
(50, 1807, 1, 1),
(51, 55, 1, 1),
(53, 1309, 1, NULL),
(53, 1310, 1, NULL),
(53, 1308, 1, 1),
(56, 1307, 1, 1),
(59, 1447, 1, 1),
(66, 91, 1, NULL),
(66, 58, 1, 1),
(67, 60, 1, NULL),
(67, 59, 1, 1),
(69, 62, 1, NULL),
(69, 61, 1, 1),
(70, 81, 1, NULL),
(70, 80, 1, 1),
(71, 83, 1, NULL),
(71, 82, 1, 1),
(72, 84, 1, 1),
(120, 214, 1, NULL),
(120, 213, 1, 1),
(137, 221, 1, 1),
(139, 204, 1, NULL),
(139, 205, 1, NULL),
(139, 206, 1, NULL),
(139, 203, 1, 1),
(150, 198, 1, 1),
(152, 201, 1, 1),
(167, 202, 1, 1),
(171, 210, 1, NULL),
(171, 209, 1, 1),
(205, 163, 1, 1),
(246, 1385, 1, 1),
(248, 156, 1, NULL),
(248, 157, 1, NULL),
(248, 158, 1, NULL),
(248, 160, 1, NULL),
(248, 161, 1, 1),
(295, 191, 1, NULL),
(295, 187, 1, 1),
(313, 1670, 1, NULL),
(313, 1795, 1, NULL),
(313, 1796, 1, NULL),
(313, 1669, 1, 1),
(344, 199, 1, 1),
(354, 193, 1, NULL),
(354, 194, 1, NULL),
(354, 195, 1, NULL),
(354, 192, 1, 1),
(358, 183, 1, NULL),
(358, 182, 1, 1),
(378, 216, 1, NULL),
(378, 215, 1, 1),
(421, 1818, 1, 1),
(424, 118, 1, 1),
(425, 119, 1, 1),
(426, 120, 1, 1),
(427, 121, 1, 1),
(428, 122, 1, 1),
(429, 123, 1, 1),
(430, 124, 1, 1),
(431, 125, 1, 1),
(432, 126, 1, 1),
(447, 165, 1, 1),
(456, 164, 1, NULL),
(456, 117, 1, 1),
(458, 167, 1, 1),
(468, 166, 1, 1),
(474, 1822, 1, 1),
(675, 169, 1, NULL),
(675, 168, 1, 1),
(693, 224, 1, 1),
(704, 147, 1, NULL),
(704, 146, 1, 1),
(722, 85, 1, 1),
(723, 86, 1, 1),
(724, 87, 1, 1),
(725, 79, 1, 1),
(726, 78, 1, 1),
(727, 77, 1, 1),
(728, 76, 1, 1),
(729, 75, 1, 1),
(730, 74, 1, 1),
(731, 73, 1, 1),
(732, 72, 1, 1),
(733, 71, 1, 1),
(734, 70, 1, 1),
(735, 69, 1, 1),
(736, 68, 1, 1),
(737, 67, 1, 1),
(738, 66, 1, 1),
(739, 65, 1, 1),
(740, 64, 1, 1),
(741, 63, 1, 1),
(742, 56, 1, 1),
(743, 2, 1, 1),
(744, 1, 1, 1),
(745, 148, 1, 1),
(758, 150, 1, 1),
(774, 145, 1, NULL),
(774, 144, 1, 1),
(791, 143, 1, 1),
(805, 1832, 1, NULL),
(805, 218, 1, 1),
(809, 419, 1, 1),
(831, 208, 1, NULL),
(831, 233, 1, 1),
(847, 222, 1, 1),
(866, 241, 1, 1),
(871, 236, 1, 1),
(899, 134, 1, NULL),
(899, 133, 1, 1),
(929, 141, 1, 1),
(944, 239, 1, 1),
(956, 92, 1, 1),
(957, 93, 1, 1),
(958, 94, 1, 1),
(959, 95, 1, 1),
(960, 96, 1, 1),
(961, 97, 1, 1),
(962, 98, 1, 1),
(963, 99, 1, 1),
(964, 100, 1, 1),
(965, 101, 1, 1),
(966, 102, 1, 1),
(967, 103, 1, 1),
(968, 104, 1, 1),
(969, 105, 1, 1),
(970, 106, 1, 1),
(971, 107, 1, 1),
(972, 108, 1, 1),
(973, 109, 1, 1),
(974, 110, 1, 1),
(975, 111, 1, 1),
(976, 112, 1, 1),
(977, 113, 1, 1),
(978, 114, 1, 1),
(979, 116, 1, 1),
(985, 115, 1, 1),
(1001, 421, 1, 1),
(1035, 307, 1, NULL),
(1035, 240, 1, 1),
(1041, 138, 1, 1),
(1042, 131, 1, 1),
(1095, 306, 1, NULL),
(1095, 304, 1, 1),
(1115, 219, 1, 1),
(1125, 228, 1, 1),
(1128, 235, 1, 1),
(1140, 225, 1, 1),
(1141, 162, 1, 1),
(1159, 142, 1, 1),
(1251, 154, 1, 1),
(1267, 153, 1, 1),
(1281, 151, 1, 1),
(1282, 422, 1, 1),
(1291, 207, 1, 1),
(1316, 226, 1, 1),
(1320, 243, 1, 1),
(1328, 229, 1, 1),
(1334, 129, 1, NULL),
(1334, 128, 1, 1),
(1356, 137, 1, 1),
(1362, 135, 1, 1),
(1372, 130, 1, 1),
(1399, 238, 1, 1),
(1426, 404, 1, NULL),
(1426, 405, 1, NULL),
(1426, 406, 1, NULL),
(1426, 407, 1, NULL),
(1426, 408, 1, NULL),
(1426, 409, 1, NULL),
(1426, 410, 1, NULL),
(1426, 411, 1, NULL),
(1426, 412, 1, NULL),
(1426, 413, 1, NULL),
(1426, 414, 1, NULL),
(1426, 415, 1, NULL),
(1426, 416, 1, NULL),
(1426, 417, 1, NULL),
(1426, 668, 1, 1),
(1428, 244, 1, NULL),
(1428, 245, 1, NULL),
(1428, 246, 1, NULL),
(1428, 247, 1, NULL),
(1428, 248, 1, NULL),
(1428, 249, 1, NULL),
(1428, 250, 1, NULL),
(1428, 251, 1, NULL),
(1428, 252, 1, NULL),
(1428, 253, 1, NULL),
(1428, 254, 1, NULL),
(1428, 255, 1, NULL),
(1428, 256, 1, NULL),
(1428, 257, 1, NULL),
(1428, 273, 1, 1),
(1430, 439, 1, NULL),
(1430, 440, 1, NULL),
(1430, 441, 1, NULL),
(1430, 442, 1, NULL),
(1430, 443, 1, NULL),
(1430, 444, 1, NULL),
(1430, 445, 1, NULL),
(1430, 446, 1, NULL),
(1430, 447, 1, NULL),
(1430, 448, 1, NULL),
(1430, 449, 1, NULL),
(1430, 450, 1, NULL),
(1430, 451, 1, NULL),
(1430, 452, 1, NULL),
(1430, 544, 1, 1),
(1432, 425, 1, NULL),
(1432, 426, 1, NULL),
(1432, 427, 1, NULL),
(1432, 428, 1, NULL),
(1432, 429, 1, NULL),
(1432, 430, 1, NULL),
(1432, 431, 1, NULL),
(1432, 432, 1, NULL),
(1432, 433, 1, NULL),
(1432, 434, 1, NULL),
(1432, 435, 1, NULL),
(1432, 436, 1, NULL),
(1432, 437, 1, NULL),
(1432, 438, 1, NULL),
(1432, 424, 1, 1),
(1436, 514, 1, NULL),
(1436, 515, 1, NULL),
(1436, 516, 1, NULL),
(1436, 517, 1, NULL),
(1436, 518, 1, NULL),
(1436, 519, 1, NULL),
(1436, 520, 1, NULL),
(1436, 521, 1, NULL),
(1436, 522, 1, NULL),
(1436, 523, 1, NULL),
(1436, 524, 1, NULL),
(1436, 525, 1, NULL),
(1436, 526, 1, NULL),
(1436, 527, 1, NULL),
(1436, 513, 1, 1),
(1438, 483, 1, NULL),
(1438, 484, 1, NULL),
(1438, 485, 1, NULL),
(1438, 486, 1, NULL),
(1438, 487, 1, NULL),
(1438, 488, 1, NULL),
(1438, 489, 1, NULL),
(1438, 490, 1, NULL),
(1438, 491, 1, NULL),
(1438, 492, 1, NULL),
(1438, 493, 1, NULL),
(1438, 494, 1, NULL),
(1438, 495, 1, NULL),
(1438, 496, 1, NULL),
(1438, 497, 1, 1),
(1442, 548, 1, NULL),
(1442, 549, 1, NULL),
(1442, 550, 1, NULL),
(1442, 551, 1, NULL),
(1442, 552, 1, NULL),
(1442, 553, 1, NULL),
(1442, 554, 1, NULL),
(1442, 555, 1, NULL),
(1442, 556, 1, NULL),
(1442, 557, 1, NULL),
(1442, 558, 1, NULL),
(1442, 559, 1, NULL),
(1442, 560, 1, NULL),
(1442, 561, 1, NULL),
(1442, 547, 1, 1),
(1444, 624, 1, NULL),
(1444, 625, 1, NULL),
(1444, 626, 1, NULL),
(1444, 627, 1, NULL),
(1444, 628, 1, NULL),
(1444, 629, 1, NULL),
(1444, 630, 1, NULL),
(1444, 631, 1, NULL),
(1444, 632, 1, NULL),
(1444, 633, 1, NULL),
(1444, 634, 1, NULL),
(1444, 635, 1, NULL),
(1444, 636, 1, NULL),
(1444, 637, 1, NULL),
(1444, 623, 1, 1),
(1446, 562, 1, NULL),
(1446, 563, 1, NULL),
(1446, 564, 1, NULL),
(1446, 565, 1, NULL),
(1446, 566, 1, NULL),
(1446, 567, 1, NULL),
(1446, 568, 1, NULL),
(1446, 569, 1, NULL),
(1446, 570, 1, NULL),
(1446, 571, 1, NULL),
(1446, 572, 1, NULL),
(1446, 573, 1, NULL),
(1446, 574, 1, NULL),
(1446, 575, 1, NULL),
(1446, 576, 1, 1),
(1450, 593, 1, NULL),
(1450, 594, 1, NULL),
(1450, 595, 1, NULL),
(1450, 596, 1, NULL),
(1450, 597, 1, NULL),
(1450, 598, 1, NULL),
(1450, 599, 1, NULL),
(1450, 600, 1, NULL),
(1450, 601, 1, NULL),
(1450, 602, 1, NULL),
(1450, 603, 1, NULL),
(1450, 604, 1, NULL),
(1450, 605, 1, NULL),
(1450, 606, 1, NULL),
(1450, 592, 1, 1),
(1454, 653, 1, NULL),
(1454, 654, 1, NULL),
(1454, 655, 1, NULL),
(1454, 656, 1, NULL),
(1454, 657, 1, NULL),
(1454, 658, 1, NULL),
(1454, 659, 1, NULL),
(1454, 660, 1, NULL),
(1454, 661, 1, NULL),
(1454, 662, 1, NULL),
(1454, 663, 1, NULL),
(1454, 664, 1, NULL),
(1454, 665, 1, NULL),
(1454, 666, 1, NULL),
(1454, 667, 1, 1),
(1456, 715, 1, NULL),
(1456, 716, 1, NULL),
(1456, 717, 1, NULL),
(1456, 718, 1, NULL),
(1456, 719, 1, NULL),
(1456, 720, 1, NULL),
(1456, 721, 1, NULL),
(1456, 722, 1, NULL),
(1456, 723, 1, NULL),
(1456, 724, 1, NULL),
(1456, 725, 1, NULL),
(1456, 726, 1, NULL),
(1456, 727, 1, NULL),
(1456, 728, 1, NULL),
(1456, 714, 1, 1),
(1458, 744, 1, NULL),
(1458, 745, 1, NULL),
(1458, 746, 1, NULL),
(1458, 747, 1, NULL),
(1458, 748, 1, NULL),
(1458, 749, 1, NULL),
(1458, 750, 1, NULL),
(1458, 751, 1, NULL),
(1458, 752, 1, NULL),
(1458, 753, 1, NULL),
(1458, 754, 1, NULL),
(1458, 755, 1, NULL),
(1458, 756, 1, NULL),
(1458, 757, 1, NULL),
(1458, 758, 1, 1),
(1460, 789, 1, NULL),
(1460, 790, 1, NULL),
(1460, 791, 1, NULL),
(1460, 792, 1, NULL),
(1460, 793, 1, NULL),
(1460, 794, 1, NULL),
(1460, 795, 1, NULL),
(1460, 796, 1, NULL),
(1460, 797, 1, NULL),
(1460, 798, 1, NULL),
(1460, 799, 1, NULL),
(1460, 800, 1, NULL),
(1460, 801, 1, NULL),
(1460, 802, 1, NULL),
(1460, 803, 1, 1),
(1462, 820, 1, NULL),
(1462, 821, 1, NULL),
(1462, 822, 1, NULL),
(1462, 823, 1, NULL),
(1462, 824, 1, NULL),
(1462, 825, 1, NULL),
(1462, 826, 1, NULL),
(1462, 827, 1, NULL),
(1462, 828, 1, NULL),
(1462, 829, 1, NULL),
(1462, 830, 1, NULL),
(1462, 831, 1, NULL),
(1462, 832, 1, NULL),
(1462, 833, 1, NULL),
(1462, 819, 1, 1),
(1464, 851, 1, NULL),
(1464, 852, 1, NULL),
(1464, 853, 1, NULL),
(1464, 854, 1, NULL),
(1464, 855, 1, NULL),
(1464, 856, 1, NULL),
(1464, 857, 1, NULL),
(1464, 858, 1, NULL),
(1464, 859, 1, NULL),
(1464, 860, 1, NULL),
(1464, 861, 1, NULL),
(1464, 862, 1, NULL),
(1464, 863, 1, NULL),
(1464, 864, 1, NULL),
(1464, 850, 1, 1),
(1466, 880, 1, NULL),
(1466, 881, 1, NULL),
(1466, 882, 1, NULL),
(1466, 883, 1, NULL),
(1466, 884, 1, NULL),
(1466, 885, 1, NULL),
(1466, 886, 1, NULL),
(1466, 887, 1, NULL),
(1466, 888, 1, NULL),
(1466, 889, 1, NULL),
(1466, 890, 1, NULL),
(1466, 891, 1, NULL),
(1466, 892, 1, NULL),
(1466, 893, 1, NULL),
(1466, 894, 1, 1),
(1468, 942, 1, NULL),
(1468, 943, 1, NULL),
(1468, 944, 1, NULL),
(1468, 945, 1, NULL),
(1468, 946, 1, NULL),
(1468, 947, 1, NULL),
(1468, 948, 1, NULL),
(1468, 949, 1, NULL),
(1468, 950, 1, NULL),
(1468, 951, 1, NULL),
(1468, 952, 1, NULL),
(1468, 953, 1, NULL),
(1468, 954, 1, NULL),
(1468, 955, 1, NULL),
(1468, 971, 1, 1),
(1470, 912, 1, NULL),
(1470, 913, 1, NULL),
(1470, 914, 1, NULL),
(1470, 915, 1, NULL),
(1470, 916, 1, NULL),
(1470, 917, 1, NULL),
(1470, 918, 1, NULL),
(1470, 919, 1, NULL),
(1470, 920, 1, NULL),
(1470, 921, 1, NULL),
(1470, 922, 1, NULL),
(1470, 923, 1, NULL),
(1470, 924, 1, NULL),
(1470, 925, 1, NULL),
(1470, 911, 1, 1),
(1476, 956, 1, NULL),
(1476, 957, 1, NULL),
(1476, 958, 1, NULL),
(1476, 959, 1, NULL),
(1476, 960, 1, NULL),
(1476, 961, 1, NULL),
(1476, 962, 1, NULL),
(1476, 963, 1, NULL),
(1476, 964, 1, NULL),
(1476, 965, 1, NULL),
(1476, 966, 1, NULL),
(1476, 967, 1, NULL),
(1476, 968, 1, NULL),
(1476, 969, 1, NULL),
(1476, 970, 1, 1),
(1478, 973, 1, NULL),
(1478, 974, 1, NULL),
(1478, 975, 1, NULL),
(1478, 976, 1, NULL),
(1478, 977, 1, NULL),
(1478, 978, 1, NULL),
(1478, 979, 1, NULL),
(1478, 980, 1, NULL),
(1478, 981, 1, NULL),
(1478, 982, 1, NULL),
(1478, 983, 1, NULL),
(1478, 984, 1, NULL),
(1478, 985, 1, NULL),
(1478, 986, 1, NULL),
(1478, 972, 1, 1),
(1480, 1003, 1, NULL),
(1480, 1004, 1, NULL),
(1480, 1005, 1, NULL),
(1480, 1006, 1, NULL),
(1480, 1007, 1, NULL),
(1480, 1008, 1, NULL),
(1480, 1009, 1, NULL),
(1480, 1010, 1, NULL),
(1480, 1011, 1, NULL),
(1480, 1012, 1, NULL),
(1480, 1013, 1, NULL),
(1480, 1014, 1, NULL),
(1480, 1015, 1, NULL),
(1480, 1016, 1, NULL),
(1480, 1002, 1, 1),
(1482, 987, 1, NULL),
(1482, 988, 1, NULL),
(1482, 989, 1, NULL),
(1482, 990, 1, NULL),
(1482, 991, 1, NULL),
(1482, 992, 1, NULL),
(1482, 993, 1, NULL),
(1482, 994, 1, NULL),
(1482, 995, 1, NULL),
(1482, 996, 1, NULL),
(1482, 997, 1, NULL),
(1482, 998, 1, NULL),
(1482, 999, 1, NULL),
(1482, 1000, 1, NULL),
(1482, 1001, 1, 1),
(1484, 375, 1, NULL),
(1484, 376, 1, NULL),
(1484, 377, 1, NULL),
(1484, 378, 1, NULL),
(1484, 379, 1, NULL),
(1484, 380, 1, NULL),
(1484, 381, 1, NULL),
(1484, 382, 1, NULL),
(1484, 383, 1, NULL),
(1484, 384, 1, NULL),
(1484, 385, 1, NULL),
(1484, 386, 1, NULL),
(1484, 387, 1, NULL),
(1484, 388, 1, NULL),
(1484, 374, 1, 1),
(1486, 1018, 1, NULL),
(1486, 1019, 1, NULL),
(1486, 1020, 1, NULL),
(1486, 1021, 1, NULL),
(1486, 1022, 1, NULL),
(1486, 1023, 1, NULL),
(1486, 1024, 1, NULL),
(1486, 1025, 1, NULL),
(1486, 1026, 1, NULL),
(1486, 1027, 1, NULL),
(1486, 1028, 1, NULL),
(1486, 1029, 1, NULL),
(1486, 1030, 1, NULL),
(1486, 1031, 1, NULL),
(1486, 1017, 1, 1),
(1488, 1032, 1, NULL),
(1488, 1033, 1, NULL),
(1488, 1034, 1, NULL),
(1488, 1035, 1, NULL),
(1488, 1036, 1, NULL),
(1488, 1037, 1, NULL),
(1488, 1038, 1, NULL),
(1488, 1039, 1, NULL),
(1488, 1040, 1, NULL),
(1488, 1041, 1, NULL),
(1488, 1042, 1, NULL),
(1488, 1043, 1, NULL),
(1488, 1044, 1, NULL),
(1488, 1045, 1, NULL),
(1488, 1046, 1, 1),
(1490, 1048, 1, NULL),
(1490, 1049, 1, NULL),
(1490, 1050, 1, NULL),
(1490, 1051, 1, NULL),
(1490, 1052, 1, NULL),
(1490, 1053, 1, NULL),
(1490, 1054, 1, NULL),
(1490, 1055, 1, NULL),
(1490, 1056, 1, NULL),
(1490, 1057, 1, NULL),
(1490, 1058, 1, NULL),
(1490, 1059, 1, NULL),
(1490, 1060, 1, NULL),
(1490, 1061, 1, NULL),
(1490, 1062, 1, 1),
(1492, 1064, 1, NULL),
(1492, 1065, 1, NULL),
(1492, 1066, 1, NULL),
(1492, 1067, 1, NULL),
(1492, 1068, 1, NULL),
(1492, 1069, 1, NULL),
(1492, 1070, 1, NULL),
(1492, 1071, 1, NULL),
(1492, 1072, 1, NULL),
(1492, 1073, 1, NULL),
(1492, 1074, 1, NULL),
(1492, 1075, 1, NULL),
(1492, 1076, 1, NULL),
(1492, 1077, 1, NULL),
(1492, 1063, 1, 1),
(1493, 1093, 1, NULL),
(1493, 1094, 1, NULL),
(1493, 1095, 1, NULL),
(1493, 1096, 1, NULL),
(1493, 1097, 1, NULL),
(1493, 1098, 1, NULL),
(1493, 1099, 1, NULL),
(1493, 1100, 1, NULL),
(1493, 1101, 1, NULL),
(1493, 1102, 1, NULL),
(1493, 1103, 1, NULL),
(1493, 1104, 1, NULL),
(1493, 1105, 1, NULL),
(1493, 1106, 1, NULL),
(1493, 1107, 1, 1),
(1495, 1079, 1, NULL),
(1495, 1080, 1, NULL),
(1495, 1081, 1, NULL),
(1495, 1082, 1, NULL),
(1495, 1083, 1, NULL),
(1495, 1084, 1, NULL),
(1495, 1085, 1, NULL),
(1495, 1086, 1, NULL),
(1495, 1087, 1, NULL),
(1495, 1088, 1, NULL),
(1495, 1089, 1, NULL),
(1495, 1090, 1, NULL),
(1495, 1091, 1, NULL),
(1495, 1092, 1, NULL),
(1495, 1078, 1, 1),
(1499, 1126, 1, NULL),
(1499, 1127, 1, NULL),
(1499, 1128, 1, NULL),
(1499, 1129, 1, NULL),
(1499, 1130, 1, NULL),
(1499, 1131, 1, NULL),
(1499, 1132, 1, NULL),
(1499, 1133, 1, NULL),
(1499, 1134, 1, NULL),
(1499, 1135, 1, NULL),
(1499, 1136, 1, NULL),
(1499, 1137, 1, NULL),
(1499, 1138, 1, NULL),
(1499, 1139, 1, NULL),
(1499, 1125, 1, 1),
(1501, 1156, 1, NULL),
(1501, 1157, 1, NULL),
(1501, 1158, 1, NULL),
(1501, 1159, 1, NULL),
(1501, 1160, 1, NULL),
(1501, 1161, 1, NULL),
(1501, 1162, 1, NULL),
(1501, 1163, 1, NULL),
(1501, 1164, 1, NULL),
(1501, 1165, 1, NULL),
(1501, 1166, 1, NULL),
(1501, 1167, 1, NULL),
(1501, 1168, 1, NULL),
(1501, 1169, 1, NULL),
(1501, 1155, 1, 1),
(1513, 1186, 1, NULL),
(1513, 1187, 1, NULL),
(1513, 1188, 1, NULL),
(1513, 1189, 1, NULL),
(1513, 1190, 1, NULL),
(1513, 1191, 1, NULL),
(1513, 1192, 1, NULL),
(1513, 1193, 1, NULL),
(1513, 1194, 1, NULL),
(1513, 1195, 1, NULL),
(1513, 1196, 1, NULL),
(1513, 1197, 1, NULL),
(1513, 1198, 1, NULL),
(1513, 1199, 1, NULL),
(1513, 1185, 1, 1),
(1516, 1200, 1, NULL),
(1516, 1201, 1, NULL),
(1516, 1202, 1, NULL),
(1516, 1203, 1, NULL),
(1516, 1204, 1, NULL),
(1516, 1205, 1, NULL),
(1516, 1206, 1, NULL),
(1516, 1207, 1, NULL),
(1516, 1208, 1, NULL),
(1516, 1209, 1, NULL),
(1516, 1210, 1, NULL),
(1516, 1211, 1, NULL),
(1516, 1212, 1, NULL),
(1516, 1213, 1, NULL),
(1516, 1214, 1, 1),
(1518, 1671, 1, NULL),
(1518, 1672, 1, NULL),
(1518, 1673, 1, NULL),
(1518, 1674, 1, NULL),
(1518, 1675, 1, NULL),
(1518, 1676, 1, NULL),
(1518, 1677, 1, NULL),
(1518, 1678, 1, NULL),
(1518, 1679, 1, NULL),
(1518, 1680, 1, NULL),
(1518, 1681, 1, NULL),
(1518, 1682, 1, NULL),
(1518, 1683, 1, NULL),
(1518, 1684, 1, NULL),
(1518, 1668, 1, 1),
(1522, 1278, 1, NULL),
(1522, 1279, 1, NULL),
(1522, 1280, 1, NULL),
(1522, 1281, 1, NULL),
(1522, 1282, 1, NULL),
(1522, 1283, 1, NULL),
(1522, 1284, 1, NULL),
(1522, 1285, 1, NULL),
(1522, 1286, 1, NULL),
(1522, 1287, 1, NULL),
(1522, 1288, 1, NULL),
(1522, 1289, 1, NULL),
(1522, 1290, 1, NULL),
(1522, 1291, 1, NULL),
(1522, 1277, 1, 1),
(1526, 1262, 1, NULL),
(1526, 1263, 1, NULL),
(1526, 1264, 1, NULL),
(1526, 1265, 1, NULL),
(1526, 1266, 1, NULL),
(1526, 1267, 1, NULL),
(1526, 1268, 1, NULL),
(1526, 1269, 1, NULL),
(1526, 1270, 1, NULL),
(1526, 1271, 1, NULL),
(1526, 1272, 1, NULL),
(1526, 1273, 1, NULL),
(1526, 1274, 1, NULL),
(1526, 1275, 1, NULL),
(1526, 1276, 1, 1),
(1528, 1248, 1, NULL),
(1528, 1249, 1, NULL),
(1528, 1250, 1, NULL),
(1528, 1251, 1, NULL),
(1528, 1252, 1, NULL),
(1528, 1253, 1, NULL),
(1528, 1254, 1, NULL),
(1528, 1255, 1, NULL),
(1528, 1256, 1, NULL),
(1528, 1257, 1, NULL),
(1528, 1258, 1, NULL),
(1528, 1259, 1, NULL),
(1528, 1260, 1, NULL),
(1528, 1261, 1, NULL),
(1528, 1247, 1, 1),
(1530, 1232, 1, NULL),
(1530, 1233, 1, NULL),
(1530, 1234, 1, NULL),
(1530, 1235, 1, NULL),
(1530, 1236, 1, NULL),
(1530, 1237, 1, NULL),
(1530, 1238, 1, NULL),
(1530, 1239, 1, NULL),
(1530, 1240, 1, NULL),
(1530, 1241, 1, NULL),
(1530, 1242, 1, NULL),
(1530, 1243, 1, NULL),
(1530, 1244, 1, NULL),
(1530, 1245, 1, NULL),
(1530, 1246, 1, 1),
(1532, 1218, 1, NULL),
(1532, 1219, 1, NULL),
(1532, 1220, 1, NULL),
(1532, 1221, 1, NULL),
(1532, 1222, 1, NULL),
(1532, 1223, 1, NULL),
(1532, 1224, 1, NULL),
(1532, 1225, 1, NULL),
(1532, 1226, 1, NULL),
(1532, 1227, 1, NULL),
(1532, 1228, 1, NULL),
(1532, 1229, 1, NULL),
(1532, 1230, 1, NULL),
(1532, 1231, 1, NULL),
(1532, 1217, 1, 1),
(1556, 1215, 1, 1),
(1557, 1184, 1, 1),
(1560, 298, 1, 1),
(1561, 284, 1, 1),
(1564, 283, 1, 1),
(1565, 276, 1, 1),
(1584, 1140, 1, NULL),
(1584, 1141, 1, NULL),
(1584, 1142, 1, NULL),
(1584, 1143, 1, NULL),
(1584, 1144, 1, NULL),
(1584, 1145, 1, NULL),
(1584, 1146, 1, NULL),
(1584, 1147, 1, NULL),
(1584, 1148, 1, NULL),
(1584, 1149, 1, NULL),
(1584, 1150, 1, NULL),
(1584, 1151, 1, NULL),
(1584, 1152, 1, NULL),
(1584, 1153, 1, NULL),
(1584, 1154, 1, 1),
(1585, 358, 1, NULL),
(1585, 359, 1, NULL),
(1585, 360, 1, NULL),
(1585, 361, 1, NULL),
(1585, 362, 1, NULL),
(1585, 363, 1, NULL),
(1585, 364, 1, NULL),
(1585, 365, 1, NULL),
(1585, 366, 1, NULL),
(1585, 367, 1, NULL),
(1585, 368, 1, NULL),
(1585, 369, 1, NULL),
(1585, 370, 1, NULL),
(1585, 371, 1, NULL),
(1585, 372, 1, 1),
(1586, 1110, 1, NULL),
(1586, 1111, 1, NULL),
(1586, 1112, 1, NULL),
(1586, 1113, 1, NULL),
(1586, 1114, 1, NULL),
(1586, 1115, 1, NULL),
(1586, 1116, 1, NULL),
(1586, 1117, 1, NULL),
(1586, 1118, 1, NULL),
(1586, 1119, 1, NULL),
(1586, 1120, 1, NULL),
(1586, 1121, 1, NULL),
(1586, 1122, 1, NULL),
(1586, 1123, 1, NULL),
(1586, 1109, 1, 1),
(1587, 326, 1, NULL),
(1587, 327, 1, NULL),
(1587, 328, 1, NULL),
(1587, 329, 1, NULL),
(1587, 330, 1, NULL),
(1587, 331, 1, NULL),
(1587, 332, 1, NULL),
(1587, 333, 1, NULL),
(1587, 334, 1, NULL),
(1587, 335, 1, NULL),
(1587, 336, 1, NULL),
(1587, 337, 1, NULL),
(1587, 338, 1, NULL),
(1587, 339, 1, NULL),
(1587, 308, 1, 1),
(1589, 341, 1, NULL),
(1589, 342, 1, NULL),
(1589, 343, 1, NULL),
(1589, 344, 1, NULL),
(1589, 345, 1, NULL),
(1589, 346, 1, NULL),
(1589, 347, 1, NULL),
(1589, 348, 1, NULL),
(1589, 349, 1, NULL),
(1589, 350, 1, NULL),
(1589, 351, 1, NULL),
(1589, 352, 1, NULL),
(1589, 353, 1, NULL),
(1589, 354, 1, NULL),
(1589, 355, 1, 1),
(1631, 1692, 1, 1),
(1632, 1693, 1, 1),
(1634, 1694, 1, 1),
(1636, 1695, 1, 1),
(1638, 1696, 1, 1),
(1641, 1697, 1, 1),
(1658, 176, 1, 1),
(1663, 200, 1, 1),
(1665, 259, 1, NULL),
(1665, 260, 1, NULL),
(1665, 261, 1, NULL),
(1665, 262, 1, NULL),
(1665, 263, 1, NULL),
(1665, 264, 1, NULL),
(1665, 265, 1, NULL),
(1665, 266, 1, NULL),
(1665, 267, 1, NULL),
(1665, 268, 1, NULL),
(1665, 269, 1, NULL),
(1665, 270, 1, NULL),
(1665, 271, 1, NULL),
(1665, 272, 1, NULL),
(1665, 275, 1, 1),
(1666, 277, 1, 1),
(1669, 286, 1, 1),
(1670, 292, 1, 1),
(1671, 299, 1, NULL),
(1671, 302, 1, 1),
(1673, 323, 1, 1),
(1674, 1170, 1, NULL),
(1674, 1171, 1, NULL),
(1674, 1172, 1, NULL),
(1674, 1173, 1, NULL),
(1674, 1174, 1, NULL),
(1674, 1175, 1, NULL),
(1674, 1176, 1, NULL),
(1674, 1177, 1, NULL),
(1674, 1178, 1, NULL),
(1674, 1179, 1, NULL),
(1674, 1180, 1, NULL),
(1674, 1181, 1, NULL),
(1674, 1182, 1, NULL),
(1674, 1183, 1, NULL),
(1674, 356, 1, 1),
(1675, 373, 1, 1),
(1676, 389, 1, NULL),
(1676, 390, 1, NULL),
(1676, 391, 1, NULL),
(1676, 392, 1, NULL),
(1676, 393, 1, NULL),
(1676, 394, 1, NULL),
(1676, 395, 1, NULL),
(1676, 396, 1, NULL),
(1676, 397, 1, NULL),
(1676, 398, 1, NULL),
(1676, 399, 1, NULL),
(1676, 400, 1, NULL),
(1676, 401, 1, NULL),
(1676, 402, 1, NULL),
(1676, 403, 1, 1),
(1677, 453, 1, NULL),
(1677, 454, 1, NULL),
(1677, 455, 1, NULL),
(1677, 456, 1, NULL),
(1677, 457, 1, NULL),
(1677, 458, 1, NULL),
(1677, 459, 1, NULL),
(1677, 460, 1, NULL),
(1677, 461, 1, NULL),
(1677, 462, 1, NULL),
(1677, 463, 1, NULL),
(1677, 464, 1, NULL),
(1677, 465, 1, NULL),
(1677, 466, 1, NULL),
(1677, 546, 1, 1),
(1678, 468, 1, NULL),
(1678, 469, 1, NULL),
(1678, 470, 1, NULL),
(1678, 471, 1, NULL),
(1678, 472, 1, NULL),
(1678, 473, 1, NULL),
(1678, 474, 1, NULL),
(1678, 475, 1, NULL),
(1678, 476, 1, NULL),
(1678, 477, 1, NULL),
(1678, 478, 1, NULL),
(1678, 479, 1, NULL),
(1678, 480, 1, NULL),
(1678, 481, 1, NULL),
(1678, 545, 1, 1),
(1679, 498, 1, NULL),
(1679, 499, 1, NULL),
(1679, 500, 1, NULL),
(1679, 501, 1, NULL),
(1679, 502, 1, NULL),
(1679, 503, 1, NULL),
(1679, 504, 1, NULL),
(1679, 505, 1, NULL),
(1679, 506, 1, NULL),
(1679, 507, 1, NULL),
(1679, 508, 1, NULL),
(1679, 509, 1, NULL),
(1679, 510, 1, NULL),
(1679, 511, 1, NULL),
(1679, 512, 1, 1),
(1680, 528, 1, NULL),
(1680, 529, 1, NULL),
(1680, 530, 1, NULL),
(1680, 531, 1, NULL),
(1680, 532, 1, NULL),
(1680, 533, 1, NULL),
(1680, 534, 1, NULL),
(1680, 535, 1, NULL),
(1680, 536, 1, NULL),
(1680, 537, 1, NULL),
(1680, 538, 1, NULL),
(1680, 539, 1, NULL),
(1680, 540, 1, NULL),
(1680, 541, 1, NULL),
(1680, 543, 1, 1),
(1681, 577, 1, NULL),
(1681, 578, 1, NULL),
(1681, 579, 1, NULL),
(1681, 580, 1, NULL),
(1681, 581, 1, NULL),
(1681, 582, 1, NULL),
(1681, 583, 1, NULL),
(1681, 584, 1, NULL),
(1681, 585, 1, NULL),
(1681, 586, 1, NULL),
(1681, 587, 1, NULL),
(1681, 588, 1, NULL),
(1681, 589, 1, NULL),
(1681, 590, 1, NULL),
(1681, 591, 1, 1),
(1682, 607, 1, NULL),
(1682, 608, 1, NULL),
(1682, 609, 1, NULL),
(1682, 610, 1, NULL),
(1682, 611, 1, NULL),
(1682, 612, 1, NULL),
(1682, 613, 1, NULL),
(1682, 614, 1, NULL),
(1682, 615, 1, NULL),
(1682, 616, 1, NULL),
(1682, 617, 1, NULL),
(1682, 618, 1, NULL),
(1682, 619, 1, NULL),
(1682, 620, 1, NULL),
(1682, 622, 1, 1),
(1684, 669, 1, NULL),
(1684, 670, 1, NULL),
(1684, 671, 1, NULL),
(1684, 672, 1, NULL),
(1684, 673, 1, NULL),
(1684, 674, 1, NULL),
(1684, 675, 1, NULL),
(1684, 676, 1, NULL),
(1684, 677, 1, NULL),
(1684, 678, 1, NULL),
(1684, 679, 1, NULL),
(1684, 680, 1, NULL),
(1684, 681, 1, NULL),
(1684, 682, 1, NULL),
(1684, 683, 1, 1),
(1685, 684, 1, NULL),
(1685, 685, 1, NULL),
(1685, 686, 1, NULL),
(1685, 687, 1, NULL),
(1685, 688, 1, NULL),
(1685, 689, 1, NULL),
(1685, 690, 1, NULL),
(1685, 691, 1, NULL),
(1685, 692, 1, NULL),
(1685, 693, 1, NULL),
(1685, 694, 1, NULL),
(1685, 695, 1, NULL),
(1685, 696, 1, NULL),
(1685, 697, 1, NULL),
(1685, 698, 1, 1),
(1686, 699, 1, NULL),
(1686, 700, 1, NULL),
(1686, 701, 1, NULL),
(1686, 702, 1, NULL),
(1686, 703, 1, NULL),
(1686, 704, 1, NULL),
(1686, 705, 1, NULL),
(1686, 706, 1, NULL),
(1686, 707, 1, NULL),
(1686, 708, 1, NULL),
(1686, 709, 1, NULL),
(1686, 710, 1, NULL),
(1686, 711, 1, NULL),
(1686, 712, 1, NULL),
(1686, 713, 1, 1),
(1687, 729, 1, NULL),
(1687, 730, 1, NULL),
(1687, 731, 1, NULL),
(1687, 732, 1, NULL),
(1687, 733, 1, NULL),
(1687, 734, 1, NULL),
(1687, 735, 1, NULL),
(1687, 736, 1, NULL),
(1687, 737, 1, NULL),
(1687, 738, 1, NULL),
(1687, 739, 1, NULL),
(1687, 740, 1, NULL),
(1687, 741, 1, NULL),
(1687, 742, 1, NULL),
(1687, 743, 1, 1),
(1688, 775, 1, NULL),
(1688, 776, 1, NULL),
(1688, 777, 1, NULL),
(1688, 778, 1, NULL),
(1688, 779, 1, NULL),
(1688, 780, 1, NULL),
(1688, 781, 1, NULL),
(1688, 782, 1, NULL),
(1688, 783, 1, NULL),
(1688, 784, 1, NULL),
(1688, 785, 1, NULL),
(1688, 786, 1, NULL),
(1688, 787, 1, NULL),
(1688, 788, 1, NULL),
(1688, 774, 1, 1),
(1689, 804, 1, NULL),
(1689, 805, 1, NULL),
(1689, 806, 1, NULL),
(1689, 807, 1, NULL),
(1689, 808, 1, NULL),
(1689, 809, 1, NULL),
(1689, 810, 1, NULL),
(1689, 811, 1, NULL),
(1689, 812, 1, NULL),
(1689, 813, 1, NULL),
(1689, 814, 1, NULL),
(1689, 815, 1, NULL),
(1689, 816, 1, NULL),
(1689, 817, 1, NULL),
(1689, 818, 1, 1),
(1690, 834, 1, NULL),
(1690, 835, 1, NULL),
(1690, 836, 1, NULL),
(1690, 837, 1, NULL),
(1690, 838, 1, NULL),
(1690, 839, 1, NULL),
(1690, 840, 1, NULL),
(1690, 841, 1, NULL),
(1690, 842, 1, NULL),
(1690, 843, 1, NULL),
(1690, 844, 1, NULL),
(1690, 845, 1, NULL),
(1690, 846, 1, NULL),
(1690, 847, 1, NULL),
(1690, 849, 1, 1),
(1691, 865, 1, NULL),
(1691, 866, 1, NULL),
(1691, 867, 1, NULL),
(1691, 868, 1, NULL),
(1691, 869, 1, NULL),
(1691, 870, 1, NULL),
(1691, 871, 1, NULL),
(1691, 872, 1, NULL),
(1691, 873, 1, NULL),
(1691, 874, 1, NULL),
(1691, 875, 1, NULL),
(1691, 876, 1, NULL),
(1691, 877, 1, NULL),
(1691, 878, 1, NULL),
(1691, 879, 1, 1),
(1692, 895, 1, NULL),
(1692, 896, 1, NULL),
(1692, 897, 1, NULL),
(1692, 898, 1, NULL),
(1692, 899, 1, NULL),
(1692, 900, 1, NULL),
(1692, 901, 1, NULL),
(1692, 902, 1, NULL),
(1692, 903, 1, NULL),
(1692, 904, 1, NULL),
(1692, 905, 1, NULL),
(1692, 906, 1, NULL),
(1692, 907, 1, NULL),
(1692, 908, 1, NULL),
(1692, 910, 1, 1),
(1693, 926, 1, NULL),
(1693, 927, 1, NULL),
(1693, 928, 1, NULL),
(1693, 929, 1, NULL),
(1693, 930, 1, NULL),
(1693, 931, 1, NULL),
(1693, 932, 1, NULL),
(1693, 933, 1, NULL),
(1693, 934, 1, NULL),
(1693, 935, 1, NULL),
(1693, 936, 1, NULL),
(1693, 937, 1, NULL),
(1693, 938, 1, NULL),
(1693, 939, 1, NULL),
(1693, 940, 1, 1),
(1694, 1292, 1, NULL),
(1694, 1293, 1, NULL),
(1694, 1294, 1, NULL),
(1694, 1295, 1, NULL),
(1694, 1296, 1, NULL),
(1694, 1297, 1, NULL),
(1694, 1298, 1, NULL),
(1694, 1299, 1, NULL),
(1694, 1300, 1, NULL),
(1694, 1301, 1, NULL),
(1694, 1302, 1, NULL),
(1694, 1303, 1, NULL),
(1694, 1304, 1, NULL),
(1694, 1305, 1, NULL),
(1694, 1311, 1, 1),
(1696, 1316, 1, NULL),
(1696, 1317, 1, NULL),
(1696, 1318, 1, NULL),
(1696, 1319, 1, NULL),
(1696, 1320, 1, NULL),
(1696, 1321, 1, NULL),
(1696, 1322, 1, NULL),
(1696, 1323, 1, NULL),
(1696, 1324, 1, NULL),
(1696, 1325, 1, NULL),
(1696, 1326, 1, NULL),
(1696, 1327, 1, NULL),
(1696, 1328, 1, NULL),
(1696, 1329, 1, NULL),
(1696, 1330, 1, 1),
(1697, 1331, 1, NULL),
(1697, 1332, 1, NULL),
(1697, 1333, 1, NULL),
(1697, 1334, 1, NULL),
(1697, 1335, 1, NULL),
(1697, 1336, 1, NULL),
(1697, 1337, 1, NULL),
(1697, 1338, 1, NULL),
(1697, 1339, 1, NULL),
(1697, 1340, 1, NULL),
(1697, 1341, 1, NULL),
(1697, 1342, 1, NULL),
(1697, 1343, 1, NULL),
(1697, 1344, 1, NULL),
(1697, 1345, 1, 1),
(1698, 1346, 1, NULL),
(1698, 1347, 1, NULL),
(1698, 1348, 1, NULL),
(1698, 1349, 1, NULL),
(1698, 1350, 1, NULL),
(1698, 1351, 1, NULL),
(1698, 1352, 1, NULL),
(1698, 1353, 1, NULL),
(1698, 1354, 1, NULL),
(1698, 1355, 1, NULL),
(1698, 1356, 1, NULL),
(1698, 1357, 1, NULL),
(1698, 1358, 1, NULL),
(1698, 1359, 1, NULL),
(1698, 1360, 1, 1),
(1700, 1362, 1, NULL),
(1700, 1363, 1, NULL),
(1700, 1364, 1, NULL),
(1700, 1365, 1, NULL),
(1700, 1366, 1, NULL),
(1700, 1367, 1, NULL),
(1700, 1368, 1, NULL),
(1700, 1369, 1, NULL),
(1700, 1361, 1, 1),
(1701, 1370, 1, NULL),
(1701, 1371, 1, NULL),
(1701, 1372, 1, NULL),
(1701, 1373, 1, NULL),
(1701, 1374, 1, NULL),
(1701, 1375, 1, NULL),
(1701, 1376, 1, NULL),
(1701, 1377, 1, NULL),
(1701, 1378, 1, NULL),
(1701, 1379, 1, NULL),
(1701, 1380, 1, NULL),
(1701, 1381, 1, NULL),
(1701, 1382, 1, NULL),
(1701, 1383, 1, NULL),
(1701, 1384, 1, 1),
(1702, 1386, 1, NULL),
(1702, 1387, 1, NULL),
(1702, 1388, 1, NULL),
(1702, 1389, 1, NULL),
(1702, 1390, 1, NULL),
(1702, 1391, 1, NULL),
(1702, 1392, 1, NULL),
(1702, 1393, 1, NULL),
(1702, 1394, 1, NULL),
(1702, 1395, 1, NULL),
(1702, 1396, 1, NULL),
(1702, 1397, 1, NULL),
(1702, 1398, 1, NULL),
(1702, 1399, 1, NULL),
(1702, 1400, 1, 1),
(1703, 1401, 1, NULL),
(1703, 1402, 1, NULL),
(1703, 1403, 1, NULL),
(1703, 1404, 1, NULL),
(1703, 1405, 1, NULL),
(1703, 1406, 1, NULL),
(1703, 1407, 1, NULL),
(1703, 1408, 1, NULL),
(1703, 1409, 1, NULL),
(1703, 1410, 1, NULL),
(1703, 1411, 1, NULL),
(1703, 1412, 1, NULL),
(1703, 1413, 1, NULL),
(1703, 1414, 1, NULL),
(1703, 1416, 1, 1),
(1704, 1417, 1, NULL),
(1704, 1418, 1, NULL),
(1704, 1419, 1, NULL),
(1704, 1420, 1, NULL),
(1704, 1421, 1, NULL),
(1704, 1422, 1, NULL),
(1704, 1423, 1, NULL),
(1704, 1424, 1, NULL),
(1704, 1425, 1, NULL),
(1704, 1426, 1, NULL),
(1704, 1427, 1, NULL),
(1704, 1428, 1, NULL),
(1704, 1429, 1, NULL),
(1704, 1430, 1, NULL),
(1704, 1431, 1, 1),
(1705, 1432, 1, NULL),
(1705, 1433, 1, NULL),
(1705, 1434, 1, NULL),
(1705, 1435, 1, NULL),
(1705, 1436, 1, NULL),
(1705, 1437, 1, NULL),
(1705, 1438, 1, NULL),
(1705, 1439, 1, NULL),
(1705, 1440, 1, NULL),
(1705, 1441, 1, NULL),
(1705, 1442, 1, NULL),
(1705, 1443, 1, NULL),
(1705, 1444, 1, NULL),
(1705, 1445, 1, NULL),
(1705, 1446, 1, 1),
(1706, 1448, 1, NULL),
(1706, 1449, 1, NULL),
(1706, 1450, 1, NULL),
(1706, 1451, 1, NULL),
(1706, 1452, 1, NULL),
(1706, 1453, 1, NULL),
(1706, 1454, 1, NULL),
(1706, 1455, 1, NULL),
(1706, 1456, 1, NULL),
(1706, 1457, 1, NULL),
(1706, 1458, 1, NULL),
(1706, 1459, 1, NULL),
(1706, 1460, 1, NULL),
(1706, 1461, 1, NULL),
(1706, 1462, 1, 1),
(1707, 1463, 1, NULL),
(1707, 1464, 1, NULL),
(1707, 1465, 1, NULL),
(1707, 1466, 1, NULL),
(1707, 1467, 1, NULL),
(1707, 1468, 1, NULL),
(1707, 1469, 1, NULL),
(1707, 1470, 1, NULL),
(1707, 1471, 1, NULL),
(1707, 1472, 1, NULL),
(1707, 1473, 1, NULL),
(1707, 1474, 1, NULL),
(1707, 1475, 1, NULL),
(1707, 1476, 1, NULL),
(1707, 1477, 1, 1),
(1708, 1478, 1, NULL),
(1708, 1479, 1, NULL),
(1708, 1480, 1, NULL),
(1708, 1481, 1, NULL),
(1708, 1482, 1, NULL),
(1708, 1483, 1, NULL),
(1708, 1484, 1, NULL),
(1708, 1485, 1, NULL),
(1708, 1486, 1, NULL),
(1708, 1487, 1, NULL),
(1708, 1488, 1, NULL),
(1708, 1489, 1, NULL),
(1708, 1490, 1, NULL),
(1708, 1491, 1, NULL),
(1708, 1509, 1, 1),
(1709, 1493, 1, NULL),
(1709, 1494, 1, NULL),
(1709, 1495, 1, NULL),
(1709, 1496, 1, NULL),
(1709, 1497, 1, NULL),
(1709, 1498, 1, NULL),
(1709, 1499, 1, NULL),
(1709, 1500, 1, NULL),
(1709, 1501, 1, NULL),
(1709, 1502, 1, NULL),
(1709, 1503, 1, NULL),
(1709, 1504, 1, NULL),
(1709, 1505, 1, NULL),
(1709, 1506, 1, NULL),
(1709, 1508, 1, 1),
(1710, 1510, 1, NULL),
(1710, 1511, 1, NULL),
(1710, 1512, 1, NULL),
(1710, 1513, 1, NULL),
(1710, 1514, 1, NULL),
(1710, 1515, 1, NULL),
(1710, 1516, 1, NULL),
(1710, 1517, 1, NULL),
(1710, 1518, 1, NULL),
(1710, 1519, 1, NULL),
(1710, 1520, 1, NULL),
(1710, 1521, 1, NULL),
(1710, 1522, 1, NULL),
(1710, 1523, 1, NULL),
(1710, 1524, 1, 1),
(1711, 1525, 1, NULL),
(1711, 1526, 1, NULL),
(1711, 1527, 1, NULL),
(1711, 1528, 1, NULL),
(1711, 1529, 1, NULL),
(1711, 1530, 1, NULL),
(1711, 1531, 1, NULL),
(1711, 1532, 1, NULL),
(1711, 1533, 1, NULL),
(1711, 1534, 1, NULL),
(1711, 1535, 1, NULL),
(1711, 1536, 1, NULL),
(1711, 1537, 1, NULL),
(1711, 1538, 1, NULL),
(1711, 1539, 1, 1),
(1712, 1540, 1, NULL),
(1712, 1541, 1, NULL),
(1712, 1542, 1, NULL),
(1712, 1543, 1, NULL),
(1712, 1544, 1, NULL),
(1712, 1545, 1, NULL),
(1712, 1546, 1, NULL),
(1712, 1547, 1, NULL),
(1712, 1548, 1, NULL),
(1712, 1549, 1, NULL),
(1712, 1550, 1, NULL),
(1712, 1551, 1, NULL),
(1712, 1552, 1, NULL),
(1712, 1553, 1, NULL),
(1712, 1554, 1, 1),
(1713, 1555, 1, NULL),
(1713, 1556, 1, NULL),
(1713, 1557, 1, NULL),
(1713, 1558, 1, NULL),
(1713, 1559, 1, NULL),
(1713, 1560, 1, NULL),
(1713, 1561, 1, NULL),
(1713, 1562, 1, NULL),
(1713, 1563, 1, NULL),
(1713, 1564, 1, NULL),
(1713, 1565, 1, NULL),
(1713, 1566, 1, NULL),
(1713, 1567, 1, NULL),
(1713, 1568, 1, NULL),
(1713, 1569, 1, 1),
(1714, 1570, 1, NULL),
(1714, 1571, 1, NULL),
(1714, 1572, 1, NULL),
(1714, 1573, 1, NULL),
(1714, 1574, 1, NULL),
(1714, 1575, 1, NULL),
(1714, 1576, 1, NULL),
(1714, 1577, 1, NULL),
(1714, 1578, 1, NULL),
(1714, 1579, 1, NULL),
(1714, 1580, 1, NULL),
(1714, 1581, 1, NULL),
(1714, 1582, 1, NULL),
(1714, 1583, 1, NULL),
(1714, 1584, 1, 1),
(1715, 1585, 1, NULL),
(1715, 1586, 1, NULL),
(1715, 1587, 1, NULL),
(1715, 1588, 1, NULL),
(1715, 1589, 1, NULL),
(1715, 1590, 1, NULL),
(1715, 1591, 1, NULL),
(1715, 1592, 1, NULL),
(1715, 1593, 1, NULL),
(1715, 1594, 1, NULL),
(1715, 1595, 1, NULL),
(1715, 1596, 1, NULL),
(1715, 1597, 1, NULL),
(1715, 1598, 1, NULL),
(1715, 1599, 1, 1),
(1716, 1600, 1, NULL),
(1716, 1601, 1, NULL),
(1716, 1602, 1, NULL),
(1716, 1603, 1, NULL),
(1716, 1604, 1, NULL),
(1716, 1605, 1, NULL),
(1716, 1606, 1, NULL),
(1716, 1607, 1, NULL),
(1716, 1608, 1, NULL),
(1716, 1609, 1, NULL),
(1716, 1610, 1, NULL),
(1716, 1611, 1, NULL),
(1716, 1612, 1, NULL),
(1716, 1613, 1, NULL),
(1716, 1614, 1, 1),
(1717, 1615, 1, NULL),
(1717, 1616, 1, NULL),
(1717, 1617, 1, NULL),
(1717, 1618, 1, NULL),
(1717, 1619, 1, NULL),
(1717, 1620, 1, NULL),
(1717, 1621, 1, NULL),
(1717, 1622, 1, NULL),
(1717, 1623, 1, NULL),
(1717, 1624, 1, NULL),
(1717, 1625, 1, NULL),
(1717, 1626, 1, NULL),
(1717, 1627, 1, NULL),
(1717, 1628, 1, NULL),
(1717, 1629, 1, 1),
(1718, 1630, 1, NULL),
(1718, 1631, 1, 1),
(1719, 1632, 1, NULL),
(1719, 1633, 1, 1),
(1720, 1635, 1, NULL),
(1720, 1636, 1, NULL),
(1720, 1637, 1, NULL),
(1720, 1638, 1, NULL),
(1720, 1639, 1, NULL),
(1720, 1640, 1, NULL),
(1720, 1641, 1, NULL),
(1720, 1642, 1, NULL),
(1720, 1643, 1, NULL),
(1720, 1644, 1, NULL),
(1720, 1645, 1, NULL),
(1720, 1646, 1, NULL),
(1720, 1647, 1, NULL),
(1720, 1648, 1, NULL),
(1720, 1634, 1, 1),
(1721, 1652, 1, NULL),
(1721, 1653, 1, NULL),
(1721, 1654, 1, NULL),
(1721, 1655, 1, NULL),
(1721, 1656, 1, NULL),
(1721, 1657, 1, NULL),
(1721, 1658, 1, NULL),
(1721, 1659, 1, NULL),
(1721, 1660, 1, NULL),
(1721, 1661, 1, NULL),
(1721, 1662, 1, NULL),
(1721, 1663, 1, NULL),
(1721, 1664, 1, NULL),
(1721, 1665, 1, NULL),
(1721, 1651, 1, 1),
(1722, 1713, 1, 1),
(1723, 1714, 1, 1),
(1724, 1715, 1, 1),
(1726, 1717, 1, 1),
(1727, 1718, 1, 1),
(1728, 1719, 1, 1),
(1729, 1720, 1, 1),
(1734, 1730, 1, NULL),
(1734, 1731, 1, NULL),
(1734, 1732, 1, NULL),
(1734, 1733, 1, NULL),
(1734, 1734, 1, NULL),
(1734, 1735, 1, NULL),
(1734, 1737, 1, NULL),
(1734, 1742, 1, NULL),
(1734, 1743, 1, NULL),
(1734, 1744, 1, NULL),
(1734, 1747, 1, NULL),
(1734, 1799, 1, NULL),
(1734, 1800, 1, NULL),
(1734, 1729, 1, 1),
(1735, 1750, 1, NULL),
(1735, 1751, 1, NULL),
(1735, 1758, 1, NULL),
(1735, 1759, 1, NULL),
(1735, 1761, 1, NULL),
(1735, 1762, 1, NULL),
(1735, 1763, 1, NULL),
(1735, 1764, 1, NULL),
(1735, 1768, 1, NULL),
(1735, 1769, 1, NULL),
(1735, 1770, 1, NULL),
(1735, 1749, 1, 1),
(1738, 1775, 1, NULL),
(1738, 1776, 1, NULL),
(1738, 1777, 1, NULL),
(1738, 1778, 1, NULL),
(1738, 1779, 1, NULL),
(1738, 1781, 1, NULL),
(1738, 1782, 1, NULL),
(1738, 1797, 1, NULL),
(1738, 1798, 1, NULL),
(1738, 1774, 1, 1),
(1739, 1784, 1, NULL),
(1739, 1785, 1, NULL),
(1739, 1786, 1, NULL),
(1739, 1787, 1, NULL),
(1739, 1788, 1, NULL),
(1739, 1789, 1, NULL),
(1739, 1790, 1, NULL),
(1739, 1791, 1, NULL),
(1739, 1792, 1, NULL),
(1739, 1793, 1, NULL),
(1739, 1794, 1, NULL),
(1739, 1783, 1, 1),
(1743, 1820, 1, NULL),
(1743, 1821, 1, NULL),
(1743, 1819, 1, 1),
(1744, 1824, 1, NULL),
(1744, 1825, 1, NULL),
(1744, 1826, 1, NULL),
(1744, 1823, 1, 1);

-- --------------------------------------------------------

--
-- Table structure for table `ps_image_type`
--

CREATE TABLE `ps_image_type` (
  `id_image_type` int(10) UNSIGNED NOT NULL,
  `name` varchar(64) NOT NULL,
  `width` int(10) UNSIGNED NOT NULL,
  `height` int(10) UNSIGNED NOT NULL,
  `products` tinyint(1) NOT NULL DEFAULT 1,
  `categories` tinyint(1) NOT NULL DEFAULT 1,
  `manufacturers` tinyint(1) NOT NULL DEFAULT 1,
  `suppliers` tinyint(1) NOT NULL DEFAULT 1,
  `stores` tinyint(1) NOT NULL DEFAULT 1
) ENGINE=InnoDB DEFAULT CHARSET=utf8;

--
-- Dumping data for table `ps_image_type`
--

INSERT INTO `ps_image_type` (`id_image_type`, `name`, `width`, `height`, `products`, `categories`, `manufacturers`, `suppliers`, `stores`) VALUES
(1, 'cart_default', 125, 157, 1, 0, 0, 0, 0),
(2, 'small_default', 49, 61, 1, 1, 1, 1, 0),
(3, 'medium_default', 378, 472, 1, 0, 1, 1, 0),
(4, 'home_default', 378, 472, 1, 0, 0, 0, 0),
(5, 'large_default', 600, 800, 1, 0, 1, 1, 1),
(6, 'category_default', 200, 200, 0, 1, 0, 0, 0),
(7, 'stores_default', 170, 115, 0, 0, 0, 0, 1),
(8, 'manu_default', 98, 98, 0, 0, 1, 0, 0),
(9, 'hsma_default', 45, 45, 1, 0, 0, 0, 0),
(10, 'subcategory_custom', 300, 300, 0, 1, 0, 0, 0);

-- --------------------------------------------------------

--
-- Table structure for table `ps_import_match`
--

CREATE TABLE `ps_import_match` (
  `id_import_match` int(10) NOT NULL,
  `name` varchar(32) NOT NULL,
  `match` text NOT NULL,
  `skip` int(2) NOT NULL
) ENGINE=InnoDB DEFAULT CHARSET=utf8;

-- --------------------------------------------------------

--
-- Table structure for table `ps_info`
--

CREATE TABLE `ps_info` (
  `id_info` int(10) UNSIGNED NOT NULL
) ENGINE=InnoDB DEFAULT CHARSET=utf8;

--
-- Dumping data for table `ps_info`
--

INSERT INTO `ps_info` (`id_info`) VALUES
(1);

-- --------------------------------------------------------

--
-- Table structure for table `ps_info_lang`
--

CREATE TABLE `ps_info_lang` (
  `id_info` int(10) UNSIGNED NOT NULL,
  `id_shop` int(10) UNSIGNED NOT NULL,
  `id_lang` int(10) UNSIGNED NOT NULL,
  `text` text NOT NULL
) ENGINE=InnoDB DEFAULT CHARSET=utf8;

--
-- Dumping data for table `ps_info_lang`
--

INSERT INTO `ps_info_lang` (`id_info`, `id_shop`, `id_lang`, `text`) VALUES
(1, 1, 1, '<h2>Custom Text Block</h2>\n<p><strong class=\"dark\">Lorem ipsum dolor sit amet conse ctetu</strong></p>\n<p>Sit amet conse ctetur adipisicing elit, sed do eiusmod tempor incididunt ut labore et dolore magna aliqua. Ut enim ad minim veniam, quis nostrud exercitation ullamco laboris nisi ut aliquip ex ea commodo consequat. Duis aute irure dolor in reprehenderit.</p>');

-- --------------------------------------------------------

--
-- Table structure for table `ps_info_shop`
--

CREATE TABLE `ps_info_shop` (
  `id_info` int(10) UNSIGNED NOT NULL,
  `id_shop` int(10) UNSIGNED NOT NULL
) ENGINE=InnoDB DEFAULT CHARSET=utf8;

--
-- Dumping data for table `ps_info_shop`
--

INSERT INTO `ps_info_shop` (`id_info`, `id_shop`) VALUES
(1, 1);

-- --------------------------------------------------------

--
-- Table structure for table `ps_lang`
--

CREATE TABLE `ps_lang` (
  `id_lang` int(11) NOT NULL,
  `name` varchar(32) COLLATE utf8_unicode_ci NOT NULL,
  `active` tinyint(1) NOT NULL,
  `iso_code` varchar(2) COLLATE utf8_unicode_ci NOT NULL,
  `language_code` varchar(5) COLLATE utf8_unicode_ci NOT NULL,
  `locale` varchar(5) COLLATE utf8_unicode_ci NOT NULL,
  `date_format_lite` varchar(32) COLLATE utf8_unicode_ci NOT NULL,
  `date_format_full` varchar(32) COLLATE utf8_unicode_ci NOT NULL,
  `is_rtl` tinyint(1) NOT NULL
) ENGINE=InnoDB DEFAULT CHARSET=utf8 COLLATE=utf8_unicode_ci;

--
-- Dumping data for table `ps_lang`
--

INSERT INTO `ps_lang` (`id_lang`, `name`, `active`, `iso_code`, `language_code`, `locale`, `date_format_lite`, `date_format_full`, `is_rtl`) VALUES
(1, 'Français (French)', 1, 'fr', 'fr', 'fr-FR', 'd/m/Y', 'd/m/Y H:i:s', 0);

-- --------------------------------------------------------

--
-- Table structure for table `ps_lang_shop`
--

CREATE TABLE `ps_lang_shop` (
  `id_lang` int(11) NOT NULL,
  `id_shop` int(11) NOT NULL
) ENGINE=InnoDB DEFAULT CHARSET=utf8 COLLATE=utf8_unicode_ci;

--
-- Dumping data for table `ps_lang_shop`
--

INSERT INTO `ps_lang_shop` (`id_lang`, `id_shop`) VALUES
(1, 1);

-- --------------------------------------------------------

--
-- Table structure for table `ps_layered_category`
--

CREATE TABLE `ps_layered_category` (
  `id_layered_category` int(10) UNSIGNED NOT NULL,
  `id_shop` int(11) UNSIGNED NOT NULL,
  `id_category` int(10) UNSIGNED NOT NULL,
  `id_value` int(10) UNSIGNED DEFAULT 0,
  `type` enum('category','id_feature','id_attribute_group','quantity','condition','manufacturer','weight','price') NOT NULL,
  `position` int(10) UNSIGNED NOT NULL,
  `filter_type` int(10) UNSIGNED NOT NULL DEFAULT 0,
  `filter_show_limit` int(10) UNSIGNED NOT NULL DEFAULT 0
) ENGINE=InnoDB DEFAULT CHARSET=utf8;

--
-- Dumping data for table `ps_layered_category`
--

INSERT INTO `ps_layered_category` (`id_layered_category`, `id_shop`, `id_category`, `id_value`, `type`, `position`, `filter_type`, `filter_show_limit`) VALUES
(1, 1, 39, 18, 'id_attribute_group', 1, 0, 0),
(2, 1, 39, 19, 'id_attribute_group', 2, 0, 0),
(3, 1, 39, 20, 'id_attribute_group', 3, 0, 0),
(4, 1, 39, 22, 'id_attribute_group', 4, 0, 0),
(5, 1, 39, NULL, 'manufacturer', 5, 0, 0),
(6, 1, 2, 5, 'id_attribute_group', 1, 2, 0),
(7, 1, 2, 6, 'id_attribute_group', 2, 2, 0),
(8, 1, 77, 5, 'id_attribute_group', 1, 2, 0),
(9, 1, 77, 6, 'id_attribute_group', 2, 2, 0),
(10, 1, 100, 5, 'id_attribute_group', 1, 2, 0),
(11, 1, 100, 6, 'id_attribute_group', 2, 2, 0);

-- --------------------------------------------------------

--
-- Table structure for table `ps_layered_filter`
--

CREATE TABLE `ps_layered_filter` (
  `id_layered_filter` int(10) UNSIGNED NOT NULL,
  `name` varchar(64) NOT NULL,
  `filters` longtext DEFAULT NULL,
  `n_categories` int(10) UNSIGNED NOT NULL,
  `date_add` datetime NOT NULL
) ENGINE=InnoDB DEFAULT CHARSET=utf8;

--
-- Dumping data for table `ps_layered_filter`
--

INSERT INTO `ps_layered_filter` (`id_layered_filter`, `name`, `filters`, `n_categories`, `date_add`) VALUES
(1, 'Caisson', 'a:4:{s:9:\"shop_list\";a:1:{i:0;i:1;}s:10:\"categories\";a:3:{i:0;i:2;i:1;i:77;i:2;i:100;}s:22:\"layered_selection_ag_5\";a:2:{s:11:\"filter_type\";i:2;s:17:\"filter_show_limit\";i:0;}s:22:\"layered_selection_ag_6\";a:2:{s:11:\"filter_type\";i:2;s:17:\"filter_show_limit\";i:0;}}', 3, '2019-10-08 15:42:11'),
(2, 'Variateur', 'a:7:{s:9:\"shop_list\";a:1:{i:0;i:1;}s:10:\"categories\";a:1:{i:0;i:39;}s:23:\"layered_selection_ag_18\";a:2:{s:11:\"filter_type\";i:0;s:17:\"filter_show_limit\";i:0;}s:23:\"layered_selection_ag_19\";a:2:{s:11:\"filter_type\";i:0;s:17:\"filter_show_limit\";i:0;}s:23:\"layered_selection_ag_20\";a:2:{s:11:\"filter_type\";i:0;s:17:\"filter_show_limit\";i:0;}s:23:\"layered_selection_ag_22\";a:2:{s:11:\"filter_type\";i:0;s:17:\"filter_show_limit\";i:0;}s:30:\"layered_selection_manufacturer\";a:2:{s:11:\"filter_type\";i:0;s:17:\"filter_show_limit\";i:0;}}', 1, '2019-10-24 16:27:15');

-- --------------------------------------------------------

--
-- Table structure for table `ps_layered_filter_block`
--

CREATE TABLE `ps_layered_filter_block` (
  `hash` char(32) NOT NULL DEFAULT '',
  `data` text DEFAULT NULL
) ENGINE=InnoDB DEFAULT CHARSET=utf8;

--
-- Dumping data for table `ps_layered_filter_block`
--

INSERT INTO `ps_layered_filter_block` (`hash`, `data`) VALUES
('34324b550e0b67fdea17bb04a91382df', 'a:1:{s:7:\"filters\";a:0:{}}');

-- --------------------------------------------------------

--
