-- Table structure for table `ps_mail`
--

CREATE TABLE `ps_mail` (
  `id_mail` int(11) UNSIGNED NOT NULL,
  `recipient` varchar(126) NOT NULL,
  `template` varchar(62) NOT NULL,
  `subject` varchar(254) NOT NULL,
  `id_lang` int(11) UNSIGNED NOT NULL,
  `date_add` timestamp NOT NULL DEFAULT current_timestamp()
) ENGINE=InnoDB DEFAULT CHARSET=utf8;

--
-- Dumping data for table `ps_mail`
--

INSERT INTO `ps_mail` (`id_mail`, `recipient`, `template`, `subject`, `id_lang`, `date_add`) VALUES
(1, 'alin.lemaire@gmx.fr', 'validating', '[Comelec] Notifying of register.', 1, '2019-10-03 13:29:20'),
(2, 'contact@comelec.fr', 'adminemail', '[Comelec] Notifying of registered user.', 1, '2019-10-03 13:29:21'),
(3, 'alin.lemaire@gmx.fr', 'privateactivation', '[Comelec] Notifying of enabled account.', 1, '2019-10-03 13:29:44'),
(4, 'alain.lemaire@gmx.fr', 'opartdevis_customer', '[Comelec] Votre devis', 1, '2019-10-03 13:47:02'),
(5, 'webmaster@comelec.fr', 'opartdevis_admin', '[Comelec] Nouveau devis', 1, '2019-10-03 13:47:03'),
(6, 'alain.lemaire@gmx.fr', 'opartdevis_customer', '[Comelec] Votre devis', 1, '2019-10-03 14:45:44'),
(7, 'webmaster@comelec.fr', 'opartdevis_admin', '[Comelec] Nouveau devis', 1, '2019-10-03 14:45:44'),
(8, 'alain.lemaire@gmx.fr', 'bankwire', '[Comelec] En attente de virement bancaire', 1, '2019-10-03 15:09:45'),
(9, 'alain.lemaire@gmx.fr', 'order_conf', '[Comelec] Confirmation de commande', 1, '2019-10-03 15:09:45'),
(10, 'alain.lemaire@gmx.fr', 'bankwire', '[Comelec] En attente de virement bancaire', 1, '2019-10-04 07:34:15'),
(11, 'alain.lemaire@gmx.fr', 'order_conf', '[Comelec] Confirmation de commande', 1, '2019-10-04 07:34:15'),
(12, 'alain.lemaire@gmx.fr', 'opartdevis_customer', '[Comelec] Votre devis', 1, '2019-10-22 13:28:25'),
(13, 'webmaster@comelec.fr', 'opartdevis_admin', '[Comelec] Nouveau devis', 1, '2019-10-22 13:28:26'),
(14, 'alain.lemaire@gmx.fr', 'opartdevis_customer', '[Comelec] Votre devis', 1, '2019-10-22 13:31:27'),
(15, 'webmaster@comelec.fr', 'opartdevis_admin', '[Comelec] Nouveau devis', 1, '2019-10-22 13:31:28'),
(16, 'alain.lemaire@gmx.fr', 'opartdevis_customer', '[Comelec] Votre devis', 1, '2019-11-06 14:16:02'),
(17, 'webmaster@comelec.fr', 'opartdevis_admin', '[Comelec] Nouveau devis', 1, '2019-11-06 14:16:03'),
(18, 'alain.lemaire@gmx.fr', 'order_canceled', '[Comelec] Annulé', 1, '2019-11-06 14:19:27'),
(19, 'alain.lemaire@gmx.fr', 'order_canceled', '[Comelec] Annulé', 1, '2019-11-06 14:19:28'),
(20, 'alain.lemaire@gmx.fr', 'opartdevis_customer', '[Comelec] Votre devis', 1, '2019-11-06 14:27:41'),
(21, 'webmaster@comelec.fr', 'opartdevis_admin', '[Comelec] Nouveau devis', 1, '2019-11-06 14:27:42'),
(22, 'alain.lemaire@gmx.fr', 'opartdevis_customer', '[Comelec] Votre devis', 1, '2019-12-02 13:18:27'),
(23, 'webmaster@comelec.fr', 'opartdevis_admin', '[Comelec] Nouveau devis', 1, '2019-12-02 13:18:28'),
(24, 'alain.lemaire@gmx.fr', 'opartdevis_customer', '[Comelec] Votre devis', 1, '2019-12-02 13:25:27'),
(25, 'webmaster@comelec.fr', 'opartdevis_admin', '[Comelec] Nouveau devis', 1, '2019-12-02 13:25:28'),
(26, 'alain.lemaire@gmx.fr', 'opartdevis_customer', '[Comelec] Votre devis', 1, '2019-12-02 14:47:03'),
(27, 'webmaster@comelec.fr', 'opartdevis_admin', '[Comelec] Nouveau devis', 1, '2019-12-02 14:47:04'),
(28, 'alain.lemaire@gmx.fr', 'opartdevis_customer', '[Comelec] Votre devis', 1, '2019-12-02 14:50:53'),
(29, 'webmaster@comelec.fr', 'opartdevis_admin', '[Comelec] Nouveau devis', 1, '2019-12-02 14:50:54'),
(30, 'alain.lemaire@gmx.fr', 'opartdevis_customer', '[Comelec] Votre devis', 1, '2019-12-02 14:51:33'),
(31, 'webmaster@comelec.fr', 'opartdevis_admin', '[Comelec] Nouveau devis', 1, '2019-12-02 14:51:34'),
(32, 'alain.lemaire@gmx.fr', 'opartdevis_customer', '[Comelec] Votre devis', 1, '2019-12-02 14:58:10'),
(33, 'webmaster@comelec.fr', 'opartdevis_admin', '[Comelec] Nouveau devis', 1, '2019-12-02 14:58:11'),
(34, 'alain.lemaire@gmx.fr', 'opartdevis_customer', '[Comelec] Votre devis', 1, '2019-12-02 14:59:34'),
(35, 'webmaster@comelec.fr', 'opartdevis_admin', '[Comelec] Nouveau devis', 1, '2019-12-02 14:59:35'),
(36, 'alain.lemaire@gmx.fr', 'opartdevis_customer', '[Comelec] Votre devis', 1, '2019-12-02 15:03:15'),
(37, 'webmaster@comelec.fr', 'opartdevis_admin', '[Comelec] Nouveau devis', 1, '2019-12-02 15:03:15'),
(38, 'alain.lemaire@gmx.fr', 'opartdevis_customer', '[Comelec] Votre devis', 1, '2019-12-02 15:04:07'),
(39, 'webmaster@comelec.fr', 'opartdevis_admin', '[Comelec] Nouveau devis', 1, '2019-12-02 15:04:08'),
(40, 'alain.lemaire@gmx.fr', 'opartdevis_customer', '[Comelec] Votre devis', 1, '2019-12-02 15:05:33'),
(41, 'webmaster@comelec.fr', 'opartdevis_admin', '[Comelec] Nouveau devis', 1, '2019-12-02 15:05:34'),
(42, 'alain.lemaire@gmx.fr', 'cheque', '[Comelec] En attente du paiement par chèque', 1, '2019-12-06 09:21:31'),
(43, 'alain.lemaire@gmx.fr', 'order_conf', '[Comelec] Confirmation de commande', 1, '2019-12-06 09:21:31'),
(44, 'alain.lemaire@gmx.fr', 'payment', '[Comelec] Paiement accepté', 1, '2019-12-06 09:22:06'),
(45, 'alain.lemaire@gmx.fr', 'bankwire', '[Comelec] En attente de virement bancaire', 1, '2019-12-06 10:58:05'),
(46, 'alain.lemaire@gmx.fr', 'order_conf', '[Comelec] Confirmation de commande', 1, '2019-12-06 10:58:06'),
(47, 'alain.lemaire@gmx.fr', 'payment', '[Comelec] Paiement accepté', 1, '2019-12-06 12:15:06'),
(48, 'alain.lemaire@gmx.fr', 'payment', '[Comelec] Paiement accepté', 1, '2019-12-06 12:15:33'),
(49, 'alain.lemaire@gmx.fr', 'cheque', '[Comelec] En attente du paiement par chèque', 1, '2020-01-23 09:35:31'),
(50, 'alain.lemaire@gmx.fr', 'order_conf', '[Comelec] Confirmation de commande', 1, '2020-01-23 09:35:32');

-- --------------------------------------------------------

--
-- Table structure for table `ps_manufacturer`
--

CREATE TABLE `ps_manufacturer` (
  `id_manufacturer` int(10) UNSIGNED NOT NULL,
  `name` varchar(64) NOT NULL,
  `date_add` datetime NOT NULL,
  `date_upd` datetime NOT NULL,
  `active` tinyint(1) NOT NULL DEFAULT 0
) ENGINE=InnoDB DEFAULT CHARSET=utf8;

--
-- Dumping data for table `ps_manufacturer`
--

INSERT INTO `ps_manufacturer` (`id_manufacturer`, `name`, `date_add`, `date_upd`, `active`) VALUES
(1, 'RUNWANGDA', '2019-10-01 10:41:15', '2019-10-01 10:41:15', 1),
(2, 'Lyreco', '2019-10-01 10:41:21', '2019-10-01 10:41:21', 1),
(3, 'Omega Composants', '2019-10-01 10:41:24', '2019-10-01 10:41:24', 1),
(4, 'RS', '2019-10-01 10:41:26', '2019-10-01 10:41:26', 1),
(5, 'Elecdif', '2019-10-01 10:41:28', '2019-10-01 10:41:28', 1),
(6, 'Solutions elastomères', '2019-10-01 10:41:29', '2019-10-01 10:41:29', 1),
(7, 'Sunland Tech', '2019-10-01 10:41:30', '2019-10-01 10:41:30', 1),
(8, 'Farnell France SAS', '2019-10-01 10:41:33', '2019-10-01 10:41:33', 1),
(9, 'ARROW FRANCE', '2019-10-01 10:41:34', '2019-10-01 16:42:50', 0),
(10, 'IMO', '2019-10-01 10:41:40', '2019-10-31 11:15:29', 1),
(11, 'BIS-ELECTRIC', '2019-10-01 10:41:41', '2019-10-01 10:41:41', 1),
(12, 'OKATRON', '2019-10-01 10:41:45', '2019-10-01 10:41:45', 1),
(13, 'Transfer MultisortT Elektronik Sp. zo.o.', '2019-10-01 10:41:47', '2019-10-01 10:41:47', 1),
(14, 'E44 ELECTRONIQUE', '2019-10-01 10:41:51', '2019-10-01 10:41:51', 1),
(15, 'WEG France', '2019-10-01 10:41:56', '2019-10-01 10:41:56', 1),
(16, 'HT Sensor Technology Co, Ltd', '2019-10-01 10:41:59', '2019-10-01 10:41:59', 1),
(17, 'HDI ELECTRONICS SAS', '2019-10-01 10:42:01', '2019-10-01 10:42:01', 1),
(18, 'Futura Elettronica', '2019-10-01 10:42:11', '2019-10-01 10:42:11', 1),
(19, 'ESSENTRA', '2019-10-01 10:42:21', '2019-10-01 10:42:21', 1),
(20, 'MDC GROUPE', '2019-10-01 10:42:23', '2019-10-01 10:42:23', 1),
(21, 'STE KRYSTAL', '2019-10-01 10:42:25', '2019-10-01 10:42:25', 1),
(22, 'Cergy-Vis', '2019-10-01 10:42:36', '2019-10-01 10:42:36', 1),
(23, 'CEN', '2019-10-01 10:42:39', '2019-10-01 10:42:39', 1),
(24, 'Alfa Mirage Co., Ltd', '2019-10-01 10:42:42', '2019-10-01 16:42:54', 0),
(25, 'SIMAF', '2019-10-01 10:42:45', '2019-10-01 10:42:45', 1),
(26, 'MOUSER ELECTRONICS', '2019-10-01 10:42:53', '2019-10-01 10:42:53', 1),
(27, 'The West Group Ltd', '2019-10-01 10:43:06', '2019-10-01 10:43:06', 1),
(28, 'ECRO', '2019-10-01 10:43:14', '2019-10-17 10:49:10', 1),
(29, 'LEM Europe', '2019-10-01 10:43:24', '2019-10-01 10:43:24', 1),
(30, 'Leroy Merlin', '2019-10-01 10:43:33', '2019-10-01 10:43:33', 1),
(31, 'Automation24.fr', '2019-10-01 10:43:46', '2019-10-01 10:43:46', 1),
(32, 'Belimo', '2019-10-01 10:43:48', '2019-10-31 11:17:02', 1),
(33, 'Jinan Golden Bridge Precision Machinery CO., Ltd', '2019-10-01 10:43:50', '2019-10-01 10:43:50', 1),
(34, 'Produal', '2019-10-01 10:43:54', '2019-10-01 10:43:54', 1),
(35, 'BARCOL AIR', '2019-10-01 10:44:02', '2019-10-01 10:44:02', 1),
(36, 'BARCOL AIR BV', '2019-10-01 10:44:34', '2019-10-01 10:44:34', 1),
(37, 'CEDES', '2019-10-01 10:44:37', '2019-10-01 10:44:37', 1),
(38, 'CUC', '2019-10-01 10:44:44', '2019-10-01 10:44:44', 1),
(39, 'Exertis Connect', '2019-10-01 10:44:45', '2019-10-01 10:44:45', 1),
(40, 'SERILEC', '2019-10-01 10:44:50', '2019-10-01 10:44:50', 1),
(41, 'Fibox GMBH', '2019-10-01 10:44:55', '2019-10-01 10:44:55', 1),
(42, 'ACA Plastiques', '2019-10-01 10:44:58', '2019-10-01 16:45:05', 0),
(43, 'CITY PLAST', '2019-10-01 10:45:01', '2019-10-01 10:45:01', 1),
(44, 'ATIB', '2019-10-01 10:45:36', '2019-10-01 16:42:38', 0),
(45, 'IPANEL', '2019-10-01 10:45:39', '2019-10-01 10:45:39', 1),
(46, 'I.L.M Agencement', '2019-10-01 10:46:02', '2019-10-01 10:46:02', 1),
(47, 'PHIDELEC', '2019-10-01 10:46:18', '2019-10-01 10:46:18', 1),
(48, 'JOVENTA FRANCE', '2019-10-01 10:46:20', '2019-10-01 10:46:20', 1),
(49, 'MOTIONKING', '2019-10-01 10:46:22', '2019-10-01 10:46:22', 1),
(50, 'Tanals', '2019-10-01 10:46:45', '2019-10-01 10:46:45', 1),
(51, 'France Poulies', '2019-10-01 10:46:47', '2019-10-01 10:46:47', 1),
(52, 'GIGA-CONCEPT', '2019-10-01 10:46:49', '2019-10-01 10:46:49', 1),
(53, 'GOODFELLOW', '2019-10-01 10:46:55', '2019-10-01 10:46:55', 1),
(54, 'SENSIRION', '2019-10-01 10:46:56', '2019-10-01 10:46:56', 1),
(55, 'L\'Oasis des serres de bon pain', '2019-10-01 10:47:01', '2019-10-01 10:47:01', 1),
(56, 'ELETTROTEST S.p.a.', '2019-10-01 10:47:07', '2019-10-01 10:47:07', 1),
(57, 'Klima Rodaclim', '2019-10-01 10:47:24', '2019-10-01 10:47:24', 1),
(58, 'DIGI KEY', '2019-10-01 10:48:16', '2019-10-01 10:48:16', 1),
(59, 'FUJI ELECTRIC FRANCE S.A.S', '2019-10-01 10:48:25', '2019-10-01 10:48:25', 1),
(60, 'Movitecnic', '2019-10-01 10:48:29', '2019-10-01 10:48:29', 1),
(61, 'SERMES', '2019-10-01 10:48:33', '2019-10-01 10:48:33', 1),
(62, 'CARTON SERVICE', '2019-10-01 10:48:42', '2019-10-01 10:48:42', 1),
(63, 'Pack Discount', '2019-10-01 10:48:43', '2019-10-01 10:48:43', 1),
(64, 'France Adhésifs Imprimés sas', '2019-10-01 10:48:45', '2019-10-01 10:48:45', 1),
(65, 'Venplast', '2019-10-01 10:48:52', '2019-10-01 10:48:52', 1),
(66, 'Retif', '2019-10-01 10:48:53', '2019-10-01 10:48:53', 1),
(67, 'MARCOM Srl', '2019-10-01 10:49:02', '2019-10-01 10:49:02', 1),
(68, 'Peak-System France SRL', '2019-10-01 10:49:04', '2019-10-01 10:49:04', 1),
(69, 'Project Plast', '2019-10-01 10:49:08', '2019-10-01 10:49:08', 1),
(70, 'Fumex', '2019-10-01 10:49:10', '2019-10-01 16:44:50', 1),
(71, 'EUROPROFIL', '2019-10-01 10:49:33', '2019-10-01 10:49:33', 1),
(72, 'Sanel Plastimarne', '2019-10-01 10:49:38', '2019-10-01 10:49:38', 1),
(73, 'Richardson', '2019-10-01 10:49:42', '2019-10-01 10:49:42', 1),
(74, 'DISTRIPRO', '2019-10-01 10:52:47', '2019-10-01 10:52:47', 1),
(75, 'E+E ELEKTRONIK', '2019-10-01 10:53:53', '2019-10-01 10:53:53', 1),
(76, 'Toutembal', '2019-10-01 10:54:30', '2019-10-01 10:54:30', 1),
(77, 'General Filter France', '2019-10-01 10:54:33', '2019-10-01 10:54:33', 1),
(78, 'AFPRO Filters S.A.S.', '2019-10-01 10:54:45', '2019-10-01 16:42:58', 0),
(79, 'MORGUICLIMA', '2019-10-01 10:55:39', '2019-10-01 10:55:39', 1),
(80, 'Interplast', '2019-10-01 10:57:18', '2019-10-01 16:47:55', 1),
(81, 'EBMPAPST', '2019-10-01 10:57:56', '2019-10-01 10:57:56', 1),
(82, 'COMTECH TECHNOLOGY CO LTD', '2019-10-01 10:57:57', '2019-10-01 10:57:57', 1),
(83, 'STELLA DORADUS IRELAND LTD.', '2019-10-01 10:58:04', '2019-10-01 10:58:04', 1),
(84, 'NUOVA ELETTRONICA', '2019-10-01 10:58:10', '2019-10-01 10:58:10', 1),
(85, 'Velleman', '2019-10-01 10:58:20', '2019-10-01 10:58:20', 1),
(86, 'CONTINENTAL COMPOSANTS DISTRIBUTION', '2019-10-01 10:59:38', '2019-10-01 10:59:38', 1),
(87, ' TECHNIKS INC', '2019-10-01 11:03:25', '2019-10-01 16:45:00', 0),
(88, 'Yadom - Société Nationale des Ojets Connectés', '2019-10-01 11:03:53', '2019-10-01 11:03:53', 1),
(89, 'WIMESURE', '2019-10-01 11:10:01', '2019-10-01 11:10:01', 1),
(90, 'Valsir', '2019-10-01 11:10:02', '2019-10-01 11:10:02', 1),
(91, 'Sapelmeca', '2019-10-01 11:10:04', '2019-10-01 11:10:04', 1),
(92, 'Christhel Outillage', '2019-10-01 11:10:07', '2019-10-01 11:10:07', 1),
(93, 'Cisthe e - Groupe Supratec', '2019-10-01 11:10:09', '2019-10-01 11:10:09', 1),
(94, 'CREA Quincaillerie.pro', '2019-10-01 11:10:13', '2019-10-01 11:10:13', 1),
(95, 'OUTILLAGE 2000', '2019-10-01 11:10:16', '2019-10-01 11:10:16', 1),
(96, 'SUNLAND-HJ CO LTD', '2019-10-01 11:10:17', '2019-10-01 11:10:17', 1),
(97, 'IRONWOOD', '2019-10-01 11:10:22', '2019-10-01 11:10:22', 1),
(98, 'Ecasud', '2019-10-01 11:11:48', '2019-10-01 11:11:48', 1),
(99, 'Neos', '2019-10-01 11:11:49', '2019-10-01 11:11:49', 1),
(100, 'ATR ROBOTIQUE', '2019-10-01 11:11:56', '2019-10-01 16:42:44', 0),
(101, 'C.E.F. Comptoir Européen de Fabriques', '2019-10-01 11:11:59', '2019-10-01 11:11:59', 1),
(102, 'Ciffreo Bona', '2019-10-01 11:12:01', '2019-10-01 11:12:01', 1),
(103, 'ACOMAT INTERNATIONAL', '2019-10-01 11:12:41', '2019-10-01 16:45:16', 0),
(104, 'GEDIMAT', '2019-10-01 11:13:04', '2019-10-01 11:13:04', 1),
(105, 'HUCK OCCITANIA', '2019-10-01 11:13:20', '2019-10-01 11:13:20', 1),
(106, 'Sema', '2019-10-01 11:13:29', '2019-10-01 11:13:29', 1),
(107, 'METAL LASER', '2019-10-01 11:13:45', '2019-10-01 11:13:45', 1),
(108, 'KRIPAL', '2019-10-01 11:14:01', '2019-10-01 11:14:01', 1),
(109, 'SES Automation', '2019-10-01 11:14:06', '2019-10-01 11:14:06', 1),
(110, 'CO.SI.ME', '2019-10-01 11:14:07', '2019-10-01 11:14:07', 1),
(111, 'MGI INSTRUMENTS', '2019-10-01 11:14:43', '2019-10-01 11:14:43', 1),
(112, 'ECOBRICOLAGE.COM', '2019-10-01 11:15:12', '2019-10-01 11:15:12', 1),
(113, 'CLA', '2019-10-01 11:15:14', '2019-10-01 11:15:14', 1),
(114, 'AEROTECHNIK E SIEGWART GmbH', '2019-10-01 11:16:28', '2019-10-01 11:16:28', 1),
(115, 'LEROY SOMER', '2019-10-01 11:17:48', '2019-10-01 11:17:48', 1),
(116, 'Imo Precision Controls Ltd', '2019-12-06 12:00:22', '2019-12-06 12:00:22', 1),
(117, 'COMELEC', '2019-12-06 12:01:40', '2019-12-06 12:01:40', 1),
(118, 'USITECH', '2019-12-06 12:03:28', '2019-12-06 12:03:28', 1),
(119, 'Ouest Isol  et  Ventil Marseille', '2019-12-06 12:04:11', '2019-12-06 12:04:11', 1),
(120, 'AERIA', '2019-12-06 12:06:09', '2019-12-06 12:06:09', 1),
(121, 'Bricomarché', '2019-12-06 12:33:06', '2019-12-06 12:33:06', 1);

-- --------------------------------------------------------

--
-- Table structure for table `ps_manufacturer_lang`
--

CREATE TABLE `ps_manufacturer_lang` (
  `id_manufacturer` int(10) UNSIGNED NOT NULL,
  `id_lang` int(10) UNSIGNED NOT NULL,
  `description` text DEFAULT NULL,
  `short_description` text DEFAULT NULL,
  `meta_title` varchar(255) DEFAULT NULL,
  `meta_keywords` varchar(255) DEFAULT NULL,
  `meta_description` varchar(512) DEFAULT NULL
) ENGINE=InnoDB DEFAULT CHARSET=utf8;

--
-- Dumping data for table `ps_manufacturer_lang`
--

INSERT INTO `ps_manufacturer_lang` (`id_manufacturer`, `id_lang`, `description`, `short_description`, `meta_title`, `meta_keywords`, `meta_description`) VALUES
(1, 1, '', '', '', '', ''),
(2, 1, '', '', '', '', ''),
(3, 1, '', '', '', '', ''),
(4, 1, '', '', '', '', ''),
(5, 1, '', '', '', '', ''),
(6, 1, '', '', '', '', ''),
(7, 1, '', '', '', '', ''),
(8, 1, '', '', '', '', ''),
(9, 1, '', '', '', '', ''),
(10, 1, '', '', '', '', ''),
(11, 1, '', '', '', '', ''),
(12, 1, '', '', '', '', ''),
(13, 1, '', '', '', '', ''),
(14, 1, '', '', '', '', ''),
(15, 1, '', '', '', '', ''),
(16, 1, '', '', '', '', ''),
(17, 1, '', '', '', '', ''),
(18, 1, '', '', '', '', ''),
(19, 1, '', '', '', '', ''),
(20, 1, '', '', '', '', ''),
(21, 1, '', '', '', '', ''),
(22, 1, '', '', '', '', ''),
(23, 1, '', '', '', '', ''),
(24, 1, '', '', '', '', ''),
(25, 1, '', '', '', '', ''),
(26, 1, '', '', '', '', ''),
(27, 1, '', '', '', '', ''),
(28, 1, '', '', '', '', ''),
(29, 1, '', '', '', '', ''),
(30, 1, '', '', '', '', ''),
(31, 1, '', '', '', '', ''),
(32, 1, '', '', '', '', ''),
(33, 1, '', '', '', '', ''),
(34, 1, '', '', '', '', ''),
(35, 1, '', '', '', '', ''),
(36, 1, '', '', '', '', ''),
(37, 1, '', '', '', '', ''),
(38, 1, '', '', '', '', ''),
(39, 1, '', '', '', '', ''),
(40, 1, '', '', '', '', ''),
(41, 1, '', '', '', '', ''),
(42, 1, '', '', '', '', ''),
(43, 1, '', '', '', '', ''),
(44, 1, '', '', '', '', ''),
(45, 1, '', '', '', '', ''),
(46, 1, '', '', '', '', ''),
(47, 1, '', '', '', '', ''),
(48, 1, '', '', '', '', ''),
(49, 1, '', '', '', '', ''),
(50, 1, '', '', '', '', ''),
(51, 1, '', '', '', '', ''),
(52, 1, '', '', '', '', ''),
(53, 1, '', '', '', '', ''),
(54, 1, '', '', '', '', ''),
(55, 1, '', '', '', '', ''),
(56, 1, '', '', '', '', ''),
(57, 1, '', '', '', '', ''),
(58, 1, '', '', '', '', ''),
(59, 1, '', '', '', '', ''),
(60, 1, '', '', '', '', ''),
(61, 1, '', '', '', '', ''),
(62, 1, '', '', '', '', ''),
(63, 1, '', '', '', '', ''),
(64, 1, '', '', '', '', ''),
(65, 1, '', '', '', '', ''),
(66, 1, '', '', '', '', ''),
(67, 1, '', '', '', '', ''),
(68, 1, '', '', '', '', ''),
(69, 1, '', '', '', '', ''),
(70, 1, '', '', '', '', ''),
(71, 1, '', '', '', '', ''),
(72, 1, '', '', '', '', ''),
(73, 1, '', '', '', '', ''),
(74, 1, '', '', '', '', ''),
(75, 1, '', '', '', '', ''),
(76, 1, '', '', '', '', ''),
(77, 1, '', '', '', '', ''),
(78, 1, '', '', '', '', ''),
(79, 1, '', '', '', '', ''),
(80, 1, '', '', '', '', ''),
(81, 1, '', '', '', '', ''),
(82, 1, '', '', '', '', ''),
(83, 1, '', '', '', '', ''),
(84, 1, '', '', '', '', ''),
(85, 1, '', '', '', '', ''),
(86, 1, '', '', '', '', ''),
(87, 1, '', '', '', '', ''),
(88, 1, '', '', '', '', ''),
(89, 1, '', '', '', '', ''),
(90, 1, '', '', '', '', ''),
(91, 1, '', '', '', '', ''),
(92, 1, '', '', '', '', ''),
(93, 1, '', '', '', '', ''),
(94, 1, '', '', '', '', ''),
(95, 1, '', '', '', '', ''),
(96, 1, '', '', '', '', ''),
(97, 1, '', '', '', '', ''),
(98, 1, '', '', '', '', ''),
(99, 1, '', '', '', '', ''),
(100, 1, '', '', '', '', ''),
(101, 1, '', '', '', '', ''),
(102, 1, '', '', '', '', ''),
(103, 1, '', '', '', '', ''),
(104, 1, '', '', '', '', ''),
(105, 1, '', '', '', '', ''),
(106, 1, '', '', '', '', ''),
(107, 1, '', '', '', '', ''),
(108, 1, '', '', '', '', ''),
(109, 1, '', '', '', '', ''),
(110, 1, '', '', '', '', ''),
(111, 1, '', '', '', '', ''),
(112, 1, '', '', '', '', ''),
(113, 1, '', '', '', '', ''),
(114, 1, '', '', '', '', ''),
(115, 1, '', '', '', '', ''),
(116, 1, '', '', '', '', ''),
(117, 1, '', '', '', '', ''),
(118, 1, '', '', '', '', ''),
(119, 1, '', '', '', '', ''),
(120, 1, '', '', '', '', ''),
(121, 1, '', '', '', '', '');

-- --------------------------------------------------------

--
-- Table structure for table `ps_manufacturer_shop`
--

CREATE TABLE `ps_manufacturer_shop` (
  `id_manufacturer` int(11) UNSIGNED NOT NULL,
  `id_shop` int(11) UNSIGNED NOT NULL
) ENGINE=InnoDB DEFAULT CHARSET=utf8;

--
-- Dumping data for table `ps_manufacturer_shop`
--

INSERT INTO `ps_manufacturer_shop` (`id_manufacturer`, `id_shop`) VALUES
(1, 1),
(2, 1),
(3, 1),
(4, 1),
(5, 1),
(6, 1),
(7, 1),
(8, 1),
(9, 1),
(10, 1),
(11, 1),
(12, 1),
(13, 1),
(14, 1),
(15, 1),
(16, 1),
(17, 1),
(18, 1),
(19, 1),
(20, 1),
(21, 1),
(22, 1),
(23, 1),
(24, 1),
(25, 1),
(26, 1),
(27, 1),
(28, 1),
(29, 1),
(30, 1),
(31, 1),
(32, 1),
(33, 1),
(34, 1),
(35, 1),
(36, 1),
(37, 1),
(38, 1),
(39, 1),
(40, 1),
(41, 1),
(42, 1),
(43, 1),
(44, 1),
(45, 1),
(46, 1),
(47, 1),
(48, 1),
(49, 1),
(50, 1),
(51, 1),
(52, 1),
(53, 1),
(54, 1),
(55, 1),
(56, 1),
(57, 1),
(58, 1),
(59, 1),
(60, 1),
(61, 1),
(62, 1),
(63, 1),
(64, 1),
(65, 1),
(66, 1),
(67, 1),
(68, 1),
(69, 1),
(70, 1),
(71, 1),
(72, 1),
(73, 1),
(74, 1),
(75, 1),
(76, 1),
(77, 1),
(78, 1),
(79, 1),
(80, 1),
(81, 1),
(82, 1),
(83, 1),
(84, 1),
(85, 1),
(86, 1),
(87, 1),
(88, 1),
(89, 1),
(90, 1),
(91, 1),
(92, 1),
(93, 1),
(94, 1),
(95, 1),
(96, 1),
(97, 1),
(98, 1),
(99, 1),
(100, 1),
(101, 1),
(102, 1),
(103, 1),
(104, 1),
(105, 1),
(106, 1),
(107, 1),
(108, 1),
(109, 1),
(110, 1),
(111, 1),
(112, 1),
(113, 1),
(114, 1),
(115, 1),
(116, 1),
(117, 1),
(118, 1),
(119, 1),
(120, 1),
(121, 1);

-- --------------------------------------------------------

--
-- Table structure for table `ps_memcached_servers`
--

CREATE TABLE `ps_memcached_servers` (
  `id_memcached_server` int(11) UNSIGNED NOT NULL,
  `ip` varchar(254) NOT NULL,
  `port` int(11) UNSIGNED NOT NULL,
  `weight` int(11) UNSIGNED NOT NULL
) ENGINE=InnoDB DEFAULT CHARSET=utf8;

-- --------------------------------------------------------

--
-- Table structure for table `ps_message`
--

CREATE TABLE `ps_message` (
  `id_message` int(10) UNSIGNED NOT NULL,
  `id_cart` int(10) UNSIGNED DEFAULT NULL,
  `id_customer` int(10) UNSIGNED NOT NULL,
  `id_employee` int(10) UNSIGNED DEFAULT NULL,
  `id_order` int(10) UNSIGNED NOT NULL,
  `message` text NOT NULL,
  `private` tinyint(1) UNSIGNED NOT NULL DEFAULT 1,
  `date_add` datetime NOT NULL
) ENGINE=InnoDB DEFAULT CHARSET=utf8;

--
-- Dumping data for table `ps_message`
--

INSERT INTO `ps_message` (`id_message`, `id_cart`, `id_customer`, `id_employee`, `id_order`, `message`, `private`, `date_add`) VALUES
(1, 2, 1, 0, 1, 'Commande créée depuis le devis numéro : 2', 1, '2019-10-03 17:09:45'),
(2, 2, 1, 0, 1, 'Commande créée depuis le devis numéro : 2', 1, '2019-11-06 15:19:27'),
(3, 15, 1, 0, 5, 'test', 0, '2020-01-23 10:35:00'),
(4, 0, 1, 0, 0, 'test', 0, '2020-01-23 10:35:33');

-- --------------------------------------------------------

--
-- Table structure for table `ps_message_readed`
--

CREATE TABLE `ps_message_readed` (
  `id_message` int(10) UNSIGNED NOT NULL,
  `id_employee` int(10) UNSIGNED NOT NULL,
  `date_add` datetime NOT NULL
) ENGINE=InnoDB DEFAULT CHARSET=utf8;

-- --------------------------------------------------------

--
-- Table structure for table `ps_meta`
--

CREATE TABLE `ps_meta` (
  `id_meta` int(10) UNSIGNED NOT NULL,
  `page` varchar(64) NOT NULL,
  `configurable` tinyint(1) UNSIGNED NOT NULL DEFAULT 1
) ENGINE=InnoDB DEFAULT CHARSET=utf8;



-- --------------------------------------------------------

--
-- Table structure for table `ps_meta_lang`
--

CREATE TABLE `ps_meta_lang` (
  `id_meta` int(10) UNSIGNED NOT NULL,
  `id_shop` int(11) UNSIGNED NOT NULL DEFAULT 1,
  `id_lang` int(10) UNSIGNED NOT NULL,
  `title` varchar(128) DEFAULT NULL,
  `description` varchar(255) DEFAULT NULL,
  `keywords` varchar(255) DEFAULT NULL,
  `url_rewrite` varchar(254) NOT NULL
) ENGINE=InnoDB DEFAULT CHARSET=utf8;

--
-- Dumping data for table `ps_meta_lang`
--

INSERT INTO `ps_meta_lang` (`id_meta`, `id_shop`, `id_lang`, `title`, `description`, `keywords`, `url_rewrite`) VALUES
(2, 1, 1, 'Meilleures ventes', 'Nos meilleures ventes', '', 'meilleures-ventes'),
(3, 1, 1, 'Contactez-nous', 'Utiliser le formulaire pour nous contacter', '', 'nous-contacter'),
(4, 1, 1, '', 'Boutique propulsée par PrestaShop', '', ''),
(5, 1, 1, 'Brands', 'Brands list', '', 'brands'),
(6, 1, 1, 'Nouveaux produits', 'Nos nouveaux produits', '', 'nouveaux-produits'),
(7, 1, 1, 'Mot de passe oublié', 'Entrez l\'adresse e-mail que vous utilisez pour vous connecter afin de recevoir un e-mail avec un nouveau mot de passe', '', 'recuperation-mot-de-passe'),
(8, 1, 1, 'Promotions', 'Our special products', '', 'promotions'),
(9, 1, 1, 'sitemap', 'Vous êtes perdu ? Trouvez ce que vous cherchez', '', 'sitemap'),
(10, 1, 1, 'Fournisseurs', 'Liste des fournisseurs', '', 'fournisseur'),
(11, 1, 1, 'Adresse', '', '', 'adresse'),
(12, 1, 1, 'Adresses', '', '', 'adresses'),
(13, 1, 1, 'Identifiant', '', '', 'connexion'),
(14, 1, 1, 'Panier', '', '', 'panier'),
(15, 1, 1, 'Remise', '', '', 'reduction'),
(16, 1, 1, 'Historique de vos commandes', '', '', 'historique-commandes'),
(17, 1, 1, 'Identité', '', '', 'identite'),
(18, 1, 1, 'Mon compte', '', '', 'mon-compte'),
(19, 1, 1, 'Suivi de commande', '', '', 'suivi-commande'),
(20, 1, 1, 'Avoir', '', '', 'avoirs'),
(21, 1, 1, 'Commande', '', '', 'commande'),
(22, 1, 1, 'Rechercher', '', '', 'recherche'),
(23, 1, 1, 'Magasins', '', '', 'magasins'),
(24, 1, 1, 'Suivi de commande invité', '', '', 'suivi-commande-invite'),
(25, 1, 1, 'Confirmation de commande', '', '', 'confirmation-commande'),
(34, 1, 1, '', '', '', ''),
(35, 1, 1, '', '', '', ''),
(36, 1, 1, '', '', '', ''),
(37, 1, 1, '', '', '', ''),
(38, 1, 1, '', '', '', ''),
(39, 1, 1, '', '', '', ''),
(40, 1, 1, '', '', '', ''),
(41, 1, 1, '', '', '', ''),
(42, 1, 1, '', '', '', ''),
(43, 1, 1, '', '', '', ''),
(44, 1, 1, '', '', '', ''),
(45, 1, 1, '', '', '', ''),
(46, 1, 1, '', '', '', ''),
(47, 1, 1, '', '', '', ''),
(48, 1, 1, '', '', '', ''),
(49, 1, 1, '', '', '', ''),
(50, 1, 1, '', '', '', ''),
(51, 1, 1, '', '', '', ''),
(52, 1, 1, '', '', '', '');

-- --------------------------------------------------------

--
-- Table structure for table `ps_module`
--

CREATE TABLE `ps_module` (
  `id_module` int(10) UNSIGNED NOT NULL,
  `name` varchar(64) NOT NULL,
  `active` tinyint(1) UNSIGNED NOT NULL DEFAULT 0,
  `version` varchar(8) NOT NULL
) ENGINE=InnoDB DEFAULT CHARSET=utf8;

--
-- Dumping data for table `ps_module`
--

INSERT INTO `ps_module` (`id_module`, `name`, `active`, `version`) VALUES
(1, 'contactform', 1, '4.1.1'),
(2, 'dashactivity', 1, '2.0.2'),
(3, 'dashtrends', 1, '2.0.2'),
(4, 'dashgoals', 1, '2.0.2'),
(5, 'dashproducts', 1, '2.0.4'),
(6, 'graphnvd3', 1, '2.0.1'),
(7, 'gridhtml', 1, '2.0.0'),
(8, 'gsitemap', 1, '4.1.0'),
(9, 'ps_banner', 1, '2.1.0'),
(10, 'ps_categorytree', 1, '2.0.0'),
(11, 'ps_checkpayment', 1, '2.0.4'),
(12, 'ps_contactinfo', 1, '3.1.0'),
(13, 'ps_currencyselector', 1, '2.0.0'),
(15, 'ps_customersignin', 1, '2.0.2'),
(16, 'ps_customtext', 1, '4.1.0'),
(17, 'ps_emailsubscription', 1, '2.3.0'),
(19, 'ps_faviconnotificationbo', 1, '2.0.0'),
(20, 'ps_featuredproducts', 1, '2.0.0'),
(21, 'ps_imageslider', 1, '3.0.0'),
(22, 'ps_languageselector', 1, '2.0.2'),
(23, 'ps_linklist', 1, '3.0.3'),
(24, 'ps_mainmenu', 1, '2.1.1'),
(25, 'ps_searchbar', 1, '2.0.1'),
(26, 'ps_sharebuttons', 1, '2.0.1'),
(27, 'ps_shoppingcart', 1, '2.0.2'),
(28, 'ps_socialfollow', 1, '2.0.0'),
(29, 'ps_themecusto', 1, '1.0.10'),
(30, 'ps_wirepayment', 1, '2.0.4'),
(31, 'pagesnotfound', 1, '2.0.0'),
(32, 'sekeywords', 1, '2.0.0'),
(33, 'statsbestcategories', 1, '2.0.0'),
(34, 'statsbestcustomers', 1, '2.0.2'),
(35, 'statsbestproducts', 1, '2.0.0'),
(36, 'statsbestsuppliers', 1, '2.0.0'),
(37, 'statsbestvouchers', 1, '2.0.0'),
(38, 'statscarrier', 1, '2.0.0'),
(39, 'statscatalog', 1, '2.0.1'),
(40, 'statscheckup', 1, '2.0.1'),
(41, 'statsdata', 1, '2.0.0'),
(42, 'statsequipment', 1, '2.0.0'),
(43, 'statsforecast', 1, '2.0.3'),
(44, 'statslive', 1, '2.0.2'),
(45, 'statsnewsletter', 1, '2.0.2'),
(46, 'statsorigin', 1, '2.0.2'),
(47, 'statspersonalinfos', 1, '2.0.2'),
(48, 'statsproduct', 1, '2.0.3'),
(49, 'statsregistrations', 1, '2.0.0'),
(50, 'statssales', 1, '2.0.0'),
(51, 'statssearch', 1, '2.0.1'),
(52, 'statsstock', 1, '2.0.0'),
(53, 'statsvisits', 1, '2.0.2'),
(54, 'welcome', 1, '6.0.0'),
(55, 'gamification', 1, '2.3.1'),
(56, 'psaddonsconnect', 1, '2.1.0'),
(57, 'psgdpr', 1, '1.1.3'),
(58, 'ps_mbo', 1, '1.1.1'),
(59, 'ps_buybuttonlite', 1, '1.0.1'),
(60, 'blockreassurance', 1, '3.0.1'),
(63, 'leoblog', 1, '3.0.6'),
(64, 'leobootstrapmenu', 1, '4.1.1'),
(65, 'leoslideshow', 1, '1.0.4'),
(66, 'leofeature', 1, '2.1.6'),
(67, 'blockgrouptop', 1, '1.3.4'),
(68, 'leoquicklogin', 1, '1.0.9'),
(69, 'leoproductsearch', 1, '2.1.6'),
(70, 'pscleaner', 1, '1.8'),
(71, 'pscookiebanner', 1, '1.0.9'),
(73, 'opartdevis', 1, '4.2.10'),
(74, 'hsmultiaccessoriespro', 1, '4.0.0'),
(76, 'idxvalidatinguser', 1, '2.9.8'),
(77, 'appagebuilder', 1, '2.2.5'),
(81, 'ps_facetedsearch', 1, '3.4.0'),
(82, 'pm_advancedpack', 1, '5.2.9');

-- --------------------------------------------------------

--
-- Table structure for table `ps_module_carrier`
--

CREATE TABLE `ps_module_carrier` (
  `id_module` int(10) UNSIGNED NOT NULL,
  `id_shop` int(11) UNSIGNED NOT NULL DEFAULT 1,
  `id_reference` int(11) NOT NULL
) ENGINE=InnoDB DEFAULT CHARSET=utf8;

--
-- Dumping data for table `ps_module_carrier`
--

INSERT INTO `ps_module_carrier` (`id_module`, `id_shop`, `id_reference`) VALUES
(11, 1, 1),
(11, 1, 2),
(30, 1, 1),
(30, 1, 2),
(73, 1, 1),
(73, 1, 2);

-- --------------------------------------------------------

--
-- Table structure for table `ps_module_country`
--

CREATE TABLE `ps_module_country` (
  `id_module` int(10) UNSIGNED NOT NULL,
  `id_shop` int(11) UNSIGNED NOT NULL DEFAULT 1,
  `id_country` int(10) UNSIGNED NOT NULL
) ENGINE=InnoDB DEFAULT CHARSET=utf8;

--
-- Dumping data for table `ps_module_country`
--

INSERT INTO `ps_module_country` (`id_module`, `id_shop`, `id_country`) VALUES
(11, 1, 8),
(30, 1, 8),
(73, 1, 8);

-- --------------------------------------------------------

--
-- Table structure for table `ps_module_currency`
--

CREATE TABLE `ps_module_currency` (
  `id_module` int(10) UNSIGNED NOT NULL,
  `id_shop` int(11) UNSIGNED NOT NULL DEFAULT 1,
  `id_currency` int(11) NOT NULL
) ENGINE=InnoDB DEFAULT CHARSET=utf8;

--
-- Dumping data for table `ps_module_currency`
--

INSERT INTO `ps_module_currency` (`id_module`, `id_shop`, `id_currency`) VALUES
(11, 1, 1),
(30, 1, 1),
(73, 1, 1);

-- --------------------------------------------------------

--
-- Table structure for table `ps_module_group`
--

CREATE TABLE `ps_module_group` (
  `id_module` int(10) UNSIGNED NOT NULL,
  `id_shop` int(11) UNSIGNED NOT NULL DEFAULT 1,
  `id_group` int(11) UNSIGNED NOT NULL
) ENGINE=InnoDB DEFAULT CHARSET=utf8;

--
-- Dumping data for table `ps_module_group`
--

INSERT INTO `ps_module_group` (`id_module`, `id_shop`, `id_group`) VALUES
(1, 1, 1),
(1, 1, 2),
(1, 1, 3),
(2, 1, 1),
(2, 1, 2),
(2, 1, 3),
(3, 1, 1),
(3, 1, 2),
(3, 1, 3),
(4, 1, 1),
(4, 1, 2),
(4, 1, 3),
(5, 1, 1),
(5, 1, 2),
(5, 1, 3),
(6, 1, 1),
(6, 1, 2),
(6, 1, 3),
(7, 1, 1),
(7, 1, 2),
(7, 1, 3),
(8, 1, 1),
(8, 1, 2),
(8, 1, 3),
(9, 1, 1),
(9, 1, 2),
(9, 1, 3),
(10, 1, 1),
(10, 1, 2),
(10, 1, 3),
(11, 1, 3),
(12, 1, 1),
(12, 1, 2),
(12, 1, 3),
(13, 1, 1),
(13, 1, 2),
(13, 1, 3),
(15, 1, 1),
(15, 1, 2),
(15, 1, 3),
(16, 1, 1),
(16, 1, 2),
(16, 1, 3),
(17, 1, 1),
(17, 1, 2),
(17, 1, 3),
(19, 1, 1),
(19, 1, 2),
(19, 1, 3),
(20, 1, 1),
(20, 1, 2),
(20, 1, 3),
(21, 1, 1),
(21, 1, 2),
(21, 1, 3),
(22, 1, 1),
(22, 1, 2),
(22, 1, 3),
(23, 1, 1),
(23, 1, 2),
(23, 1, 3),
(24, 1, 1),
(24, 1, 2),
(24, 1, 3),
(25, 1, 1),
(25, 1, 2),
(25, 1, 3),
(26, 1, 1),
(26, 1, 2),
(26, 1, 3),
(27, 1, 1),
(27, 1, 2),
(27, 1, 3),
(28, 1, 1),
(28, 1, 2),
(28, 1, 3),
(29, 1, 1),
(29, 1, 2),
(29, 1, 3),
(30, 1, 3),
(31, 1, 1),
(31, 1, 2),
(31, 1, 3),
(32, 1, 1),
(32, 1, 2),
(32, 1, 3),
(33, 1, 1),
(33, 1, 2),
(33, 1, 3),
(34, 1, 1),
(34, 1, 2),
(34, 1, 3),
(35, 1, 1),
(35, 1, 2),
(35, 1, 3),
(36, 1, 1),
(36, 1, 2),
(36, 1, 3),
(37, 1, 1),
(37, 1, 2),
(37, 1, 3),
(38, 1, 1),
(38, 1, 2),
(38, 1, 3),
(39, 1, 1),
(39, 1, 2),
(39, 1, 3),
(40, 1, 1),
(40, 1, 2),
(40, 1, 3),
(41, 1, 1),
(41, 1, 2),
(41, 1, 3),
(42, 1, 1),
(42, 1, 2),
(42, 1, 3),
(43, 1, 1),
(43, 1, 2),
(43, 1, 3),
(44, 1, 1),
(44, 1, 2),
(44, 1, 3),
(45, 1, 1),
(45, 1, 2),
(45, 1, 3),
(46, 1, 1),
(46, 1, 2),
(46, 1, 3),
(47, 1, 1),
(47, 1, 2),
(47, 1, 3),
(48, 1, 1),
(48, 1, 2),
(48, 1, 3),
(49, 1, 1),
(49, 1, 2),
(49, 1, 3),
(50, 1, 1),
(50, 1, 2),
(50, 1, 3),
(51, 1, 1),
(51, 1, 2),
(51, 1, 3),
(52, 1, 1),
(52, 1, 2),
(52, 1, 3),
(53, 1, 1),
(53, 1, 2),
(53, 1, 3),
(54, 1, 1),
(54, 1, 2),
(54, 1, 3),
(55, 1, 1),
(55, 1, 2),
(55, 1, 3),
(56, 1, 1),
(56, 1, 2),
(56, 1, 3),
(57, 1, 1),
(57, 1, 2),
(57, 1, 3),
(58, 1, 1),
(58, 1, 2),
(58, 1, 3),
(59, 1, 1),
(59, 1, 2),
(59, 1, 3),
(60, 1, 1),
(60, 1, 2),
(60, 1, 3),
(63, 1, 1),
(63, 1, 2),
(63, 1, 3),
(64, 1, 1),
(64, 1, 2),
(64, 1, 3),
(65, 1, 1),
(65, 1, 2),
(65, 1, 3),
(66, 1, 1),
(66, 1, 2),
(66, 1, 3),
(67, 1, 1),
(67, 1, 2),
(67, 1, 3),
(68, 1, 1),
(68, 1, 2),
(68, 1, 3),
(69, 1, 1),
(69, 1, 2),
(69, 1, 3),
(70, 1, 1),
(70, 1, 2),
(70, 1, 3),
(71, 1, 1),
(71, 1, 2),
(71, 1, 3),
(73, 1, 3),
(74, 1, 1),
(74, 1, 2),
(74, 1, 3),
(76, 1, 1),
(76, 1, 2),
(76, 1, 3),
(77, 1, 1),
(77, 1, 2),
(77, 1, 3),
(81, 1, 1),
(81, 1, 2),
(81, 1, 3),
(82, 1, 1),
(82, 1, 2),
(82, 1, 3);

-- --------------------------------------------------------

--
-- Table structure for table `ps_module_history`
--

CREATE TABLE `ps_module_history` (
  `id` int(11) NOT NULL,
  `id_employee` int(11) NOT NULL,
  `id_module` int(11) NOT NULL,
  `date_add` datetime NOT NULL,
  `date_upd` datetime NOT NULL
) ENGINE=InnoDB DEFAULT CHARSET=utf8 COLLATE=utf8_unicode_ci;

--
-- Dumping data for table `ps_module_history`
--

INSERT INTO `ps_module_history` (`id`, `id_employee`, `id_module`, `date_add`, `date_upd`) VALUES
(1, 1, 70, '2019-09-21 15:58:18', '2019-12-06 13:21:08'),
(2, 1, 57, '2019-09-21 16:01:51', '2019-09-24 14:37:34'),
(3, 1, 71, '2019-09-21 16:05:13', '2019-10-09 10:36:26'),
(4, 1, 72, '2019-09-22 06:10:56', '2019-10-03 15:18:17'),
(5, 1, 73, '2019-09-22 06:12:06', '2019-11-06 15:32:08'),
(6, 1, 1, '2019-09-24 13:39:17', '2019-09-24 13:39:17'),
(7, 1, 74, '2019-10-01 13:40:22', '2019-10-08 11:04:24'),
(8, 1, 66, '2019-10-02 14:49:16', '2019-10-23 06:15:24'),
(9, 1, 69, '2019-10-02 16:30:52', '2019-10-08 15:12:15'),
(10, 1, 61, '2019-10-03 11:51:12', '2019-10-03 11:51:12'),
(11, 1, 76, '2019-10-03 15:21:32', '2019-10-04 11:37:06'),
(12, 1, 75, '2019-10-03 17:18:04', '2019-10-08 13:45:03'),
(13, 1, 27, '2019-10-04 09:37:01', '2019-10-23 06:19:39'),
(14, 1, 62, '2019-10-04 16:08:51', '2019-10-04 16:08:51'),
(15, 1, 78, '2019-10-08 14:27:22', '2019-10-08 14:46:30'),
(16, 1, 10, '2019-10-08 15:18:11', '2019-10-24 16:45:23'),
(17, 1, 79, '2019-10-08 15:36:46', '2019-10-08 15:36:46'),
(18, 1, 80, '2019-10-08 15:40:26', '2019-10-08 15:40:26'),
(19, 1, 81, '2019-10-08 15:42:29', '2019-10-24 16:23:47'),
(20, 1, 82, '2019-10-22 15:08:01', '2019-12-10 16:09:51'),
(21, 1, 64, '2019-10-24 16:21:50', '2020-01-02 14:39:21'),
(22, 3, 82, '2019-11-28 11:52:40', '2019-11-28 11:52:40'),
(23, 1, 30, '2019-12-20 10:14:45', '2019-12-20 10:14:45'),
(24, 1, 77, '2020-01-06 14:14:55', '2020-01-06 14:14:55'),
(25, 4, 82, '2020-02-04 10:07:08', '2020-02-07 15:20:18');

-- --------------------------------------------------------

--
-- Table structure for table `ps_module_preference`
--

CREATE TABLE `ps_module_preference` (
  `id_module_preference` int(11) NOT NULL,
  `id_employee` int(11) NOT NULL,
  `module` varchar(255) NOT NULL,
  `interest` tinyint(1) DEFAULT NULL,
  `favorite` tinyint(1) DEFAULT NULL
) ENGINE=InnoDB DEFAULT CHARSET=utf8;

-- --------------------------------------------------------

--
-- Table structure for table `ps_module_shop`
--

CREATE TABLE `ps_module_shop` (
  `id_module` int(11) UNSIGNED NOT NULL,
  `id_shop` int(11) UNSIGNED NOT NULL,
  `enable_device` tinyint(1) NOT NULL DEFAULT 7
) ENGINE=InnoDB DEFAULT CHARSET=utf8;

--
-- Dumping data for table `ps_module_shop`
--

INSERT INTO `ps_module_shop` (`id_module`, `id_shop`, `enable_device`) VALUES
(1, 1, 7),
(2, 1, 7),
(3, 1, 7),
(4, 1, 7),
(5, 1, 7),
(6, 1, 7),
(7, 1, 7),
(8, 1, 7),
(10, 1, 7),
(11, 1, 7),
(13, 1, 7),
(15, 1, 7),
(19, 1, 7),
(22, 1, 7),
(23, 1, 7),
(25, 1, 7),
(27, 1, 7),
(29, 1, 7),
(30, 1, 7),
(31, 1, 7),
(32, 1, 7),
(33, 1, 7),
(34, 1, 7),
(35, 1, 7),
(36, 1, 7),
(37, 1, 7),
(38, 1, 7),
(39, 1, 7),
(40, 1, 7),
(41, 1, 7),
(42, 1, 7),
(43, 1, 7),
(44, 1, 7),
(45, 1, 7),
(46, 1, 7),
(47, 1, 7),
(48, 1, 7),
(49, 1, 7),
(50, 1, 7),
(51, 1, 7),
(52, 1, 7),
(53, 1, 7),
(54, 1, 7),
(56, 1, 7),
(57, 1, 7),
(58, 1, 7),
(59, 1, 7),
(63, 1, 7),
(64, 1, 7),
(65, 1, 7),
(66, 1, 7),
(67, 1, 7),
(68, 1, 7),
(69, 1, 7),
(70, 1, 7),
(71, 1, 7),
(73, 1, 7),
(76, 1, 7),
(77, 1, 7),
(82, 1, 7);

-- --------------------------------------------------------

--
-- Table structure for table `ps_opartdevis`
--

CREATE TABLE `ps_opartdevis` (
  `id_opartdevis` int(10) NOT NULL,
  `id_cart` int(10) NOT NULL,
  `id_customer` int(10) NOT NULL,
  `name` varchar(128) DEFAULT NULL,
  `message_visible` text DEFAULT NULL,
  `id_customer_thread` int(10) DEFAULT NULL,
  `date_add` datetime NOT NULL,
  `status` int(2) DEFAULT 0,
  `id_order` int(10) DEFAULT NULL
) ENGINE=InnoDB DEFAULT CHARSET=utf8;

--
-- Dumping data for table `ps_opartdevis`
--

INSERT INTO `ps_opartdevis` (`id_opartdevis`, `id_cart`, `id_customer`, `name`, `message_visible`, `id_customer_thread`, `date_add`, `status`, `id_order`) VALUES
(2, 2, 1, 'Devis 2019-10-03_16:45:42', '', 0, '2019-10-03 16:45:42', 2, 1);

-- --------------------------------------------------------

--
-- Table structure for table `ps_operating_system`
--

CREATE TABLE `ps_operating_system` (
  `id_operating_system` int(10) UNSIGNED NOT NULL,
  `name` varchar(64) DEFAULT NULL
) ENGINE=InnoDB DEFAULT CHARSET=utf8;

--
-- Dumping data for table `ps_operating_system`
--

INSERT INTO `ps_operating_system` (`id_operating_system`, `name`) VALUES
(1, 'Windows XP'),
(2, 'Windows Vista'),
(3, 'Windows 7'),
(4, 'Windows 8'),
(5, 'Windows 8.1'),
(6, 'Windows 10'),
(7, 'MacOsX'),
(8, 'Linux'),
(9, 'Android');

-- --------------------------------------------------------

--
-- Table structure for table `ps_orders`
--

CREATE TABLE `ps_orders` (
  `id_order` int(10) UNSIGNED NOT NULL,
  `reference` varchar(9) DEFAULT NULL,
  `id_shop_group` int(11) UNSIGNED NOT NULL DEFAULT 1,
  `id_shop` int(11) UNSIGNED NOT NULL DEFAULT 1,
  `id_carrier` int(10) UNSIGNED NOT NULL,
  `id_lang` int(10) UNSIGNED NOT NULL,
  `id_customer` int(10) UNSIGNED NOT NULL,
  `id_cart` int(10) UNSIGNED NOT NULL,
  `id_currency` int(10) UNSIGNED NOT NULL,
  `id_address_delivery` int(10) UNSIGNED NOT NULL,
  `id_address_invoice` int(10) UNSIGNED NOT NULL,
  `current_state` int(10) UNSIGNED NOT NULL,
  `secure_key` varchar(32) NOT NULL DEFAULT '-1',
  `payment` varchar(255) NOT NULL,
  `conversion_rate` decimal(13,6) NOT NULL DEFAULT 1.000000,
  `module` varchar(255) DEFAULT NULL,
  `recyclable` tinyint(1) UNSIGNED NOT NULL DEFAULT 0,
  `gift` tinyint(1) UNSIGNED NOT NULL DEFAULT 0,
  `gift_message` text DEFAULT NULL,
  `mobile_theme` tinyint(1) NOT NULL DEFAULT 0,
  `shipping_number` varchar(64) DEFAULT NULL,
  `total_discounts` decimal(20,6) NOT NULL DEFAULT 0.000000,
  `total_discounts_tax_incl` decimal(20,6) NOT NULL DEFAULT 0.000000,
  `total_discounts_tax_excl` decimal(20,6) NOT NULL DEFAULT 0.000000,
  `total_paid` decimal(20,6) NOT NULL DEFAULT 0.000000,
  `total_paid_tax_incl` decimal(20,6) NOT NULL DEFAULT 0.000000,
  `total_paid_tax_excl` decimal(20,6) NOT NULL DEFAULT 0.000000,
  `total_paid_real` decimal(20,6) NOT NULL DEFAULT 0.000000,
  `total_products` decimal(20,6) NOT NULL DEFAULT 0.000000,
  `total_products_wt` decimal(20,6) NOT NULL DEFAULT 0.000000,
  `total_shipping` decimal(20,6) NOT NULL DEFAULT 0.000000,
  `total_shipping_tax_incl` decimal(20,6) NOT NULL DEFAULT 0.000000,
  `total_shipping_tax_excl` decimal(20,6) NOT NULL DEFAULT 0.000000,
  `carrier_tax_rate` decimal(10,3) NOT NULL DEFAULT 0.000,
  `total_wrapping` decimal(20,6) NOT NULL DEFAULT 0.000000,
  `total_wrapping_tax_incl` decimal(20,6) NOT NULL DEFAULT 0.000000,
  `total_wrapping_tax_excl` decimal(20,6) NOT NULL DEFAULT 0.000000,
  `round_mode` tinyint(1) NOT NULL DEFAULT 2,
  `round_type` tinyint(1) NOT NULL DEFAULT 1,
  `invoice_number` int(10) UNSIGNED NOT NULL DEFAULT 0,
  `delivery_number` int(10) UNSIGNED NOT NULL DEFAULT 0,
  `invoice_date` datetime NOT NULL,
  `delivery_date` datetime NOT NULL,
  `valid` int(1) UNSIGNED NOT NULL DEFAULT 0,
  `date_add` datetime NOT NULL,
  `date_upd` datetime NOT NULL
) ENGINE=InnoDB DEFAULT CHARSET=utf8;

--
-- Dumping data for table `ps_orders`
--

INSERT INTO `ps_orders` (`id_order`, `reference`, `id_shop_group`, `id_shop`, `id_carrier`, `id_lang`, `id_customer`, `id_cart`, `id_currency`, `id_address_delivery`, `id_address_invoice`, `current_state`, `secure_key`, `payment`, `conversion_rate`, `module`, `recyclable`, `gift`, `gift_message`, `mobile_theme`, `shipping_number`, `total_discounts`, `total_discounts_tax_incl`, `total_discounts_tax_excl`, `total_paid`, `total_paid_tax_incl`, `total_paid_tax_excl`, `total_paid_real`, `total_products`, `total_products_wt`, `total_shipping`, `total_shipping_tax_incl`, `total_shipping_tax_excl`, `carrier_tax_rate`, `total_wrapping`, `total_wrapping_tax_incl`, `total_wrapping_tax_excl`, `round_mode`, `round_type`, `invoice_number`, `delivery_number`, `invoice_date`, `delivery_date`, `valid`, `date_add`, `date_upd`) VALUES
(1, 'YTKWFFMQD', 1, 1, 1, 1, 1, 2, 1, 6, 6, 1, '60a024fd1fce52394d837d97747b0d94', 'Transfert bancaire', 1.000000, 'ps_wirepayment', 0, 0, '', 0, '', 0.000000, 0.000000, 0.000000, 1107.980000, 1107.980000, 923.320000, 1107.980000, 923.320000, 1107.980000, 0.000000, 0.000000, 0.000000, 20.000, 0.000000, 0.000000, 0.000000, 2, 2, 3, 0, '2019-12-06 11:25:05', '0000-00-00 00:00:00', 0, '2019-10-03 17:09:45', '2019-12-06 11:27:59'),
(2, 'BLDAGMYOJ', 1, 1, 1, 1, 1, 3, 1, 6, 6, 2, '60a024fd1fce52394d837d97747b0d94', 'Transfert bancaire', 1.000000, 'ps_wirepayment', 0, 0, '', 0, '', 0.000000, 0.000000, 0.000000, 1525.200000, 1525.200000, 1271.000000, 1525.200000, 1271.000000, 1525.200000, 0.000000, 0.000000, 0.000000, 20.000, 0.000000, 0.000000, 0.000000, 2, 2, 2, 0, '2019-12-06 11:21:57', '0000-00-00 00:00:00', 1, '2019-10-04 09:34:14', '2019-12-06 11:21:57'),
(3, 'FURAFZDNQ', 1, 1, 1, 1, 1, 5, 1, 6, 6, 2, '60a024fd1fce52394d837d97747b0d94', 'Chèque', 1.000000, 'ps_checkpayment', 0, 0, '', 0, '', 0.000000, 0.000000, 0.000000, 396.000000, 396.000000, 330.000000, 396.000000, 330.000000, 396.000000, 0.000000, 0.000000, 0.000000, 20.000, 0.000000, 0.000000, 0.000000, 2, 2, 1, 0, '2019-12-06 10:22:05', '0000-00-00 00:00:00', 1, '2019-12-06 10:21:30', '2019-12-06 13:15:33'),
(4, 'ADFTDZKYN', 1, 1, 1, 1, 1, 4, 1, 6, 6, 2, '60a024fd1fce52394d837d97747b0d94', 'Transfert bancaire', 1.000000, 'ps_wirepayment', 0, 0, '', 0, '', 0.000000, 0.000000, 0.000000, 544.800000, 544.800000, 454.000000, 544.800000, 454.000000, 544.800000, 0.000000, 0.000000, 0.000000, 20.000, 0.000000, 0.000000, 0.000000, 2, 2, 4, 0, '2019-12-06 13:15:05', '0000-00-00 00:00:00', 1, '2019-12-06 11:58:04', '2019-12-06 13:15:05'),
(5, 'XZIOGWXDP', 1, 1, 1, 1, 1, 15, 1, 6, 6, 1, '60a024fd1fce52394d837d97747b0d94', 'Chèque', 1.000000, 'ps_checkpayment', 0, 0, '', 0, '', 0.000000, 0.000000, 0.000000, 6538.140000, 6538.140000, 5448.450000, 0.000000, 5448.450000, 6538.140000, 0.000000, 0.000000, 0.000000, 20.000, 0.000000, 0.000000, 0.000000, 2, 2, 0, 0, '0000-00-00 00:00:00', '0000-00-00 00:00:00', 0, '2020-01-23 10:35:30', '2020-01-23 10:35:31');

-- --------------------------------------------------------

--
-- Table structure for table `ps_order_carrier`
--

CREATE TABLE `ps_order_carrier` (
  `id_order_carrier` int(11) NOT NULL,
  `id_order` int(11) UNSIGNED NOT NULL,
  `id_carrier` int(11) UNSIGNED NOT NULL,
  `id_order_invoice` int(11) UNSIGNED DEFAULT NULL,
  `weight` decimal(20,6) DEFAULT NULL,
  `shipping_cost_tax_excl` decimal(20,6) DEFAULT NULL,
  `shipping_cost_tax_incl` decimal(20,6) DEFAULT NULL,
  `tracking_number` varchar(64) DEFAULT NULL,
  `date_add` datetime NOT NULL
) ENGINE=InnoDB DEFAULT CHARSET=utf8;

--
-- Dumping data for table `ps_order_carrier`
--

INSERT INTO `ps_order_carrier` (`id_order_carrier`, `id_order`, `id_carrier`, `id_order_invoice`, `weight`, `shipping_cost_tax_excl`, `shipping_cost_tax_incl`, `tracking_number`, `date_add`) VALUES
(1, 1, 1, 3, 0.000000, 0.000000, 0.000000, '', '2019-10-03 17:09:45'),
(2, 2, 1, 2, 19.000000, 0.000000, 0.000000, '', '2019-10-04 09:34:14'),
(3, 3, 1, 1, 1.480000, 0.000000, 0.000000, '', '2019-12-06 10:21:30'),
(4, 4, 1, 4, 0.000000, 0.000000, 0.000000, '', '2019-12-06 11:58:04'),
(5, 5, 1, 0, 72.226000, 0.000000, 0.000000, '', '2020-01-23 10:35:30');

-- --------------------------------------------------------

--
-- Table structure for table `ps_order_cart_rule`
--

CREATE TABLE `ps_order_cart_rule` (
  `id_order_cart_rule` int(10) UNSIGNED NOT NULL,
  `id_order` int(10) UNSIGNED NOT NULL,
  `id_cart_rule` int(10) UNSIGNED NOT NULL,
  `id_order_invoice` int(10) UNSIGNED DEFAULT 0,
  `name` varchar(254) NOT NULL,
  `value` decimal(17,2) NOT NULL DEFAULT 0.00,
  `value_tax_excl` decimal(17,2) NOT NULL DEFAULT 0.00,
  `free_shipping` tinyint(1) NOT NULL DEFAULT 0
) ENGINE=InnoDB DEFAULT CHARSET=utf8;

-- --------------------------------------------------------

--
-- Table structure for table `ps_order_detail`
--

CREATE TABLE `ps_order_detail` (
  `id_order_detail` int(10) UNSIGNED NOT NULL,
  `id_order` int(10) UNSIGNED NOT NULL,
  `id_order_invoice` int(11) DEFAULT NULL,
  `id_warehouse` int(10) UNSIGNED DEFAULT 0,
  `id_shop` int(11) UNSIGNED NOT NULL,
  `product_id` int(10) UNSIGNED NOT NULL,
  `product_attribute_id` int(10) UNSIGNED DEFAULT NULL,
  `id_customization` int(10) UNSIGNED DEFAULT 0,
  `product_name` varchar(255) NOT NULL,
  `product_quantity` int(10) UNSIGNED NOT NULL DEFAULT 0,
  `product_quantity_in_stock` int(10) NOT NULL DEFAULT 0,
  `product_quantity_refunded` int(10) UNSIGNED NOT NULL DEFAULT 0,
  `product_quantity_return` int(10) UNSIGNED NOT NULL DEFAULT 0,
  `product_quantity_reinjected` int(10) UNSIGNED NOT NULL DEFAULT 0,
  `product_price` decimal(20,6) NOT NULL DEFAULT 0.000000,
  `reduction_percent` decimal(10,2) NOT NULL DEFAULT 0.00,
  `reduction_amount` decimal(20,6) NOT NULL DEFAULT 0.000000,
  `reduction_amount_tax_incl` decimal(20,6) NOT NULL DEFAULT 0.000000,
  `reduction_amount_tax_excl` decimal(20,6) NOT NULL DEFAULT 0.000000,
  `group_reduction` decimal(10,2) NOT NULL DEFAULT 0.00,
  `product_quantity_discount` decimal(20,6) NOT NULL DEFAULT 0.000000,
  `product_ean13` varchar(13) DEFAULT NULL,
  `product_isbn` varchar(32) DEFAULT NULL,
  `product_upc` varchar(12) DEFAULT NULL,
  `product_reference` varchar(64) DEFAULT NULL,
  `product_supplier_reference` varchar(64) DEFAULT NULL,
  `product_weight` decimal(20,6) NOT NULL,
  `id_tax_rules_group` int(11) UNSIGNED DEFAULT 0,
  `tax_computation_method` tinyint(1) UNSIGNED NOT NULL DEFAULT 0,
  `tax_name` varchar(16) NOT NULL,
  `tax_rate` decimal(10,3) NOT NULL DEFAULT 0.000,
  `ecotax` decimal(21,6) NOT NULL DEFAULT 0.000000,
  `ecotax_tax_rate` decimal(5,3) NOT NULL DEFAULT 0.000,
  `discount_quantity_applied` tinyint(1) NOT NULL DEFAULT 0,
  `download_hash` varchar(255) DEFAULT NULL,
  `download_nb` int(10) UNSIGNED DEFAULT 0,
  `download_deadline` datetime DEFAULT NULL,
  `total_price_tax_incl` decimal(20,6) NOT NULL DEFAULT 0.000000,
  `total_price_tax_excl` decimal(20,6) NOT NULL DEFAULT 0.000000,
  `unit_price_tax_incl` decimal(20,6) NOT NULL DEFAULT 0.000000,
  `unit_price_tax_excl` decimal(20,6) NOT NULL DEFAULT 0.000000,
  `total_shipping_price_tax_incl` decimal(20,6) NOT NULL DEFAULT 0.000000,
  `total_shipping_price_tax_excl` decimal(20,6) NOT NULL DEFAULT 0.000000,
  `purchase_supplier_price` decimal(20,6) NOT NULL DEFAULT 0.000000,
  `original_product_price` decimal(20,6) NOT NULL DEFAULT 0.000000,
  `original_wholesale_price` decimal(20,6) NOT NULL DEFAULT 0.000000
) ENGINE=InnoDB DEFAULT CHARSET=utf8;

--
-- Dumping data for table `ps_order_detail`
--

INSERT INTO `ps_order_detail` (`id_order_detail`, `id_order`, `id_order_invoice`, `id_warehouse`, `id_shop`, `product_id`, `product_attribute_id`, `id_customization`, `product_name`, `product_quantity`, `product_quantity_in_stock`, `product_quantity_refunded`, `product_quantity_return`, `product_quantity_reinjected`, `product_price`, `reduction_percent`, `reduction_amount`, `reduction_amount_tax_incl`, `reduction_amount_tax_excl`, `group_reduction`, `product_quantity_discount`, `product_ean13`, `product_isbn`, `product_upc`, `product_reference`, `product_supplier_reference`, `product_weight`, `id_tax_rules_group`, `tax_computation_method`, `tax_name`, `tax_rate`, `ecotax`, `ecotax_tax_rate`, `discount_quantity_applied`, `download_hash`, `download_nb`, `download_deadline`, `total_price_tax_incl`, `total_price_tax_excl`, `unit_price_tax_incl`, `unit_price_tax_excl`, `total_shipping_price_tax_incl`, `total_shipping_price_tax_excl`, `purchase_supplier_price`, `original_product_price`, `original_wholesale_price`) VALUES
(1, 1, 3, 0, 1, 66, 0, 0, 'Boîte à débit variable en acier Ø 100 mm', 2, -2, 0, 0, 0, 461.660000, 0.00, 0.000000, 0.000000, 0.000000, 0.00, 0.000000, '', '', '', 'E-BDV.A100', '', 0.000000, 1, 0, '', 0.000, 0.000000, 0.000, 1, '', 0, '0000-00-00 00:00:00', 1107.980000, 923.320000, 553.992000, 461.660000, 0.000000, 0.000000, 137.350000, 461.660000, 137.350000),
(2, 2, 2, 0, 1, 451, 0, 0, 'Caisson à charbon actif ECRO 1200 m³/h -4 filtres standards', 1, -1, 0, 0, 0, 1271.000000, 0.00, 0.000000, 0.000000, 0.000000, 0.00, 0.000000, '', '', '', 'F-CCAE1200', '', 19.000000, 1, 0, '', 0.000, 0.000000, 0.000, 0, '', 0, '0000-00-00 00:00:00', 1525.200000, 1271.000000, 1525.200000, 1271.000000, 0.000000, 0.000000, 277.830000, 1271.000000, 277.830000),
(3, 3, 1, 0, 1, 50, 14848, 0, 'Servomoteur TOR  5N - 24V - 3 points - Type : Moteur TOR 5N - 230VAC  - ressort de rappel + Contact', 1, -1, 0, 0, 0, 330.000000, 0.00, 0.000000, 0.000000, 0.000000, 0.00, 0.000000, '', '', '', 'EA-MOTTORMR230S', '', 1.480000, 1, 0, '', 0.000, 0.000000, 0.000, 0, '', 0, '0000-00-00 00:00:00', 396.000000, 330.000000, 396.000000, 330.000000, 0.000000, 0.000000, 44.100000, 330.000000, 44.100000),
(4, 4, 4, 0, 1, 1141, 516, 0, 'Registre à motoriser - PVC - Diamètre : 200 mm- Moteur pour registres motorisables : EA-MOTR24B - Moteur rapide 0-10V 24V - 2.5 sec.', 1, -1, 0, 0, 0, 454.000000, 0.00, 0.000000, 0.000000, 0.000000, 0.00, 0.000000, '', '', '', 'VA-RAMO.P200FF + EA-MOTR24B', '', 0.000000, 1, 0, '', 0.000, 0.000000, 0.000, 0, '', 0, '0000-00-00 00:00:00', 544.800000, 454.000000, 544.800000, 454.000000, 0.000000, 0.000000, 13.070000, 454.000000, 13.070000),
(7, 5, 0, 0, 1, 1428, 1668, 0, 'Ventilateur type P20 2 pôles TRI IP55 0.18kw - Position  : LG 45°', 1, 0, 0, 0, 0, 606.900000, 0.00, 0.000000, 0.000000, 0.000000, 0.00, 0.000000, '', '', '', 'V-P202IT-LG', '', 10.000000, 1, 0, '', 0.000, 0.000000, 0.000, 0, '', 0, '0000-00-00 00:00:00', 728.280000, 606.900000, 728.280000, 606.900000, 0.000000, 0.000000, 170.000000, 606.900000, 170.000000),
(8, 5, 0, 0, 1, 1035, 1114, 0, 'Interrupteur de proximité cadenassable - ATEX : NON, Courant : 16 A, Option : Non monté', 1, 0, 0, 0, 0, 42.300000, 0.00, 0.000000, 0.000000, 0.000000, 0.00, 0.000000, '', '', '', 'VA-INTM3.16', '', 0.318000, 1, 0, '', 0.000, 0.000000, 0.000, 0, '', 0, '0000-00-00 00:00:00', 50.760000, 42.300000, 50.760000, 42.300000, 0.000000, 0.000000, 4.700000, 42.300000, 4.700000),
(9, 5, 0, 0, 1, 1095, 1039, 0, 'Manchette souple - Diamètre : 160 mm, Matière : PVC', 1, 0, 0, 0, 0, 23.400000, 0.00, 0.000000, 0.000000, 0.000000, 0.00, 0.000000, '', '', '', 'VA-MANCHS160', '', 0.000000, 1, 0, '', 0.000, 0.000000, 0.000, 0, '', 0, '0000-00-00 00:00:00', 28.080000, 23.400000, 28.080000, 23.400000, 0.000000, 0.000000, 4.500000, 23.400000, 4.500000),
(10, 5, 0, 0, 1, 866, 1575, 0, 'Paire colliers de fixation Ø60 - 215 inox - Diamètre : Ø 60 - 215', 1, 0, 0, 0, 0, 6.480000, 0.00, 0.000000, 0.000000, 0.000000, 0.00, 0.000000, '', '', '', 'VA-COLLIER1225I', '', 0.000000, 1, 0, '', 0.000, 0.000000, 0.000, 0, '', 0, '0000-00-00 00:00:00', 7.776000, 6.480000, 7.776000, 6.480000, 0.000000, 0.000000, 0.540000, 6.480000, 0.540000),
(11, 5, 0, 0, 1, 1316, 1077, 0, 'Sortie ronde à grille sifflet - Diamètre : 160 mm', 1, 0, 0, 0, 0, 48.750000, 0.00, 0.000000, 0.000000, 0.000000, 0.00, 0.000000, '', '', '', 'VA-SRAG160', '', 0.000000, 1, 0, '', 0.000, 0.000000, 0.000, 0, '', 0, '0000-00-00 00:00:00', 58.500000, 48.750000, 58.500000, 48.750000, 0.000000, 0.000000, 5.800000, 48.750000, 5.800000),
(12, 5, 0, 0, 1, 847, 1092, 0, 'Capot moteur en PEhd noir - Compatibilité : P / PC / PA 20', 1, 0, 0, 0, 0, 18.600000, 0.00, 0.000000, 0.000000, 0.000000, 0.00, 0.000000, '', '', '', 'VA-CM20', '', 0.000000, 1, 0, '', 0.000, 0.000000, 0.000, 0, '', 0, '0000-00-00 00:00:00', 22.320000, 18.600000, 22.320000, 18.600000, 0.000000, 0.000000, 2.180000, 18.600000, 2.180000),
(13, 5, 0, 0, 1, 1128, 1492, 0, 'Purge sur volute - Type : 15 x 21 pour P20 à P45', 1, 0, 0, 0, 0, 18.000000, 0.00, 0.000000, 0.000000, 0.000000, 0.00, 0.000000, '', '', '', 'VA-PURGEVOL2045', '', 0.000000, 1, 0, '', 0.000, 0.000000, 0.000, 0, '', 0, '0000-00-00 00:00:00', 21.600000, 18.000000, 21.600000, 18.000000, 0.000000, 0.000000, 0.220000, 18.000000, 0.220000),
(14, 5, 0, 0, 1, 805, 1339, 0, 'Plot antivibratile - Type  : 20 x 20 Type A M6', 4, 0, 0, 0, 0, 3.480000, 0.00, 0.000000, 0.000000, 0.000000, 0.00, 0.000000, '', '', '', 'VA-ANTIVIB2020M6', '', 0.000000, 1, 0, '', 0.000, 0.000000, 0.000, 0, '', 0, '0000-00-00 00:00:00', 16.704000, 13.920000, 4.176000, 3.480000, 0.000000, 0.000000, 28.000000, 3.480000, 28.000000),
(15, 5, 0, 0, 1, 1428, 1667, 0, 'Ventilateur type P20 2 pôles TRI IP55 0.18kw - Position  : LG 0°', 6, 0, 0, 0, 0, 606.900000, 0.00, 0.000000, 0.000000, 0.000000, 0.00, 0.000000, '', '', '', 'V-P202IT-LG', '', 10.000000, 1, 0, '', 0.000, 0.000000, 0.000, 0, '', 0, '0000-00-00 00:00:00', 4369.680000, 3641.400000, 728.280000, 606.900000, 0.000000, 0.000000, 170.000000, 606.900000, 170.000000),
(16, 5, 0, 0, 1, 1035, 1114, 0, 'Interrupteur de proximité cadenassable - ATEX : NON, Courant : 16 A, Option : Non monté', 6, -1, 0, 0, 0, 42.300000, 0.00, 0.000000, 0.000000, 0.000000, 0.00, 0.000000, '', '', '', 'VA-INTM3.16', '', 0.318000, 1, 0, '', 0.000, 0.000000, 0.000, 0, '', 0, '0000-00-00 00:00:00', 304.560000, 253.800000, 50.760000, 42.300000, 0.000000, 0.000000, 4.700000, 42.300000, 4.700000),
(17, 5, 0, 0, 1, 1095, 1039, 0, 'Manchette souple - Diamètre : 160 mm, Matière : PVC', 6, -1, 0, 0, 0, 23.400000, 0.00, 0.000000, 0.000000, 0.000000, 0.00, 0.000000, '', '', '', 'VA-MANCHS160', '', 0.000000, 1, 0, '', 0.000, 0.000000, 0.000, 0, '', 0, '0000-00-00 00:00:00', 168.480000, 140.400000, 28.080000, 23.400000, 0.000000, 0.000000, 4.500000, 23.400000, 4.500000),
(18, 5, 0, 0, 1, 866, 1575, 0, 'Paire colliers de fixation Ø60 - 215 inox - Diamètre : Ø 60 - 215', 6, -1, 0, 0, 0, 6.480000, 0.00, 0.000000, 0.000000, 0.000000, 0.00, 0.000000, '', '', '', 'VA-COLLIER1225I', '', 0.000000, 1, 0, '', 0.000, 0.000000, 0.000, 0, '', 0, '0000-00-00 00:00:00', 46.656000, 38.880000, 7.776000, 6.480000, 0.000000, 0.000000, 0.540000, 6.480000, 0.540000),
(19, 5, 0, 0, 1, 1316, 1077, 0, 'Sortie ronde à grille sifflet - Diamètre : 160 mm', 6, -1, 0, 0, 0, 48.750000, 0.00, 0.000000, 0.000000, 0.000000, 0.00, 0.000000, '', '', '', 'VA-SRAG160', '', 0.000000, 1, 0, '', 0.000, 0.000000, 0.000, 0, '', 0, '0000-00-00 00:00:00', 351.000000, 292.500000, 58.500000, 48.750000, 0.000000, 0.000000, 5.800000, 48.750000, 5.800000),
(20, 5, 0, 0, 1, 847, 1092, 0, 'Capot moteur en PEhd noir - Compatibilité : P / PC / PA 20', 6, -1, 0, 0, 0, 18.600000, 0.00, 0.000000, 0.000000, 0.000000, 0.00, 0.000000, '', '', '', 'VA-CM20', '', 0.000000, 1, 0, '', 0.000, 0.000000, 0.000, 0, '', 0, '0000-00-00 00:00:00', 133.920000, 111.600000, 22.320000, 18.600000, 0.000000, 0.000000, 2.180000, 18.600000, 2.180000),
(21, 5, 0, 0, 1, 1128, 1492, 0, 'Purge sur volute - Type : 15 x 21 pour P20 à P45', 6, -1, 0, 0, 0, 18.000000, 0.00, 0.000000, 0.000000, 0.000000, 0.00, 0.000000, '', '', '', 'VA-PURGEVOL2045', '', 0.000000, 1, 0, '', 0.000, 0.000000, 0.000, 0, '', 0, '0000-00-00 00:00:00', 129.600000, 108.000000, 21.600000, 18.000000, 0.000000, 0.000000, 0.220000, 18.000000, 0.220000),
(22, 5, 0, 0, 1, 805, 1339, 0, 'Plot antivibratile - Type  : 20 x 20 Type A M6', 24, -4, 0, 0, 0, 3.480000, 0.00, 0.000000, 0.000000, 0.000000, 0.00, 0.000000, '', '', '', 'VA-ANTIVIB2020M6', '', 0.000000, 1, 0, '', 0.000, 0.000000, 0.000, 0, '', 0, '0000-00-00 00:00:00', 100.224000, 83.520000, 4.176000, 3.480000, 0.000000, 0.000000, 28.000000, 3.480000, 28.000000);

-- --------------------------------------------------------

--
-- Table structure for table `ps_order_detail_tax`
--

CREATE TABLE `ps_order_detail_tax` (
  `id_order_detail` int(11) NOT NULL,
  `id_tax` int(11) NOT NULL,
  `unit_amount` decimal(16,6) NOT NULL DEFAULT 0.000000,
  `total_amount` decimal(16,6) NOT NULL DEFAULT 0.000000
) ENGINE=InnoDB DEFAULT CHARSET=utf8;

--
-- Dumping data for table `ps_order_detail_tax`
--

INSERT INTO `ps_order_detail_tax` (`id_order_detail`, `id_tax`, `unit_amount`, `total_amount`) VALUES
(1, 1, 92.332000, 184.660000),
(2, 1, 254.200000, 254.200000),
(3, 1, 66.000000, 66.000000),
(4, 1, 90.800000, 90.800000),
(15, 1, 121.380000, 728.280000),
(7, 1, 121.380000, 121.380000),
(19, 1, 9.750000, 58.500000),
(16, 1, 8.460000, 50.760000),
(17, 1, 4.680000, 28.080000),
(20, 1, 3.720000, 22.320000),
(21, 1, 3.600000, 21.600000),
(22, 1, 0.696000, 16.700000),
(11, 1, 9.750000, 9.750000),
(8, 1, 8.460000, 8.460000),
(18, 1, 1.296000, 7.780000),
(9, 1, 4.680000, 4.680000),
(12, 1, 3.720000, 3.720000),
(13, 1, 3.600000, 3.600000),
(14, 1, 0.696000, 2.780000),
(10, 1, 1.296000, 1.300000);

-- --------------------------------------------------------

--
-- Table structure for table `ps_order_history`
--

CREATE TABLE `ps_order_history` (
  `id_order_history` int(10) UNSIGNED NOT NULL,
  `id_employee` int(10) UNSIGNED NOT NULL,
  `id_order` int(10) UNSIGNED NOT NULL,
  `id_order_state` int(10) UNSIGNED NOT NULL,
  `date_add` datetime NOT NULL
) ENGINE=InnoDB DEFAULT CHARSET=utf8;

--
-- Dumping data for table `ps_order_history`
--

INSERT INTO `ps_order_history` (`id_order_history`, `id_employee`, `id_order`, `id_order_state`, `date_add`) VALUES
(1, 0, 1, 10, '2019-10-03 17:09:45'),
(2, 0, 2, 10, '2019-10-04 09:34:15'),
(3, 1, 2, 6, '2019-11-06 15:19:27'),
(4, 1, 1, 6, '2019-11-06 15:19:27'),
(5, 0, 3, 1, '2019-12-06 10:21:30'),
(6, 1, 3, 2, '2019-12-06 10:22:05'),
(7, 0, 2, 2, '2019-12-06 11:21:57'),
(8, 0, 1, 2, '2019-12-06 11:25:06'),
(9, 0, 1, 1, '2019-12-06 11:27:59'),
(10, 0, 3, 1, '2019-12-06 11:37:49'),
(11, 0, 4, 10, '2019-12-06 11:58:05'),
(12, 0, 4, 1, '2019-12-06 12:00:09'),
(13, 0, 4, 1, '2019-12-06 13:09:06'),
(14, 0, 4, 1, '2019-12-06 13:10:51'),
(15, 0, 4, 1, '2019-12-06 13:13:13'),
(16, 0, 4, 1, '2019-12-06 13:14:36'),
(17, 1, 4, 2, '2019-12-06 13:15:05'),
(18, 1, 3, 2, '2019-12-06 13:15:33'),
(19, 0, 5, 1, '2020-01-23 10:35:31');

-- --------------------------------------------------------

--
-- Table structure for table `ps_order_invoice`
--

CREATE TABLE `ps_order_invoice` (
  `id_order_invoice` int(11) UNSIGNED NOT NULL,
  `id_order` int(11) NOT NULL,
  `number` int(11) NOT NULL,
  `delivery_number` int(11) NOT NULL,
  `delivery_date` datetime DEFAULT NULL,
  `total_discount_tax_excl` decimal(20,6) NOT NULL DEFAULT 0.000000,
  `total_discount_tax_incl` decimal(20,6) NOT NULL DEFAULT 0.000000,
  `total_paid_tax_excl` decimal(20,6) NOT NULL DEFAULT 0.000000,
  `total_paid_tax_incl` decimal(20,6) NOT NULL DEFAULT 0.000000,
  `total_products` decimal(20,6) NOT NULL DEFAULT 0.000000,
  `total_products_wt` decimal(20,6) NOT NULL DEFAULT 0.000000,
  `total_shipping_tax_excl` decimal(20,6) NOT NULL DEFAULT 0.000000,
  `total_shipping_tax_incl` decimal(20,6) NOT NULL DEFAULT 0.000000,
  `shipping_tax_computation_method` int(10) UNSIGNED NOT NULL,
  `total_wrapping_tax_excl` decimal(20,6) NOT NULL DEFAULT 0.000000,
  `total_wrapping_tax_incl` decimal(20,6) NOT NULL DEFAULT 0.000000,
  `shop_address` text DEFAULT NULL,
  `note` text DEFAULT NULL,
  `date_add` datetime NOT NULL
) ENGINE=InnoDB DEFAULT CHARSET=utf8;

--
-- Dumping data for table `ps_order_invoice`
--

INSERT INTO `ps_order_invoice` (`id_order_invoice`, `id_order`, `number`, `delivery_number`, `delivery_date`, `total_discount_tax_excl`, `total_discount_tax_incl`, `total_paid_tax_excl`, `total_paid_tax_incl`, `total_products`, `total_products_wt`, `total_shipping_tax_excl`, `total_shipping_tax_incl`, `shipping_tax_computation_method`, `total_wrapping_tax_excl`, `total_wrapping_tax_incl`, `shop_address`, `note`, `date_add`) VALUES
(1, 3, 1, 0, '0000-00-00 00:00:00', 0.000000, 0.000000, 330.000000, 396.000000, 330.000000, 396.000000, 0.000000, 0.000000, 0, 0.000000, 0.000000, 'Comelec<br />CD 908<br />13720 Belcodène<br />France<br />+33(0)4 427 063 90', '', '2019-12-06 10:22:05'),
(2, 2, 2, 0, '0000-00-00 00:00:00', 0.000000, 0.000000, 1271.000000, 1525.200000, 1271.000000, 1525.200000, 0.000000, 0.000000, 0, 0.000000, 0.000000, 'Comelec<br />CD 908<br />13720 Belcodène<br />France<br />+33(0)4 427 063 90', '', '2019-12-06 11:21:57'),
(3, 1, 3, 0, '0000-00-00 00:00:00', 0.000000, 0.000000, 923.320000, 1107.980000, 923.320000, 1107.980000, 0.000000, 0.000000, 0, 0.000000, 0.000000, 'Comelec<br />CD 908<br />13720 Belcodène<br />France<br />+33(0)4 427 063 90', '', '2019-12-06 11:25:05'),
(4, 4, 4, 0, '0000-00-00 00:00:00', 0.000000, 0.000000, 454.000000, 544.800000, 454.000000, 544.800000, 0.000000, 0.000000, 0, 0.000000, 0.000000, 'Comelec<br />CD 908<br />13720 Belcodène<br />France<br />+33(0)4 427 063 90', '', '2019-12-06 13:15:05');

-- --------------------------------------------------------

--
-- Table structure for table `ps_order_invoice_payment`
--

CREATE TABLE `ps_order_invoice_payment` (
  `id_order_invoice` int(11) UNSIGNED NOT NULL,
  `id_order_payment` int(11) UNSIGNED NOT NULL,
  `id_order` int(11) UNSIGNED NOT NULL
) ENGINE=InnoDB DEFAULT CHARSET=utf8;

--
-- Dumping data for table `ps_order_invoice_payment`
--

INSERT INTO `ps_order_invoice_payment` (`id_order_invoice`, `id_order_payment`, `id_order`) VALUES
(3, 3, 1),
(2, 2, 2),
(1, 1, 3),
(4, 4, 4);

-- --------------------------------------------------------

--
-- Table structure for table `ps_order_invoice_tax`
--

CREATE TABLE `ps_order_invoice_tax` (
  `id_order_invoice` int(11) NOT NULL,
  `type` varchar(15) NOT NULL,
  `id_tax` int(11) NOT NULL,
  `amount` decimal(10,6) NOT NULL DEFAULT 0.000000
) ENGINE=InnoDB DEFAULT CHARSET=utf8;

--
-- Dumping data for table `ps_order_invoice_tax`
--

INSERT INTO `ps_order_invoice_tax` (`id_order_invoice`, `type`, `id_tax`, `amount`) VALUES
(1, 'shipping', 1, 0.000000),
(2, 'shipping', 1, 0.000000),
(3, 'shipping', 1, 0.000000),
(4, 'shipping', 1, 0.000000);

-- --------------------------------------------------------

--
-- Table structure for table `ps_order_message`
--

CREATE TABLE `ps_order_message` (
  `id_order_message` int(10) UNSIGNED NOT NULL,
  `date_add` datetime NOT NULL
) ENGINE=InnoDB DEFAULT CHARSET=utf8;

--
-- Dumping data for table `ps_order_message`
--

INSERT INTO `ps_order_message` (`id_order_message`, `date_add`) VALUES
(1, '2019-09-21 15:45:34');

-- --------------------------------------------------------

--
-- Table structure for table `ps_order_message_lang`
--

CREATE TABLE `ps_order_message_lang` (
  `id_order_message` int(10) UNSIGNED NOT NULL,
  `id_lang` int(10) UNSIGNED NOT NULL,
  `name` varchar(128) NOT NULL,
  `message` text NOT NULL
) ENGINE=InnoDB DEFAULT CHARSET=utf8;

--
-- Dumping data for table `ps_order_message_lang`
--

INSERT INTO `ps_order_message_lang` (`id_order_message`, `id_lang`, `name`, `message`) VALUES
(1, 1, 'Retard', 'Bonjour,\n\nMalheureusement, un article que vous avez commandé est actuellement en rupture de stock. Pour cette raison, il est possible que la livraison de votre commande soit légèrement retardée.\nNous vous prions de bien vouloir accepter nos excuses. Nous faisons tout notre possible pour remédier à cette situation.\n\nCordialement,');

-- --------------------------------------------------------

--
-- Table structure for table `ps_order_return`
--

CREATE TABLE `ps_order_return` (
  `id_order_return` int(10) UNSIGNED NOT NULL,
  `id_customer` int(10) UNSIGNED NOT NULL,
  `id_order` int(10) UNSIGNED NOT NULL,
  `state` tinyint(1) UNSIGNED NOT NULL DEFAULT 1,
  `question` text NOT NULL,
  `date_add` datetime NOT NULL,
  `date_upd` datetime NOT NULL
) ENGINE=InnoDB DEFAULT CHARSET=utf8;

-- --------------------------------------------------------

--
-- Table structure for table `ps_order_return_detail`
--

CREATE TABLE `ps_order_return_detail` (
  `id_order_return` int(10) UNSIGNED NOT NULL,
  `id_order_detail` int(10) UNSIGNED NOT NULL,
  `id_customization` int(10) UNSIGNED NOT NULL DEFAULT 0,
  `product_quantity` int(10) UNSIGNED NOT NULL DEFAULT 0
) ENGINE=InnoDB DEFAULT CHARSET=utf8;

-- --------------------------------------------------------

--
-- Table structure for table `ps_order_return_state`
--

CREATE TABLE `ps_order_return_state` (
  `id_order_return_state` int(10) UNSIGNED NOT NULL,
  `color` varchar(32) DEFAULT NULL
) ENGINE=InnoDB DEFAULT CHARSET=utf8;

--
-- Dumping data for table `ps_order_return_state`
--

INSERT INTO `ps_order_return_state` (`id_order_return_state`, `color`) VALUES
(1, '#4169E1'),
(2, '#8A2BE2'),
(3, '#32CD32'),
(4, '#DC143C'),
(5, '#108510');

-- --------------------------------------------------------

--
-- Table structure for table `ps_order_return_state_lang`
--

CREATE TABLE `ps_order_return_state_lang` (
  `id_order_return_state` int(10) UNSIGNED NOT NULL,
  `id_lang` int(10) UNSIGNED NOT NULL,
  `name` varchar(64) NOT NULL
) ENGINE=InnoDB DEFAULT CHARSET=utf8;

--
-- Dumping data for table `ps_order_return_state_lang`
--

INSERT INTO `ps_order_return_state_lang` (`id_order_return_state`, `id_lang`, `name`) VALUES
(1, 1, 'En attente de confirmation'),
(2, 1, 'En attente du colis'),
(3, 1, 'Colis reçu'),
(4, 1, 'Retour refusé'),
(5, 1, 'Retour terminé');

-- --------------------------------------------------------

--
-- Table structure for table `ps_order_slip`
--

CREATE TABLE `ps_order_slip` (
  `id_order_slip` int(10) UNSIGNED NOT NULL,
  `conversion_rate` decimal(13,6) NOT NULL DEFAULT 1.000000,
  `id_customer` int(10) UNSIGNED NOT NULL,
  `id_order` int(10) UNSIGNED NOT NULL,
  `total_products_tax_excl` decimal(20,6) DEFAULT NULL,
  `total_products_tax_incl` decimal(20,6) DEFAULT NULL,
  `total_shipping_tax_excl` decimal(20,6) DEFAULT NULL,
  `total_shipping_tax_incl` decimal(20,6) DEFAULT NULL,
  `shipping_cost` tinyint(3) UNSIGNED NOT NULL DEFAULT 0,
  `amount` decimal(10,2) NOT NULL,
  `shipping_cost_amount` decimal(10,2) NOT NULL,
  `partial` tinyint(1) NOT NULL,
  `order_slip_type` tinyint(1) UNSIGNED NOT NULL DEFAULT 0,
  `date_add` datetime NOT NULL,
  `date_upd` datetime NOT NULL
) ENGINE=InnoDB DEFAULT CHARSET=utf8;

-- --------------------------------------------------------

--
-- Table structure for table `ps_order_slip_detail`
--

CREATE TABLE `ps_order_slip_detail` (
  `id_order_slip` int(10) UNSIGNED NOT NULL,
  `id_order_detail` int(10) UNSIGNED NOT NULL,
  `product_quantity` int(10) UNSIGNED NOT NULL DEFAULT 0,
  `unit_price_tax_excl` decimal(20,6) DEFAULT NULL,
  `unit_price_tax_incl` decimal(20,6) DEFAULT NULL,
  `total_price_tax_excl` decimal(20,6) DEFAULT NULL,
  `total_price_tax_incl` decimal(20,6) DEFAULT NULL,
  `amount_tax_excl` decimal(20,6) DEFAULT NULL,
  `amount_tax_incl` decimal(20,6) DEFAULT NULL
) ENGINE=InnoDB DEFAULT CHARSET=utf8;

-- --------------------------------------------------------

--
-- Table structure for table `ps_order_slip_detail_tax`
--

CREATE TABLE `ps_order_slip_detail_tax` (
  `id_order_slip_detail` int(11) UNSIGNED NOT NULL,
  `id_tax` int(11) UNSIGNED NOT NULL,
  `unit_amount` decimal(16,6) NOT NULL DEFAULT 0.000000,
  `total_amount` decimal(16,6) NOT NULL DEFAULT 0.000000
) ENGINE=InnoDB DEFAULT CHARSET=utf8;

-- --------------------------------------------------------

--
-- Table structure for table `ps_order_state`
--

CREATE TABLE `ps_order_state` (
  `id_order_state` int(10) UNSIGNED NOT NULL,
  `invoice` tinyint(1) UNSIGNED DEFAULT 0,
  `send_email` tinyint(1) UNSIGNED NOT NULL DEFAULT 0,
  `module_name` varchar(255) DEFAULT NULL,
  `color` varchar(32) DEFAULT NULL,
  `unremovable` tinyint(1) UNSIGNED NOT NULL,
  `hidden` tinyint(1) UNSIGNED NOT NULL DEFAULT 0,
  `logable` tinyint(1) NOT NULL DEFAULT 0,
  `delivery` tinyint(1) UNSIGNED NOT NULL DEFAULT 0,
  `shipped` tinyint(1) UNSIGNED NOT NULL DEFAULT 0,
  `paid` tinyint(1) UNSIGNED NOT NULL DEFAULT 0,
  `pdf_invoice` tinyint(1) UNSIGNED NOT NULL DEFAULT 0,
  `pdf_delivery` tinyint(1) UNSIGNED NOT NULL DEFAULT 0,
  `deleted` tinyint(1) UNSIGNED NOT NULL DEFAULT 0
) ENGINE=InnoDB DEFAULT CHARSET=utf8;

--
-- Dumping data for table `ps_order_state`
--

INSERT INTO `ps_order_state` (`id_order_state`, `invoice`, `send_email`, `module_name`, `color`, `unremovable`, `hidden`, `logable`, `delivery`, `shipped`, `paid`, `pdf_invoice`, `pdf_delivery`, `deleted`) VALUES
(1, 0, 1, 'ps_checkpayment', '#4169E1', 1, 0, 0, 0, 0, 0, 0, 0, 0),
(2, 1, 1, '', '#32CD32', 1, 0, 1, 0, 0, 1, 1, 0, 0),
(3, 1, 1, '', '#FF8C00', 1, 0, 1, 1, 0, 1, 0, 0, 0),
(4, 1, 1, '', '#8A2BE2', 1, 0, 1, 1, 1, 1, 0, 0, 0),
(5, 1, 0, '', '#108510', 1, 0, 1, 1, 1, 1, 0, 0, 0),
(6, 0, 1, '', '#DC143C', 1, 0, 0, 0, 0, 0, 0, 0, 0),
(7, 1, 1, '', '#ec2e15', 1, 0, 0, 0, 0, 0, 0, 0, 0),
(8, 0, 1, '', '#8f0621', 1, 0, 0, 0, 0, 0, 0, 0, 0),
(9, 1, 1, '', '#FF69B4', 1, 0, 0, 0, 0, 1, 0, 0, 0),
(10, 0, 1, 'ps_wirepayment', '#4169E1', 1, 0, 0, 0, 0, 0, 0, 0, 0),
(11, 1, 1, '', '#32CD32', 1, 0, 1, 0, 0, 1, 0, 0, 0),
(12, 0, 1, '', '#FF69B4', 1, 0, 0, 0, 0, 0, 0, 0, 0),
(13, 0, 0, 'ps_cashondelivery', '#4169E1', 1, 0, 0, 0, 0, 0, 0, 0, 0);

-- --------------------------------------------------------

--
-- Table structure for table `ps_order_state_lang`
--

CREATE TABLE `ps_order_state_lang` (
  `id_order_state` int(10) UNSIGNED NOT NULL,
  `id_lang` int(10) UNSIGNED NOT NULL,
  `name` varchar(64) NOT NULL,
  `template` varchar(64) NOT NULL
) ENGINE=InnoDB DEFAULT CHARSET=utf8;

--
-- Dumping data for table `ps_order_state_lang`
--

INSERT INTO `ps_order_state_lang` (`id_order_state`, `id_lang`, `name`, `template`) VALUES
(1, 1, 'En attente du paiement par chèque', 'cheque'),
(2, 1, 'Paiement accepté', 'payment'),
(3, 1, 'En cours de préparation', 'preparation'),
(4, 1, 'Expédié', 'shipped'),
(5, 1, 'Livré', ''),
(6, 1, 'Annulé', 'order_canceled'),
(7, 1, 'Remboursé', 'refund'),
(8, 1, 'Erreur de paiement', 'payment_error'),
(9, 1, 'En attente de réapprovisionnement (payé)', 'outofstock'),
(10, 1, 'En attente de virement bancaire', 'bankwire'),
(11, 1, 'Paiement à distance accepté', 'payment'),
(12, 1, 'En attente de réapprovisionnement (non payé)', 'outofstock'),
(13, 1, 'En attente de paiement à la livraison', 'cashondelivery');

-- --------------------------------------------------------

--
-- Table structure for table `ps_pack`
--

CREATE TABLE `ps_pack` (
  `id_product_pack` int(10) UNSIGNED NOT NULL,
  `id_product_item` int(10) UNSIGNED NOT NULL,
  `id_product_attribute_item` int(10) UNSIGNED NOT NULL,
  `quantity` int(10) UNSIGNED NOT NULL DEFAULT 1
) ENGINE=InnoDB DEFAULT CHARSET=utf8;

-- --------------------------------------------------------

--
-- Table structure for table `ps_page`
--

CREATE TABLE `ps_page` (
  `id_page` int(10) UNSIGNED NOT NULL,
  `id_page_type` int(10) UNSIGNED NOT NULL,
  `id_object` int(10) UNSIGNED DEFAULT NULL
) ENGINE=InnoDB DEFAULT CHARSET=utf8;

--
-- Dumping data for table `ps_page`
--

INSERT INTO `ps_page` (`id_page`, `id_page_type`, `id_object`) VALUES
(1, 1, NULL),
(2, 2, NULL),
(3, 3, NULL),
(4, 4, 2),
(5, 5, 42),
(6, 4, 33),
(7, 6, NULL),
(8, 7, NULL),
(9, 5, 66),
(10, 8, NULL),
(11, 9, NULL),
(12, 10, NULL),
(13, 5, 456),
(14, 4, 77),
(15, 4, 153),
(16, 4, 110),
(17, 4, 124),
(18, 4, 117),
(19, 4, 30),
(20, 5, 1657),
(21, 5, 1299),
(22, 5, 1001),
(23, 4, 68),
(24, 5, 1665),
(25, 4, 140),
(26, 5, 1740),
(27, 4, 39),
(28, 5, 1743),
(29, 5, 1746),
(30, 5, 1744),
(31, 5, 313),
(32, 5, 1735),
(33, 5, 8),
(34, 5, 1690),
(35, 4, 158),
(36, 11, NULL),
(37, 12, NULL),
(38, 4, 103),
(39, 4, 126),
(40, 4, 13),
(41, 4, 10),
(42, 4, 105),
(43, 4, 164),
(44, 4, 48),
(45, 4, 31),
(46, 4, 55),
(47, 4, 167),
(48, 4, 98),
(49, 4, 58),
(50, 4, 163),
(51, 4, 160),
(52, 4, 161),
(53, 4, 155),
(54, 4, 159),
(55, 4, 111),
(56, 4, 102),
(57, 4, 100),
(58, 4, 106),
(59, 4, 71),
(60, 4, 63),
(61, 4, 162),
(62, 4, 12),
(63, 4, 52),
(64, 4, 107),
(65, 4, 97),
(66, 13, NULL),
(67, 4, 27),
(68, 4, 108),
(69, 4, 11),
(70, 4, 101),
(71, 4, 28),
(72, 4, 60),
(73, 4, 36),
(74, 4, 154),
(75, 4, 166),
(76, 5, 1674),
(77, 5, 1206),
(78, 4, 88),
(79, 4, 156),
(80, 14, NULL),
(81, 5, 1102),
(82, 5, 205),
(83, 5, 210),
(84, 5, 557),
(85, 5, 271),
(86, 5, 272),
(87, 5, 273),
(88, 5, 274),
(89, 5, 275),
(90, 5, 206),
(91, 5, 207),
(92, 5, 208),
(93, 5, 209),
(94, 5, 211),
(95, 5, 212),
(96, 5, 213),
(97, 5, 214),
(98, 5, 215),
(99, 5, 216),
(100, 5, 217),
(101, 5, 218),
(102, 5, 219),
(103, 5, 220),
(104, 5, 221),
(105, 5, 222),
(106, 5, 223),
(107, 5, 224),
(108, 5, 225),
(109, 5, 226),
(110, 5, 227),
(111, 5, 228),
(112, 5, 1422),
(113, 5, 1423),
(114, 5, 1424),
(115, 5, 1425),
(116, 5, 1427),
(117, 5, 1429),
(118, 5, 1431),
(119, 5, 1434),
(120, 5, 1435),
(121, 5, 1437),
(122, 5, 1439),
(123, 5, 1440),
(124, 5, 1441),
(125, 5, 1443),
(126, 5, 1445),
(127, 5, 1447),
(128, 5, 1448),
(129, 5, 1449),
(130, 5, 1451),
(131, 5, 1452),
(132, 5, 1453),
(133, 5, 1455),
(134, 5, 1457),
(135, 5, 1459),
(136, 4, 14),
(137, 4, 157),
(138, 5, 6),
(139, 5, 412),
(140, 5, 413),
(141, 5, 259),
(142, 5, 1114),
(143, 5, 1125),
(144, 5, 1126),
(145, 5, 1131),
(146, 5, 1132),
(147, 5, 1133),
(148, 5, 1134),
(149, 5, 1135),
(150, 5, 1136),
(151, 5, 1137),
(152, 5, 1138),
(153, 5, 1139),
(154, 5, 1140),
(155, 5, 1228),
(156, 5, 1271),
(157, 5, 1273),
(158, 5, 807),
(159, 5, 808),
(160, 5, 825),
(161, 5, 826),
(162, 5, 827),
(163, 5, 828),
(164, 5, 829),
(165, 5, 846),
(166, 5, 942),
(167, 5, 943),
(168, 5, 23),
(169, 5, 24),
(170, 5, 56),
(171, 5, 57),
(172, 5, 58),
(173, 5, 59),
(174, 5, 55),
(175, 5, 25),
(176, 5, 41),
(177, 5, 43),
(178, 5, 44),
(179, 5, 45),
(180, 5, 46),
(181, 5, 802),
(182, 5, 139),
(183, 5, 140),
(184, 5, 141),
(185, 5, 142),
(186, 5, 143),
(187, 5, 144),
(188, 5, 145),
(189, 5, 146),
(190, 5, 147),
(191, 5, 148),
(192, 5, 149),
(193, 5, 1),
(194, 5, 3),
(195, 5, 2),
(196, 5, 4),
(197, 5, 5),
(198, 5, 277),
(199, 5, 278),
(200, 5, 279),
(201, 5, 280),
(202, 5, 281),
(203, 5, 1734),
(204, 5, 53),
(205, 5, 54),
(206, 5, 27),
(207, 5, 28),
(208, 5, 29),
(209, 5, 30),
(210, 5, 31),
(211, 5, 32),
(212, 5, 39),
(213, 5, 248),
(214, 5, 251),
(215, 5, 253),
(216, 5, 256),
(217, 5, 249),
(218, 5, 257),
(219, 5, 250),
(220, 5, 252),
(221, 5, 255),
(222, 5, 258),
(223, 5, 1663),
(224, 5, 60),
(225, 5, 61),
(226, 5, 62),
(227, 5, 63),
(228, 5, 64),
(229, 5, 65),
(230, 5, 152),
(231, 5, 153),
(232, 5, 154),
(233, 5, 155),
(234, 5, 156),
(235, 5, 157),
(236, 5, 158),
(237, 5, 159),
(238, 5, 160),
(239, 5, 161),
(240, 5, 162),
(241, 5, 163),
(242, 5, 164),
(243, 5, 165),
(244, 5, 166),
(245, 5, 167),
(246, 5, 168),
(247, 5, 169),
(248, 5, 170),
(249, 5, 137),
(250, 5, 138),
(251, 5, 202),
(252, 5, 203),
(253, 5, 204),
(254, 5, 47),
(255, 5, 48),
(256, 5, 49),
(257, 5, 50),
(258, 5, 51),
(259, 5, 52),
(260, 5, 119),
(261, 5, 247),
(262, 5, 414),
(263, 5, 415),
(264, 5, 416),
(265, 5, 417),
(266, 5, 418),
(267, 5, 419),
(268, 5, 420),
(269, 5, 421),
(270, 5, 422),
(271, 5, 423),
(272, 5, 424),
(273, 5, 425),
(274, 5, 426),
(275, 5, 427),
(276, 5, 428),
(277, 5, 429),
(278, 5, 431),
(279, 5, 432),
(280, 5, 433),
(281, 5, 434),
(282, 5, 435),
(283, 5, 436),
(284, 5, 120),
(285, 5, 171),
(286, 5, 1048),
(287, 5, 1164),
(288, 5, 1172),
(289, 5, 1156),
(290, 5, 1157),
(291, 5, 1158),
(292, 5, 1160),
(293, 5, 1161),
(294, 5, 1162),
(295, 5, 1163),
(296, 5, 1165),
(297, 5, 1166),
(298, 5, 1167),
(299, 5, 1168),
(300, 5, 1169),
(301, 5, 1170),
(302, 15, NULL),
(303, 5, 1171),
(304, 5, 1173),
(305, 5, 1174),
(306, 5, 1175),
(307, 5, 1176),
(308, 5, 1177),
(309, 5, 1178),
(310, 5, 1179),
(311, 5, 295),
(312, 5, 344),
(313, 5, 354),
(314, 5, 358),
(315, 5, 7),
(316, 5, 260),
(317, 5, 261),
(318, 5, 262),
(319, 5, 263),
(320, 5, 264),
(321, 5, 265),
(322, 5, 266),
(323, 5, 267),
(324, 5, 268),
(325, 5, 269),
(326, 5, 270),
(327, 16, NULL),
(328, 5, 441),
(329, 5, 1270),
(330, 5, 1281),
(331, 5, 1700),
(332, 5, 1180),
(333, 5, 1181),
(334, 5, 1182),
(335, 5, 1183),
(336, 5, 1184),
(337, 5, 1185),
(338, 5, 1186),
(339, 5, 1188),
(340, 5, 1189),
(341, 5, 1190),
(342, 5, 1191),
(343, 5, 1192),
(344, 5, 1193),
(345, 5, 1194),
(346, 5, 1195),
(347, 5, 1196),
(348, 5, 1198),
(349, 5, 1199),
(350, 5, 1201),
(351, 5, 1202),
(352, 5, 1203),
(353, 5, 1204),
(354, 5, 1205),
(355, 5, 1207),
(356, 5, 1208),
(357, 5, 1209),
(358, 5, 1210),
(359, 5, 1211),
(360, 5, 1212),
(361, 5, 1213),
(362, 5, 1214),
(363, 5, 1215),
(364, 5, 1216),
(365, 5, 1217),
(366, 5, 1218),
(367, 5, 1219),
(368, 5, 1220),
(369, 5, 1221),
(370, 5, 1222),
(371, 5, 1223),
(372, 5, 1224),
(373, 5, 1225),
(374, 5, 1227),
(375, 5, 1335),
(376, 5, 1352),
(377, 5, 1353),
(378, 5, 1354),
(379, 5, 1283),
(380, 5, 1284),
(381, 5, 1285),
(382, 5, 1286),
(383, 5, 1287),
(384, 5, 1288),
(385, 5, 1289),
(386, 5, 1290),
(387, 5, 1292),
(388, 5, 1293),
(389, 5, 1294),
(390, 5, 1295),
(391, 5, 1300),
(392, 5, 1301),
(393, 5, 1302),
(394, 5, 1303),
(395, 5, 1304),
(396, 5, 1305),
(397, 5, 1306),
(398, 5, 1307),
(399, 5, 1308),
(400, 5, 1309),
(401, 5, 1310),
(402, 5, 1311),
(403, 5, 1312),
(404, 5, 229),
(405, 5, 230),
(406, 5, 231),
(407, 5, 232),
(408, 5, 233),
(409, 5, 234),
(410, 5, 235),
(411, 5, 236),
(412, 5, 237),
(413, 5, 238),
(414, 5, 239),
(415, 5, 240),
(416, 5, 241),
(417, 5, 242),
(418, 5, 243),
(419, 5, 1229),
(420, 5, 244),
(421, 5, 245),
(422, 5, 1230),
(423, 5, 1433),
(424, 5, 1231),
(425, 5, 1461),
(426, 5, 1232),
(427, 5, 1463),
(428, 5, 1465),
(429, 5, 1467),
(430, 5, 1469),
(431, 5, 1233),
(432, 5, 1471),
(433, 5, 1472),
(434, 5, 1473),
(435, 5, 1234),
(436, 5, 1474),
(437, 5, 1475),
(438, 5, 1477),
(439, 5, 1479),
(440, 5, 1235),
(441, 5, 1481),
(442, 5, 1483),
(443, 5, 1236),
(444, 5, 1485),
(445, 5, 1487),
(446, 5, 1256),
(447, 5, 1489),
(448, 5, 1490),
(449, 5, 1491),
(450, 5, 1257),
(451, 5, 1494),
(452, 5, 450),
(453, 5, 1496),
(454, 5, 1497),
(455, 5, 1498),
(456, 5, 1258),
(457, 5, 1500),
(458, 5, 1259),
(459, 5, 1502),
(460, 5, 458),
(461, 5, 1503),
(462, 5, 1504),
(463, 5, 1505),
(464, 5, 1506),
(465, 5, 1260),
(466, 5, 1507),
(467, 5, 1508),
(468, 5, 1261),
(469, 5, 1509),
(470, 5, 1510),
(471, 5, 1511),
(472, 5, 462),
(473, 5, 1512),
(474, 5, 1262),
(475, 5, 1514),
(476, 5, 1515),
(477, 5, 1263),
(478, 5, 1517),
(479, 5, 1519),
(480, 5, 1520),
(481, 5, 1264),
(482, 5, 1521),
(483, 5, 1523),
(484, 5, 465),
(485, 5, 1524),
(486, 5, 1525),
(487, 5, 1527),
(488, 5, 1529),
(489, 5, 1265),
(490, 5, 1531),
(491, 5, 1266),
(492, 5, 1533),
(493, 5, 1534),
(494, 5, 442),
(495, 5, 1666),
(496, 5, 1268),
(497, 5, 1669),
(498, 5, 1670),
(499, 5, 1269),
(500, 5, 443),
(501, 5, 1671),
(502, 5, 1718),
(503, 5, 1719),
(504, 5, 1649),
(505, 5, 1722),
(506, 5, 1723),
(507, 5, 1272),
(508, 5, 1724),
(509, 5, 444),
(510, 5, 1726),
(511, 5, 1727),
(512, 5, 1728),
(513, 5, 1274),
(514, 5, 1729),
(515, 5, 445),
(516, 5, 1275),
(517, 5, 1276),
(518, 5, 446),
(519, 5, 1277),
(520, 5, 447),
(521, 5, 1278),
(522, 5, 1280),
(523, 5, 448),
(524, 5, 449),
(525, 5, 1282),
(526, 5, 451),
(527, 5, 1291),
(528, 5, 1296),
(529, 5, 1297),
(530, 5, 1298),
(531, 5, 452),
(532, 5, 453),
(533, 5, 454),
(534, 5, 455),
(535, 5, 457),
(536, 5, 459),
(537, 5, 460),
(538, 5, 461),
(539, 5, 463),
(540, 5, 464),
(541, 5, 466),
(542, 5, 467),
(543, 5, 468),
(544, 5, 469),
(545, 5, 470),
(546, 5, 475),
(547, 5, 476),
(548, 5, 477),
(549, 5, 478),
(550, 5, 971),
(551, 5, 479),
(552, 5, 480),
(553, 5, 481),
(554, 5, 482),
(555, 5, 483),
(556, 5, 484),
(557, 5, 485),
(558, 5, 486),
(559, 5, 487),
(560, 5, 488),
(561, 5, 489),
(562, 5, 282),
(563, 5, 490),
(564, 5, 283),
(565, 5, 284),
(566, 5, 285),
(567, 5, 286),
(568, 5, 491),
(569, 5, 287),
(570, 5, 288),
(571, 5, 492),
(572, 5, 289),
(573, 5, 290),
(574, 5, 291),
(575, 5, 493),
(576, 5, 292),
(577, 5, 494),
(578, 5, 293),
(579, 5, 294),
(580, 5, 495),
(581, 5, 304),
(582, 5, 496),
(583, 5, 305),
(584, 5, 306),
(585, 5, 497),
(586, 5, 307),
(587, 5, 308),
(588, 5, 498),
(589, 5, 309),
(590, 5, 310),
(591, 5, 499),
(592, 5, 311),
(593, 5, 312),
(594, 5, 500),
(595, 5, 314),
(596, 5, 315),
(597, 5, 501),
(598, 5, 316),
(599, 5, 317),
(600, 5, 318),
(601, 5, 502),
(602, 5, 319),
(603, 5, 320),
(604, 5, 321),
(605, 5, 503),
(606, 5, 322),
(607, 5, 323),
(608, 5, 324),
(609, 5, 326),
(610, 5, 504),
(611, 5, 327),
(612, 5, 328),
(613, 5, 505),
(614, 5, 329),
(615, 5, 506),
(616, 5, 330),
(617, 5, 331),
(618, 5, 507),
(619, 5, 332),
(620, 5, 333),
(621, 5, 508),
(622, 5, 334),
(623, 5, 335),
(624, 5, 336),
(625, 5, 337),
(626, 5, 338),
(627, 5, 509),
(628, 5, 339),
(629, 5, 340),
(630, 5, 510),
(631, 5, 341),
(632, 5, 511),
(633, 5, 342),
(634, 5, 343),
(635, 5, 512),
(636, 5, 513),
(637, 5, 514),
(638, 5, 515),
(639, 5, 516),
(640, 5, 517),
(641, 5, 518),
(642, 5, 519),
(643, 5, 520),
(644, 5, 521),
(645, 5, 522),
(646, 5, 675),
(647, 5, 1250),
(648, 5, 1253),
(649, 5, 1255),
(650, 5, 246),
(651, 5, 474),
(652, 5, 667),
(653, 5, 668),
(654, 5, 1658),
(655, 5, 669),
(656, 5, 670),
(657, 5, 671),
(658, 5, 672),
(659, 5, 693),
(660, 5, 694),
(661, 5, 695),
(662, 5, 696),
(663, 5, 437),
(664, 5, 438),
(665, 5, 697),
(666, 5, 439),
(667, 5, 698),
(668, 5, 440),
(669, 5, 1187),
(670, 5, 699),
(671, 5, 1197),
(672, 5, 1200),
(673, 5, 700),
(674, 5, 701),
(675, 5, 702),
(676, 5, 703),
(677, 5, 1738),
(678, 5, 1251),
(679, 5, 1141),
(680, 5, 1267),
(681, 5, 1041),
(682, 5, 1159),
(683, 5, 1356),
(684, 5, 1362),
(685, 5, 929),
(686, 5, 1042),
(687, 5, 1334),
(688, 5, 1372),
(689, 5, 899),
(690, 5, 704),
(691, 5, 745),
(692, 5, 758),
(693, 5, 774),
(694, 5, 791),
(695, 5, 1677),
(696, 5, 1678),
(697, 5, 1679),
(698, 5, 1680),
(699, 5, 1681),
(700, 5, 1682),
(701, 5, 1684),
(702, 5, 1685),
(703, 5, 1686),
(704, 5, 1687),
(705, 5, 1688),
(706, 5, 1689),
(707, 5, 1691),
(708, 5, 1692),
(709, 5, 1693),
(710, 5, 1694),
(711, 5, 1696),
(712, 5, 1697),
(713, 5, 1698),
(714, 5, 1701),
(715, 5, 1702),
(716, 5, 1703),
(717, 5, 1704),
(718, 5, 1705),
(719, 5, 1706),
(720, 5, 1707),
(721, 5, 1708),
(722, 5, 1709),
(723, 5, 1710),
(724, 5, 1711),
(725, 5, 1712),
(726, 5, 1713),
(727, 5, 1714),
(728, 5, 1715),
(729, 5, 1716),
(730, 5, 1717),
(731, 5, 1673),
(732, 5, 1675),
(733, 5, 1720),
(734, 5, 1721),
(735, 5, 1316),
(736, 5, 1399),
(737, 5, 866),
(738, 5, 944),
(739, 5, 1142),
(740, 5, 1143),
(741, 5, 1144),
(742, 5, 1145),
(743, 5, 1147),
(744, 5, 1148),
(745, 5, 1149),
(746, 5, 1150),
(747, 5, 1151),
(748, 5, 1152),
(749, 5, 1153),
(750, 5, 1237),
(751, 5, 1238),
(752, 5, 1239),
(753, 5, 1240),
(754, 5, 1241),
(755, 5, 1242),
(756, 5, 1243),
(757, 5, 1244),
(758, 5, 1245),
(759, 5, 1246),
(760, 5, 1247),
(761, 5, 1248),
(762, 5, 523),
(763, 5, 524),
(764, 5, 525),
(765, 5, 526),
(766, 5, 527),
(767, 5, 528),
(768, 5, 529),
(769, 5, 530),
(770, 5, 531),
(771, 5, 532),
(772, 5, 533),
(773, 5, 534),
(774, 5, 535),
(775, 5, 536),
(776, 5, 537),
(777, 5, 538),
(778, 5, 539),
(779, 5, 540),
(780, 5, 541),
(781, 5, 542),
(782, 5, 1249),
(783, 5, 1252),
(784, 5, 1254),
(785, 5, 1331),
(786, 5, 1332),
(787, 5, 543),
(788, 5, 1333),
(789, 5, 1336),
(790, 5, 544),
(791, 5, 1338),
(792, 5, 1340),
(793, 5, 1342),
(794, 5, 1344),
(795, 5, 545),
(796, 5, 1345),
(797, 5, 1348),
(798, 5, 1350),
(799, 5, 1351),
(800, 5, 1357),
(801, 5, 546),
(802, 5, 1358),
(803, 5, 1359),
(804, 5, 1360),
(805, 5, 1361),
(806, 5, 547),
(807, 5, 1373),
(808, 5, 1374),
(809, 5, 1375),
(810, 5, 1376),
(811, 5, 548),
(812, 5, 1377),
(813, 5, 1378),
(814, 5, 1379),
(815, 5, 1380),
(816, 5, 549),
(817, 5, 1381),
(818, 5, 1382),
(819, 5, 550),
(820, 5, 1313),
(821, 5, 1314),
(822, 5, 551),
(823, 5, 1315),
(824, 5, 1317),
(825, 5, 1318),
(826, 5, 1319),
(827, 5, 1320),
(828, 5, 1321),
(829, 5, 1322),
(830, 5, 1323),
(831, 5, 1324),
(832, 5, 1325),
(833, 5, 1326),
(834, 5, 1327),
(835, 5, 1328),
(836, 5, 1329),
(837, 5, 1330),
(838, 5, 1535),
(839, 5, 1536),
(840, 5, 1537),
(841, 5, 1538),
(842, 5, 1539),
(843, 5, 1540),
(844, 5, 1541),
(845, 5, 1542),
(846, 5, 1543),
(847, 5, 1544),
(848, 5, 1545),
(849, 5, 1546),
(850, 5, 1547),
(851, 5, 1548),
(852, 5, 1549),
(853, 5, 1550),
(854, 5, 1551),
(855, 5, 1552),
(856, 5, 1553),
(857, 5, 1554),
(858, 5, 1555),
(859, 5, 1558),
(860, 5, 1559),
(861, 5, 1562),
(862, 5, 1594),
(863, 5, 1595),
(864, 5, 1596),
(865, 5, 1597),
(866, 5, 1598),
(867, 5, 1599),
(868, 5, 1600),
(869, 5, 1601),
(870, 5, 1602),
(871, 5, 1603),
(872, 5, 1604),
(873, 5, 1605),
(874, 5, 1606),
(875, 5, 1607),
(876, 5, 1608),
(877, 5, 1609),
(878, 5, 1610),
(879, 5, 1611),
(880, 5, 1612),
(881, 5, 1613),
(882, 5, 1614),
(883, 5, 1615),
(884, 5, 1616),
(885, 5, 1617),
(886, 5, 1618),
(887, 5, 1619),
(888, 5, 1620),
(889, 5, 1621),
(890, 5, 1622),
(891, 5, 1623),
(892, 5, 1624),
(893, 5, 1625),
(894, 5, 1626),
(895, 5, 1628),
(896, 5, 1629),
(897, 5, 1630),
(898, 5, 1633),
(899, 5, 1635),
(900, 5, 1637),
(901, 5, 1639),
(902, 5, 1640),
(903, 5, 1642),
(904, 5, 1643),
(905, 5, 552),
(906, 5, 1644),
(907, 5, 1645),
(908, 5, 553),
(909, 5, 1646),
(910, 5, 1647),
(911, 5, 554),
(912, 5, 1648),
(913, 5, 555),
(914, 5, 556),
(915, 5, 558),
(916, 5, 1400),
(917, 5, 1401),
(918, 5, 559),
(919, 5, 1402),
(920, 5, 1403),
(921, 5, 1404),
(922, 5, 560),
(923, 5, 1405),
(924, 5, 561),
(925, 5, 562),
(926, 5, 563),
(927, 5, 564),
(928, 5, 565),
(929, 5, 566),
(930, 5, 567),
(931, 5, 568),
(932, 5, 569),
(933, 5, 570),
(934, 5, 643),
(935, 5, 644),
(936, 5, 645),
(937, 5, 646),
(938, 5, 647),
(939, 5, 648),
(940, 5, 649),
(941, 5, 650),
(942, 5, 651),
(943, 5, 652),
(944, 5, 653),
(945, 5, 654),
(946, 5, 655),
(947, 5, 656),
(948, 5, 657),
(949, 5, 658),
(950, 5, 659),
(951, 5, 660),
(952, 5, 661),
(953, 5, 662),
(954, 5, 663),
(955, 5, 664),
(956, 5, 665),
(957, 5, 666),
(958, 5, 1086),
(959, 5, 1087),
(960, 5, 1088),
(961, 5, 1089),
(962, 5, 1090),
(963, 5, 1091),
(964, 5, 1092),
(965, 5, 1093),
(966, 5, 1094),
(967, 5, 1096),
(968, 5, 1097),
(969, 5, 1098),
(970, 5, 1099),
(971, 5, 1116),
(972, 5, 1117),
(973, 5, 1118),
(974, 5, 1119),
(975, 5, 1120),
(976, 5, 1121),
(977, 5, 1122),
(978, 5, 1123),
(979, 5, 1124),
(980, 5, 1556),
(981, 5, 1557),
(982, 5, 1560),
(983, 5, 1561),
(984, 5, 1564),
(985, 5, 1565),
(986, 5, 1631),
(987, 5, 1632),
(988, 5, 1634),
(989, 5, 1636),
(990, 5, 1638),
(991, 5, 1641),
(992, 5, 1129),
(993, 5, 1130),
(994, 5, 1063),
(995, 5, 1337),
(996, 5, 1347),
(997, 5, 1053),
(998, 5, 1056),
(999, 5, 1339),
(1000, 5, 1341),
(1001, 5, 1343),
(1002, 5, 1346),
(1003, 5, 1349),
(1004, 5, 1363),
(1005, 5, 1364),
(1006, 5, 1365),
(1007, 5, 1366),
(1008, 5, 1367),
(1009, 5, 1368),
(1010, 5, 1369),
(1011, 5, 1370),
(1012, 5, 1371),
(1013, 5, 1051),
(1014, 5, 1052),
(1015, 5, 1054),
(1016, 5, 1055),
(1017, 5, 1057),
(1018, 5, 1058),
(1019, 5, 1059),
(1020, 5, 1060),
(1021, 5, 1061),
(1022, 5, 1062),
(1023, 5, 1064),
(1024, 5, 1065),
(1025, 5, 1066),
(1026, 5, 1067),
(1027, 5, 1068),
(1028, 5, 1069),
(1029, 5, 1070),
(1030, 5, 1071),
(1031, 5, 1072),
(1032, 5, 1073),
(1033, 5, 1074),
(1034, 5, 1154),
(1035, 5, 1155),
(1036, 5, 1035),
(1037, 5, 1095),
(1038, 5, 1128),
(1039, 5, 805),
(1040, 5, 847),
(1041, 5, 1426),
(1042, 5, 1428),
(1043, 5, 1430),
(1044, 5, 1436),
(1045, 5, 1438),
(1046, 5, 1442),
(1047, 5, 1444),
(1048, 5, 1446),
(1049, 5, 1450),
(1050, 5, 1454),
(1051, 5, 1456),
(1052, 5, 1458),
(1053, 5, 1460),
(1054, 5, 1462),
(1055, 5, 1464),
(1056, 5, 1466),
(1057, 5, 1468),
(1058, 5, 1470),
(1059, 5, 1476),
(1060, 5, 1478),
(1061, 5, 1480),
(1062, 5, 1482),
(1063, 5, 1486),
(1064, 5, 1488),
(1065, 5, 1492),
(1066, 5, 1493),
(1067, 5, 1499),
(1068, 5, 1501),
(1069, 5, 1513),
(1070, 5, 1516),
(1071, 5, 1518),
(1072, 5, 1522),
(1073, 5, 1526),
(1074, 5, 1528),
(1075, 5, 1530),
(1076, 5, 1532),
(1077, 5, 1584),
(1078, 5, 1585),
(1079, 5, 1586),
(1080, 5, 1587),
(1081, 5, 1589),
(1082, 5, 1045),
(1083, 5, 1050),
(1084, 5, 1043),
(1085, 5, 1044),
(1086, 5, 1046),
(1087, 5, 1047),
(1088, 5, 1049),
(1089, 5, 1383),
(1090, 5, 1384),
(1091, 5, 1385),
(1092, 5, 1386),
(1093, 5, 1387),
(1094, 5, 1388),
(1095, 5, 1389),
(1096, 5, 1390),
(1097, 5, 1391),
(1098, 5, 1392),
(1099, 5, 1393),
(1100, 5, 1394),
(1101, 5, 1395),
(1102, 5, 1396),
(1103, 5, 1397),
(1104, 5, 1398),
(1105, 5, 705),
(1106, 5, 706),
(1107, 5, 707),
(1108, 5, 708),
(1109, 5, 709),
(1110, 5, 710),
(1111, 5, 711),
(1112, 5, 1563),
(1113, 5, 1566),
(1114, 5, 1567),
(1115, 5, 1568),
(1116, 5, 1569),
(1117, 5, 1571),
(1118, 5, 1572),
(1119, 5, 1573),
(1120, 5, 1574),
(1121, 5, 1575),
(1122, 5, 1576),
(1123, 5, 1577),
(1124, 5, 1578),
(1125, 5, 1579),
(1126, 5, 1580),
(1127, 5, 1581),
(1128, 5, 1582),
(1129, 5, 1583),
(1130, 5, 1588),
(1131, 5, 1590),
(1132, 5, 1591),
(1133, 5, 1592),
(1134, 5, 1593),
(1135, 5, 1406),
(1136, 5, 1407),
(1137, 5, 1408),
(1138, 5, 1409),
(1139, 5, 1410),
(1140, 5, 1411),
(1141, 5, 1412),
(1142, 5, 1413),
(1143, 5, 1414),
(1144, 5, 1415),
(1145, 5, 1416),
(1146, 5, 1417),
(1147, 5, 1418),
(1148, 5, 1419),
(1149, 5, 1420),
(1150, 5, 1421),
(1151, 5, 1115),
(1152, 5, 809),
(1153, 5, 979),
(1154, 5, 980),
(1155, 5, 981),
(1156, 5, 982),
(1157, 5, 983),
(1158, 5, 984),
(1159, 5, 985),
(1160, 5, 986),
(1161, 5, 987),
(1162, 5, 988),
(1163, 5, 989),
(1164, 5, 990),
(1165, 5, 991),
(1166, 5, 992),
(1167, 5, 993),
(1168, 5, 994),
(1169, 5, 995),
(1170, 5, 1027),
(1171, 5, 1028),
(1172, 5, 1029),
(1173, 5, 1030),
(1174, 5, 1031),
(1175, 5, 1032),
(1176, 5, 1033),
(1177, 5, 1034),
(1178, 5, 571),
(1179, 5, 572),
(1180, 5, 573),
(1181, 5, 574),
(1182, 5, 575),
(1183, 5, 576),
(1184, 5, 577),
(1185, 5, 578),
(1186, 5, 579),
(1187, 5, 580),
(1188, 5, 581),
(1189, 5, 582),
(1190, 5, 583),
(1191, 5, 584),
(1192, 5, 585),
(1193, 5, 586),
(1194, 5, 587),
(1195, 5, 588),
(1196, 5, 589),
(1197, 5, 590),
(1198, 5, 591),
(1199, 5, 592),
(1200, 5, 593),
(1201, 5, 594),
(1202, 5, 595),
(1203, 5, 596),
(1204, 5, 597),
(1205, 5, 598),
(1206, 5, 599),
(1207, 5, 600),
(1208, 5, 601),
(1209, 5, 602),
(1210, 5, 603),
(1211, 5, 604),
(1212, 5, 605),
(1213, 5, 606),
(1214, 5, 607),
(1215, 5, 608),
(1216, 5, 609),
(1217, 5, 610),
(1218, 5, 611),
(1219, 5, 612),
(1220, 5, 613),
(1221, 5, 614),
(1222, 5, 615),
(1223, 5, 616),
(1224, 5, 617),
(1225, 5, 618),
(1226, 5, 619),
(1227, 5, 620),
(1228, 5, 621),
(1229, 5, 622),
(1230, 5, 623),
(1231, 5, 624),
(1232, 5, 625),
(1233, 5, 626),
(1234, 5, 627),
(1235, 5, 628),
(1236, 5, 629),
(1237, 5, 630),
(1238, 5, 631),
(1239, 5, 632),
(1240, 5, 633),
(1241, 5, 634),
(1242, 5, 635),
(1243, 5, 636),
(1244, 5, 637),
(1245, 5, 638),
(1246, 5, 639),
(1247, 5, 640),
(1248, 5, 641),
(1249, 5, 642),
(1250, 5, 1036),
(1251, 5, 1037),
(1252, 5, 1038),
(1253, 5, 1039),
(1254, 5, 1040),
(1255, 5, 1075),
(1256, 5, 1076),
(1257, 5, 1077),
(1258, 5, 1078),
(1259, 5, 1079),
(1260, 5, 1080),
(1261, 5, 1081),
(1262, 5, 1082),
(1263, 5, 1083),
(1264, 5, 1084),
(1265, 5, 1085),
(1266, 5, 831),
(1267, 5, 871),
(1268, 5, 810),
(1269, 5, 811),
(1270, 5, 812),
(1271, 5, 813),
(1272, 5, 814),
(1273, 5, 957),
(1274, 5, 958),
(1275, 5, 959),
(1276, 5, 960),
(1277, 5, 961),
(1278, 5, 962),
(1279, 5, 963),
(1280, 5, 964),
(1281, 5, 965),
(1282, 5, 966),
(1283, 5, 967),
(1284, 5, 968),
(1285, 5, 969),
(1286, 5, 970),
(1287, 5, 972),
(1288, 5, 973),
(1289, 5, 974),
(1290, 5, 975),
(1291, 5, 976),
(1292, 5, 977),
(1293, 5, 978),
(1294, 5, 1003),
(1295, 5, 1004),
(1296, 5, 1005),
(1297, 5, 1006),
(1298, 5, 1007),
(1299, 5, 1008),
(1300, 5, 1009),
(1301, 5, 1010),
(1302, 5, 1011),
(1303, 5, 1012),
(1304, 5, 1013),
(1305, 5, 1014),
(1306, 5, 110),
(1307, 5, 1015),
(1308, 5, 1016),
(1309, 5, 1017),
(1310, 5, 1018),
(1311, 5, 1019),
(1312, 5, 1020),
(1313, 5, 1021),
(1314, 5, 1022),
(1315, 5, 1023),
(1316, 5, 1025),
(1317, 5, 1026),
(1318, 5, 1100),
(1319, 5, 1101),
(1320, 5, 1103),
(1321, 5, 1104),
(1322, 5, 1105),
(1323, 5, 1106),
(1324, 5, 1107),
(1325, 5, 1108),
(1326, 5, 1109),
(1327, 5, 1110),
(1328, 5, 1111),
(1329, 5, 1112),
(1330, 5, 1113),
(1331, 5, 941),
(1332, 5, 955),
(1333, 5, 712),
(1334, 5, 713),
(1335, 5, 714),
(1336, 5, 715),
(1337, 5, 716),
(1338, 5, 717),
(1339, 5, 718),
(1340, 5, 719),
(1341, 5, 720),
(1342, 5, 721),
(1343, 5, 722),
(1344, 5, 723),
(1345, 5, 724),
(1346, 5, 725),
(1347, 5, 726),
(1348, 5, 727),
(1349, 5, 728),
(1350, 5, 729),
(1351, 5, 730),
(1352, 5, 731),
(1353, 5, 732),
(1354, 5, 733),
(1355, 5, 734),
(1356, 5, 735),
(1357, 5, 815),
(1358, 5, 816),
(1359, 5, 817),
(1360, 5, 818),
(1361, 5, 819),
(1362, 5, 820),
(1363, 5, 821),
(1364, 5, 822),
(1365, 5, 823),
(1366, 5, 824),
(1367, 5, 830),
(1368, 5, 832),
(1369, 5, 833),
(1370, 5, 834),
(1371, 5, 835),
(1372, 5, 836),
(1373, 5, 837),
(1374, 5, 838),
(1375, 5, 839),
(1376, 5, 840),
(1377, 5, 841),
(1378, 5, 842),
(1379, 5, 843),
(1380, 5, 844),
(1381, 5, 873),
(1382, 5, 874),
(1383, 5, 875),
(1384, 5, 876),
(1385, 5, 877),
(1386, 5, 878),
(1387, 5, 879),
(1388, 5, 880),
(1389, 5, 945),
(1390, 5, 946),
(1391, 5, 947),
(1392, 5, 948),
(1393, 5, 949),
(1394, 5, 950),
(1395, 5, 951),
(1396, 5, 952),
(1397, 5, 953),
(1398, 5, 954),
(1399, 5, 1000),
(1400, 5, 1002),
(1401, 5, 996),
(1402, 5, 997),
(1403, 5, 998),
(1404, 5, 999),
(1405, 5, 919),
(1406, 5, 916),
(1407, 5, 917),
(1408, 5, 918),
(1409, 5, 920),
(1410, 5, 921),
(1411, 5, 922),
(1412, 5, 923),
(1413, 5, 924),
(1414, 5, 925),
(1415, 5, 926),
(1416, 5, 927),
(1417, 5, 928),
(1418, 5, 930),
(1419, 5, 931),
(1420, 5, 932),
(1421, 5, 933),
(1422, 5, 934),
(1423, 5, 935),
(1424, 5, 936),
(1425, 5, 937),
(1426, 5, 938),
(1427, 5, 939),
(1428, 5, 940),
(1429, 5, 736),
(1430, 5, 737),
(1431, 5, 738),
(1432, 5, 739),
(1433, 5, 740),
(1434, 5, 741),
(1435, 5, 742),
(1436, 5, 743),
(1437, 5, 744),
(1438, 5, 746),
(1439, 5, 747),
(1440, 5, 748),
(1441, 5, 749),
(1442, 5, 750),
(1443, 5, 751),
(1444, 5, 752),
(1445, 5, 753),
(1446, 5, 754),
(1447, 5, 755),
(1448, 5, 756),
(1449, 5, 757),
(1450, 5, 759),
(1451, 5, 760),
(1452, 5, 761),
(1453, 5, 179),
(1454, 5, 848),
(1455, 5, 849),
(1456, 5, 850),
(1457, 5, 851),
(1458, 5, 852),
(1459, 5, 853),
(1460, 5, 854),
(1461, 5, 855),
(1462, 5, 856),
(1463, 5, 857),
(1464, 5, 858),
(1465, 5, 859),
(1466, 5, 860),
(1467, 5, 861),
(1468, 5, 862),
(1469, 5, 863),
(1470, 5, 864),
(1471, 5, 845),
(1472, 5, 867),
(1473, 5, 868),
(1474, 5, 869),
(1475, 5, 865),
(1476, 5, 870),
(1477, 5, 872),
(1478, 5, 903),
(1479, 5, 906),
(1480, 5, 908),
(1481, 5, 910),
(1482, 5, 912),
(1483, 5, 915),
(1484, 5, 891),
(1485, 5, 892),
(1486, 5, 893),
(1487, 5, 894),
(1488, 5, 895),
(1489, 5, 896),
(1490, 5, 897),
(1491, 5, 898),
(1492, 5, 900),
(1493, 5, 901),
(1494, 5, 902),
(1495, 5, 904),
(1496, 5, 905),
(1497, 5, 907),
(1498, 5, 909),
(1499, 5, 911),
(1500, 5, 913),
(1501, 5, 914),
(1502, 5, 762),
(1503, 5, 763),
(1504, 5, 764),
(1505, 5, 765),
(1506, 5, 766),
(1507, 5, 767),
(1508, 5, 768),
(1509, 5, 769),
(1510, 5, 770),
(1511, 5, 771),
(1512, 5, 772),
(1513, 5, 773),
(1514, 5, 775),
(1515, 5, 776),
(1516, 5, 777),
(1517, 5, 778),
(1518, 5, 779),
(1519, 5, 780),
(1520, 5, 781),
(1521, 5, 782),
(1522, 5, 783),
(1523, 5, 784),
(1524, 5, 785),
(1525, 5, 786),
(1526, 5, 378),
(1527, 5, 881),
(1528, 5, 882),
(1529, 5, 883),
(1530, 5, 884),
(1531, 5, 885),
(1532, 5, 886),
(1533, 5, 887),
(1534, 5, 888),
(1535, 5, 889),
(1536, 5, 890),
(1537, 5, 787),
(1538, 5, 788),
(1539, 5, 789),
(1540, 5, 790),
(1541, 5, 792),
(1542, 5, 793),
(1543, 5, 794),
(1544, 5, 795),
(1545, 5, 796),
(1546, 5, 797),
(1547, 5, 798),
(1548, 5, 799),
(1549, 5, 800),
(1550, 5, 801),
(1551, 5, 382);

-- --------------------------------------------------------

--
-- Table structure for table `ps_pagenotfound`
--

CREATE TABLE `ps_pagenotfound` (
  `id_pagenotfound` int(10) UNSIGNED NOT NULL,
  `id_shop` int(10) UNSIGNED NOT NULL DEFAULT 1,
  `id_shop_group` int(10) UNSIGNED NOT NULL DEFAULT 1,
  `request_uri` varchar(256) NOT NULL,
  `http_referer` varchar(256) NOT NULL,
  `date_add` datetime NOT NULL
) ENGINE=InnoDB DEFAULT CHARSET=utf8;

-- --------------------------------------------------------

--
-- Table structure for table `ps_page_type`
--

CREATE TABLE `ps_page_type` (
  `id_page_type` int(10) UNSIGNED NOT NULL,
  `name` varchar(255) NOT NULL
) ENGINE=InnoDB DEFAULT CHARSET=utf8;



-- --------------------------------------------------------

--
-- Table structure for table `ps_page_viewed`
--

CREATE TABLE `ps_page_viewed` (
  `id_page` int(10) UNSIGNED NOT NULL,
  `id_shop_group` int(10) UNSIGNED NOT NULL DEFAULT 1,
  `id_shop` int(10) UNSIGNED NOT NULL DEFAULT 1,
  `id_date_range` int(10) UNSIGNED NOT NULL,
  `counter` int(10) UNSIGNED NOT NULL
) ENGINE=InnoDB DEFAULT CHARSET=utf8;

-- --------------------------------------------------------

--
-- Table structure for table `ps_pm_advancedpack`
--

CREATE TABLE `ps_pm_advancedpack` (
  `id_pack` int(10) UNSIGNED NOT NULL,
  `id_shop` int(10) UNSIGNED NOT NULL,
  `fixed_price` text DEFAULT NULL,
  `allow_remove_product` tinyint(3) UNSIGNED DEFAULT 0
) ENGINE=MyISAM DEFAULT CHARSET=latin1;

--
-- Dumping data for table `ps_pm_advancedpack`
--

INSERT INTO `ps_pm_advancedpack` (`id_pack`, `id_shop`, `fixed_price`, `allow_remove_product`) VALUES
(1675, 1, 'null', 1),
(1676, 1, 'null', 1),
(1665, 1, 'null', 1),
(1666, 1, 'null', 1),
(1669, 1, 'null', 1),
(1670, 1, 'null', 1),
(1671, 1, 'null', 0),
(1673, 1, 'null', 1),
(1674, 1, 'null', 1),
(1677, 1, 'null', 1),
(1678, 1, 'null', 1),
(1679, 1, 'null', 1),
(1680, 1, 'null', 1),
(1681, 1, 'null', 1),
(1682, 1, 'null', 1),
(1684, 1, 'null', 1),
(1685, 1, 'null', 1),
(1686, 1, 'null', 1),
(1687, 1, 'null', 1),
(1688, 1, 'null', 1),
(1689, 1, 'null', 1),
(1690, 1, 'null', 1),
(1691, 1, 'null', 1),
(1692, 1, 'null', 1),
(1693, 1, 'null', 1),
(1694, 1, 'null', 1),
(1696, 1, 'null', 0),
(1697, 1, 'null', 1),
(1698, 1, 'null', 1),
(1701, 1, 'null', 1),
(1702, 1, 'null', 1),
(1703, 1, 'null', 1),
(1704, 1, 'null', 1),
(1705, 1, 'null', 0),
(1706, 1, 'null', 1),
(1707, 1, 'null', 1),
(1708, 1, 'null', 1),
(1709, 1, 'null', 1),
(1710, 1, 'null', 1),
(1711, 1, 'null', 1),
(1712, 1, 'null', 1),
(1713, 1, 'null', 0),
(1714, 1, 'null', 1),
(1715, 1, 'null', 0),
(1716, 1, 'null', 1),
(1717, 1, 'null', 0),
(1718, 1, 'null', 1),
(1719, 1, 'null', 0),
(1720, 1, 'null', 1),
(1721, 1, 'null', 1),
(1722, 1, 'null', 0),
(1723, 1, 'null', 1),
(1724, 1, 'null', 1),
(1726, 1, 'null', 0),
(1727, 1, 'null', 0),
(1728, 1, 'null', 1),
(1729, 1, 'null', 1),
(1734, 1, 'null', 1),
(1735, 1, 'null', 1),
(1743, 1, 'null', 0);

-- --------------------------------------------------------

--
-- Table structure for table `ps_pm_advancedpack_cart_products`
--

CREATE TABLE `ps_pm_advancedpack_cart_products` (
  `id_cart` int(10) UNSIGNED NOT NULL,
  `id_shop` int(10) UNSIGNED NOT NULL,
  `id_pack` int(10) UNSIGNED NOT NULL,
  `id_product_pack` int(10) UNSIGNED NOT NULL,
  `id_product_attribute_pack` int(10) UNSIGNED NOT NULL,
  `unique_hash` char(32) NOT NULL,
  `id_product_attribute` int(10) UNSIGNED NOT NULL,
  `id_order` int(10) UNSIGNED DEFAULT NULL,
  `customization_infos` text DEFAULT NULL,
  `cleaned` tinyint(3) UNSIGNED DEFAULT 0
) ENGINE=MyISAM DEFAULT CHARSET=latin1;

--
-- Dumping data for table `ps_pm_advancedpack_cart_products`
--

INSERT INTO `ps_pm_advancedpack_cart_products` (`id_cart`, `id_shop`, `id_pack`, `id_product_pack`, `id_product_attribute_pack`, `unique_hash`, `id_product_attribute`, `id_order`, `customization_infos`, `cleaned`) VALUES
(18, 1, 1665, 57, 16818, '14fe1fa6025f70732f84d9192862cfbd', 1492, NULL, NULL, 0),
(18, 1, 1665, 55, 16818, '14fe1fa6025f70732f84d9192862cfbd', 1077, NULL, NULL, 0),
(18, 1, 1665, 56, 16818, '14fe1fa6025f70732f84d9192862cfbd', 1092, NULL, NULL, 0),
(18, 1, 1665, 46, 16818, '14fe1fa6025f70732f84d9192862cfbd', 1114, NULL, NULL, 0),
(18, 1, 1665, 53, 16818, '14fe1fa6025f70732f84d9192862cfbd', 1039, NULL, NULL, 0),
(18, 1, 1665, 54, 16818, '14fe1fa6025f70732f84d9192862cfbd', 1575, NULL, NULL, 0),
(15, 1, 1665, 58, 16817, '9cae36cac00f8c57d55ecd6e4e4c39e8', 1339, 5, NULL, 0),
(15, 1, 1665, 57, 16817, '9cae36cac00f8c57d55ecd6e4e4c39e8', 1492, 5, NULL, 0),
(15, 1, 1665, 31, 16817, '9cae36cac00f8c57d55ecd6e4e4c39e8', 1667, 5, NULL, 0),
(15, 1, 1665, 46, 16817, '9cae36cac00f8c57d55ecd6e4e4c39e8', 1114, 5, NULL, 0),
(15, 1, 1665, 53, 16817, '9cae36cac00f8c57d55ecd6e4e4c39e8', 1039, 5, NULL, 0),
(15, 1, 1665, 54, 16817, '9cae36cac00f8c57d55ecd6e4e4c39e8', 1575, 5, NULL, 0),
(15, 1, 1665, 55, 16817, '9cae36cac00f8c57d55ecd6e4e4c39e8', 1077, 5, NULL, 0),
(15, 1, 1665, 56, 16817, '9cae36cac00f8c57d55ecd6e4e4c39e8', 1092, 5, NULL, 0),
(15, 1, 1665, 57, 16816, 'f9677c87344bda7954d1ca8c4e1ced71', 1492, 5, NULL, 0),
(15, 1, 1665, 58, 16816, 'f9677c87344bda7954d1ca8c4e1ced71', 1339, 5, NULL, 0),
(15, 1, 1665, 56, 16816, 'f9677c87344bda7954d1ca8c4e1ced71', 1092, 5, NULL, 0),
(15, 1, 1665, 55, 16816, 'f9677c87344bda7954d1ca8c4e1ced71', 1077, 5, NULL, 0),
(15, 1, 1665, 31, 16816, 'f9677c87344bda7954d1ca8c4e1ced71', 1668, 5, NULL, 0),
(15, 1, 1665, 54, 16816, 'f9677c87344bda7954d1ca8c4e1ced71', 1575, 5, NULL, 0),
(18, 1, 1665, 31, 16818, '14fe1fa6025f70732f84d9192862cfbd', 1668, NULL, NULL, 0),
(15, 1, 1665, 53, 16816, 'f9677c87344bda7954d1ca8c4e1ced71', 1039, 5, NULL, 0),
(15, 1, 1665, 46, 16816, 'f9677c87344bda7954d1ca8c4e1ced71', 1114, 5, NULL, 0),
(18, 1, 1665, 58, 16818, '14fe1fa6025f70732f84d9192862cfbd', 1339, NULL, NULL, 0),
(18, 1, 1665, 31, 16819, 'd429ed7ec7e9ffa01772eb15af25e6a6', 1667, NULL, NULL, 0),
(18, 1, 1665, 46, 16819, 'd429ed7ec7e9ffa01772eb15af25e6a6', 1114, NULL, NULL, 0),
(18, 1, 1665, 53, 16819, 'd429ed7ec7e9ffa01772eb15af25e6a6', 1039, NULL, NULL, 0),
(18, 1, 1665, 54, 16819, 'd429ed7ec7e9ffa01772eb15af25e6a6', 1575, NULL, NULL, 0),
(18, 1, 1665, 55, 16819, 'd429ed7ec7e9ffa01772eb15af25e6a6', 1077, NULL, NULL, 0),
(18, 1, 1665, 56, 16819, 'd429ed7ec7e9ffa01772eb15af25e6a6', 1092, NULL, NULL, 0),
(18, 1, 1665, 57, 16819, 'd429ed7ec7e9ffa01772eb15af25e6a6', 1492, NULL, NULL, 0),
(18, 1, 1665, 58, 16819, 'd429ed7ec7e9ffa01772eb15af25e6a6', 1339, NULL, NULL, 0);

-- --------------------------------------------------------

--
-- Table structure for table `ps_pm_advancedpack_products`
--

CREATE TABLE `ps_pm_advancedpack_products` (
  `id_product_pack` int(10) UNSIGNED NOT NULL,
  `id_pack` int(10) UNSIGNED DEFAULT NULL,
  `id_product` int(10) UNSIGNED DEFAULT NULL,
  `default_id_product_attribute` int(10) UNSIGNED DEFAULT NULL,
  `quantity` int(10) UNSIGNED DEFAULT NULL,
  `use_reduc` tinyint(4) DEFAULT 1,
  `position` tinyint(3) UNSIGNED DEFAULT NULL,
  `reduction_amount` decimal(20,6) UNSIGNED DEFAULT 0.000000,
  `reduction_type` enum('amount','percentage') DEFAULT NULL,
  `exclusive` tinyint(3) UNSIGNED DEFAULT 0
) ENGINE=MyISAM DEFAULT CHARSET=latin1;

--
-- Dumping data for table `ps_pm_advancedpack_products`
--

INSERT INTO `ps_pm_advancedpack_products` (`id_product_pack`, `id_pack`, `id_product`, `default_id_product_attribute`, `quantity`, `use_reduc`, `position`, `reduction_amount`, `reduction_type`, `exclusive`) VALUES
(66, 1666, 866, 1576, 1, 1, 3, 0.000000, 'percentage', 0),
(65, 1666, 1095, 1041, 1, 1, 2, 0.000000, 'percentage', 0),
(136, 1675, 805, 1341, 1, 1, 7, 0.000000, 'percentage', 0),
(137, 1675, 1128, 1494, 1, 1, 6, 0.000000, 'percentage', 0),
(58, 1665, 805, 1339, 4, 1, 7, 0.000000, 'percentage', 0),
(138, 1675, 847, 1102, 1, 1, 5, 0.000000, 'percentage', 0),
(139, 1675, 1316, 1085, 1, 1, 4, 0.000000, 'percentage', 0),
(57, 1665, 1128, 1492, 1, 1, 6, 0.000000, 'percentage', 0),
(56, 1665, 847, 1092, 1, 1, 5, 0.000000, 'percentage', 0),
(55, 1665, 1316, 1077, 1, 1, 4, 0.000000, 'percentage', 0),
(54, 1665, 866, 1575, 1, 1, 3, 0.000000, 'percentage', 0),
(53, 1665, 1095, 1039, 1, 1, 2, 0.000000, 'percentage', 0),
(46, 1665, 1035, 1113, 1, 1, 1, 0.000000, 'percentage', 0),
(31, 1665, 1428, 1667, 1, 1, 0, 0.000000, 'percentage', 0),
(64, 1666, 1035, 1113, 1, 1, 1, 0.000000, 'percentage', 0),
(63, 1666, 1565, 0, 1, 1, 0, 0.000000, 'percentage', 0),
(89, 1670, 866, 1575, 1, 1, 3, 0.000000, 'percentage', 0),
(80, 1669, 866, 1575, 1, 1, 3, 0.000000, 'percentage', 0),
(79, 1669, 1095, 1041, 1, 1, 2, 0.000000, 'percentage', 0),
(78, 1669, 1035, 1113, 1, 1, 1, 0.000000, 'percentage', 0),
(77, 1669, 1561, 0, 1, 1, 0, 0.000000, 'percentage', 0),
(88, 1670, 1095, 1061, 1, 1, 2, 0.000000, 'percentage', 0),
(87, 1670, 1035, 1105, 1, 1, 1, 0.000000, 'percentage', 0),
(86, 1670, 1564, 0, 1, 1, 0, 0.000000, 'percentage', 0),
(107, 1671, 866, 1575, 1, 1, 3, 0.000000, '', 0),
(106, 1671, 1095, 1061, 1, 1, 2, 0.000000, '', 0),
(105, 1671, 1035, 1105, 1, 1, 1, 0.000000, '', 0),
(104, 1671, 1560, 0, 1, 1, 0, 0.000000, 'percentage', 0),
(124, 1673, 805, 1341, 1, 1, 7, 0.000000, 'percentage', 0),
(123, 1673, 1128, 1494, 1, 1, 6, 0.000000, 'percentage', 0),
(122, 1673, 847, 1102, 1, 1, 5, 0.000000, 'percentage', 0),
(121, 1673, 1316, 1085, 1, 1, 4, 0.000000, 'percentage', 0),
(120, 1673, 866, 1576, 1, 1, 3, 0.000000, 'percentage', 0),
(119, 1673, 1095, 1047, 1, 1, 2, 0.000000, 'percentage', 0),
(118, 1673, 1035, 1105, 1, 1, 1, 0.000000, 'percentage', 0),
(117, 1673, 1587, 2470, 1, 1, 0, 0.000000, 'percentage', 0),
(125, 1674, 805, 1341, 1, 1, 7, 0.000000, 'percentage', 0),
(126, 1674, 1128, 1494, 1, 1, 6, 0.000000, 'percentage', 0),
(127, 1674, 847, 1102, 1, 1, 5, 0.000000, 'percentage', 0),
(128, 1674, 1316, 1085, 1, 1, 4, 0.000000, 'percentage', 0),
(129, 1674, 866, 1576, 1, 1, 3, 0.000000, 'percentage', 0),
(130, 1674, 1095, 1047, 1, 1, 2, 0.000000, 'percentage', 0),
(131, 1674, 1035, 1105, 1, 1, 1, 0.000000, 'percentage', 0),
(135, 1674, 1589, 2750, 1, 1, 0, 0.000000, 'percentage', 0),
(140, 1675, 866, 1576, 1, 1, 3, 0.000000, 'percentage', 0),
(141, 1675, 1095, 1047, 1, 1, 2, 0.000000, 'percentage', 0),
(142, 1675, 1035, 1105, 1, 1, 1, 0.000000, 'percentage', 0),
(145, 1675, 1585, 2989, 1, 1, 0, 0.000000, 'percentage', 0),
(146, 1676, 805, 1339, 4, 1, 7, 0.000000, 'percentage', 0),
(147, 1676, 1128, 1492, 1, 1, 6, 0.000000, 'percentage', 0),
(148, 1676, 847, 1097, 1, 1, 5, 0.000000, 'percentage', 0),
(149, 1676, 1316, 1082, 1, 1, 4, 0.000000, 'percentage', 0),
(150, 1676, 866, 1577, 1, 1, 3, 0.000000, 'percentage', 0),
(151, 1676, 1095, 1044, 1, 1, 2, 0.000000, 'percentage', 0),
(152, 1676, 1035, 1113, 1, 1, 1, 0.000000, 'percentage', 0),
(154, 1676, 1484, 3199, 1, 1, 0, 0.000000, 'percentage', 0),
(155, 1677, 805, 1339, 4, 1, 7, 0.000000, 'percentage', 1),
(156, 1677, 1128, 1492, 1, 1, 6, 0.000000, 'percentage', 1),
(157, 1677, 847, 1092, 1, 1, 5, 0.000000, 'percentage', 1),
(158, 1677, 1316, 1077, 1, 1, 4, 0.000000, 'percentage', 1),
(159, 1677, 866, 1575, 1, 1, 3, 0.000000, 'percentage', 1),
(160, 1677, 1095, 1039, 1, 1, 2, 0.000000, 'percentage', 1),
(161, 1677, 1035, 1105, 1, 1, 1, 0.000000, 'percentage', 1),
(164, 1677, 1426, 3318, 1, 1, 0, 0.000000, 'percentage', 1),
(165, 1678, 805, 1339, 4, 1, 7, 0.000000, 'percentage', 1),
(166, 1678, 1128, 1492, 1, 1, 6, 0.000000, 'percentage', 1),
(167, 1678, 847, 1092, 1, 1, 5, 0.000000, 'percentage', 1),
(168, 1678, 1316, 1077, 1, 1, 4, 0.000000, 'percentage', 1),
(169, 1678, 866, 1575, 1, 1, 3, 0.000000, 'percentage', 1),
(170, 1678, 1095, 1039, 1, 1, 2, 0.000000, 'percentage', 1),
(171, 1678, 1035, 1105, 1, 1, 1, 0.000000, 'percentage', 1),
(174, 1678, 1430, 3332, 1, 1, 0, 0.000000, 'percentage', 0),
(175, 1679, 805, 1339, 4, 1, 7, 0.000000, 'percentage', 0),
(176, 1679, 1128, 1492, 1, 1, 6, 0.000000, 'percentage', 0),
(177, 1679, 847, 1093, 1, 1, 5, 0.000000, 'percentage', 0),
(178, 1679, 1316, 1079, 1, 1, 4, 0.000000, 'percentage', 0),
(179, 1679, 866, 1575, 1, 1, 3, 0.000000, 'percentage', 0),
(180, 1679, 1095, 1041, 1, 1, 2, 0.000000, 'percentage', 0),
(181, 1679, 1035, 1113, 1, 1, 1, 0.000000, 'percentage', 0),
(183, 1679, 1438, 3737, 1, 1, 0, 0.000000, 'percentage', 0),
(184, 1680, 805, 1339, 4, 1, 7, 0.000000, 'percentage', 0),
(185, 1680, 1128, 1492, 1, 1, 6, 0.000000, 'percentage', 0),
(186, 1680, 847, 1093, 1, 1, 5, 0.000000, 'percentage', 0),
(187, 1680, 1316, 1079, 1, 1, 4, 0.000000, 'percentage', 0),
(188, 1680, 866, 1575, 1, 1, 3, 0.000000, 'percentage', 0),
(189, 1680, 1095, 1041, 1, 1, 2, 0.000000, 'percentage', 0),
(190, 1680, 1035, 1105, 1, 1, 1, 0.000000, 'percentage', 0),
(193, 1680, 1436, 4007, 1, 1, 0, 0.000000, 'percentage', 0),
(194, 1681, 805, 1339, 4, 1, 7, 0.000000, 'percentage', 0),
(195, 1681, 1128, 1492, 1, 1, 6, 0.000000, 'percentage', 0),
(196, 1681, 847, 1093, 1, 1, 5, 0.000000, 'percentage', 0),
(197, 1681, 1316, 1079, 1, 1, 4, 0.000000, 'percentage', 0),
(198, 1681, 866, 1575, 1, 1, 3, 0.000000, 'percentage', 0),
(199, 1681, 1095, 1041, 1, 1, 2, 0.000000, 'percentage', 0),
(200, 1681, 1035, 1105, 1, 1, 1, 0.000000, 'percentage', 0),
(202, 1681, 1446, 4276, 1, 1, 0, 0.000000, 'percentage', 0),
(203, 1682, 805, 1340, 4, 1, 7, 0.000000, 'percentage', 0),
(204, 1682, 1128, 1492, 1, 1, 6, 0.000000, 'percentage', 0),
(205, 1682, 847, 1093, 1, 1, 5, 0.000000, 'percentage', 0),
(206, 1682, 1316, 1079, 1, 1, 4, 0.000000, 'percentage', 0),
(207, 1682, 866, 1575, 1, 1, 3, 0.000000, 'percentage', 0),
(208, 1682, 1095, 1041, 1, 1, 2, 0.000000, 'percentage', 0),
(209, 1682, 1035, 1113, 1, 1, 1, 0.000000, 'percentage', 0),
(212, 1682, 1450, 4370, 1, 1, 0, 0.000000, 'percentage', 0),
(221, 1684, 805, 1339, 4, 1, 7, 0.000000, 'percentage', 0),
(222, 1684, 1128, 1492, 1, 1, 6, 0.000000, 'percentage', 0),
(223, 1684, 847, 1093, 1, 1, 5, 0.000000, 'percentage', 0),
(224, 1684, 1316, 1079, 1, 1, 4, 0.000000, 'percentage', 0),
(225, 1684, 866, 1575, 1, 1, 3, 0.000000, 'percentage', 0),
(226, 1684, 1095, 1041, 1, 1, 2, 0.000000, 'percentage', 0),
(227, 1684, 1035, 1113, 1, 1, 1, 0.000000, 'percentage', 0),
(232, 1684, 1444, 4663, 1, 1, 0, 0.000000, 'percentage', 0),
(233, 1685, 805, 1339, 4, 1, 7, 0.000000, 'percentage', 0),
(234, 1685, 1128, 1492, 1, 1, 6, 0.000000, 'percentage', 0),
(235, 1685, 847, 1093, 1, 1, 5, 0.000000, 'percentage', 0),
(236, 1685, 1316, 1079, 1, 1, 4, 0.000000, 'percentage', 0),
(237, 1685, 866, 1575, 1, 1, 3, 0.000000, 'percentage', 0),
(238, 1685, 1095, 1041, 1, 1, 2, 0.000000, 'percentage', 0),
(239, 1685, 1035, 1113, 1, 1, 1, 0.000000, 'percentage', 0),
(241, 1685, 1442, 4235, 1, 1, 0, 0.000000, 'percentage', 0),
(242, 1686, 805, 1339, 4, 1, 7, 0.000000, 'percentage', 0),
(243, 1686, 1128, 1492, 1, 1, 6, 0.000000, 'percentage', 0),
(244, 1686, 847, 1093, 1, 1, 5, 0.000000, 'percentage', 0),
(245, 1686, 1316, 1079, 1, 1, 4, 0.000000, 'percentage', 0),
(246, 1686, 866, 1575, 1, 1, 3, 0.000000, 'percentage', 0),
(247, 1686, 1095, 1041, 1, 1, 2, 0.000000, 'percentage', 0),
(248, 1686, 1035, 1113, 1, 1, 1, 0.000000, 'percentage', 0),
(250, 1686, 1454, 4733, 1, 1, 0, 0.000000, 'percentage', 0),
(251, 1687, 805, 1340, 4, 1, 7, 0.000000, 'percentage', 0),
(252, 1687, 1128, 1492, 1, 1, 6, 0.000000, 'percentage', 0),
(253, 1687, 847, 1095, 1, 1, 5, 0.000000, 'percentage', 0),
(254, 1687, 1316, 1080, 1, 1, 4, 0.000000, 'percentage', 0),
(255, 1687, 866, 1576, 1, 1, 3, 0.000000, 'percentage', 0),
(256, 1687, 1095, 1042, 1, 1, 2, 0.000000, 'percentage', 0),
(257, 1687, 1035, 1105, 1, 1, 1, 0.000000, 'percentage', 0),
(259, 1687, 1456, 5556, 1, 1, 0, 0.000000, 'percentage', 0),
(260, 1688, 805, 1340, 4, 1, 7, 0.000000, 'percentage', 0),
(261, 1688, 1128, 1492, 1, 1, 6, 0.000000, 'percentage', 0),
(262, 1688, 847, 1095, 1, 1, 5, 0.000000, 'percentage', 0),
(263, 1688, 1316, 1080, 1, 1, 4, 0.000000, 'percentage', 0),
(264, 1688, 866, 1576, 1, 1, 3, 0.000000, 'percentage', 0),
(265, 1688, 1095, 1042, 1, 1, 2, 0.000000, 'percentage', 0),
(266, 1688, 1035, 1113, 1, 1, 1, 0.000000, 'percentage', 0),
(270, 1688, 1458, 5702, 1, 1, 0, 0.000000, 'percentage', 0),
(271, 1689, 805, 1340, 4, 1, 7, 0.000000, 'percentage', 0),
(272, 1689, 1128, 1492, 1, 1, 6, 0.000000, 'percentage', 0),
(273, 1689, 847, 1095, 1, 1, 5, 0.000000, 'percentage', 0),
(274, 1689, 1316, 1080, 1, 1, 4, 0.000000, 'percentage', 0),
(275, 1689, 866, 1576, 1, 1, 3, 0.000000, 'percentage', 0),
(276, 1689, 1095, 1042, 1, 1, 2, 0.000000, 'percentage', 0),
(277, 1689, 1035, 1105, 1, 1, 1, 0.000000, 'percentage', 0),
(279, 1689, 1460, 5870, 1, 1, 0, 0.000000, 'percentage', 0),
(280, 1690, 805, 1340, 4, 1, 7, 0.000000, 'percentage', 0),
(281, 1690, 1128, 1492, 1, 1, 6, 0.000000, 'percentage', 0),
(282, 1690, 847, 1095, 1, 1, 5, 0.000000, 'percentage', 0),
(283, 1690, 1316, 1080, 1, 1, 4, 0.000000, 'percentage', 0),
(284, 1690, 866, 1576, 1, 1, 3, 0.000000, 'percentage', 0),
(285, 1690, 1095, 1042, 1, 1, 2, 0.000000, 'percentage', 0),
(286, 1690, 1035, 1113, 1, 1, 1, 0.000000, 'percentage', 0),
(289, 1690, 1462, 5990, 1, 1, 0, 0.000000, 'percentage', 0),
(290, 1691, 805, 1340, 4, 1, 7, 0.000000, 'percentage', 0),
(291, 1691, 1128, 1492, 1, 1, 6, 0.000000, 'percentage', 0),
(292, 1691, 847, 1096, 1, 1, 5, 0.000000, 'percentage', 0),
(293, 1691, 1316, 1081, 1, 1, 4, 0.000000, 'percentage', 0),
(294, 1691, 866, 1576, 1, 1, 3, 0.000000, 'percentage', 0),
(295, 1691, 1095, 1043, 1, 1, 2, 0.000000, 'percentage', 0),
(296, 1691, 1035, 1105, 1, 1, 1, 0.000000, 'percentage', 0),
(298, 1691, 1464, 6640, 1, 1, 0, 0.000000, 'percentage', 0),
(299, 1692, 805, 1340, 4, 1, 7, 0.000000, 'percentage', 0),
(300, 1692, 1128, 1492, 1, 1, 6, 0.000000, 'percentage', 0),
(301, 1692, 847, 1096, 1, 1, 5, 0.000000, 'percentage', 0),
(302, 1692, 1316, 1081, 1, 1, 4, 0.000000, 'percentage', 0),
(303, 1692, 866, 1576, 1, 1, 3, 0.000000, 'percentage', 0),
(304, 1692, 1095, 1043, 1, 1, 2, 0.000000, 'percentage', 0),
(305, 1692, 1035, 1113, 1, 1, 1, 0.000000, 'percentage', 0),
(307, 1692, 1466, 6812, 1, 1, 0, 0.000000, 'percentage', 0),
(308, 1693, 805, 1340, 4, 1, 7, 0.000000, 'percentage', 0),
(309, 1693, 1128, 1492, 1, 1, 6, 0.000000, 'percentage', 0),
(310, 1693, 847, 1096, 1, 1, 5, 0.000000, 'percentage', 0),
(311, 1693, 1316, 1081, 1, 1, 4, 0.000000, 'percentage', 0),
(312, 1693, 866, 1576, 1, 1, 3, 0.000000, 'percentage', 0),
(313, 1693, 1095, 1043, 1, 1, 2, 0.000000, 'percentage', 0),
(314, 1693, 1035, 1113, 1, 1, 1, 0.000000, 'percentage', 0),
(317, 1693, 1470, 6979, 1, 1, 0, 0.000000, 'percentage', 0),
(318, 1694, 805, 1340, 4, 1, 7, 0.000000, 'percentage', 0),
(319, 1694, 1128, 1492, 1, 1, 6, 0.000000, 'percentage', 0),
(320, 1694, 847, 1096, 1, 1, 5, 0.000000, 'percentage', 0),
(321, 1694, 1316, 1081, 1, 1, 4, 0.000000, 'percentage', 0),
(322, 1694, 866, 1576, 1, 1, 3, 0.000000, 'percentage', 0),
(323, 1694, 1095, 1043, 1, 1, 2, 0.000000, 'percentage', 0),
(324, 1694, 1035, 1105, 1, 1, 1, 0.000000, 'percentage', 0),
(330, 1694, 1468, 7170, 1, 1, 0, 0.000000, 'percentage', 0),
(331, 1696, 805, 1340, 4, 1, 7, 0.000000, 'percentage', 0),
(332, 1696, 1128, 1492, 1, 1, 6, 0.000000, 'percentage', 0),
(333, 1696, 847, 1097, 1, 1, 5, 0.000000, 'percentage', 0),
(334, 1696, 1316, 1082, 1, 1, 4, 0.000000, 'percentage', 0),
(335, 1696, 866, 1577, 1, 1, 3, 0.000000, 'percentage', 0),
(336, 1696, 1095, 1044, 1, 1, 2, 0.000000, 'percentage', 0),
(337, 1696, 1035, 1113, 1, 1, 1, 0.000000, 'percentage', 0),
(341, 1696, 1478, 7198, 1, 0, 0, 0.000000, 'percentage', 0),
(342, 1697, 805, 1340, 4, 1, 7, 0.000000, 'percentage', 0),
(343, 1697, 1128, 1492, 1, 1, 6, 0.000000, 'percentage', 0),
(344, 1697, 847, 1097, 1, 1, 5, 0.000000, 'percentage', 0),
(345, 1697, 1316, 1082, 1, 1, 4, 0.000000, 'percentage', 0),
(346, 1697, 866, 1577, 1, 1, 3, 0.000000, 'percentage', 0),
(347, 1697, 1095, 1044, 1, 1, 2, 0.000000, 'percentage', 0),
(348, 1697, 1035, 1105, 1, 1, 1, 0.000000, 'percentage', 0),
(350, 1697, 1476, 7184, 1, 1, 0, 0.000000, 'percentage', 0),
(351, 1698, 805, 1340, 4, 1, 7, 0.000000, 'percentage', 0),
(352, 1698, 1128, 1492, 1, 1, 6, 0.000000, 'percentage', 0),
(353, 1698, 847, 1097, 1, 1, 5, 0.000000, 'percentage', 0),
(354, 1698, 1316, 1082, 1, 1, 4, 0.000000, 'percentage', 0),
(355, 1698, 866, 1577, 1, 1, 3, 0.000000, 'percentage', 0),
(356, 1698, 1095, 1044, 1, 1, 2, 0.000000, 'percentage', 0),
(357, 1698, 1035, 1113, 1, 1, 1, 0.000000, 'percentage', 0),
(359, 1698, 1482, 7212, 1, 1, 0, 0.000000, 'percentage', 0),
(360, 1701, 805, 1340, 4, 1, 7, 0.000000, 'percentage', 0),
(361, 1701, 1128, 1492, 1, 1, 6, 0.000000, 'percentage', 0),
(362, 1701, 847, 1097, 1, 1, 5, 0.000000, 'percentage', 0),
(363, 1701, 1316, 1082, 1, 1, 4, 0.000000, 'percentage', 0),
(364, 1701, 866, 1577, 1, 1, 3, 0.000000, 'percentage', 0),
(365, 1701, 1095, 1044, 1, 1, 2, 0.000000, 'percentage', 0),
(366, 1701, 1035, 1105, 1, 1, 1, 0.000000, 'percentage', 0),
(369, 1701, 1480, 7226, 1, 1, 0, 0.000000, 'percentage', 0),
(370, 1702, 805, 1340, 4, 1, 7, 0.000000, 'percentage', 0),
(371, 1702, 1128, 1492, 1, 1, 6, 0.000000, 'percentage', 0),
(372, 1702, 847, 1103, 1, 1, 5, 0.000000, 'percentage', 0),
(373, 1702, 1316, 1083, 1, 1, 4, 0.000000, 'percentage', 0),
(374, 1702, 866, 1577, 1, 1, 3, 0.000000, 'percentage', 0),
(375, 1702, 1095, 1045, 1, 1, 2, 0.000000, 'percentage', 0),
(376, 1702, 1035, 1105, 1, 1, 1, 0.000000, 'percentage', 0),
(379, 1702, 1486, 7240, 1, 1, 0, 0.000000, 'percentage', 0),
(380, 1703, 805, 1340, 4, 1, 7, 0.000000, 'percentage', 0),
(381, 1703, 1128, 1492, 1, 1, 6, 0.000000, 'percentage', 0),
(382, 1703, 847, 1103, 1, 1, 5, 0.000000, 'percentage', 0),
(383, 1703, 1316, 1083, 1, 1, 4, 0.000000, 'percentage', 0),
(384, 1703, 866, 1577, 1, 1, 3, 0.000000, 'percentage', 0),
(385, 1703, 1095, 1045, 1, 1, 2, 0.000000, 'percentage', 0),
(386, 1703, 1035, 1113, 1, 1, 1, 0.000000, 'percentage', 0),
(388, 1703, 1488, 7254, 1, 1, 0, 0.000000, 'percentage', 0),
(389, 1704, 805, 1340, 4, 1, 7, 0.000000, 'percentage', 0),
(390, 1704, 1128, 1492, 1, 1, 6, 0.000000, 'percentage', 0),
(391, 1704, 847, 1104, 1, 1, 5, 0.000000, 'percentage', 0),
(392, 1704, 1316, 1084, 1, 1, 4, 0.000000, 'percentage', 0),
(393, 1704, 866, 1578, 1, 1, 3, 0.000000, 'percentage', 0),
(394, 1704, 1095, 1046, 1, 1, 2, 0.000000, 'percentage', 0),
(395, 1704, 1035, 1105, 1, 1, 1, 0.000000, 'percentage', 0),
(398, 1704, 1490, 7268, 1, 1, 0, 0.000000, 'percentage', 0),
(399, 1705, 805, 1340, 4, 1, 7, 0.000000, 'percentage', 0),
(400, 1705, 1128, 1492, 1, 1, 6, 0.000000, 'percentage', 0),
(401, 1705, 847, 1104, 1, 1, 5, 0.000000, 'percentage', 0),
(402, 1705, 1316, 1084, 1, 1, 4, 0.000000, 'percentage', 0),
(403, 1705, 866, 1578, 1, 1, 3, 0.000000, 'percentage', 0),
(404, 1705, 1095, 1046, 1, 1, 2, 0.000000, 'percentage', 0),
(405, 1705, 1035, 1113, 1, 1, 1, 0.000000, 'percentage', 0),
(409, 1705, 1492, 7282, 1, 1, 0, 0.000000, 'percentage', 0),
(410, 1706, 805, 1340, 4, 1, 7, 0.000000, 'percentage', 0),
(411, 1706, 1128, 1492, 1, 1, 6, 0.000000, 'percentage', 0),
(412, 1706, 847, 1104, 1, 1, 5, 0.000000, 'percentage', 0),
(413, 1706, 1316, 1084, 1, 1, 4, 0.000000, 'percentage', 0),
(414, 1706, 866, 1578, 1, 1, 3, 0.000000, 'percentage', 0),
(415, 1706, 1095, 1046, 1, 1, 2, 0.000000, 'percentage', 0),
(416, 1706, 1035, 1105, 1, 1, 1, 0.000000, 'percentage', 0),
(419, 1706, 1493, 7310, 1, 1, 0, 0.000000, 'percentage', 0),
(420, 1707, 805, 1340, 4, 1, 7, 0.000000, 'percentage', 0),
(421, 1707, 1128, 1492, 1, 1, 6, 0.000000, 'percentage', 0),
(422, 1707, 847, 1104, 1, 1, 5, 0.000000, 'percentage', 0),
(423, 1707, 1316, 1084, 1, 1, 4, 0.000000, 'percentage', 0),
(424, 1707, 866, 1578, 1, 1, 3, 0.000000, 'percentage', 0),
(425, 1707, 1095, 1046, 1, 1, 2, 0.000000, 'percentage', 0),
(426, 1707, 1035, 1113, 1, 1, 1, 0.000000, 'percentage', 0),
(427, 1707, 1492, 7282, 1, 1, 0, 0.000000, 'percentage', 0),
(428, 1708, 805, 1339, 4, 1, 7, 0.000000, 'percentage', 0),
(429, 1708, 1128, 1492, 1, 1, 6, 0.000000, 'percentage', 0),
(430, 1708, 847, 1091, 1, 1, 5, 0.000000, 'percentage', 0),
(431, 1708, 1316, 1075, 1, 1, 4, 0.000000, 'percentage', 0),
(432, 1708, 866, 1575, 1, 1, 3, 0.000000, 'percentage', 0),
(433, 1708, 1095, 1037, 1, 1, 2, 0.000000, 'percentage', 0),
(434, 1708, 1035, 1113, 1, 1, 1, 0.000000, 'percentage', 0),
(436, 1708, 1501, 7366, 1, 1, 0, 0.000000, 'percentage', 0),
(437, 1709, 805, 1339, 4, 1, 7, 0.000000, 'percentage', 0),
(438, 1709, 1128, 1492, 1, 1, 6, 0.000000, 'percentage', 0),
(439, 1709, 847, 1091, 1, 1, 5, 0.000000, 'percentage', 0),
(440, 1709, 1316, 1075, 1, 1, 4, 0.000000, 'percentage', 0),
(441, 1709, 866, 1575, 1, 1, 3, 0.000000, 'percentage', 0),
(442, 1709, 1095, 1037, 1, 1, 2, 0.000000, 'percentage', 0),
(443, 1709, 1035, 1113, 1, 1, 1, 0.000000, 'percentage', 0),
(445, 1709, 1499, 7338, 1, 1, 0, 0.000000, 'percentage', 0),
(446, 1710, 805, 1339, 4, 1, 7, 0.000000, 'percentage', 0),
(447, 1710, 1128, 1492, 1, 1, 6, 0.000000, 'percentage', 0),
(448, 1710, 847, 1092, 1, 1, 5, 0.000000, 'percentage', 0),
(449, 1710, 1316, 1075, 1, 1, 4, 0.000000, 'percentage', 0),
(450, 1710, 866, 1575, 1, 1, 3, 0.000000, 'percentage', 0),
(451, 1710, 1095, 1037, 1, 1, 2, 0.000000, 'percentage', 0),
(452, 1710, 1035, 1113, 1, 1, 1, 0.000000, 'percentage', 0),
(456, 1710, 1518, 7448, 1, 1, 0, 0.000000, 'percentage', 0),
(457, 1711, 805, 1339, 4, 1, 7, 0.000000, 'percentage', 0),
(458, 1711, 1128, 1492, 1, 1, 6, 0.000000, 'percentage', 0),
(459, 1711, 847, 1092, 1, 1, 5, 0.000000, 'percentage', 0),
(460, 1711, 1316, 1075, 1, 1, 4, 0.000000, 'percentage', 0),
(461, 1711, 866, 1575, 1, 1, 3, 0.000000, 'percentage', 0),
(462, 1711, 1095, 1037, 1, 1, 2, 0.000000, 'percentage', 0),
(463, 1711, 1035, 1105, 1, 1, 1, 0.000000, 'percentage', 0),
(466, 1711, 1516, 7419, 1, 1, 0, 0.000000, 'percentage', 0),
(467, 1712, 805, 1339, 4, 1, 7, 0.000000, 'percentage', 0),
(468, 1712, 1128, 1492, 1, 1, 6, 0.000000, 'percentage', 0),
(469, 1712, 847, 1092, 1, 1, 5, 0.000000, 'percentage', 0),
(470, 1712, 1316, 1079, 1, 1, 4, 0.000000, 'percentage', 0),
(471, 1712, 866, 1575, 1, 1, 3, 0.000000, 'percentage', 0),
(472, 1712, 1095, 1041, 1, 1, 2, 0.000000, 'percentage', 0),
(473, 1712, 1035, 1105, 1, 1, 1, 0.000000, 'percentage', 0),
(475, 1712, 1513, 7405, 1, 1, 0, 0.000000, 'percentage', 0),
(476, 1713, 805, 1339, 4, 1, 7, 0.000000, 'percentage', 0),
(477, 1713, 1128, 1492, 1, 1, 6, 0.000000, 'percentage', 0),
(478, 1713, 847, 1092, 1, 1, 5, 0.000000, 'percentage', 0),
(479, 1713, 1316, 1075, 1, 1, 4, 0.000000, 'percentage', 0),
(480, 1713, 866, 1575, 1, 1, 3, 0.000000, 'percentage', 0),
(481, 1713, 1095, 1037, 1, 1, 2, 0.000000, 'percentage', 0),
(482, 1713, 1035, 1113, 1, 1, 1, 0.000000, 'percentage', 0),
(484, 1713, 1522, 7518, 1, 0, 0, 0.000000, 'percentage', 0),
(485, 1714, 805, 1339, 4, 1, 7, 0.000000, 'percentage', 0),
(486, 1714, 1128, 1492, 1, 1, 6, 0.000000, 'percentage', 0),
(487, 1714, 847, 1093, 1, 1, 5, 0.000000, 'percentage', 0),
(488, 1714, 1316, 1077, 1, 1, 4, 0.000000, 'percentage', 0),
(489, 1714, 866, 1575, 1, 1, 3, 0.000000, 'percentage', 0),
(490, 1714, 1095, 1039, 1, 1, 2, 0.000000, 'percentage', 0),
(491, 1714, 1035, 1105, 1, 1, 1, 0.000000, 'percentage', 0),
(493, 1714, 1526, 7504, 1, 1, 0, 0.000000, 'percentage', 0),
(494, 1715, 805, 1339, 4, 1, 7, 0.000000, 'percentage', 0),
(495, 1715, 1128, 1492, 1, 1, 6, 0.000000, 'percentage', 0),
(496, 1715, 847, 1093, 1, 1, 5, 0.000000, 'percentage', 0),
(497, 1715, 1316, 1077, 1, 1, 4, 0.000000, 'percentage', 0),
(498, 1715, 866, 1575, 1, 1, 3, 0.000000, 'percentage', 0),
(499, 1715, 1095, 1039, 1, 1, 2, 0.000000, 'percentage', 0),
(500, 1715, 1035, 1113, 1, 1, 1, 0.000000, 'percentage', 0),
(503, 1715, 1528, 7490, 1, 0, 0, 0.000000, 'percentage', 0),
(504, 1716, 805, 1339, 4, 1, 7, 0.000000, 'percentage', 0),
(505, 1716, 1128, 1492, 1, 1, 6, 0.000000, 'percentage', 0),
(506, 1716, 847, 1093, 1, 1, 5, 0.000000, 'percentage', 0),
(507, 1716, 1316, 1077, 1, 1, 4, 0.000000, 'percentage', 0),
(508, 1716, 866, 1575, 1, 1, 3, 0.000000, 'percentage', 0),
(509, 1716, 1095, 1039, 1, 1, 2, 0.000000, 'percentage', 0),
(510, 1716, 1035, 1105, 1, 1, 1, 0.000000, 'percentage', 0),
(512, 1716, 1530, 7476, 1, 1, 0, 0.000000, 'percentage', 0),
(513, 1717, 805, 1339, 4, 1, 7, 0.000000, 'percentage', 0),
(514, 1717, 1128, 1492, 1, 1, 6, 0.000000, 'percentage', 0),
(515, 1717, 847, 1093, 1, 1, 5, 0.000000, 'percentage', 0),
(516, 1717, 1316, 1077, 1, 1, 4, 0.000000, 'percentage', 0),
(517, 1717, 866, 1575, 1, 1, 3, 0.000000, 'percentage', 0),
(518, 1717, 1095, 1039, 1, 1, 2, 0.000000, 'percentage', 0),
(519, 1717, 1035, 1113, 1, 1, 1, 0.000000, 'percentage', 0),
(521, 1717, 1532, 7462, 1, 1, 0, 0.000000, 'percentage', 0),
(522, 1718, 866, 1575, 1, 1, 3, 0.000000, 'percentage', 0),
(523, 1718, 1095, 1039, 1, 1, 2, 0.000000, 'percentage', 0),
(524, 1718, 1035, 1105, 1, 1, 1, 0.000000, 'percentage', 0),
(526, 1718, 1556, 0, 1, 1, 0, 0.000000, 'percentage', 0),
(527, 1719, 866, 1575, 1, 1, 3, 0.000000, 'percentage', 0),
(528, 1719, 1095, 1039, 1, 1, 2, 0.000000, 'percentage', 0),
(529, 1719, 1035, 1113, 1, 1, 1, 0.000000, 'percentage', 0),
(531, 1719, 1557, 0, 1, 0, 0, 0.000000, 'percentage', 0),
(532, 1720, 805, 1341, 1, 1, 7, 0.000000, 'percentage', 0),
(533, 1720, 1128, 1494, 1, 1, 6, 0.000000, 'percentage', 0),
(534, 1720, 847, 1102, 1, 1, 5, 0.000000, 'percentage', 0),
(535, 1720, 1316, 1085, 1, 1, 4, 0.000000, 'percentage', 0),
(536, 1720, 866, 1576, 1, 1, 3, 0.000000, 'percentage', 0),
(537, 1720, 1095, 1047, 1, 1, 2, 0.000000, 'percentage', 0),
(538, 1720, 1035, 1105, 1, 1, 1, 0.000000, 'percentage', 0),
(540, 1720, 1586, 7324, 1, 1, 0, 0.000000, 'percentage', 0),
(541, 1721, 805, 1341, 1, 1, 7, 0.000000, 'percentage', 0),
(542, 1721, 1128, 1494, 1, 1, 6, 0.000000, 'percentage', 0),
(543, 1721, 847, 1104, 1, 1, 5, 0.000000, 'percentage', 0),
(544, 1721, 1316, 1084, 1, 1, 4, 0.000000, 'percentage', 0),
(545, 1721, 866, 1578, 1, 1, 3, 0.000000, 'percentage', 0),
(546, 1721, 1095, 1046, 1, 1, 2, 0.000000, 'percentage', 0),
(547, 1721, 1035, 1113, 1, 1, 1, 0.000000, 'percentage', 0),
(549, 1721, 1584, 7352, 1, 1, 0, 0.000000, 'percentage', 0),
(569, 1723, 944, 281, 1, 1, 6, 0.000000, 'percentage', 0),
(568, 1722, 944, 283, 1, 0, 6, 0.000000, '', 0),
(567, 1722, 1001, 1135, 1, 1, 5, 0.000000, '', 0),
(553, 1722, 1316, 1079, 1, 1, 4, 0.000000, 'percentage', 0),
(554, 1722, 866, 1575, 1, 1, 3, 0.000000, 'percentage', 0),
(555, 1722, 1095, 1041, 1, 1, 2, 0.000000, 'percentage', 0),
(556, 1722, 1035, 1113, 1, 1, 1, 0.000000, 'percentage', 0),
(566, 1722, 1632, 0, 1, 1, 0, 0.000000, 'percentage', 0),
(570, 1723, 1001, 1135, 1, 1, 5, 0.000000, 'percentage', 0),
(571, 1723, 1316, 1077, 1, 1, 4, 0.000000, 'percentage', 0),
(572, 1723, 866, 1575, 1, 1, 3, 0.000000, 'percentage', 0),
(573, 1723, 1095, 1039, 1, 1, 2, 0.000000, 'percentage', 0),
(574, 1723, 1035, 1113, 1, 1, 1, 0.000000, 'percentage', 0),
(577, 1723, 1634, 0, 1, 1, 0, 0.000000, 'percentage', 0),
(578, 1724, 944, 283, 1, 1, 6, 0.000000, 'percentage', 0),
(579, 1724, 1001, 1135, 1, 1, 5, 0.000000, 'percentage', 0),
(580, 1724, 1316, 1079, 1, 1, 4, 0.000000, 'percentage', 0),
(581, 1724, 866, 1575, 1, 1, 3, 0.000000, 'percentage', 0),
(582, 1724, 1095, 1041, 1, 1, 2, 0.000000, 'percentage', 0),
(583, 1724, 1035, 1113, 1, 1, 1, 0.000000, 'percentage', 0),
(585, 1724, 1634, 0, 1, 1, 0, 0.000000, 'percentage', 0),
(586, 1726, 944, 283, 1, 1, 6, 0.000000, 'percentage', 0),
(587, 1726, 1001, 1136, 1, 1, 5, 0.000000, 'percentage', 0),
(588, 1726, 1316, 1079, 1, 1, 4, 0.000000, 'percentage', 0),
(589, 1726, 866, 1575, 1, 1, 3, 0.000000, 'percentage', 0),
(590, 1726, 1095, 1041, 1, 1, 2, 0.000000, 'percentage', 0),
(591, 1726, 1035, 1105, 1, 1, 1, 0.000000, 'percentage', 0),
(596, 1726, 1631, 0, 1, 0, 0, 0.000000, 'percentage', 0),
(597, 1727, 944, 286, 1, 1, 6, 0.000000, 'percentage', 0),
(598, 1727, 1001, 1135, 1, 1, 5, 0.000000, 'percentage', 0),
(599, 1727, 1316, 1082, 1, 1, 4, 0.000000, 'percentage', 0),
(600, 1727, 866, 1575, 1, 1, 3, 0.000000, 'percentage', 0),
(601, 1727, 1095, 1044, 1, 1, 2, 0.000000, 'percentage', 0),
(602, 1727, 1035, 1113, 1, 1, 1, 0.000000, 'percentage', 0),
(604, 1727, 1638, 0, 1, 1, 0, 0.000000, 'percentage', 0),
(605, 1728, 944, 286, 1, 1, 6, 0.000000, 'percentage', 0),
(606, 1728, 1001, 1135, 1, 1, 5, 0.000000, 'percentage', 0),
(607, 1728, 1316, 1082, 1, 1, 4, 0.000000, 'percentage', 0),
(608, 1728, 866, 1575, 1, 1, 3, 0.000000, 'percentage', 0),
(609, 1728, 1095, 1044, 1, 1, 2, 0.000000, 'percentage', 0),
(610, 1728, 1035, 1113, 1, 1, 1, 0.000000, 'percentage', 0),
(613, 1728, 1636, 0, 1, 1, 0, 0.000000, 'percentage', 0),
(614, 1729, 944, 286, 1, 1, 6, 0.000000, 'percentage', 0),
(615, 1729, 1001, 1135, 1, 1, 5, 0.000000, 'percentage', 0),
(616, 1729, 1316, 1082, 1, 1, 4, 0.000000, 'percentage', 0),
(617, 1729, 866, 1575, 1, 1, 3, 0.000000, 'percentage', 0),
(618, 1729, 1095, 1044, 1, 1, 2, 0.000000, 'percentage', 0),
(619, 1729, 1035, 1113, 1, 1, 1, 0.000000, 'percentage', 0),
(623, 1729, 1641, 0, 1, 1, 0, 0.000000, 'percentage', 0),
(662, 1734, 59, 0, 1, 1, 5, 0.000000, 'percentage', 0),
(661, 1734, 246, 8301, 1, 1, 4, 0.000000, 'percentage', 0),
(660, 1734, 32, 3346, 1, 1, 3, 0.000000, 'percentage', 0),
(659, 1734, 1700, 13549, 1, 1, 2, 0.000000, 'percentage', 0),
(639, 1735, 59, 0, 1, 1, 3, 0.000000, 'percentage', 0),
(644, 1735, 1700, 13506, 1, 1, 2, 0.000000, 'percentage', 0),
(642, 1735, 53, 7586, 1, 1, 1, 0.000000, 'percentage', 0),
(641, 1735, 313, 10928, 1, 1, 0, 0.000000, 'percentage', 0),
(658, 1734, 53, 7585, 1, 1, 1, 0.000000, 'percentage', 0),
(657, 1734, 1738, 13960, 1, 1, 0, 0.000000, 'percentage', 0),
(693, 1743, 456, 90, 1, 0, 0, 0.000000, '', 0);

-- --------------------------------------------------------

--
-- Table structure for table `ps_pm_advancedpack_products_attributes`
--

CREATE TABLE `ps_pm_advancedpack_products_attributes` (
  `id_product_pack` int(10) UNSIGNED NOT NULL,
  `id_product_attribute` int(10) UNSIGNED NOT NULL,
  `reduction_amount` decimal(20,6) UNSIGNED DEFAULT 0.000000,
  `reduction_type` enum('amount','percentage') DEFAULT NULL
) ENGINE=MyISAM DEFAULT CHARSET=latin1;

--
-- Dumping data for table `ps_pm_advancedpack_products_attributes`
--

INSERT INTO `ps_pm_advancedpack_products_attributes` (`id_product_pack`, `id_product_attribute`, `reduction_amount`, `reduction_type`) VALUES
(58, 1339, 0.000000, NULL),
(57, 1493, 0.000000, NULL),
(136, 1341, 0.000000, NULL),
(137, 1494, 0.000000, NULL),
(138, 1102, 0.000000, NULL),
(139, 1085, 0.000000, NULL),
(140, 1576, 0.000000, NULL),
(57, 1492, 0.000000, NULL),
(141, 1067, 0.000000, NULL),
(141, 1047, 0.000000, NULL),
(142, 1106, 0.000000, NULL),
(142, 1105, 0.000000, NULL),
(145, 3002, 0.000000, NULL),
(145, 3001, 0.000000, NULL),
(145, 3000, 0.000000, NULL),
(145, 2999, 0.000000, NULL),
(145, 2998, 0.000000, NULL),
(56, 1092, 0.000000, NULL),
(55, 1077, 0.000000, NULL),
(54, 1575, 0.000000, NULL),
(53, 1039, 0.000000, NULL),
(46, 1114, 0.000000, NULL),
(46, 1113, 0.000000, NULL),
(31, 1680, 0.000000, NULL),
(31, 1679, 0.000000, NULL),
(31, 1678, 0.000000, NULL),
(31, 1677, 0.000000, NULL),
(31, 1676, 0.000000, NULL),
(31, 1675, 0.000000, NULL),
(31, 1674, 0.000000, NULL),
(31, 1673, 0.000000, NULL),
(31, 1672, 0.000000, NULL),
(31, 1671, 0.000000, NULL),
(31, 1670, 0.000000, NULL),
(31, 1669, 0.000000, NULL),
(31, 1668, 0.000000, NULL),
(31, 1667, 0.000000, NULL),
(66, 1576, 0.000000, NULL),
(65, 1041, 0.000000, NULL),
(64, 1114, 0.000000, NULL),
(64, 1113, 0.000000, NULL),
(89, 1575, 0.000000, NULL),
(80, 1575, 0.000000, NULL),
(79, 1041, 0.000000, NULL),
(78, 1114, 0.000000, NULL),
(78, 1113, 0.000000, NULL),
(88, 1061, 0.000000, NULL),
(87, 1106, 0.000000, NULL),
(87, 1105, 0.000000, NULL),
(107, 1575, 0.000000, 'percentage'),
(106, 1061, 0.000000, 'percentage'),
(105, 1106, 0.000000, 'percentage'),
(105, 1105, 0.000000, 'percentage'),
(124, 1341, 0.000000, NULL),
(123, 1494, 0.000000, NULL),
(122, 1102, 0.000000, NULL),
(121, 1085, 0.000000, NULL),
(120, 1576, 0.000000, NULL),
(119, 1067, 0.000000, NULL),
(119, 1047, 0.000000, NULL),
(118, 1106, 0.000000, NULL),
(118, 1105, 0.000000, NULL),
(117, 2483, 0.000000, NULL),
(117, 2482, 0.000000, NULL),
(117, 2481, 0.000000, NULL),
(117, 2480, 0.000000, NULL),
(117, 2479, 0.000000, NULL),
(117, 2478, 0.000000, NULL),
(117, 2477, 0.000000, NULL),
(117, 2476, 0.000000, NULL),
(117, 2475, 0.000000, NULL),
(117, 2474, 0.000000, NULL),
(117, 2473, 0.000000, NULL),
(117, 2472, 0.000000, NULL),
(117, 2471, 0.000000, NULL),
(117, 2470, 0.000000, NULL),
(125, 1341, 0.000000, NULL),
(126, 1494, 0.000000, NULL),
(127, 1102, 0.000000, NULL),
(128, 1085, 0.000000, NULL),
(129, 1576, 0.000000, NULL),
(130, 1067, 0.000000, NULL),
(130, 1047, 0.000000, NULL),
(131, 1106, 0.000000, NULL),
(131, 1105, 0.000000, NULL),
(135, 2763, 0.000000, NULL),
(135, 2762, 0.000000, NULL),
(135, 2761, 0.000000, NULL),
(135, 2760, 0.000000, NULL),
(135, 2759, 0.000000, NULL),
(135, 2758, 0.000000, NULL),
(135, 2757, 0.000000, NULL),
(135, 2756, 0.000000, NULL),
(135, 2755, 0.000000, NULL),
(135, 2754, 0.000000, NULL),
(135, 2753, 0.000000, NULL),
(135, 2752, 0.000000, NULL),
(135, 2751, 0.000000, NULL),
(135, 2750, 0.000000, NULL),
(145, 2997, 0.000000, NULL),
(145, 2996, 0.000000, NULL),
(145, 2995, 0.000000, NULL),
(145, 2994, 0.000000, NULL),
(145, 2993, 0.000000, NULL),
(145, 2992, 0.000000, NULL),
(145, 2991, 0.000000, NULL),
(145, 2990, 0.000000, NULL),
(145, 2989, 0.000000, NULL),
(146, 1339, 0.000000, NULL),
(147, 1493, 0.000000, NULL),
(147, 1492, 0.000000, NULL),
(148, 1097, 0.000000, NULL),
(149, 1082, 0.000000, NULL),
(150, 1577, 0.000000, NULL),
(151, 1044, 0.000000, NULL),
(152, 1114, 0.000000, NULL),
(152, 1113, 0.000000, NULL),
(154, 3212, 0.000000, NULL),
(154, 3211, 0.000000, NULL),
(154, 3210, 0.000000, NULL),
(154, 3209, 0.000000, NULL),
(154, 3208, 0.000000, NULL),
(154, 3207, 0.000000, NULL),
(154, 3206, 0.000000, NULL),
(154, 3205, 0.000000, NULL),
(154, 3204, 0.000000, NULL),
(154, 3203, 0.000000, NULL),
(154, 3202, 0.000000, NULL),
(154, 3201, 0.000000, NULL),
(154, 3200, 0.000000, NULL),
(154, 3199, 0.000000, NULL),
(155, 1339, 0.000000, NULL),
(156, 1493, 0.000000, NULL),
(156, 1492, 0.000000, NULL),
(157, 1092, 0.000000, NULL),
(158, 1077, 0.000000, NULL),
(159, 1575, 0.000000, NULL),
(160, 1060, 0.000000, NULL),
(160, 1039, 0.000000, NULL),
(161, 1106, 0.000000, NULL),
(161, 1105, 0.000000, NULL),
(164, 3331, 0.000000, NULL),
(164, 3330, 0.000000, NULL),
(164, 3329, 0.000000, NULL),
(164, 3328, 0.000000, NULL),
(164, 3327, 0.000000, NULL),
(164, 3326, 0.000000, NULL),
(164, 3325, 0.000000, NULL),
(164, 3324, 0.000000, NULL),
(164, 3323, 0.000000, NULL),
(164, 3322, 0.000000, NULL),
(164, 3321, 0.000000, NULL),
(164, 3320, 0.000000, NULL),
(164, 3319, 0.000000, NULL),
(164, 3318, 0.000000, NULL),
(165, 1339, 0.000000, NULL),
(166, 1493, 0.000000, NULL),
(166, 1492, 0.000000, NULL),
(167, 1092, 0.000000, NULL),
(168, 1077, 0.000000, NULL),
(169, 1575, 0.000000, NULL),
(170, 1060, 0.000000, NULL),
(170, 1039, 0.000000, NULL),
(171, 1106, 0.000000, NULL),
(171, 1105, 0.000000, NULL),
(174, 3345, 0.000000, NULL),
(174, 3344, 0.000000, NULL),
(174, 3343, 0.000000, NULL),
(174, 3342, 0.000000, NULL),
(174, 3341, 0.000000, NULL),
(174, 3340, 0.000000, NULL),
(174, 3339, 0.000000, NULL),
(174, 3338, 0.000000, NULL),
(174, 3337, 0.000000, NULL),
(174, 3336, 0.000000, NULL),
(174, 3335, 0.000000, NULL),
(174, 3334, 0.000000, NULL),
(174, 3333, 0.000000, NULL),
(174, 3332, 0.000000, NULL),
(175, 1339, 0.000000, NULL),
(176, 1493, 0.000000, NULL),
(176, 1492, 0.000000, NULL),
(177, 1093, 0.000000, NULL),
(178, 1079, 0.000000, NULL),
(179, 1575, 0.000000, NULL),
(180, 1041, 0.000000, NULL),
(181, 1114, 0.000000, NULL),
(181, 1113, 0.000000, NULL),
(183, 3790, 0.000000, NULL),
(183, 3789, 0.000000, NULL),
(183, 3788, 0.000000, NULL),
(183, 3787, 0.000000, NULL),
(183, 3786, 0.000000, NULL),
(183, 3785, 0.000000, NULL),
(183, 3784, 0.000000, NULL),
(183, 3783, 0.000000, NULL),
(183, 3782, 0.000000, NULL),
(183, 3781, 0.000000, NULL),
(183, 3780, 0.000000, NULL),
(183, 3779, 0.000000, NULL),
(183, 3778, 0.000000, NULL),
(183, 3777, 0.000000, NULL),
(183, 3750, 0.000000, NULL),
(183, 3749, 0.000000, NULL),
(183, 3748, 0.000000, NULL),
(183, 3747, 0.000000, NULL),
(183, 3746, 0.000000, NULL),
(183, 3745, 0.000000, NULL),
(183, 3744, 0.000000, NULL),
(183, 3743, 0.000000, NULL),
(183, 3742, 0.000000, NULL),
(183, 3741, 0.000000, NULL),
(183, 3740, 0.000000, NULL),
(183, 3739, 0.000000, NULL),
(183, 3738, 0.000000, NULL),
(183, 3737, 0.000000, NULL),
(194, 1339, 0.000000, NULL),
(195, 1493, 0.000000, NULL),
(195, 1492, 0.000000, NULL),
(196, 1093, 0.000000, NULL),
(197, 1079, 0.000000, NULL),
(198, 1575, 0.000000, NULL),
(199, 1061, 0.000000, NULL),
(199, 1041, 0.000000, NULL),
(200, 1106, 0.000000, NULL),
(200, 1105, 0.000000, NULL),
(202, 4289, 0.000000, NULL),
(202, 4288, 0.000000, NULL),
(202, 4287, 0.000000, NULL),
(184, 1339, 0.000000, NULL),
(185, 1493, 0.000000, NULL),
(185, 1492, 0.000000, NULL),
(186, 1093, 0.000000, NULL),
(187, 1079, 0.000000, NULL),
(188, 1575, 0.000000, NULL),
(189, 1061, 0.000000, NULL),
(189, 1041, 0.000000, NULL),
(190, 1106, 0.000000, NULL),
(190, 1105, 0.000000, NULL),
(193, 4020, 0.000000, NULL),
(193, 4019, 0.000000, NULL),
(193, 4018, 0.000000, NULL),
(193, 4017, 0.000000, NULL),
(193, 4016, 0.000000, NULL),
(193, 4015, 0.000000, NULL),
(193, 4014, 0.000000, NULL),
(193, 4013, 0.000000, NULL),
(193, 4012, 0.000000, NULL),
(193, 4011, 0.000000, NULL),
(193, 4010, 0.000000, NULL),
(193, 4009, 0.000000, NULL),
(193, 4008, 0.000000, NULL),
(193, 4007, 0.000000, NULL),
(202, 4286, 0.000000, NULL),
(202, 4285, 0.000000, NULL),
(202, 4284, 0.000000, NULL),
(202, 4283, 0.000000, NULL),
(202, 4282, 0.000000, NULL),
(202, 4281, 0.000000, NULL),
(202, 4280, 0.000000, NULL),
(202, 4279, 0.000000, NULL),
(202, 4278, 0.000000, NULL),
(202, 4277, 0.000000, NULL),
(202, 4276, 0.000000, NULL),
(251, 1340, 0.000000, NULL),
(203, 1340, 0.000000, NULL),
(204, 1493, 0.000000, NULL),
(204, 1492, 0.000000, NULL),
(205, 1093, 0.000000, NULL),
(206, 1079, 0.000000, NULL),
(207, 1575, 0.000000, NULL),
(208, 1041, 0.000000, NULL),
(209, 1114, 0.000000, NULL),
(209, 1113, 0.000000, NULL),
(212, 4397, 0.000000, NULL),
(212, 4396, 0.000000, NULL),
(212, 4395, 0.000000, NULL),
(212, 4394, 0.000000, NULL),
(212, 4393, 0.000000, NULL),
(212, 4392, 0.000000, NULL),
(212, 4391, 0.000000, NULL),
(212, 4390, 0.000000, NULL),
(212, 4389, 0.000000, NULL),
(212, 4388, 0.000000, NULL),
(212, 4387, 0.000000, NULL),
(212, 4386, 0.000000, NULL),
(212, 4385, 0.000000, NULL),
(212, 4384, 0.000000, NULL),
(212, 4383, 0.000000, NULL),
(212, 4382, 0.000000, NULL),
(212, 4381, 0.000000, NULL),
(212, 4380, 0.000000, NULL),
(212, 4379, 0.000000, NULL),
(212, 4378, 0.000000, NULL),
(212, 4377, 0.000000, NULL),
(212, 4376, 0.000000, NULL),
(212, 4375, 0.000000, NULL),
(212, 4374, 0.000000, NULL),
(212, 4373, 0.000000, NULL),
(212, 4372, 0.000000, NULL),
(212, 4371, 0.000000, NULL),
(212, 4370, 0.000000, NULL),
(252, 1493, 0.000000, NULL),
(252, 1492, 0.000000, NULL),
(253, 1095, 0.000000, NULL),
(254, 1080, 0.000000, NULL),
(255, 1576, 0.000000, NULL),
(256, 1062, 0.000000, NULL),
(256, 1042, 0.000000, NULL),
(257, 1106, 0.000000, NULL),
(257, 1105, 0.000000, NULL),
(259, 5569, 0.000000, NULL),
(259, 5568, 0.000000, NULL),
(259, 5567, 0.000000, NULL),
(259, 5566, 0.000000, NULL),
(221, 1339, 0.000000, NULL),
(222, 1493, 0.000000, NULL),
(222, 1492, 0.000000, NULL),
(223, 1093, 0.000000, NULL),
(224, 1079, 0.000000, NULL),
(225, 1575, 0.000000, NULL),
(226, 1041, 0.000000, NULL),
(227, 1114, 0.000000, NULL),
(227, 1113, 0.000000, NULL),
(232, 4676, 0.000000, NULL),
(232, 4675, 0.000000, NULL),
(232, 4674, 0.000000, NULL),
(232, 4673, 0.000000, NULL),
(232, 4672, 0.000000, NULL),
(232, 4671, 0.000000, NULL),
(232, 4670, 0.000000, NULL),
(232, 4669, 0.000000, NULL),
(232, 4668, 0.000000, NULL),
(232, 4667, 0.000000, NULL),
(232, 4666, 0.000000, NULL),
(232, 4665, 0.000000, NULL),
(232, 4664, 0.000000, NULL),
(232, 4663, 0.000000, NULL),
(233, 1339, 0.000000, NULL),
(234, 1493, 0.000000, NULL),
(234, 1492, 0.000000, NULL),
(235, 1093, 0.000000, NULL),
(236, 1079, 0.000000, NULL),
(237, 1575, 0.000000, NULL),
(238, 1041, 0.000000, NULL),
(239, 1114, 0.000000, NULL),
(239, 1113, 0.000000, NULL),
(241, 4248, 0.000000, NULL),
(241, 4247, 0.000000, NULL),
(241, 4246, 0.000000, NULL),
(241, 4245, 0.000000, NULL),
(241, 4244, 0.000000, NULL),
(241, 4243, 0.000000, NULL),
(241, 4242, 0.000000, NULL),
(241, 4241, 0.000000, NULL),
(241, 4240, 0.000000, NULL),
(241, 4239, 0.000000, NULL),
(241, 4238, 0.000000, NULL),
(241, 4237, 0.000000, NULL),
(241, 4236, 0.000000, NULL),
(241, 4235, 0.000000, NULL),
(242, 1339, 0.000000, NULL),
(243, 1493, 0.000000, NULL),
(243, 1492, 0.000000, NULL),
(244, 1093, 0.000000, NULL),
(245, 1079, 0.000000, NULL),
(246, 1575, 0.000000, NULL),
(247, 1041, 0.000000, NULL),
(248, 1114, 0.000000, NULL),
(248, 1113, 0.000000, NULL),
(250, 4746, 0.000000, NULL),
(250, 4745, 0.000000, NULL),
(250, 4744, 0.000000, NULL),
(250, 4743, 0.000000, NULL),
(250, 4742, 0.000000, NULL),
(250, 4741, 0.000000, NULL),
(250, 4740, 0.000000, NULL),
(250, 4739, 0.000000, NULL),
(250, 4738, 0.000000, NULL),
(250, 4737, 0.000000, NULL),
(250, 4736, 0.000000, NULL),
(250, 4735, 0.000000, NULL),
(250, 4734, 0.000000, NULL),
(250, 4733, 0.000000, NULL),
(259, 5565, 0.000000, NULL),
(259, 5564, 0.000000, NULL),
(259, 5563, 0.000000, NULL),
(259, 5562, 0.000000, NULL),
(259, 5561, 0.000000, NULL),
(259, 5560, 0.000000, NULL),
(259, 5559, 0.000000, NULL),
(259, 5558, 0.000000, NULL),
(259, 5557, 0.000000, NULL),
(259, 5556, 0.000000, NULL),
(271, 1340, 0.000000, NULL),
(260, 1340, 0.000000, NULL),
(261, 1493, 0.000000, NULL),
(261, 1492, 0.000000, NULL),
(262, 1095, 0.000000, NULL),
(263, 1080, 0.000000, NULL),
(264, 1576, 0.000000, NULL),
(265, 1042, 0.000000, NULL),
(266, 1114, 0.000000, NULL),
(266, 1113, 0.000000, NULL),
(270, 5715, 0.000000, NULL),
(270, 5714, 0.000000, NULL),
(270, 5713, 0.000000, NULL),
(270, 5712, 0.000000, NULL),
(270, 5711, 0.000000, NULL),
(270, 5710, 0.000000, NULL),
(270, 5709, 0.000000, NULL),
(270, 5708, 0.000000, NULL),
(270, 5707, 0.000000, NULL),
(270, 5706, 0.000000, NULL),
(270, 5705, 0.000000, NULL),
(270, 5704, 0.000000, NULL),
(270, 5703, 0.000000, NULL),
(270, 5702, 0.000000, NULL),
(272, 1493, 0.000000, NULL),
(272, 1492, 0.000000, NULL),
(273, 1095, 0.000000, NULL),
(274, 1080, 0.000000, NULL),
(275, 1576, 0.000000, NULL),
(276, 1062, 0.000000, NULL),
(276, 1042, 0.000000, NULL),
(277, 1106, 0.000000, NULL),
(277, 1105, 0.000000, NULL),
(279, 5883, 0.000000, NULL),
(279, 5882, 0.000000, NULL),
(279, 5881, 0.000000, NULL),
(279, 5880, 0.000000, NULL),
(279, 5879, 0.000000, NULL),
(279, 5878, 0.000000, NULL),
(279, 5877, 0.000000, NULL),
(279, 5876, 0.000000, NULL),
(279, 5875, 0.000000, NULL),
(279, 5874, 0.000000, NULL),
(279, 5873, 0.000000, NULL),
(279, 5872, 0.000000, NULL),
(279, 5871, 0.000000, NULL),
(279, 5870, 0.000000, NULL),
(290, 1340, 0.000000, NULL),
(280, 1340, 0.000000, NULL),
(281, 1493, 0.000000, NULL),
(281, 1492, 0.000000, NULL),
(282, 1095, 0.000000, NULL),
(283, 1080, 0.000000, NULL),
(284, 1576, 0.000000, NULL),
(285, 1042, 0.000000, NULL),
(286, 1114, 0.000000, NULL),
(286, 1113, 0.000000, NULL),
(289, 6003, 0.000000, NULL),
(289, 6002, 0.000000, NULL),
(289, 6001, 0.000000, NULL),
(289, 6000, 0.000000, NULL),
(289, 5999, 0.000000, NULL),
(289, 5998, 0.000000, NULL),
(289, 5997, 0.000000, NULL),
(289, 5996, 0.000000, NULL),
(289, 5995, 0.000000, NULL),
(289, 5994, 0.000000, NULL),
(289, 5993, 0.000000, NULL),
(289, 5992, 0.000000, NULL),
(289, 5991, 0.000000, NULL),
(289, 5990, 0.000000, NULL),
(291, 1493, 0.000000, NULL),
(291, 1492, 0.000000, NULL),
(292, 1096, 0.000000, NULL),
(293, 1081, 0.000000, NULL),
(294, 1576, 0.000000, NULL),
(295, 1063, 0.000000, NULL),
(295, 1043, 0.000000, NULL),
(296, 1106, 0.000000, NULL),
(296, 1105, 0.000000, NULL),
(298, 6653, 0.000000, NULL),
(298, 6652, 0.000000, NULL),
(298, 6651, 0.000000, NULL),
(298, 6650, 0.000000, NULL),
(298, 6649, 0.000000, NULL),
(298, 6648, 0.000000, NULL),
(298, 6647, 0.000000, NULL),
(298, 6646, 0.000000, NULL),
(298, 6645, 0.000000, NULL),
(298, 6644, 0.000000, NULL),
(298, 6643, 0.000000, NULL),
(298, 6642, 0.000000, NULL),
(298, 6641, 0.000000, NULL),
(298, 6640, 0.000000, NULL),
(308, 1340, 0.000000, NULL),
(299, 1340, 0.000000, NULL),
(300, 1493, 0.000000, NULL),
(300, 1492, 0.000000, NULL),
(301, 1096, 0.000000, NULL),
(302, 1081, 0.000000, NULL),
(303, 1576, 0.000000, NULL),
(304, 1043, 0.000000, NULL),
(305, 1114, 0.000000, NULL),
(305, 1113, 0.000000, NULL),
(307, 6825, 0.000000, 'percentage'),
(307, 6824, 0.000000, 'percentage'),
(307, 6823, 0.000000, 'percentage'),
(307, 6822, 0.000000, 'percentage'),
(307, 6821, 0.000000, 'percentage'),
(307, 6820, 0.000000, 'percentage'),
(307, 6819, 0.000000, 'percentage'),
(307, 6818, 0.000000, 'percentage'),
(307, 6817, 0.000000, 'percentage'),
(307, 6816, 0.000000, 'percentage'),
(307, 6815, 0.000000, 'percentage'),
(307, 6814, 0.000000, 'percentage'),
(307, 6813, 0.000000, 'percentage'),
(307, 6812, 0.000000, 'percentage'),
(309, 1493, 0.000000, NULL),
(309, 1492, 0.000000, NULL),
(310, 1096, 0.000000, NULL),
(311, 1081, 0.000000, NULL),
(312, 1576, 0.000000, NULL),
(313, 1043, 0.000000, NULL),
(314, 1114, 0.000000, NULL),
(314, 1113, 0.000000, NULL),
(317, 6992, 0.000000, 'percentage'),
(317, 6991, 0.000000, 'percentage'),
(317, 6990, 0.000000, 'percentage'),
(317, 6989, 0.000000, 'percentage'),
(317, 6988, 0.000000, 'percentage'),
(317, 6987, 0.000000, 'percentage'),
(317, 6986, 0.000000, 'percentage'),
(317, 6985, 0.000000, 'percentage'),
(317, 6984, 0.000000, 'percentage'),
(317, 6983, 0.000000, 'percentage'),
(317, 6982, 0.000000, 'percentage'),
(317, 6981, 0.000000, 'percentage'),
(317, 6980, 0.000000, 'percentage'),
(317, 6979, 0.000000, 'percentage'),
(318, 1340, 0.000000, NULL),
(319, 1493, 0.000000, NULL),
(319, 1492, 0.000000, NULL),
(320, 1096, 0.000000, NULL),
(321, 1081, 0.000000, NULL),
(322, 1576, 0.000000, NULL),
(323, 1063, 0.000000, NULL),
(323, 1043, 0.000000, NULL),
(324, 1106, 0.000000, NULL),
(324, 1105, 0.000000, NULL),
(330, 7183, 0.000000, 'percentage'),
(330, 7182, 0.000000, 'percentage'),
(330, 7181, 0.000000, 'percentage'),
(330, 7180, 0.000000, 'percentage'),
(330, 7179, 0.000000, 'percentage'),
(330, 7178, 0.000000, 'percentage'),
(330, 7177, 0.000000, 'percentage'),
(330, 7176, 0.000000, 'percentage'),
(330, 7175, 0.000000, 'percentage'),
(330, 7174, 0.000000, 'percentage'),
(330, 7173, 0.000000, 'percentage'),
(330, 7172, 0.000000, 'percentage'),
(330, 7171, 0.000000, 'percentage'),
(330, 7170, 0.000000, 'percentage'),
(331, 1340, 0.000000, NULL),
(332, 1493, 0.000000, NULL),
(332, 1492, 0.000000, NULL),
(333, 1097, 0.000000, NULL),
(334, 1082, 0.000000, NULL),
(335, 1577, 0.000000, NULL),
(336, 1044, 0.000000, NULL),
(337, 1114, 0.000000, NULL),
(337, 1113, 0.000000, NULL),
(341, 7211, 0.000000, 'percentage'),
(341, 7210, 0.000000, 'percentage'),
(341, 7209, 0.000000, 'percentage'),
(341, 7208, 0.000000, 'percentage'),
(341, 7207, 0.000000, 'percentage'),
(341, 7206, 0.000000, 'percentage'),
(341, 7205, 0.000000, 'percentage'),
(341, 7204, 0.000000, 'percentage'),
(341, 7203, 0.000000, 'percentage'),
(341, 7202, 0.000000, 'percentage'),
(341, 7201, 0.000000, 'percentage'),
(341, 7200, 0.000000, 'percentage'),
(341, 7199, 0.000000, 'percentage'),
(341, 7198, 0.000000, 'percentage'),
(342, 1340, 0.000000, NULL),
(343, 1493, 0.000000, NULL),
(343, 1492, 0.000000, NULL),
(344, 1097, 0.000000, NULL),
(345, 1082, 0.000000, NULL),
(346, 1577, 0.000000, NULL),
(347, 1064, 0.000000, NULL),
(347, 1044, 0.000000, NULL),
(348, 1106, 0.000000, NULL),
(348, 1105, 0.000000, NULL),
(350, 7197, 0.000000, 'percentage'),
(350, 7196, 0.000000, 'percentage'),
(350, 7195, 0.000000, 'percentage'),
(350, 7194, 0.000000, 'percentage'),
(350, 7193, 0.000000, 'percentage'),
(350, 7192, 0.000000, 'percentage'),
(350, 7191, 0.000000, 'percentage'),
(350, 7190, 0.000000, 'percentage'),
(350, 7189, 0.000000, 'percentage'),
(350, 7188, 0.000000, 'percentage'),
(350, 7187, 0.000000, 'percentage'),
(350, 7186, 0.000000, 'percentage'),
(350, 7185, 0.000000, 'percentage'),
(350, 7184, 0.000000, 'percentage'),
(351, 1340, 0.000000, NULL),
(352, 1493, 0.000000, NULL),
(352, 1492, 0.000000, NULL),
(353, 1097, 0.000000, NULL),
(354, 1082, 0.000000, NULL),
(355, 1577, 0.000000, NULL),
(356, 1044, 0.000000, NULL),
(357, 1114, 0.000000, NULL),
(357, 1113, 0.000000, NULL),
(359, 7225, 0.000000, 'percentage'),
(359, 7224, 0.000000, 'percentage'),
(359, 7223, 0.000000, 'percentage'),
(359, 7222, 0.000000, 'percentage'),
(359, 7221, 0.000000, 'percentage'),
(359, 7220, 0.000000, 'percentage'),
(359, 7219, 0.000000, 'percentage'),
(359, 7218, 0.000000, 'percentage'),
(359, 7217, 0.000000, 'percentage'),
(359, 7216, 0.000000, 'percentage'),
(359, 7215, 0.000000, 'percentage'),
(359, 7214, 0.000000, 'percentage'),
(359, 7213, 0.000000, 'percentage'),
(359, 7212, 0.000000, 'percentage'),
(360, 1340, 0.000000, NULL),
(361, 1493, 0.000000, NULL),
(361, 1492, 0.000000, NULL),
(362, 1097, 0.000000, NULL),
(363, 1082, 0.000000, NULL),
(364, 1577, 0.000000, NULL),
(365, 1064, 0.000000, NULL),
(365, 1044, 0.000000, NULL),
(366, 1106, 0.000000, NULL),
(366, 1105, 0.000000, NULL),
(369, 7239, 0.000000, 'percentage'),
(369, 7238, 0.000000, 'percentage'),
(369, 7237, 0.000000, 'percentage'),
(369, 7236, 0.000000, 'percentage'),
(369, 7235, 0.000000, 'percentage'),
(369, 7234, 0.000000, 'percentage'),
(369, 7233, 0.000000, 'percentage'),
(369, 7232, 0.000000, 'percentage'),
(369, 7231, 0.000000, 'percentage'),
(369, 7230, 0.000000, 'percentage'),
(369, 7229, 0.000000, 'percentage'),
(369, 7228, 0.000000, 'percentage'),
(369, 7227, 0.000000, 'percentage'),
(369, 7226, 0.000000, 'percentage'),
(370, 1340, 0.000000, NULL),
(371, 1493, 0.000000, NULL),
(371, 1492, 0.000000, NULL),
(372, 1103, 0.000000, NULL),
(373, 1083, 0.000000, NULL),
(374, 1577, 0.000000, NULL),
(375, 1065, 0.000000, NULL),
(375, 1045, 0.000000, NULL),
(376, 1106, 0.000000, NULL),
(376, 1105, 0.000000, NULL),
(379, 7253, 0.000000, 'percentage'),
(379, 7252, 0.000000, 'percentage'),
(379, 7251, 0.000000, 'percentage'),
(379, 7250, 0.000000, 'percentage'),
(379, 7249, 0.000000, 'percentage'),
(379, 7248, 0.000000, 'percentage'),
(379, 7247, 0.000000, 'percentage'),
(379, 7246, 0.000000, 'percentage'),
(379, 7245, 0.000000, 'percentage'),
(379, 7244, 0.000000, 'percentage'),
(379, 7243, 0.000000, 'percentage'),
(379, 7242, 0.000000, 'percentage'),
(379, 7241, 0.000000, 'percentage'),
(379, 7240, 0.000000, 'percentage'),
(389, 1340, 0.000000, NULL),
(380, 1340, 0.000000, NULL),
(381, 1493, 0.000000, NULL),
(381, 1492, 0.000000, NULL),
(382, 1103, 0.000000, NULL),
(383, 1083, 0.000000, NULL),
(384, 1577, 0.000000, NULL),
(385, 1045, 0.000000, NULL),
(386, 1114, 0.000000, NULL),
(386, 1113, 0.000000, NULL),
(388, 7267, 0.000000, 'percentage'),
(388, 7266, 0.000000, 'percentage'),
(388, 7265, 0.000000, 'percentage'),
(388, 7264, 0.000000, 'percentage'),
(388, 7263, 0.000000, 'percentage'),
(388, 7262, 0.000000, 'percentage'),
(388, 7261, 0.000000, 'percentage'),
(388, 7260, 0.000000, 'percentage'),
(388, 7259, 0.000000, 'percentage'),
(388, 7258, 0.000000, 'percentage'),
(388, 7257, 0.000000, 'percentage'),
(388, 7256, 0.000000, 'percentage'),
(388, 7255, 0.000000, 'percentage'),
(388, 7254, 0.000000, 'percentage'),
(390, 1493, 0.000000, NULL),
(390, 1492, 0.000000, NULL),
(391, 1104, 0.000000, NULL),
(392, 1084, 0.000000, NULL),
(393, 1578, 0.000000, NULL),
(394, 1066, 0.000000, NULL),
(394, 1046, 0.000000, NULL),
(395, 1106, 0.000000, NULL),
(395, 1105, 0.000000, NULL),
(398, 7281, 0.000000, 'percentage'),
(398, 7280, 0.000000, 'percentage'),
(398, 7279, 0.000000, 'percentage'),
(398, 7278, 0.000000, 'percentage'),
(398, 7277, 0.000000, 'percentage'),
(398, 7276, 0.000000, 'percentage'),
(398, 7275, 0.000000, 'percentage'),
(398, 7274, 0.000000, 'percentage'),
(398, 7273, 0.000000, 'percentage'),
(398, 7272, 0.000000, 'percentage'),
(398, 7271, 0.000000, 'percentage'),
(398, 7270, 0.000000, 'percentage'),
(398, 7269, 0.000000, 'percentage'),
(398, 7268, 0.000000, 'percentage'),
(399, 1340, 0.000000, NULL),
(400, 1493, 0.000000, NULL),
(400, 1492, 0.000000, NULL),
(401, 1104, 0.000000, NULL),
(402, 1084, 0.000000, NULL),
(403, 1578, 0.000000, NULL),
(404, 1046, 0.000000, NULL),
(405, 1114, 0.000000, NULL),
(405, 1113, 0.000000, NULL),
(409, 7295, 0.000000, 'percentage'),
(409, 7294, 0.000000, 'percentage'),
(409, 7293, 0.000000, 'percentage'),
(409, 7292, 0.000000, 'percentage'),
(409, 7291, 0.000000, 'percentage'),
(409, 7290, 0.000000, 'percentage'),
(409, 7289, 0.000000, 'percentage'),
(409, 7288, 0.000000, 'percentage'),
(409, 7287, 0.000000, 'percentage'),
(409, 7286, 0.000000, 'percentage'),
(409, 7285, 0.000000, 'percentage'),
(409, 7284, 0.000000, 'percentage'),
(409, 7283, 0.000000, 'percentage'),
(409, 7282, 0.000000, 'percentage'),
(410, 1340, 0.000000, NULL),
(411, 1493, 0.000000, NULL),
(411, 1492, 0.000000, NULL),
(412, 1104, 0.000000, NULL),
(413, 1084, 0.000000, NULL),
(414, 1578, 0.000000, NULL),
(415, 1066, 0.000000, NULL),
(415, 1046, 0.000000, NULL),
(416, 1106, 0.000000, NULL),
(416, 1105, 0.000000, NULL),
(419, 7323, 0.000000, 'percentage'),
(419, 7322, 0.000000, 'percentage'),
(419, 7321, 0.000000, 'percentage'),
(419, 7320, 0.000000, 'percentage'),
(419, 7319, 0.000000, 'percentage'),
(419, 7318, 0.000000, 'percentage'),
(419, 7317, 0.000000, 'percentage'),
(419, 7316, 0.000000, 'percentage'),
(419, 7315, 0.000000, 'percentage'),
(419, 7314, 0.000000, 'percentage'),
(419, 7313, 0.000000, 'percentage'),
(419, 7312, 0.000000, 'percentage'),
(419, 7311, 0.000000, 'percentage'),
(419, 7310, 0.000000, 'percentage'),
(420, 1340, 0.000000, NULL),
(421, 1493, 0.000000, NULL),
(421, 1492, 0.000000, NULL),
(422, 1104, 0.000000, NULL),
(423, 1084, 0.000000, NULL),
(424, 1578, 0.000000, NULL),
(425, 1046, 0.000000, NULL),
(426, 1114, 0.000000, NULL),
(426, 1113, 0.000000, NULL),
(427, 7295, 0.000000, NULL),
(427, 7294, 0.000000, NULL),
(427, 7293, 0.000000, NULL),
(427, 7292, 0.000000, NULL),
(427, 7291, 0.000000, NULL),
(427, 7290, 0.000000, NULL),
(427, 7289, 0.000000, NULL),
(427, 7288, 0.000000, NULL),
(427, 7287, 0.000000, NULL),
(427, 7286, 0.000000, NULL),
(427, 7285, 0.000000, NULL),
(427, 7284, 0.000000, NULL),
(427, 7283, 0.000000, NULL),
(427, 7282, 0.000000, NULL),
(428, 1339, 0.000000, NULL),
(429, 1493, 0.000000, NULL),
(429, 1492, 0.000000, NULL),
(430, 1091, 0.000000, NULL),
(431, 1075, 0.000000, NULL),
(432, 1575, 0.000000, NULL),
(433, 1037, 0.000000, NULL),
(434, 1114, 0.000000, NULL),
(434, 1113, 0.000000, NULL),
(436, 7379, 0.000000, NULL),
(436, 7378, 0.000000, NULL),
(436, 7377, 0.000000, NULL),
(436, 7376, 0.000000, NULL),
(436, 7375, 0.000000, NULL),
(436, 7374, 0.000000, NULL),
(436, 7373, 0.000000, NULL),
(436, 7372, 0.000000, NULL),
(436, 7371, 0.000000, NULL),
(436, 7370, 0.000000, NULL),
(436, 7369, 0.000000, NULL),
(436, 7368, 0.000000, NULL),
(436, 7367, 0.000000, NULL),
(436, 7366, 0.000000, NULL),
(437, 1339, 0.000000, NULL),
(438, 1493, 0.000000, NULL),
(438, 1492, 0.000000, NULL),
(439, 1091, 0.000000, NULL),
(440, 1075, 0.000000, NULL),
(441, 1575, 0.000000, NULL),
(442, 1058, 0.000000, NULL),
(442, 1037, 0.000000, NULL),
(443, 1114, 0.000000, NULL),
(443, 1113, 0.000000, NULL),
(445, 7351, 0.000000, NULL),
(445, 7350, 0.000000, NULL),
(445, 7349, 0.000000, NULL),
(445, 7348, 0.000000, NULL),
(445, 7347, 0.000000, NULL),
(445, 7346, 0.000000, NULL),
(445, 7345, 0.000000, NULL),
(445, 7344, 0.000000, NULL),
(445, 7343, 0.000000, NULL),
(445, 7342, 0.000000, NULL),
(445, 7341, 0.000000, NULL),
(445, 7340, 0.000000, NULL),
(445, 7339, 0.000000, NULL),
(445, 7338, 0.000000, NULL),
(446, 1339, 0.000000, NULL),
(447, 1493, 0.000000, NULL),
(447, 1492, 0.000000, NULL),
(448, 1092, 0.000000, NULL),
(449, 1075, 0.000000, NULL),
(450, 1575, 0.000000, NULL),
(451, 1037, 0.000000, NULL),
(452, 1114, 0.000000, NULL),
(452, 1113, 0.000000, NULL),
(456, 7461, 0.000000, 'percentage'),
(456, 7460, 0.000000, 'percentage'),
(456, 7459, 0.000000, 'percentage'),
(456, 7458, 0.000000, 'percentage'),
(456, 7457, 0.000000, 'percentage'),
(456, 7456, 0.000000, 'percentage'),
(456, 7455, 0.000000, 'percentage'),
(456, 7454, 0.000000, 'percentage'),
(456, 7453, 0.000000, 'percentage'),
(456, 7452, 0.000000, 'percentage'),
(456, 7451, 0.000000, 'percentage'),
(456, 7450, 0.000000, 'percentage'),
(456, 7449, 0.000000, 'percentage'),
(456, 7448, 0.000000, 'percentage'),
(457, 1339, 0.000000, NULL),
(458, 1493, 0.000000, NULL),
(458, 1492, 0.000000, NULL),
(459, 1092, 0.000000, NULL),
(460, 1075, 0.000000, NULL),
(461, 1575, 0.000000, NULL),
(462, 1058, 0.000000, NULL),
(462, 1037, 0.000000, NULL),
(463, 1106, 0.000000, NULL),
(463, 1105, 0.000000, NULL),
(466, 7432, 0.000000, 'percentage'),
(466, 7431, 0.000000, 'percentage'),
(466, 7430, 0.000000, 'percentage'),
(466, 7429, 0.000000, 'percentage'),
(466, 7428, 0.000000, 'percentage'),
(466, 7427, 0.000000, 'percentage'),
(466, 7426, 0.000000, 'percentage'),
(466, 7425, 0.000000, 'percentage'),
(466, 7424, 0.000000, 'percentage'),
(466, 7423, 0.000000, 'percentage'),
(466, 7422, 0.000000, 'percentage'),
(466, 7421, 0.000000, 'percentage'),
(466, 7420, 0.000000, 'percentage'),
(466, 7419, 0.000000, 'percentage'),
(468, 1493, 0.000000, NULL),
(468, 1492, 0.000000, NULL),
(469, 1092, 0.000000, NULL),
(470, 1079, 0.000000, NULL),
(471, 1575, 0.000000, NULL),
(472, 1061, 0.000000, NULL),
(472, 1041, 0.000000, NULL),
(473, 1106, 0.000000, NULL),
(473, 1105, 0.000000, NULL),
(475, 7418, 0.000000, 'percentage'),
(475, 7417, 0.000000, 'percentage'),
(475, 7416, 0.000000, 'percentage'),
(475, 7415, 0.000000, 'percentage'),
(475, 7414, 0.000000, 'percentage'),
(475, 7413, 0.000000, 'percentage'),
(475, 7412, 0.000000, 'percentage'),
(475, 7411, 0.000000, 'percentage'),
(475, 7410, 0.000000, 'percentage'),
(475, 7409, 0.000000, 'percentage'),
(475, 7408, 0.000000, 'percentage'),
(475, 7407, 0.000000, 'percentage'),
(475, 7406, 0.000000, 'percentage'),
(475, 7405, 0.000000, 'percentage'),
(467, 1339, 0.000000, NULL),
(476, 1339, 0.000000, NULL),
(477, 1493, 0.000000, NULL),
(477, 1492, 0.000000, NULL),
(478, 1092, 0.000000, NULL),
(479, 1075, 0.000000, NULL),
(480, 1575, 0.000000, NULL),
(481, 1037, 0.000000, NULL),
(482, 1114, 0.000000, NULL),
(482, 1113, 0.000000, NULL),
(484, 7531, 0.000000, 'percentage'),
(484, 7530, 0.000000, 'percentage'),
(484, 7529, 0.000000, 'percentage'),
(484, 7528, 0.000000, 'percentage'),
(484, 7527, 0.000000, 'percentage'),
(484, 7526, 0.000000, 'percentage'),
(484, 7525, 0.000000, 'percentage'),
(484, 7524, 0.000000, 'percentage'),
(484, 7523, 0.000000, 'percentage'),
(484, 7522, 0.000000, 'percentage'),
(484, 7521, 0.000000, 'percentage'),
(484, 7520, 0.000000, 'percentage'),
(484, 7519, 0.000000, 'percentage'),
(484, 7518, 0.000000, 'percentage'),
(485, 1339, 0.000000, NULL),
(486, 1493, 0.000000, NULL),
(486, 1492, 0.000000, NULL),
(487, 1093, 0.000000, NULL),
(488, 1077, 0.000000, NULL),
(489, 1575, 0.000000, NULL),
(490, 1060, 0.000000, NULL),
(490, 1039, 0.000000, NULL),
(491, 1106, 0.000000, NULL),
(491, 1105, 0.000000, NULL),
(493, 7517, 0.000000, NULL),
(493, 7516, 0.000000, NULL),
(493, 7515, 0.000000, NULL),
(493, 7514, 0.000000, NULL),
(493, 7513, 0.000000, NULL),
(493, 7512, 0.000000, NULL),
(493, 7511, 0.000000, NULL),
(493, 7510, 0.000000, NULL),
(493, 7509, 0.000000, NULL),
(493, 7508, 0.000000, NULL),
(493, 7507, 0.000000, NULL),
(493, 7506, 0.000000, NULL),
(493, 7505, 0.000000, NULL),
(493, 7504, 0.000000, NULL),
(504, 1339, 0.000000, NULL),
(494, 1339, 0.000000, NULL),
(495, 1493, 0.000000, NULL),
(495, 1492, 0.000000, NULL),
(496, 1093, 0.000000, NULL),
(497, 1077, 0.000000, NULL),
(498, 1575, 0.000000, NULL),
(499, 1039, 0.000000, NULL),
(500, 1114, 0.000000, NULL),
(500, 1113, 0.000000, NULL),
(503, 7503, 0.000000, 'percentage'),
(503, 7502, 0.000000, 'percentage'),
(503, 7501, 0.000000, 'percentage'),
(503, 7500, 0.000000, 'percentage'),
(503, 7499, 0.000000, 'percentage'),
(503, 7498, 0.000000, 'percentage'),
(503, 7497, 0.000000, 'percentage'),
(503, 7496, 0.000000, 'percentage'),
(503, 7495, 0.000000, 'percentage'),
(503, 7494, 0.000000, 'percentage'),
(503, 7493, 0.000000, 'percentage'),
(503, 7492, 0.000000, 'percentage'),
(503, 7491, 0.000000, 'percentage'),
(503, 7490, 0.000000, 'percentage'),
(505, 1493, 0.000000, NULL),
(505, 1492, 0.000000, NULL),
(506, 1093, 0.000000, NULL),
(507, 1077, 0.000000, NULL),
(508, 1575, 0.000000, NULL),
(509, 1060, 0.000000, NULL),
(509, 1039, 0.000000, NULL),
(510, 1106, 0.000000, NULL),
(510, 1105, 0.000000, NULL),
(512, 7489, 0.000000, 'percentage'),
(512, 7488, 0.000000, 'percentage'),
(512, 7487, 0.000000, 'percentage'),
(512, 7486, 0.000000, 'percentage'),
(512, 7485, 0.000000, 'percentage'),
(512, 7484, 0.000000, 'percentage'),
(512, 7483, 0.000000, 'percentage'),
(512, 7482, 0.000000, 'percentage'),
(512, 7481, 0.000000, 'percentage'),
(512, 7480, 0.000000, 'percentage'),
(512, 7479, 0.000000, 'percentage'),
(512, 7478, 0.000000, 'percentage'),
(512, 7477, 0.000000, 'percentage'),
(512, 7476, 0.000000, 'percentage'),
(513, 1339, 0.000000, NULL),
(514, 1493, 0.000000, NULL),
(514, 1492, 0.000000, NULL),
(515, 1093, 0.000000, NULL),
(516, 1077, 0.000000, NULL),
(517, 1575, 0.000000, NULL),
(518, 1039, 0.000000, NULL),
(519, 1114, 0.000000, NULL),
(519, 1113, 0.000000, NULL),
(521, 7475, 0.000000, 'percentage'),
(521, 7474, 0.000000, 'percentage'),
(521, 7473, 0.000000, 'percentage'),
(521, 7472, 0.000000, 'percentage'),
(521, 7471, 0.000000, 'percentage'),
(521, 7470, 0.000000, 'percentage'),
(521, 7469, 0.000000, 'percentage'),
(521, 7468, 0.000000, 'percentage'),
(521, 7467, 0.000000, 'percentage'),
(521, 7466, 0.000000, 'percentage'),
(521, 7465, 0.000000, 'percentage'),
(521, 7464, 0.000000, 'percentage'),
(521, 7463, 0.000000, 'percentage'),
(521, 7462, 0.000000, 'percentage'),
(523, 1060, 0.000000, NULL),
(523, 1039, 0.000000, NULL),
(524, 1106, 0.000000, NULL),
(524, 1105, 0.000000, NULL),
(522, 1575, 0.000000, NULL),
(532, 1341, 0.000000, NULL),
(527, 1575, 0.000000, NULL),
(528, 1039, 0.000000, NULL),
(529, 1114, 0.000000, NULL),
(529, 1113, 0.000000, NULL),
(533, 1494, 0.000000, NULL),
(534, 1102, 0.000000, NULL),
(535, 1085, 0.000000, NULL),
(536, 1576, 0.000000, NULL),
(537, 1067, 0.000000, NULL),
(537, 1047, 0.000000, NULL),
(538, 1106, 0.000000, NULL),
(538, 1105, 0.000000, NULL),
(540, 7337, 0.000000, 'percentage'),
(540, 7336, 0.000000, 'percentage'),
(540, 7335, 0.000000, 'percentage'),
(540, 7334, 0.000000, 'percentage'),
(540, 7333, 0.000000, 'percentage'),
(540, 7332, 0.000000, 'percentage'),
(540, 7331, 0.000000, 'percentage'),
(540, 7330, 0.000000, 'percentage'),
(540, 7329, 0.000000, 'percentage'),
(540, 7328, 0.000000, 'percentage'),
(540, 7327, 0.000000, 'percentage'),
(540, 7326, 0.000000, 'percentage'),
(540, 7325, 0.000000, 'percentage'),
(540, 7324, 0.000000, 'percentage'),
(644, 13529, 0.000000, NULL),
(541, 1341, 0.000000, NULL),
(542, 1494, 0.000000, NULL),
(543, 1104, 0.000000, NULL),
(544, 1084, 0.000000, NULL),
(545, 1578, 0.000000, NULL),
(546, 1046, 0.000000, NULL),
(547, 1114, 0.000000, NULL),
(547, 1113, 0.000000, NULL),
(549, 7365, 0.000000, 'percentage'),
(549, 7364, 0.000000, 'percentage'),
(549, 7363, 0.000000, 'percentage'),
(549, 7362, 0.000000, 'percentage'),
(549, 7361, 0.000000, 'percentage'),
(549, 7360, 0.000000, 'percentage'),
(549, 7359, 0.000000, 'percentage'),
(549, 7358, 0.000000, 'percentage'),
(549, 7357, 0.000000, 'percentage'),
(549, 7356, 0.000000, 'percentage'),
(549, 7355, 0.000000, 'percentage'),
(549, 7354, 0.000000, 'percentage'),
(549, 7353, 0.000000, 'percentage'),
(549, 7352, 0.000000, 'percentage'),
(644, 13528, 0.000000, NULL),
(644, 13509, 0.000000, NULL),
(644, 13508, 0.000000, NULL),
(644, 13507, 0.000000, NULL),
(644, 13506, 0.000000, NULL),
(642, 7586, 0.000000, NULL),
(641, 15373, 0.000000, NULL),
(641, 15372, 0.000000, NULL),
(641, 15371, 0.000000, NULL),
(641, 15345, 0.000000, NULL),
(641, 15344, 0.000000, NULL),
(641, 15343, 0.000000, NULL),
(641, 11906, 0.000000, NULL),
(641, 11905, 0.000000, NULL),
(641, 11904, 0.000000, NULL),
(641, 11903, 0.000000, NULL),
(641, 11902, 0.000000, NULL),
(659, 13572, 0.000000, 'percentage'),
(659, 13550, 0.000000, 'percentage'),
(659, 13549, 0.000000, 'percentage'),
(658, 7586, 0.000000, NULL),
(658, 7585, 0.000000, NULL),
(614, 286, 0.000000, NULL),
(615, 1173, 0.000000, NULL),
(615, 1171, 0.000000, NULL),
(615, 1169, 0.000000, NULL),
(615, 1167, 0.000000, NULL),
(615, 1165, 0.000000, NULL),
(568, 283, 0.000000, 'percentage'),
(567, 1173, 0.000000, 'percentage'),
(567, 1171, 0.000000, 'percentage'),
(567, 1169, 0.000000, 'percentage'),
(567, 1167, 0.000000, 'percentage'),
(567, 1165, 0.000000, 'percentage'),
(567, 1161, 0.000000, 'percentage'),
(567, 1160, 0.000000, 'percentage'),
(567, 1159, 0.000000, 'percentage'),
(567, 1156, 0.000000, 'percentage'),
(567, 1155, 0.000000, 'percentage'),
(567, 1154, 0.000000, 'percentage'),
(567, 1150, 0.000000, 'percentage'),
(567, 1147, 0.000000, 'percentage'),
(567, 1144, 0.000000, 'percentage'),
(567, 1143, 0.000000, 'percentage'),
(567, 1141, 0.000000, 'percentage'),
(567, 1139, 0.000000, 'percentage'),
(567, 1137, 0.000000, 'percentage'),
(567, 1135, 0.000000, 'percentage'),
(553, 1079, 0.000000, NULL),
(554, 1575, 0.000000, NULL),
(555, 1041, 0.000000, NULL),
(556, 1114, 0.000000, NULL),
(556, 1113, 0.000000, NULL),
(615, 1161, 0.000000, NULL),
(615, 1160, 0.000000, NULL),
(615, 1159, 0.000000, NULL),
(615, 1157, 0.000000, NULL),
(615, 1154, 0.000000, NULL),
(615, 1152, 0.000000, NULL),
(615, 1147, 0.000000, NULL),
(615, 1146, 0.000000, NULL),
(615, 1145, 0.000000, NULL),
(615, 1141, 0.000000, NULL),
(615, 1139, 0.000000, NULL),
(615, 1137, 0.000000, NULL),
(615, 1135, 0.000000, NULL),
(616, 1082, 0.000000, NULL),
(617, 1575, 0.000000, NULL),
(618, 1044, 0.000000, NULL),
(619, 1114, 0.000000, NULL),
(619, 1113, 0.000000, NULL),
(605, 286, 0.000000, NULL),
(606, 1173, 0.000000, NULL),
(606, 1171, 0.000000, NULL),
(606, 1169, 0.000000, NULL),
(606, 1167, 0.000000, NULL),
(606, 1165, 0.000000, NULL),
(606, 1161, 0.000000, NULL),
(606, 1160, 0.000000, NULL),
(606, 1159, 0.000000, NULL),
(606, 1154, 0.000000, NULL),
(606, 1147, 0.000000, NULL),
(606, 1146, 0.000000, NULL),
(606, 1141, 0.000000, NULL),
(569, 281, 0.000000, NULL),
(570, 1173, 0.000000, NULL),
(570, 1171, 0.000000, NULL),
(570, 1169, 0.000000, NULL),
(570, 1167, 0.000000, NULL),
(570, 1165, 0.000000, NULL),
(570, 1161, 0.000000, NULL),
(570, 1160, 0.000000, NULL),
(570, 1159, 0.000000, NULL),
(570, 1154, 0.000000, NULL),
(570, 1152, 0.000000, NULL),
(570, 1148, 0.000000, NULL),
(570, 1147, 0.000000, NULL),
(570, 1142, 0.000000, NULL),
(570, 1141, 0.000000, NULL),
(570, 1139, 0.000000, NULL),
(570, 1137, 0.000000, NULL),
(570, 1135, 0.000000, NULL),
(571, 1077, 0.000000, NULL),
(572, 1575, 0.000000, NULL),
(573, 1039, 0.000000, NULL),
(574, 1114, 0.000000, NULL),
(574, 1113, 0.000000, NULL),
(606, 1139, 0.000000, NULL),
(606, 1137, 0.000000, NULL),
(606, 1135, 0.000000, NULL),
(607, 1082, 0.000000, NULL),
(608, 1575, 0.000000, NULL),
(609, 1044, 0.000000, NULL),
(610, 1114, 0.000000, NULL),
(610, 1113, 0.000000, NULL),
(597, 286, 0.000000, NULL),
(598, 1173, 0.000000, NULL),
(598, 1171, 0.000000, NULL),
(598, 1169, 0.000000, NULL),
(598, 1167, 0.000000, NULL),
(598, 1165, 0.000000, NULL),
(598, 1161, 0.000000, NULL),
(598, 1160, 0.000000, NULL),
(598, 1159, 0.000000, NULL),
(598, 1154, 0.000000, NULL),
(598, 1147, 0.000000, NULL),
(598, 1146, 0.000000, NULL),
(598, 1141, 0.000000, NULL),
(598, 1139, 0.000000, NULL),
(598, 1137, 0.000000, NULL),
(598, 1135, 0.000000, NULL),
(599, 1082, 0.000000, NULL),
(600, 1575, 0.000000, NULL),
(601, 1044, 0.000000, NULL),
(602, 1114, 0.000000, NULL),
(602, 1113, 0.000000, NULL),
(578, 283, 0.000000, NULL),
(579, 1173, 0.000000, NULL),
(579, 1171, 0.000000, NULL),
(579, 1169, 0.000000, NULL),
(579, 1167, 0.000000, NULL),
(579, 1165, 0.000000, NULL),
(579, 1161, 0.000000, NULL),
(579, 1160, 0.000000, NULL),
(579, 1159, 0.000000, NULL),
(579, 1156, 0.000000, NULL),
(579, 1155, 0.000000, NULL),
(579, 1154, 0.000000, NULL),
(579, 1150, 0.000000, NULL),
(579, 1147, 0.000000, NULL),
(579, 1144, 0.000000, NULL),
(579, 1143, 0.000000, NULL),
(579, 1141, 0.000000, NULL),
(579, 1139, 0.000000, NULL),
(579, 1137, 0.000000, NULL),
(579, 1135, 0.000000, NULL),
(580, 1079, 0.000000, NULL),
(581, 1575, 0.000000, NULL),
(582, 1041, 0.000000, NULL),
(583, 1114, 0.000000, NULL),
(583, 1113, 0.000000, NULL),
(641, 11901, 0.000000, NULL),
(641, 11900, 0.000000, NULL),
(641, 11393, 0.000000, NULL),
(641, 11392, 0.000000, NULL),
(641, 11391, 0.000000, NULL),
(641, 11390, 0.000000, NULL),
(641, 11389, 0.000000, NULL),
(641, 11388, 0.000000, NULL),
(641, 11387, 0.000000, NULL),
(586, 283, 0.000000, NULL),
(587, 1174, 0.000000, NULL),
(587, 1173, 0.000000, NULL),
(587, 1172, 0.000000, NULL),
(587, 1171, 0.000000, NULL),
(587, 1170, 0.000000, NULL),
(587, 1169, 0.000000, NULL),
(587, 1168, 0.000000, NULL),
(587, 1167, 0.000000, NULL),
(587, 1166, 0.000000, NULL),
(587, 1165, 0.000000, NULL),
(587, 1164, 0.000000, NULL),
(587, 1162, 0.000000, NULL),
(587, 1161, 0.000000, NULL),
(587, 1160, 0.000000, NULL),
(587, 1159, 0.000000, NULL),
(587, 1156, 0.000000, NULL),
(587, 1155, 0.000000, NULL),
(587, 1154, 0.000000, NULL),
(587, 1151, 0.000000, NULL),
(587, 1150, 0.000000, NULL),
(587, 1147, 0.000000, NULL),
(587, 1144, 0.000000, NULL),
(587, 1143, 0.000000, NULL),
(587, 1140, 0.000000, NULL),
(587, 1138, 0.000000, NULL),
(587, 1136, 0.000000, NULL),
(588, 1079, 0.000000, NULL),
(589, 1575, 0.000000, NULL),
(590, 1061, 0.000000, NULL),
(590, 1041, 0.000000, NULL),
(591, 1106, 0.000000, NULL),
(591, 1105, 0.000000, NULL),
(641, 10929, 0.000000, NULL),
(641, 10928, 0.000000, NULL),
(644, 13572, 0.000000, NULL),
(644, 13550, 0.000000, NULL),
(644, 13549, 0.000000, NULL),
(693, 605, 0.000000, 'percentage'),
(693, 604, 0.000000, 'percentage'),
(693, 603, 0.000000, 'percentage'),
(693, 602, 0.000000, 'percentage'),
(693, 98, 0.000000, 'percentage'),
(693, 97, 0.000000, 'percentage'),
(693, 96, 0.000000, 'percentage'),
(693, 94, 0.000000, 'percentage'),
(693, 93, 0.000000, 'percentage'),
(693, 92, 0.000000, 'percentage'),
(693, 91, 0.000000, 'percentage'),
(693, 90, 0.000000, 'percentage');

-- --------------------------------------------------------

--
-- Table structure for table `ps_pm_advancedpack_products_customization`
--

CREATE TABLE `ps_pm_advancedpack_products_customization` (
  `id_product_pack` int(10) UNSIGNED NOT NULL,
  `id_customization_field` int(10) UNSIGNED NOT NULL
) ENGINE=MyISAM DEFAULT CHARSET=latin1;

-- --------------------------------------------------------

--
-- Table structure for table `ps_product`
--

CREATE TABLE `ps_product` (
  `id_product` int(10) UNSIGNED NOT NULL,
  `id_supplier` int(10) UNSIGNED DEFAULT NULL,
  `id_manufacturer` int(10) UNSIGNED DEFAULT NULL,
  `id_category_default` int(10) UNSIGNED DEFAULT NULL,
  `id_shop_default` int(10) UNSIGNED NOT NULL DEFAULT 1,
  `id_tax_rules_group` int(11) UNSIGNED NOT NULL,
  `on_sale` tinyint(1) UNSIGNED NOT NULL DEFAULT 0,
  `online_only` tinyint(1) UNSIGNED NOT NULL DEFAULT 0,
  `ean13` varchar(13) DEFAULT NULL,
  `isbn` varchar(32) DEFAULT NULL,
  `upc` varchar(12) DEFAULT NULL,
  `ecotax` decimal(17,6) NOT NULL DEFAULT 0.000000,
  `quantity` int(10) NOT NULL DEFAULT 0,
  `minimal_quantity` int(10) UNSIGNED NOT NULL DEFAULT 1,
  `low_stock_threshold` int(10) DEFAULT NULL,
  `low_stock_alert` tinyint(1) NOT NULL DEFAULT 0,
  `price` decimal(20,6) NOT NULL DEFAULT 0.000000,
  `wholesale_price` decimal(20,6) NOT NULL DEFAULT 0.000000,
  `unity` varchar(255) DEFAULT NULL,
  `unit_price_ratio` decimal(20,6) NOT NULL DEFAULT 0.000000,
  `additional_shipping_cost` decimal(20,2) NOT NULL DEFAULT 0.00,
  `reference` varchar(64) DEFAULT NULL,
  `supplier_reference` varchar(64) DEFAULT NULL,
  `location` varchar(64) DEFAULT NULL,
  `width` decimal(20,6) NOT NULL DEFAULT 0.000000,
  `height` decimal(20,6) NOT NULL DEFAULT 0.000000,
  `depth` decimal(20,6) NOT NULL DEFAULT 0.000000,
  `weight` decimal(20,6) NOT NULL DEFAULT 0.000000,
  `out_of_stock` int(10) UNSIGNED NOT NULL DEFAULT 2,
  `additional_delivery_times` tinyint(1) UNSIGNED NOT NULL DEFAULT 1,
  `quantity_discount` tinyint(1) DEFAULT 0,
  `customizable` tinyint(2) NOT NULL DEFAULT 0,
  `uploadable_files` tinyint(4) NOT NULL DEFAULT 0,
  `text_fields` tinyint(4) NOT NULL DEFAULT 0,
  `active` tinyint(1) UNSIGNED NOT NULL DEFAULT 0,
  `redirect_type` enum('','404','301-product','302-product','301-category','302-category') NOT NULL DEFAULT '',
  `id_type_redirected` int(10) UNSIGNED NOT NULL DEFAULT 0,
  `available_for_order` tinyint(1) NOT NULL DEFAULT 1,
  `available_date` date DEFAULT NULL,
  `show_condition` tinyint(1) NOT NULL DEFAULT 0,
  `condition` enum('new','used','refurbished') NOT NULL DEFAULT 'new',
  `show_price` tinyint(1) NOT NULL DEFAULT 1,
  `indexed` tinyint(1) NOT NULL DEFAULT 0,
  `visibility` enum('both','catalog','search','none') NOT NULL DEFAULT 'both',
  `cache_is_pack` tinyint(1) NOT NULL DEFAULT 0,
  `cache_has_attachments` tinyint(1) NOT NULL DEFAULT 0,
  `is_virtual` tinyint(1) NOT NULL DEFAULT 0,
  `cache_default_attribute` int(10) UNSIGNED DEFAULT NULL,
  `date_add` datetime NOT NULL,
  `date_upd` datetime NOT NULL,
  `advanced_stock_management` tinyint(1) NOT NULL DEFAULT 0,
  `pack_stock_type` int(11) UNSIGNED NOT NULL DEFAULT 3,
  `state` int(11) UNSIGNED NOT NULL DEFAULT 1
) ENGINE=InnoDB DEFAULT CHARSET=utf8;

--
-- Dumping data for table `ps_product`
--

INSERT INTO `ps_product` (`id_product`, `id_supplier`, `id_manufacturer`, `id_category_default`, `id_shop_default`, `id_tax_rules_group`, `on_sale`, `online_only`, `ean13`, `isbn`, `upc`, `ecotax`, `quantity`, `minimal_quantity`, `low_stock_threshold`, `low_stock_alert`, `price`, `wholesale_price`, `unity`, `unit_price_ratio`, `additional_shipping_cost`, `reference`, `supplier_reference`, `location`, `width`, `height`, `depth`, `weight`, `out_of_stock`, `additional_delivery_times`, `quantity_discount`, `customizable`, `uploadable_files`, `text_fields`, `active`, `redirect_type`, `id_type_redirected`, `available_for_order`, `available_date`, `show_condition`, `condition`, `show_price`, `indexed`, `visibility`, `cache_is_pack`, `cache_has_attachments`, `is_virtual`, `cache_default_attribute`, `date_add`, `date_upd`, `advanced_stock_management`, `pack_stock_type`, `state`) VALUES
(1, 0, 1, 11, 1, 1, 0, 0, '', '', '', 0.000000, 0, 1, 0, 0, 503.000000, 126.000000, '', 0.000000, 0.00, 'B-3AALUFM75', '', '', 0.000000, 0.000000, 0.000000, 0.000000, 2, 0, 0, 0, 0, 0, 1, '301-category', 0, 1, '0000-00-00', 0, 'new', 1, 1, 'both', 0, 0, 0, 0, '2019-10-01 11:24:33', '2019-12-06 12:38:48', 0, 0, 1),
(2, 0, 1, 12, 1, 1, 0, 0, '', '', '', 0.000000, 0, 1, 0, 0, 579.000000, 126.000000, '', 0.000000, 0.00, 'B-3AALUFP75', '', '', 0.000000, 0.000000, 0.000000, 0.000000, 2, 0, 0, 0, 0, 0, 1, '301-category', 0, 1, '0000-00-00', 0, 'new', 1, 1, 'both', 0, 0, 0, 0, '2019-10-01 11:24:35', '2019-12-06 12:38:50', 0, 0, 1),
(3, 0, 1, 11, 1, 1, 0, 0, '', '', '', 0.000000, 0, 1, 0, 0, 505.000000, 99.000000, '', 0.000000, 0.00, 'B-3APPFM75', '', '', 0.000000, 0.000000, 0.000000, 0.000000, 2, 0, 0, 0, 0, 0, 1, '301-category', 0, 1, '0000-00-00', 0, 'new', 1, 1, 'both', 0, 0, 0, 0, '2019-10-01 11:24:37', '2019-12-06 12:38:51', 0, 0, 1),
(4, 0, 1, 12, 1, 1, 0, 0, '', '', '', 0.000000, 0, 1, 0, 0, 578.000000, 99.000000, '', 0.000000, 0.00, 'B-3APPFP75', '', '', 0.000000, 0.000000, 0.000000, 0.000000, 2, 0, 0, 0, 0, 0, 1, '301-category', 0, 1, '0000-00-00', 0, 'new', 1, 1, 'both', 0, 0, 0, 0, '2019-10-01 11:24:39', '2019-12-06 12:38:52', 0, 0, 1),
(5, 0, 1, 13, 1, 1, 0, 0, '', '', '', 0.000000, 0, 1, 0, 0, 254.000000, 55.000000, '', 0.000000, 0.00, 'B-3APPFT75', '', '', 0.000000, 0.000000, 0.000000, 0.000000, 2, 0, 0, 0, 0, 0, 1, '301-category', 0, 1, '0000-00-00', 0, 'new', 1, 1, 'both', 0, 0, 0, 0, '2019-10-01 11:24:41', '2019-12-06 12:38:53', 0, 0, 1),
(6, 0, 0, 14, 1, 1, 0, 0, '', '', '', 0.000000, 0, 1, 0, 0, 112.000000, 35.000000, '', 0.000000, 0.00, 'B-HC375B', '', '', 0.000000, 0.000000, 0.000000, 0.000000, 2, 0, 0, 0, 0, 0, 1, '301-category', 0, 1, '0000-00-00', 0, 'new', 1, 1, 'both', 0, 0, 0, 0, '2019-10-01 11:24:43', '2019-12-06 12:38:54', 0, 0, 1),
(7, 0, 34, 33, 1, 1, 0, 0, '', '', '', 0.000000, 0, 1, 0, 0, 140.800000, 29.300000, '', 0.000000, 0.00, '', '', '', 0.000000, 0.000000, 0.000000, 0.000000, 2, 0, 0, 0, 0, 0, 1, '301-category', 0, 1, '0000-00-00', 0, 'new', 1, 1, 'both', 0, 0, 0, 1368, '2019-10-01 11:25:40', '2019-10-29 11:30:07', 0, 0, 1),
(8, 0, 34, 34, 1, 1, 0, 0, '', '', '', 0.000000, 0, 1, 0, 0, 140.800000, 29.300000, '', 0.000000, 0.00, 'EA-AILE125', '', '', 0.000000, 0.000000, 0.000000, 0.000000, 2, 0, 0, 0, 0, 0, 0, '301-category', 0, 1, '0000-00-00', 0, 'new', 1, 0, 'both', 0, 0, 0, 0, '2019-10-01 11:25:43', '2019-12-09 13:21:29', 0, 0, 1),
(9, 0, 34, 34, 1, 1, 0, 0, '', '', '', 0.000000, 0, 1, 0, 0, 140.800000, 29.300000, '', 0.000000, 0.00, 'EA-AILE160', '', '', 0.000000, 0.000000, 0.000000, 0.000000, 2, 0, 0, 0, 0, 0, 0, '301-category', 0, 1, '0000-00-00', 0, 'new', 1, 1, 'both', 0, 0, 0, 0, '2019-10-01 11:25:45', '2019-12-06 16:46:04', 0, 0, 1),
(10, 0, 34, 34, 1, 1, 0, 0, '', '', '', 0.000000, 0, 1, 0, 0, 140.800000, 29.300000, '', 0.000000, 0.00, 'EA-AILE200', '', '', 0.000000, 0.000000, 0.000000, 0.000000, 2, 0, 0, 0, 0, 0, 0, '301-category', 0, 1, '0000-00-00', 0, 'new', 1, 1, 'both', 0, 0, 0, 0, '2019-10-01 11:25:49', '2019-12-06 16:46:05', 0, 0, 1),
(11, 0, 34, 34, 1, 1, 0, 0, '', '', '', 0.000000, 0, 1, 0, 0, 140.800000, 29.300000, '', 0.000000, 0.00, 'EA-AILE250', '', '', 0.000000, 0.000000, 0.000000, 0.000000, 2, 0, 0, 0, 0, 0, 0, '301-category', 0, 1, '0000-00-00', 0, 'new', 1, 1, 'both', 0, 0, 0, 0, '2019-10-01 11:25:51', '2019-12-06 16:46:05', 0, 0, 1),
(12, 0, 34, 34, 1, 1, 0, 0, '', '', '', 0.000000, 0, 1, 0, 0, 140.800000, 29.300000, '', 0.000000, 0.00, 'EA-AILE315', '', '', 60.000000, 50.000000, 315.000000, 0.168000, 2, 0, 0, 0, 0, 0, 0, '301-category', 0, 1, '0000-00-00', 0, 'new', 1, 1, 'both', 0, 0, 0, 0, '2019-10-01 11:25:53', '2019-12-06 16:46:06', 0, 0, 1),
(13, 0, 34, 34, 1, 1, 0, 0, '', '', '', 0.000000, 0, 1, 0, 0, 140.800000, 29.300000, '', 0.000000, 0.00, 'EA-AILE350', '', '', 0.000000, 0.000000, 0.000000, 0.000000, 2, 0, 0, 0, 0, 0, 0, '301-category', 0, 1, '0000-00-00', 0, 'new', 1, 1, 'both', 0, 0, 0, 0, '2019-10-01 11:25:55', '2019-12-06 16:46:07', 0, 0, 1),
(14, 0, 34, 34, 1, 1, 0, 0, '', '', '', 0.000000, 0, 1, 0, 0, 140.800000, 29.300000, '', 0.000000, 0.00, 'EA-AILE355', '', '', 0.000000, 0.000000, 0.000000, 0.000000, 2, 0, 0, 0, 0, 0, 0, '301-category', 0, 1, '0000-00-00', 0, 'new', 1, 1, 'both', 0, 0, 0, 0, '2019-10-01 11:25:57', '2019-12-06 16:46:08', 0, 0, 1),
(15, 0, 34, 34, 1, 1, 0, 0, '', '', '', 0.000000, 0, 1, 0, 0, 140.800000, 29.300000, '', 0.000000, 0.00, 'EA-AILE400', '', '', 0.000000, 0.000000, 0.000000, 0.000000, 2, 0, 0, 0, 0, 0, 0, '301-category', 0, 1, '0000-00-00', 0, 'new', 1, 1, 'both', 0, 0, 0, 0, '2019-10-01 11:25:59', '2019-12-06 16:46:08', 0, 0, 1),
(16, 0, 34, 34, 1, 1, 0, 0, '', '', '', 0.000000, 0, 1, 0, 0, 153.600000, 43.300000, '', 0.000000, 0.00, 'EA-AILE450', '', '', 0.000000, 0.000000, 0.000000, 0.000000, 2, 0, 0, 0, 0, 0, 0, '301-category', 0, 1, '0000-00-00', 0, 'new', 1, 1, 'both', 0, 0, 0, 0, '2019-10-01 11:26:01', '2019-12-06 16:46:09', 0, 0, 1),
(17, 0, 34, 34, 1, 1, 0, 0, '', '', '', 0.000000, 0, 1, 0, 0, 208.000000, 43.300000, '', 0.000000, 0.00, 'EA-AILE500', '', '', 60.000000, 50.000000, 500.000000, 0.236000, 2, 0, 0, 0, 0, 0, 0, '301-category', 0, 1, '0000-00-00', 0, 'new', 1, 1, 'both', 0, 0, 0, 0, '2019-10-01 11:26:03', '2019-12-06 16:46:09', 0, 0, 1),
(18, 0, 34, 34, 1, 1, 0, 0, '', '', '', 0.000000, 0, 1, 0, 0, 217.600000, 43.300000, '', 0.000000, 0.00, 'EA-AILE550', '', '', 0.000000, 0.000000, 0.000000, 0.000000, 2, 0, 0, 0, 0, 0, 0, '301-category', 0, 1, '0000-00-00', 0, 'new', 1, 1, 'both', 0, 0, 0, 0, '2019-10-01 11:26:06', '2019-12-06 16:46:10', 0, 0, 1),
(19, 0, 34, 34, 1, 1, 0, 0, '', '', '', 0.000000, 0, 1, 0, 0, 272.000000, 58.000000, '', 0.000000, 0.00, 'EA-AILE600', '', '', 0.000000, 0.000000, 0.000000, 0.000000, 2, 0, 0, 0, 0, 0, 0, '301-category', 0, 1, '0000-00-00', 0, 'new', 1, 1, 'both', 0, 0, 0, 0, '2019-10-01 11:26:08', '2019-12-06 16:46:10', 0, 0, 1),
(20, 0, 34, 34, 1, 1, 0, 0, '', '', '', 0.000000, 0, 1, 0, 0, 222.720000, 58.000000, '', 0.000000, 0.00, 'EA-AILE630', '', '', 0.000000, 0.000000, 0.000000, 0.000000, 2, 0, 0, 0, 0, 0, 0, '301-category', 0, 1, '0000-00-00', 0, 'new', 1, 1, 'both', 0, 0, 0, 0, '2019-10-01 11:26:10', '2019-12-06 16:46:11', 0, 0, 1),
(21, 0, 34, 34, 1, 1, 0, 0, '', '', '', 0.000000, 0, 1, 0, 0, 278.400000, 58.000000, '', 0.000000, 0.00, 'EA-AILE700', '', '', 0.000000, 0.000000, 0.000000, 0.000000, 2, 0, 0, 0, 0, 0, 0, '301-category', 0, 1, '0000-00-00', 0, 'new', 1, 1, 'both', 0, 0, 0, 0, '2019-10-01 11:26:12', '2019-12-06 16:46:11', 0, 0, 1),
(22, 0, 34, 34, 1, 1, 0, 0, '', '', '', 0.000000, 0, 1, 0, 0, 310.400000, 97.000000, '', 0.000000, 0.00, 'EA-AILE900', '', '', 0.000000, 0.000000, 0.000000, 0.000000, 2, 0, 0, 0, 0, 0, 0, '301-category', 0, 1, '0000-00-00', 0, 'new', 1, 1, 'both', 0, 0, 0, 0, '2019-10-01 11:26:14', '2019-12-06 16:46:12', 0, 0, 1),
(23, 0, 37, 37, 1, 1, 0, 0, '', '', '', 0.000000, 0, 1, 0, 0, 514.800000, 125.000000, '', 0.000000, 0.00, 'EA-BAR.IR', '', '', 0.000000, 0.000000, 0.000000, 1.206000, 2, 0, 0, 0, 0, 0, 1, '301-category', 0, 1, '0000-00-00', 0, 'new', 1, 1, 'both', 0, 0, 0, 0, '2019-10-01 11:26:22', '2019-12-06 12:39:11', 0, 0, 1),
(24, 0, 37, 37, 1, 1, 0, 0, '', '', '', 0.000000, 0, 1, 0, 0, 1020.000000, 255.000000, '', 0.000000, 0.00, 'EA-BAR.IR15', '', '', 0.000000, 0.000000, 0.000000, 1.136000, 2, 0, 0, 0, 0, 0, 1, '301-category', 0, 1, '0000-00-00', 0, 'new', 1, 1, 'both', 0, 0, 0, 0, '2019-10-01 11:26:24', '2019-12-06 12:39:13', 0, 0, 1),
(25, 0, 0, 32, 1, 1, 0, 0, '', '', '', 0.000000, 0, 1, 0, 0, 20.000000, 5.000000, '', 0.000000, 0.00, 'EA-CONV.USB/MOD', '', '', 0.000000, 0.000000, 0.000000, 0.000000, 2, 0, 0, 0, 0, 0, 1, '301-category', 0, 1, '0000-00-00', 0, 'new', 1, 1, 'both', 0, 0, 0, 0, '2019-10-01 11:26:39', '2019-12-06 12:39:14', 0, 0, 1),
(26, 0, 35, 41, 1, 1, 0, 0, '', '', '', 0.000000, 0, 1, 0, 0, 102.590000, 29.310000, '', 0.000000, 0.00, '', '', '', 100.000000, 0.000000, 100.000000, 0.000000, 2, 0, 0, 0, 0, 0, 1, '301-category', 0, 1, '0000-00-00', 0, 'new', 1, 1, 'both', 0, 0, 0, 3355, '2019-10-01 11:26:41', '2019-11-12 11:16:32', 0, 0, 1),
(27, 0, 35, 41, 1, 1, 0, 0, '', '', '', 0.000000, 0, 1, 0, 0, 132.300000, 37.800000, '', 0.000000, 0.00, 'EA-CROIXM.M125', '', '', 125.000000, 0.000000, 125.000000, 0.000000, 2, 0, 0, 0, 0, 0, 1, '301-category', 0, 1, '0000-00-00', 0, 'new', 1, 1, 'both', 0, 0, 0, 0, '2019-10-01 11:26:43', '2019-12-06 12:39:15', 0, 0, 1),
(28, 0, 35, 41, 1, 1, 0, 0, '', '', '', 0.000000, 0, 1, 0, 0, 108.010000, 30.860000, '', 0.000000, 0.00, 'EA-CROIXM.M160', '', '', 160.000000, 0.000000, 160.000000, 0.000000, 2, 0, 0, 0, 0, 0, 1, '301-category', 0, 1, '0000-00-00', 0, 'new', 1, 1, 'both', 0, 0, 0, 0, '2019-10-01 11:26:46', '2019-12-06 12:39:16', 0, 0, 1),
(29, 0, 35, 41, 1, 1, 0, 0, '', '', '', 0.000000, 0, 1, 0, 0, 116.100000, 33.170000, '', 0.000000, 0.00, 'EA-CROIXM.M200', '', '', 200.000000, 0.000000, 200.000000, 0.000000, 2, 0, 0, 0, 0, 0, 1, '301-category', 0, 1, '0000-00-00', 0, 'new', 1, 1, 'both', 0, 0, 0, 0, '2019-10-01 11:26:51', '2019-12-06 12:39:18', 0, 0, 1),
(30, 0, 35, 41, 1, 1, 0, 0, '', '', '', 0.000000, 0, 1, 0, 0, 129.610000, 37.030000, '', 0.000000, 0.00, 'EA-CROIXM.M250', '', '', 250.000000, 0.000000, 250.000000, 0.000000, 2, 0, 0, 0, 0, 0, 1, '301-category', 0, 1, '0000-00-00', 0, 'new', 1, 1, 'both', 0, 0, 0, 0, '2019-10-01 11:26:53', '2019-12-06 12:39:19', 0, 0, 1),
(31, 0, 35, 41, 1, 1, 0, 0, '', '', '', 0.000000, 0, 1, 0, 0, 132.300000, 37.800000, '', 0.000000, 0.00, 'EA-CROIXM.M315', '', '', 315.000000, 0.000000, 315.000000, 0.000000, 2, 0, 0, 0, 0, 0, 1, '301-category', 0, 1, '0000-00-00', 0, 'new', 1, 1, 'both', 0, 0, 0, 0, '2019-10-01 11:26:55', '2019-12-06 12:39:20', 0, 0, 1),
(32, 0, 28, 41, 1, 1, 0, 0, '', '', '', 0.000000, 0, 1, 0, 0, 120.000000, 30.000000, '', 0.000000, 0.00, '', '', '', 100.000000, 0.000000, 100.000000, 0.000000, 2, 0, 0, 0, 0, 0, 1, '301-category', 0, 1, '0000-00-00', 0, 'new', 1, 1, 'both', 0, 0, 0, 3346, '2019-10-01 11:26:57', '2019-11-12 11:14:47', 0, 0, 1),
(33, 0, 117, 41, 1, 1, 0, 0, '', '', '', 0.000000, 0, 1, 0, 0, 120.000000, 30.000000, '', 0.000000, 0.00, 'EA-CROIXM.P110', '', '', 110.000000, 0.000000, 110.000000, 0.000000, 2, 0, 0, 0, 0, 0, 0, '301-category', 0, 1, '0000-00-00', 0, 'new', 1, 1, 'both', 0, 0, 0, 0, '2019-10-01 11:26:59', '2019-12-06 16:46:42', 0, 0, 1),
(34, 0, 117, 41, 1, 1, 0, 0, '', '', '', 0.000000, 0, 1, 0, 0, 130.000000, 30.000000, '', 0.000000, 0.00, 'EA-CROIXM.P125', '', '', 125.000000, 0.000000, 125.000000, 0.000000, 2, 0, 0, 0, 0, 0, 0, '301-category', 0, 1, '0000-00-00', 0, 'new', 1, 1, 'both', 0, 0, 0, 0, '2019-10-01 11:27:01', '2019-12-06 16:46:43', 0, 0, 1),
(35, 0, 117, 41, 1, 1, 0, 0, '', '', '', 0.000000, 0, 1, 0, 0, 135.000000, 30.000000, '', 0.000000, 0.00, 'EA-CROIXM.P160', '', '', 160.000000, 0.000000, 160.000000, 0.000000, 2, 0, 0, 0, 0, 0, 0, '301-category', 0, 1, '0000-00-00', 0, 'new', 1, 1, 'both', 0, 0, 0, 0, '2019-10-01 11:27:03', '2019-12-06 16:46:43', 0, 0, 1),
(36, 0, 117, 41, 1, 1, 0, 0, '', '', '', 0.000000, 0, 1, 0, 0, 139.500000, 31.000000, '', 0.000000, 0.00, 'EA-CROIXM.P200', '', '', 200.000000, 200.000000, 200.000000, 0.588000, 2, 0, 0, 0, 0, 0, 0, '301-category', 0, 1, '0000-00-00', 0, 'new', 1, 1, 'both', 0, 0, 0, 0, '2019-10-01 11:27:06', '2019-12-06 16:46:46', 0, 0, 1),
(37, 0, 117, 41, 1, 1, 0, 0, '', '', '', 0.000000, 0, 1, 0, 0, 148.500000, 33.000000, '', 0.000000, 0.00, 'EA-CROIXM.P250', '', '', 250.000000, 200.000000, 250.000000, 0.984000, 2, 0, 0, 0, 0, 0, 0, '301-category', 0, 1, '0000-00-00', 0, 'new', 1, 1, 'both', 0, 0, 0, 0, '2019-10-01 11:27:08', '2019-12-06 16:46:47', 0, 0, 1),
(38, 0, 117, 41, 1, 1, 0, 0, '', '', '', 0.000000, 0, 1, 0, 0, 157.500000, 35.000000, '', 0.000000, 0.00, 'EA-CROIXM.P315', '', '', 315.000000, 0.000000, 315.000000, 0.000000, 2, 0, 0, 0, 0, 0, 0, '301-category', 0, 1, '0000-00-00', 0, 'new', 1, 1, 'both', 0, 0, 0, 0, '2019-10-01 11:27:10', '2019-12-06 16:46:48', 0, 0, 1),
(39, 0, 117, 41, 1, 1, 0, 0, '', '', '', 0.000000, 0, 1, 0, 0, 180.000000, 40.000000, '', 0.000000, 0.00, 'EA-CROIXM.P355', '', '', 355.000000, 0.000000, 355.000000, 0.000000, 2, 0, 0, 0, 0, 0, 1, '301-category', 0, 1, '0000-00-00', 0, 'new', 1, 1, 'both', 0, 0, 0, 0, '2019-10-01 11:27:12', '2019-12-06 12:39:27', 0, 0, 1),
(40, 0, 117, 41, 1, 1, 0, 0, '', '', '', 0.000000, 0, 1, 0, 0, 202.500000, 45.000000, '', 0.000000, 0.00, 'EA-CROIXM.P400', '', '', 400.000000, 0.000000, 400.000000, 0.000000, 2, 0, 0, 0, 0, 0, 0, '301-category', 0, 1, '0000-00-00', 0, 'new', 1, 1, 'both', 0, 0, 0, 0, '2019-10-01 11:27:14', '2019-12-06 16:46:49', 0, 0, 1),
(41, 0, 117, 32, 1, 1, 0, 0, '', '', '', 0.000000, 0, 1, 0, 0, 929.000000, 99.000000, '', 0.000000, 0.00, 'E-AFX9.PID', '', '', 0.000000, 0.000000, 0.000000, 0.000000, 2, 0, 0, 0, 0, 0, 1, '301-category', 0, 1, '0000-00-00', 0, 'new', 1, 1, 'both', 0, 0, 0, 0, '2019-10-01 11:27:22', '2019-12-06 12:39:29', 0, 0, 1),
(42, 0, 117, 32, 1, 1, 0, 0, '', '', '', 0.000000, 0, 1, 0, 0, 978.000000, 101.000000, '', 0.000000, 0.00, 'E-AFX9.PID1', '', '', 0.000000, 0.000000, 0.000000, 0.000000, 2, 0, 0, 0, 0, 0, 1, '301-category', 0, 1, '0000-00-00', 0, 'new', 1, 1, 'both', 0, 0, 0, 0, '2019-10-01 11:27:24', '2019-12-06 12:39:30', 0, 0, 1),
(43, 0, 28, 32, 1, 1, 0, 0, '', '', '', 0.000000, 0, 1, 0, 0, 881.000000, 99.000000, '', 0.000000, 0.00, '', '', '', 0.000000, 0.000000, 0.000000, 0.000000, 2, 0, 0, 0, 0, 0, 1, '301-category', 0, 1, '0000-00-00', 0, 'new', 1, 1, 'both', 0, 0, 0, 1648, '2019-10-01 11:27:26', '2019-11-04 16:07:59', 0, 0, 1),
(44, 0, 117, 32, 1, 1, 0, 0, '', '', '', 0.000000, 0, 1, 0, 0, 929.000000, 101.000000, '', 0.000000, 0.00, 'E-AFX9.SENSOR1', '', '', 0.000000, 0.000000, 0.000000, 0.000000, 2, 0, 0, 0, 0, 0, 1, '301-category', 0, 1, '0000-00-00', 0, 'new', 1, 1, 'both', 0, 0, 0, 0, '2019-10-01 11:27:28', '2019-12-06 12:39:31', 0, 0, 1),
(45, 0, 117, 32, 1, 1, 0, 0, '', '', '', 0.000000, 0, 1, 0, 0, 953.000000, 99.000000, '', 0.000000, 0.00, 'E-AFX9.UNIT', '', '', 0.000000, 0.000000, 0.000000, 0.000000, 2, 0, 0, 0, 0, 0, 1, '301-category', 0, 1, '0000-00-00', 0, 'new', 1, 1, 'both', 0, 0, 0, 0, '2019-10-01 11:27:30', '2019-12-06 12:39:33', 0, 0, 1),
(46, 0, 117, 32, 1, 1, 0, 0, '', '', '', 0.000000, 0, 1, 0, 0, 1000.000000, 101.000000, '', 0.000000, 0.00, 'E-AFX9.UNIT1', '', '', 0.000000, 0.000000, 0.000000, 0.000000, 2, 0, 0, 0, 0, 0, 1, '301-category', 0, 1, '0000-00-00', 0, 'new', 1, 1, 'both', 0, 0, 0, 0, '2019-10-01 11:27:32', '2019-12-06 12:39:33', 0, 0, 1),
(47, 0, 32, 48, 1, 1, 0, 0, '', '', '', 0.000000, 0, 1, 0, 0, 448.000000, 113.240000, '', 0.000000, 0.00, 'EA-MOT.LMVD3-MOD', '', '', 0.000000, 0.000000, 0.000000, 0.700000, 2, 0, 0, 0, 0, 0, 1, '', 0, 1, '0000-00-00', 0, 'new', 1, 1, 'both', 0, 0, 0, 0, '2019-10-01 11:27:37', '2019-12-06 12:39:34', 0, 0, 1),
(48, 0, 32, 48, 1, 1, 0, 0, '', '', '', 0.000000, 0, 1, 0, 0, 356.000000, 89.950000, '', 0.000000, 0.00, 'EA-MOT.LMVD3-MP', '', '', 0.000000, 0.000000, 0.000000, 0.500000, 2, 0, 0, 0, 0, 0, 1, '', 0, 1, '0000-00-00', 0, 'new', 1, 1, 'both', 0, 0, 0, 0, '2019-10-01 11:27:39', '2019-12-06 12:39:35', 0, 0, 1),
(49, 0, 32, 48, 1, 1, 0, 0, '', '', '', 0.000000, 0, 1, 0, 0, 190.000000, 44.100000, '', 0.000000, 0.00, 'EA-MOTBLMC230A', '', '', 0.000000, 0.000000, 0.000000, 0.000000, 2, 0, 0, 0, 0, 0, 1, '301-category', 0, 1, '0000-00-00', 0, 'new', 1, 1, 'both', 0, 0, 0, 0, '2019-10-01 11:27:41', '2019-12-06 12:39:36', 0, 0, 1),
(50, 0, 32, 48, 1, 1, 0, 0, '', '', '', 0.000000, 0, 1, 0, 0, 190.000000, 44.100000, '', 0.000000, 0.00, '', '', '', 0.000000, 0.000000, 0.000000, 0.000000, 2, 0, 0, 0, 0, 0, 1, '301-category', 0, 1, '0000-00-00', 0, 'new', 1, 1, 'both', 0, 0, 0, 14846, '2019-10-01 11:27:43', '2019-11-26 14:41:29', 0, 0, 1),
(51, 0, 32, 48, 1, 1, 0, 0, '', '', '', 0.000000, 0, 1, 0, 0, 312.000000, 78.000000, '', 0.000000, 0.00, 'EA-MOTR24B', '', '', 0.000000, 0.000000, 0.000000, 1.100000, 2, 0, 0, 0, 0, 0, 1, '301-category', 0, 1, '0000-00-00', 0, 'new', 1, 1, 'both', 0, 0, 0, 0, '2019-10-01 11:27:47', '2019-12-06 12:39:37', 0, 0, 1),
(52, 0, 32, 48, 1, 1, 0, 0, '', '', '', 0.000000, 0, 1, 0, 0, 295.400000, 68.250000, '', 0.000000, 0.00, 'EA-MOTTORMR24B', '', '', 0.000000, 0.000000, 0.000000, 0.000000, 2, 0, 0, 0, 0, 0, 1, '', 0, 1, '0000-00-00', 0, 'new', 1, 1, 'both', 0, 0, 0, 0, '2019-10-01 11:27:50', '2019-12-06 12:39:38', 0, 0, 1),
(53, 0, 28, 36, 1, 1, 0, 0, '', '', '', 0.000000, 0, 1, 0, 0, 11.120000, 2.000000, '', 0.000000, 0.00, '', '', '', 0.000000, 0.000000, 0.000000, 0.000000, 2, 0, 0, 0, 0, 0, 1, '301-category', 0, 1, '0000-00-00', 0, 'new', 1, 1, 'both', 0, 0, 0, 7584, '2019-10-01 11:27:53', '2019-11-18 11:02:34', 0, 0, 1),
(54, 0, 117, 36, 1, 1, 0, 0, '', '', '', 0.000000, 0, 1, 0, 0, 11.120000, 2.000000, '', 0.000000, 0.00, 'EA-PA.RV', '', '', 0.000000, 0.000000, 0.000000, 0.032000, 2, 0, 0, 0, 0, 0, 1, '301-category', 0, 1, '0000-00-00', 0, 'new', 1, 1, 'both', 0, 0, 0, 0, '2019-10-01 11:27:55', '2019-12-06 12:39:39', 0, 0, 1),
(55, 0, 7, 44, 1, 1, 0, 0, '', '', '', 0.000000, 0, 1, 0, 0, 13.330000, 0.990000, '', 0.000000, 0.00, 'EA-PASSCLOISON', '', '', 0.000000, 0.000000, 0.000000, 0.016000, 2, 0, 0, 0, 0, 0, 1, '301-category', 0, 1, '0000-00-00', 0, 'new', 1, 1, 'both', 0, 0, 0, 0, '2019-10-01 11:27:58', '2019-12-06 12:39:40', 0, 0, 1),
(56, 0, 0, 37, 1, 1, 0, 0, '', '', '', 0.000000, 0, 1, 0, 0, 180.000000, 30.000000, '', 0.000000, 0.00, 'EA-POT.CA', '', '', 0.000000, 0.000000, 0.000000, 0.200000, 2, 0, 0, 0, 0, 0, 1, '301-category', 0, 1, '0000-00-00', 0, 'new', 1, 1, 'both', 0, 0, 0, 0, '2019-10-01 11:28:00', '2019-12-06 12:39:41', 0, 0, 1),
(57, 0, 5, 37, 1, 1, 0, 0, '', '', '', 0.000000, 0, 1, 0, 0, 6.660000, 1.050000, '', 0.000000, 0.00, 'EA-SWITCH1', '', '', 0.000000, 0.000000, 0.000000, 8.000000, 2, 0, 0, 0, 0, 0, 1, '301-category', 0, 1, '0000-00-00', 0, 'new', 1, 1, 'both', 0, 0, 0, 0, '2019-10-01 11:28:07', '2019-12-06 12:39:43', 0, 0, 1),
(58, 0, 116, 37, 1, 1, 0, 0, '', '', '', 0.000000, 0, 1, 0, 0, 30.400000, 6.170000, '', 0.000000, 0.00, 'EA-SWITCH2', '', '', 0.000000, 0.000000, 0.000000, 95.000000, 2, 0, 0, 0, 0, 0, 1, '301-category', 0, 1, '0000-00-00', 0, 'new', 1, 1, 'both', 0, 0, 0, 0, '2019-10-01 11:28:09', '2019-12-06 12:39:44', 0, 0, 1),
(59, 0, 55, 37, 1, 1, 0, 0, '', '', '', 0.000000, 0, 1, 0, 0, 1.800000, 0.140000, '', 0.000000, 0.00, 'EA-TUBE4/6', '', '', 0.000000, 0.000000, 0.000000, 0.020000, 2, 0, 0, 0, 0, 0, 1, '301-category', 0, 1, '0000-00-00', 0, 'new', 1, 1, 'both', 0, 0, 0, 0, '2019-10-01 11:28:12', '2019-12-06 12:39:45', 0, 0, 1),
(60, 0, 116, 52, 1, 1, 0, 0, '', '', '', 0.000000, 0, 1, 0, 0, 0.000000, 9.430000, '', 0.000000, 0.00, 'EA-U12/16E0.9-MC', '', '', 0.000000, 0.000000, 0.000000, 0.000000, 2, 0, 0, 0, 0, 0, 1, '301-category', 0, 1, '0000-00-00', 0, 'new', 1, 1, 'both', 0, 0, 0, 0, '2019-10-01 11:28:14', '2019-12-06 12:39:47', 0, 0, 1),
(61, 0, 116, 52, 1, 1, 0, 0, '', '', '', 0.000000, 0, 1, 0, 0, 0.000000, 0.000000, '', 0.000000, 0.00, 'EA-U12/16E1.8-MC', '', '', 0.000000, 0.000000, 0.000000, 0.000000, 2, 0, 0, 0, 0, 0, 1, '301-category', 0, 1, '0000-00-00', 0, 'new', 1, 1, 'both', 0, 0, 0, 0, '2019-10-01 11:28:16', '2019-12-06 12:39:48', 0, 0, 1),
(62, 0, 116, 52, 1, 1, 0, 0, '', '', '', 0.000000, 0, 1, 0, 0, 0.000000, 9.430000, '', 0.000000, 0.00, 'EA-U12/16E2.7-MC', '', '', 0.000000, 0.000000, 0.000000, 0.000000, 2, 0, 0, 0, 0, 0, 1, '301-category', 0, 1, '0000-00-00', 0, 'new', 1, 1, 'both', 0, 0, 0, 0, '2019-10-01 11:28:19', '2019-12-06 12:39:49', 0, 0, 1),
(63, 0, 116, 52, 1, 1, 0, 0, '', '', '', 0.000000, 0, 1, 0, 0, 0.000000, 9.430000, '', 0.000000, 0.00, 'EA-U12/16E4-MC', '', '', 0.000000, 0.000000, 0.000000, 0.000000, 2, 0, 0, 0, 0, 0, 1, '301-category', 0, 1, '0000-00-00', 0, 'new', 1, 1, 'both', 0, 0, 0, 0, '2019-10-01 11:28:21', '2019-12-06 12:39:50', 0, 0, 1),
(64, 0, 116, 52, 1, 1, 0, 0, '', '', '', 0.000000, 0, 1, 0, 0, 0.000000, 9.430000, '', 0.000000, 0.00, 'EA-U12/16E6-MC', '', '', 0.000000, 0.000000, 0.000000, 0.000000, 2, 0, 0, 0, 0, 0, 1, '301-category', 0, 1, '0000-00-00', 0, 'new', 1, 1, 'both', 0, 0, 0, 0, '2019-10-01 11:28:24', '2019-12-06 12:39:51', 0, 0, 1),
(65, 0, 116, 52, 1, 1, 0, 0, '', '', '', 0.000000, 0, 1, 0, 0, 0.000000, 9.780000, '', 0.000000, 0.00, 'EA-U12/16E9-MC', '', '', 0.000000, 0.000000, 0.000000, 0.000000, 2, 0, 0, 0, 0, 0, 1, '301-category', 0, 1, '0000-00-00', 0, 'new', 1, 1, 'both', 0, 0, 0, 0, '2019-10-01 11:28:26', '2019-12-06 12:39:52', 0, 0, 1),
(66, 0, 35, 35, 1, 1, 0, 0, '', '', '', 0.000000, 0, 1, 0, 0, 461.660000, 137.350000, '', 0.000000, 0.00, 'E-BDV.A100', '', '', 0.000000, 0.000000, 0.000000, 0.000000, 2, 0, 0, 0, 0, 0, 1, '301-category', 0, 1, '0000-00-00', 0, 'new', 1, 1, 'both', 0, 0, 0, 1407, '2019-10-01 11:28:29', '2019-12-06 12:39:53', 0, 0, 1),
(67, 0, 35, 35, 1, 1, 0, 0, '', '', '', 0.000000, 0, 1, 0, 0, 497.700000, 160.640000, '', 0.000000, 0.00, 'E-BDV.A100C', '', '', 0.000000, 0.000000, 0.000000, 0.000000, 2, 0, 0, 0, 0, 0, 1, '301-category', 0, 1, '0000-00-00', 0, 'new', 1, 1, 'both', 0, 0, 0, 0, '2019-10-01 11:28:31', '2019-12-06 12:39:54', 0, 0, 1),
(68, 0, 35, 35, 1, 1, 0, 0, '', '', '', 0.000000, 0, 1, 0, 0, 2880.000000, 679.950000, '', 0.000000, 0.00, 'E-BDV.A1200/600', '', '', 0.000000, 0.000000, 0.000000, 0.000000, 2, 0, 0, 0, 0, 0, 1, '301-category', 0, 1, '0000-00-00', 0, 'new', 1, 1, 'both', 0, 0, 0, 0, '2019-10-01 11:28:34', '2019-12-06 12:39:55', 0, 0, 1),
(69, 0, 35, 35, 1, 1, 0, 0, '', '', '', 0.000000, 0, 1, 0, 0, 468.380000, 139.350000, '', 0.000000, 0.00, 'E-BDV.A125', '', '', 0.000000, 0.000000, 0.000000, 0.000000, 2, 0, 0, 0, 0, 0, 1, '301-category', 0, 1, '0000-00-00', 0, 'new', 1, 1, 'both', 0, 0, 0, 0, '2019-10-01 11:28:36', '2019-12-06 12:39:56', 0, 0, 1),
(70, 0, 35, 35, 1, 1, 0, 0, '', '', '', 0.000000, 0, 1, 0, 0, 508.200000, 162.640000, '', 0.000000, 0.00, 'E-BDV.A125C', '', '', 0.000000, 0.000000, 0.000000, 0.000000, 2, 0, 0, 0, 0, 0, 1, '301-category', 0, 1, '0000-00-00', 0, 'new', 1, 1, 'both', 0, 0, 0, 0, '2019-10-01 11:28:38', '2019-12-06 12:39:58', 0, 0, 1),
(71, 0, 117, 35, 1, 1, 0, 0, '', '', '', 0.000000, 0, 1, 0, 0, 483.370000, 143.810000, '', 0.000000, 0.00, 'E-BDV.A160', '', '', 0.000000, 0.000000, 0.000000, 0.000000, 2, 0, 0, 0, 0, 0, 1, '301-category', 0, 1, '0000-00-00', 0, 'new', 1, 1, 'both', 0, 0, 0, 0, '2019-10-01 11:28:41', '2019-12-06 12:39:59', 0, 0, 1),
(72, 0, 117, 35, 1, 1, 0, 0, '', '', '', 0.000000, 0, 1, 0, 0, 518.700000, 167.100000, '', 0.000000, 0.00, 'E-BDV.A160C', '', '', 0.000000, 0.000000, 0.000000, 0.000000, 2, 0, 0, 0, 0, 0, 1, '301-category', 0, 1, '0000-00-00', 0, 'new', 1, 1, 'both', 0, 0, 0, 0, '2019-10-01 11:28:43', '2019-12-06 12:40:00', 0, 0, 1),
(73, 0, 117, 35, 1, 1, 0, 0, '', '', '', 0.000000, 0, 1, 0, 0, 493.520000, 146.830000, '', 0.000000, 0.00, 'E-BDV.A200', '', '', 0.000000, 0.000000, 0.000000, 0.000000, 2, 0, 0, 0, 0, 0, 1, '301-category', 0, 1, '0000-00-00', 0, 'new', 1, 1, 'both', 0, 0, 0, 0, '2019-10-01 11:28:45', '2019-12-06 12:40:01', 0, 0, 1),
(74, 0, 35, 35, 1, 1, 0, 0, '', '', '', 0.000000, 0, 1, 0, 0, 840.000000, 229.630000, '', 0.000000, 0.00, 'E-BDV.A200/200', '', '', 0.000000, 0.000000, 0.000000, 0.000000, 2, 0, 0, 0, 0, 0, 1, '301-category', 0, 1, '0000-00-00', 0, 'new', 1, 1, 'both', 0, 0, 0, 0, '2019-10-01 11:28:47', '2019-12-06 12:40:05', 0, 0, 1),
(75, 0, 35, 35, 1, 1, 0, 0, '', '', '', 0.000000, 0, 1, 0, 0, 860.000000, 252.920000, '', 0.000000, 0.00, 'E-BDV.A200/200C', '', '', 0.000000, 0.000000, 0.000000, 0.000000, 2, 0, 0, 0, 0, 0, 1, '301-category', 0, 1, '0000-00-00', 0, 'new', 1, 1, 'both', 0, 0, 0, 0, '2019-10-01 11:28:49', '2019-12-06 12:40:06', 0, 0, 1),
(76, 0, 117, 35, 1, 1, 0, 0, '', '', '', 0.000000, 0, 1, 0, 0, 529.200000, 170.120000, '', 0.000000, 0.00, 'E-BDV.A200C', '', '', 0.000000, 0.000000, 0.000000, 0.000000, 2, 0, 0, 0, 0, 0, 1, '301-category', 0, 1, '0000-00-00', 0, 'new', 1, 1, 'both', 0, 0, 0, 0, '2019-10-01 11:28:51', '2019-12-06 12:40:07', 0, 0, 1),
(77, 0, 117, 35, 1, 1, 0, 0, '', '', '', 0.000000, 0, 1, 0, 0, 517.100000, 153.850000, '', 0.000000, 0.00, 'E-BDV.A250', '', '', 0.000000, 0.000000, 0.000000, 0.000000, 2, 0, 0, 0, 0, 0, 1, '301-category', 0, 1, '0000-00-00', 0, 'new', 1, 1, 'both', 0, 0, 0, 0, '2019-10-01 11:28:55', '2019-12-06 12:40:08', 0, 0, 1),
(78, 0, 117, 35, 1, 1, 0, 0, '', '', '', 0.000000, 0, 1, 0, 0, 552.300000, 177.140000, '', 0.000000, 0.00, 'E-BDV.A250C', '', '', 0.000000, 0.000000, 0.000000, 0.000000, 2, 0, 0, 0, 0, 0, 1, '301-category', 0, 1, '0000-00-00', 0, 'new', 1, 1, 'both', 0, 0, 0, 0, '2019-10-01 11:28:57', '2019-12-06 12:40:09', 0, 0, 1),
(79, 0, 35, 35, 1, 1, 0, 0, '', '', '', 0.000000, 0, 1, 0, 0, 840.000000, 214.950000, '', 0.000000, 0.00, 'E-BDV.A300/100', '', '', 0.000000, 0.000000, 0.000000, 0.000000, 2, 0, 0, 0, 0, 0, 1, '301-category', 0, 1, '0000-00-00', 0, 'new', 1, 1, 'both', 0, 0, 0, 0, '2019-10-01 11:28:59', '2019-12-06 12:40:10', 0, 0, 1),
(80, 0, 35, 35, 1, 1, 0, 0, '', '', '', 0.000000, 0, 1, 0, 0, 890.000000, 238.240000, '', 0.000000, 0.00, 'E-BDV.A300/100C', '', '', 0.000000, 0.000000, 0.000000, 0.000000, 2, 0, 0, 0, 0, 0, 1, '301-category', 0, 1, '0000-00-00', 0, 'new', 1, 1, 'both', 0, 0, 0, 0, '2019-10-01 11:29:01', '2019-12-06 12:40:11', 0, 0, 1),
(81, 0, 117, 35, 1, 1, 0, 0, '', '', '', 0.000000, 0, 1, 0, 0, 540.690000, 160.870000, '', 0.000000, 0.00, 'E-BDV.A315', '', '', 0.000000, 0.000000, 0.000000, 0.000000, 2, 0, 0, 0, 0, 0, 1, '301-category', 0, 1, '0000-00-00', 0, 'new', 1, 1, 'both', 0, 0, 0, 0, '2019-10-01 11:29:03', '2019-12-06 12:40:12', 0, 0, 1),
(82, 0, 117, 35, 1, 1, 0, 0, '', '', '', 0.000000, 0, 1, 0, 0, 576.450000, 184.160000, '', 0.000000, 0.00, 'E-BDV.A315C', '', '', 0.000000, 0.000000, 0.000000, 0.000000, 2, 0, 0, 0, 0, 0, 1, '301-category', 0, 1, '0000-00-00', 0, 'new', 1, 1, 'both', 0, 0, 0, 0, '2019-10-01 11:29:05', '2019-12-06 12:40:13', 0, 0, 1),
(83, 0, 117, 35, 1, 1, 0, 0, '', '', '', 0.000000, 0, 1, 0, 0, 569.020000, 169.300000, '', 0.000000, 0.00, 'E-BDV.A355', '', '', 0.000000, 0.000000, 0.000000, 0.000000, 2, 0, 0, 0, 0, 0, 1, '301-category', 0, 1, '0000-00-00', 0, 'new', 1, 1, 'both', 0, 0, 0, 0, '2019-10-01 11:29:07', '2019-12-06 12:40:14', 0, 0, 1),
(84, 0, 117, 35, 1, 1, 0, 0, '', '', '', 0.000000, 0, 1, 0, 0, 604.800000, 192.590000, '', 0.000000, 0.00, 'E-BDV.A355C', '', '', 0.000000, 0.000000, 0.000000, 0.000000, 2, 0, 0, 0, 0, 0, 1, '301-category', 0, 1, '0000-00-00', 0, 'new', 1, 1, 'both', 0, 0, 0, 0, '2019-10-01 11:29:09', '2019-12-06 12:40:15', 0, 0, 1),
(85, 0, 117, 35, 1, 1, 0, 0, '', '', '', 0.000000, 0, 1, 0, 0, 599.700000, 178.430000, '', 0.000000, 0.00, 'E-BDV.A400', '', '', 0.000000, 0.000000, 0.000000, 0.000000, 2, 0, 0, 0, 0, 0, 1, '301-category', 0, 1, '0000-00-00', 0, 'new', 1, 1, 'both', 0, 0, 0, 0, '2019-10-01 11:29:12', '2019-12-06 12:40:16', 0, 0, 1),
(86, 0, 35, 35, 1, 1, 0, 0, '', '', '', 0.000000, 0, 1, 0, 0, 890.000000, 234.130000, '', 0.000000, 0.00, 'E-BDV.A400/300', '', '', 0.000000, 0.000000, 0.000000, 0.000000, 2, 0, 0, 0, 0, 0, 1, '301-category', 0, 1, '0000-00-00', 0, 'new', 1, 1, 'both', 0, 0, 0, 0, '2019-10-01 11:29:14', '2019-12-06 12:40:17', 0, 0, 1),
(87, 0, 35, 35, 1, 1, 0, 0, '', '', '', 0.000000, 0, 1, 0, 0, 900.000000, 257.420000, '', 0.000000, 0.00, 'E-BDV.A400/300C', '', '', 0.000000, 0.000000, 0.000000, 0.000000, 2, 0, 0, 0, 0, 0, 1, '301-category', 0, 1, '0000-00-00', 0, 'new', 1, 1, 'both', 0, 0, 0, 0, '2019-10-01 11:29:16', '2019-12-06 12:40:18', 0, 0, 1),
(88, 0, 117, 35, 1, 1, 0, 0, '', '', '', 0.000000, 0, 1, 0, 0, 635.250000, 201.720000, '', 0.000000, 0.00, 'E-BDV.A400C', '', '', 0.000000, 0.000000, 0.000000, 0.000000, 2, 0, 0, 0, 0, 0, 1, '301-category', 0, 1, '0000-00-00', 0, 'new', 1, 1, 'both', 0, 0, 0, 0, '2019-10-01 11:29:18', '2019-12-06 12:40:19', 0, 0, 1),
(89, 0, 117, 35, 1, 1, 0, 0, '', '', '', 0.000000, 0, 1, 0, 0, 599.700000, 302.750000, '', 0.000000, 0.00, 'E-BDV.A450', '', '', 0.000000, 0.000000, 0.000000, 0.000000, 2, 0, 0, 0, 0, 0, 1, '301-category', 0, 1, '0000-00-00', 0, 'new', 1, 1, 'both', 0, 0, 0, 0, '2019-10-01 11:29:20', '2019-12-06 12:40:20', 0, 0, 1),
(90, 0, 117, 35, 1, 1, 0, 0, '', '', '', 0.000000, 0, 1, 0, 0, 635.700000, 326.040000, '', 0.000000, 0.00, 'E-BDV.A450C', '', '', 0.000000, 0.000000, 0.000000, 0.000000, 2, 0, 0, 0, 0, 0, 1, '301-category', 0, 1, '0000-00-00', 0, 'new', 1, 1, 'both', 0, 0, 0, 0, '2019-10-01 11:29:22', '2019-12-06 12:40:21', 0, 0, 1),
(91, 0, 117, 35, 1, 1, 0, 0, '', '', '', 0.000000, 0, 1, 0, 0, 633.260000, 209.950000, '', 0.000000, 0.00, 'E-BDV.A500', '', '', 0.000000, 0.000000, 0.000000, 0.000000, 2, 0, 0, 0, 0, 0, 1, '301-category', 0, 1, '0000-00-00', 0, 'new', 1, 1, 'both', 0, 0, 0, 0, '2019-10-01 11:29:24', '2019-12-06 12:40:22', 0, 0, 1),
(92, 0, 35, 35, 1, 1, 0, 0, '', '', '', 0.000000, 0, 1, 0, 0, 985.000000, 294.430000, '', 0.000000, 0.00, 'E-BDV.A500/250', '', '', 0.000000, 0.000000, 0.000000, 0.000000, 2, 0, 0, 0, 0, 0, 1, '301-category', 0, 1, '0000-00-00', 0, 'new', 1, 1, 'both', 0, 0, 0, 0, '2019-10-01 11:29:29', '2019-12-06 12:40:23', 0, 0, 1),
(93, 0, 35, 35, 1, 1, 0, 0, '', '', '', 0.000000, 0, 1, 0, 0, 985.000000, 294.430000, '', 0.000000, 0.00, 'E-BDV.A500/300', '', '', 0.000000, 0.000000, 0.000000, 0.000000, 2, 0, 0, 0, 0, 0, 1, '301-category', 0, 1, '0000-00-00', 0, 'new', 1, 1, 'both', 0, 0, 0, 0, '2019-10-01 11:29:33', '2019-12-06 12:40:24', 0, 0, 1),
(94, 0, 35, 35, 1, 1, 0, 0, '', '', '', 0.000000, 0, 1, 0, 0, 1065.000000, 317.720000, '', 0.000000, 0.00, 'E-BDV.A500/300C', '', '', 0.000000, 0.000000, 0.000000, 0.000000, 2, 0, 0, 0, 0, 0, 1, '301-category', 0, 1, '0000-00-00', 0, 'new', 1, 1, 'both', 0, 0, 0, 0, '2019-10-01 11:29:35', '2019-12-06 12:40:25', 0, 0, 1),
(95, 0, 35, 35, 1, 1, 0, 0, '', '', '', 0.000000, 0, 1, 0, 0, 1250.000000, 321.950000, '', 0.000000, 0.00, 'E-BDV.A500/400', '', '', 0.000000, 0.000000, 0.000000, 0.000000, 2, 0, 0, 0, 0, 0, 1, '301-category', 0, 1, '0000-00-00', 0, 'new', 1, 1, 'both', 0, 0, 0, 0, '2019-10-01 11:29:37', '2019-12-06 12:40:26', 0, 0, 1),
(96, 0, 35, 35, 1, 1, 0, 0, '', '', '', 0.000000, 0, 1, 0, 0, 985.000000, 292.950000, '', 0.000000, 0.00, 'E-BDV.A500/500', '', '', 0.000000, 0.000000, 0.000000, 0.000000, 2, 0, 0, 0, 0, 0, 1, '301-category', 0, 1, '0000-00-00', 0, 'new', 1, 1, 'both', 0, 0, 0, 0, '2019-10-01 11:29:40', '2019-12-06 12:40:27', 0, 0, 1),
(97, 0, 117, 35, 1, 1, 0, 0, '', '', '', 0.000000, 0, 1, 0, 0, 669.000000, 233.240000, '', 0.000000, 0.00, 'E-BDV.A500C', '', '', 0.000000, 0.000000, 0.000000, 0.000000, 2, 0, 0, 0, 0, 0, 1, '301-category', 0, 1, '0000-00-00', 0, 'new', 1, 1, 'both', 0, 0, 0, 0, '2019-10-01 11:29:42', '2019-12-06 12:40:29', 0, 0, 1),
(98, 0, 35, 35, 1, 1, 0, 0, '', '', '', 0.000000, 0, 1, 0, 0, 995.000000, 298.030000, '', 0.000000, 0.00, 'E-BDV.A600/300', '', '', 0.000000, 0.000000, 0.000000, 0.000000, 2, 0, 0, 0, 0, 0, 1, '301-category', 0, 1, '0000-00-00', 0, 'new', 1, 1, 'both', 0, 0, 0, 0, '2019-10-01 11:29:44', '2019-12-06 12:40:30', 0, 0, 1),
(99, 0, 35, 35, 1, 1, 0, 0, '', '', '', 0.000000, 0, 1, 0, 0, 1130.000000, 321.320000, '', 0.000000, 0.00, 'E-BDV.A600/300C', '', '', 0.000000, 0.000000, 0.000000, 0.000000, 2, 0, 0, 0, 0, 0, 1, '301-category', 0, 1, '0000-00-00', 0, 'new', 1, 1, 'both', 0, 0, 0, 0, '2019-10-01 11:29:47', '2019-12-06 12:40:31', 0, 0, 1),
(100, 0, 35, 35, 1, 1, 0, 0, '', '', '', 0.000000, 0, 1, 0, 0, 1320.000000, 379.950000, '', 0.000000, 0.00, 'E-BDV.A600/400', '', '', 0.000000, 0.000000, 0.000000, 0.000000, 2, 0, 0, 0, 0, 0, 1, '301-category', 0, 1, '0000-00-00', 0, 'new', 1, 1, 'both', 0, 0, 0, 0, '2019-10-01 11:29:49', '2019-12-06 12:40:32', 0, 0, 1),
(101, 0, 117, 35, 1, 1, 0, 0, '', '', '', 0.000000, 0, 1, 0, 0, 1200.000000, 239.950000, '', 0.000000, 0.00, 'E-BDV.A630', '', '', 0.000000, 0.000000, 0.000000, 0.000000, 2, 0, 0, 0, 0, 0, 1, '301-category', 0, 1, '0000-00-00', 0, 'new', 1, 1, 'both', 0, 0, 0, 0, '2019-10-01 11:29:52', '2019-12-06 12:40:33', 0, 0, 1),
(102, 0, 35, 35, 1, 1, 0, 0, '', '', '', 0.000000, 0, 1, 0, 0, 1260.000000, 386.650000, '', 0.000000, 0.00, 'E-BDV.A700/400', '', '', 0.000000, 0.000000, 0.000000, 0.000000, 2, 0, 0, 0, 0, 0, 1, '301-category', 0, 1, '0000-00-00', 0, 'new', 1, 1, 'both', 0, 0, 0, 0, '2019-10-01 11:29:54', '2019-12-06 12:40:34', 0, 0, 1),
(103, 0, 35, 35, 1, 1, 0, 0, '', '', '', 0.000000, 0, 1, 0, 0, 1558.080000, 476.650000, '', 0.000000, 0.00, 'E-BDV.A700/500', '', '', 0.000000, 0.000000, 0.000000, 0.000000, 2, 0, 0, 0, 0, 0, 1, '301-category', 0, 1, '0000-00-00', 0, 'new', 1, 1, 'both', 0, 0, 0, 0, '2019-10-01 11:29:57', '2019-12-06 12:40:35', 0, 0, 1),
(104, 0, 0, 35, 1, 1, 0, 0, '', '', '', 0.000000, 0, 1, 0, 0, 535.500000, 153.000000, '', 0.000000, 0.00, 'E-BDV.P100', '', '', 0.000000, 0.000000, 0.000000, 0.000000, 2, 0, 0, 0, 0, 0, 1, '301-category', 0, 1, '0000-00-00', 0, 'new', 1, 1, 'both', 0, 0, 0, 0, '2019-10-01 11:29:59', '2019-12-06 12:40:36', 0, 0, 1),
(105, 0, 0, 35, 1, 1, 0, 0, '', '', '', 0.000000, 0, 1, 0, 0, 565.500000, 156.040000, '', 0.000000, 0.00, 'E-BDV.P100C', '', '', 0.000000, 0.000000, 0.000000, 0.000000, 2, 0, 0, 0, 0, 0, 1, '301-category', 0, 1, '0000-00-00', 0, 'new', 1, 1, 'both', 0, 0, 0, 0, '2019-10-01 11:30:02', '2019-12-06 12:40:37', 0, 0, 1),
(106, 0, 0, 35, 1, 1, 0, 0, '', '', '', 0.000000, 0, 1, 0, 0, 535.500000, 153.000000, '', 0.000000, 0.00, 'E-BDV.P110', '', '', 0.000000, 0.000000, 0.000000, 0.000000, 2, 0, 0, 0, 0, 0, 1, '301-category', 0, 1, '0000-00-00', 0, 'new', 1, 1, 'both', 0, 0, 0, 0, '2019-10-01 11:30:05', '2019-12-06 12:40:38', 0, 0, 1),
(107, 0, 0, 35, 1, 1, 0, 0, '', '', '', 0.000000, 0, 1, 0, 0, 565.500000, 156.310000, '', 0.000000, 0.00, 'E-BDV.P110C', '', '', 0.000000, 0.000000, 0.000000, 0.000000, 2, 0, 0, 0, 0, 0, 1, '301-category', 0, 1, '0000-00-00', 0, 'new', 1, 1, 'both', 0, 0, 0, 0, '2019-10-01 11:30:07', '2019-12-06 12:40:39', 0, 0, 1),
(108, 0, 0, 35, 1, 1, 0, 0, '', '', '', 0.000000, 0, 1, 0, 0, 535.500000, 153.000000, '', 0.000000, 0.00, 'E-BDV.P125', '', '', 0.000000, 0.000000, 0.000000, 0.000000, 2, 0, 0, 0, 0, 0, 1, '301-category', 0, 1, '0000-00-00', 0, 'new', 1, 1, 'both', 0, 0, 0, 0, '2019-10-01 11:30:10', '2019-12-06 12:40:40', 0, 0, 1),
(109, 0, 0, 35, 1, 1, 0, 0, '', '', '', 0.000000, 0, 1, 0, 0, 565.500000, 156.310000, '', 0.000000, 0.00, 'E-BDV.P125C', '', '', 0.000000, 0.000000, 0.000000, 0.000000, 2, 0, 0, 0, 0, 0, 1, '301-category', 0, 1, '0000-00-00', 0, 'new', 1, 1, 'both', 0, 0, 0, 0, '2019-10-01 11:30:12', '2019-12-06 12:40:41', 0, 0, 1),
(110, 0, 0, 35, 1, 1, 0, 0, '', '', '', 0.000000, 0, 1, 0, 0, 553.000000, 153.000000, '', 0.000000, 0.00, 'E-BDV.P160', '', '', 0.000000, 0.000000, 0.000000, 0.000000, 2, 0, 0, 0, 0, 0, 1, '301-category', 0, 1, '0000-00-00', 0, 'new', 1, 1, 'both', 0, 0, 0, 0, '2019-10-01 11:30:14', '2019-12-06 12:40:42', 0, 0, 1),
(111, 0, 0, 35, 1, 1, 0, 0, '', '', '', 0.000000, 0, 1, 0, 0, 583.000000, 159.610000, '', 0.000000, 0.00, 'E-BDV.P160C', '', '', 0.000000, 0.000000, 0.000000, 0.000000, 2, 0, 0, 0, 0, 0, 1, '301-category', 0, 1, '0000-00-00', 0, 'new', 1, 1, 'both', 0, 0, 0, 0, '2019-10-01 11:30:17', '2019-12-06 12:40:43', 0, 0, 1),
(112, 0, 0, 35, 1, 1, 0, 0, '', '', '', 0.000000, 0, 1, 0, 0, 567.000000, 139.920000, '', 0.000000, 0.00, 'E-BDV.P200', '', '', 0.000000, 0.000000, 0.000000, 0.000000, 2, 0, 0, 0, 0, 0, 1, '301-category', 0, 1, '0000-00-00', 0, 'new', 1, 1, 'both', 0, 0, 0, 0, '2019-10-01 11:30:20', '2019-12-06 12:40:44', 0, 0, 1),
(113, 0, 0, 35, 1, 1, 0, 0, '', '', '', 0.000000, 0, 1, 0, 0, 597.000000, 163.210000, '', 0.000000, 0.00, 'E-BDV.P200C', '', '', 0.000000, 0.000000, 0.000000, 3.500000, 2, 0, 0, 0, 0, 0, 1, '301-category', 0, 1, '0000-00-00', 0, 'new', 1, 1, 'both', 0, 0, 0, 0, '2019-10-01 11:30:23', '2019-12-06 12:40:45', 0, 0, 1),
(114, 0, 0, 35, 1, 1, 0, 0, '', '', '', 0.000000, 0, 1, 0, 0, 588.000000, 142.630000, '', 0.000000, 0.00, 'E-BDV.P250', '', '', 0.000000, 0.000000, 0.000000, 0.000000, 2, 0, 0, 0, 0, 0, 1, '301-category', 0, 1, '0000-00-00', 0, 'new', 1, 1, 'both', 0, 0, 0, 0, '2019-10-01 11:30:26', '2019-12-06 12:40:46', 0, 0, 1),
(115, 0, 0, 35, 1, 1, 0, 0, '', '', '', 0.000000, 0, 1, 0, 0, 602.000000, 149.450000, '', 0.000000, 0.00, 'E-BDV.P315', '', '', 0.000000, 0.000000, 0.000000, 0.000000, 2, 0, 0, 0, 0, 0, 1, '301-category', 0, 1, '0000-00-00', 0, 'new', 1, 1, 'both', 0, 0, 0, 0, '2019-10-01 11:30:29', '2019-12-06 12:40:47', 0, 0, 1),
(116, 0, 0, 35, 1, 1, 0, 0, '', '', '', 0.000000, 0, 1, 0, 0, 632.000000, 172.740000, '', 0.000000, 0.00, 'E-BDV.P315C', '', '', 0.000000, 0.000000, 0.000000, 0.000000, 2, 0, 0, 0, 0, 0, 1, '301-category', 0, 1, '0000-00-00', 0, 'new', 1, 1, 'both', 0, 0, 0, 0, '2019-10-01 11:30:32', '2019-12-06 12:40:48', 0, 0, 1),
(117, 0, 0, 35, 1, 1, 0, 0, '', '', '', 0.000000, 0, 1, 0, 0, 632.000000, 159.450000, '', 0.000000, 0.00, 'E-BDV.P355', '', '', 0.000000, 0.000000, 0.000000, 0.000000, 2, 0, 0, 0, 0, 0, 1, '301-category', 0, 1, '0000-00-00', 0, 'new', 1, 1, 'both', 0, 0, 0, 0, '2019-10-01 11:30:35', '2019-12-06 12:40:49', 0, 0, 1),
(118, 0, 0, 35, 1, 1, 0, 0, '', '', '', 0.000000, 0, 1, 0, 0, 662.000000, 182.740000, '', 0.000000, 0.00, 'E-BDV.P355C', '', '', 0.000000, 0.000000, 0.000000, 0.000000, 2, 0, 0, 0, 0, 0, 1, '301-category', 0, 1, '0000-00-00', 0, 'new', 1, 1, 'both', 0, 0, 0, 0, '2019-10-01 11:30:38', '2019-12-06 12:40:50', 0, 0, 1),
(119, 0, 0, 50, 1, 1, 0, 0, '', '', '', 0.000000, 0, 1, 0, 0, 566.000000, 60.000000, '', 0.000000, 0.00, 'E-CMOTPAP', '', '', 0.000000, 0.000000, 0.000000, 0.200000, 2, 0, 0, 0, 0, 0, 1, '301-category', 0, 1, '0000-00-00', 0, 'new', 1, 1, 'both', 0, 0, 0, 0, '2019-10-01 11:30:42', '2019-12-06 12:40:51', 0, 0, 1),
(120, 0, 28, 55, 1, 1, 0, 0, '', '', '', 0.000000, 0, 1, 0, 0, 883.580000, 288.000000, '', 0.000000, 0.00, '', '', '', 0.000000, 0.000000, 0.000000, 0.000000, 2, 0, 0, 0, 0, 0, 1, '301-category', 0, 1, '0000-00-00', 0, 'new', 1, 1, 'both', 0, 0, 0, 1581, '2019-10-01 11:30:45', '2019-11-04 14:14:53', 0, 0, 1),
(121, 0, 117, 56, 1, 1, 0, 0, '', '', '', 0.000000, 0, 1, 0, 0, 888.000000, 188.000000, '', 0.000000, 0.00, 'E-HFR.A125', '', '', 0.000000, 0.000000, 0.000000, 0.000000, 2, 0, 0, 0, 0, 0, 1, '301-category', 0, 1, '0000-00-00', 0, 'new', 1, 1, 'both', 0, 0, 0, 0, '2019-10-01 11:30:47', '2019-12-06 12:40:52', 0, 0, 1),
(122, 0, 117, 56, 1, 1, 0, 0, '', '', '', 0.000000, 0, 1, 0, 0, 907.200000, 292.000000, '', 0.000000, 0.00, 'E-HFR.A160', '', '', 0.000000, 0.000000, 0.000000, 0.000000, 2, 0, 0, 0, 0, 0, 1, '301-category', 0, 1, '0000-00-00', 0, 'new', 1, 1, 'both', 0, 0, 0, 0, '2019-10-01 11:30:49', '2019-12-06 12:40:53', 0, 0, 1),
(123, 0, 117, 56, 1, 1, 0, 0, '', '', '', 0.000000, 0, 1, 0, 0, 921.000000, 295.000000, '', 0.000000, 0.00, 'E-HFR.A200', '', '', 0.000000, 0.000000, 0.000000, 0.000000, 2, 0, 0, 0, 0, 0, 1, '301-category', 0, 1, '0000-00-00', 0, 'new', 1, 1, 'both', 0, 0, 0, 0, '2019-10-01 11:30:51', '2019-12-06 12:40:54', 0, 0, 1),
(124, 0, 117, 56, 1, 1, 0, 0, '', '', '', 0.000000, 0, 1, 0, 0, 954.450000, 302.000000, '', 0.000000, 0.00, 'E-HFR.A250', '', '', 0.000000, 0.000000, 0.000000, 0.000000, 2, 0, 0, 0, 0, 0, 1, '301-category', 0, 1, '0000-00-00', 0, 'new', 1, 1, 'both', 0, 0, 0, 0, '2019-10-01 11:30:53', '2019-12-06 12:40:55', 0, 0, 1),
(125, 0, 117, 56, 1, 1, 0, 0, '', '', '', 0.000000, 0, 1, 0, 0, 992.000000, 310.000000, '', 0.000000, 0.00, 'E-HFR.A315', '', '', 0.000000, 0.000000, 0.000000, 0.000000, 2, 0, 0, 0, 0, 0, 1, '301-category', 0, 1, '0000-00-00', 0, 'new', 1, 1, 'both', 0, 0, 0, 0, '2019-10-01 11:30:56', '2019-12-06 12:40:56', 0, 0, 1),
(126, 0, 117, 56, 1, 1, 0, 0, '', '', '', 0.000000, 0, 1, 0, 0, 1034.250000, 319.000000, '', 0.000000, 0.00, 'E-HFR.A355', '', '', 0.000000, 0.000000, 0.000000, 0.000000, 2, 0, 0, 0, 0, 0, 1, '301-category', 0, 1, '0000-00-00', 0, 'new', 1, 1, 'both', 0, 0, 0, 0, '2019-10-01 11:30:58', '2019-12-06 12:40:57', 0, 0, 1),
(127, 0, 117, 56, 1, 1, 0, 0, '', '', '', 0.000000, 0, 1, 0, 0, 1077.000000, 328.000000, '', 0.000000, 0.00, 'E-HFR.A400', '', '', 0.000000, 0.000000, 0.000000, 0.000000, 2, 0, 0, 0, 0, 0, 1, '301-category', 0, 1, '0000-00-00', 0, 'new', 1, 1, 'both', 0, 0, 0, 0, '2019-10-01 11:31:00', '2019-12-06 12:40:58', 0, 0, 1),
(128, 0, 117, 56, 1, 1, 0, 0, '', '', '', 0.000000, 0, 1, 0, 0, 900.380000, 178.000000, '', 0.000000, 0.00, 'E-HFR.P100', '', '', 0.000000, 0.000000, 0.000000, 0.000000, 2, 0, 0, 0, 0, 0, 1, '301-category', 0, 1, '0000-00-00', 0, 'new', 1, 1, 'both', 0, 0, 0, 0, '2019-10-01 11:31:03', '2019-12-06 12:40:59', 0, 0, 1),
(129, 0, 117, 56, 1, 1, 0, 0, '', '', '', 0.000000, 0, 1, 0, 0, 916.000000, 178.000000, '', 0.000000, 0.00, 'E-HFR.P125', '', '', 0.000000, 0.000000, 0.000000, 0.000000, 2, 0, 0, 0, 0, 0, 1, '301-category', 0, 1, '0000-00-00', 0, 'new', 1, 1, 'both', 0, 0, 0, 0, '2019-10-01 11:31:07', '2019-12-06 12:41:00', 0, 0, 1),
(130, 0, 117, 56, 1, 1, 0, 0, '', '', '', 0.000000, 0, 1, 0, 0, 936.390000, 182.000000, '', 0.000000, 0.00, 'E-HFR.P160', '', '', 0.000000, 0.000000, 0.000000, 0.000000, 2, 0, 0, 0, 0, 0, 1, '301-category', 0, 1, '0000-00-00', 0, 'new', 1, 1, 'both', 0, 0, 0, 0, '2019-10-01 11:31:10', '2019-12-06 12:41:01', 0, 0, 1),
(131, 0, 117, 56, 1, 1, 0, 0, '', '', '', 0.000000, 0, 1, 0, 0, 952.000000, 185.000000, '', 0.000000, 0.00, 'E-HFR.P200', '', '', 0.000000, 0.000000, 0.000000, 0.000000, 2, 0, 0, 0, 0, 0, 1, '301-category', 0, 1, '0000-00-00', 0, 'new', 1, 1, 'both', 0, 0, 0, 0, '2019-10-01 11:31:12', '2019-12-06 12:41:02', 0, 0, 1),
(132, 0, 117, 56, 1, 1, 0, 0, '', '', '', 0.000000, 0, 1, 0, 0, 987.840000, 192.000000, '', 0.000000, 0.00, 'E-HFR.P250', '', '', 0.000000, 0.000000, 0.000000, 1.880000, 2, 0, 0, 0, 0, 0, 1, '301-category', 0, 1, '0000-00-00', 0, 'new', 1, 1, 'both', 0, 0, 0, 0, '2019-10-01 11:31:15', '2019-12-06 12:41:03', 0, 0, 1),
(133, 0, 117, 56, 1, 1, 0, 0, '', '', '', 0.000000, 0, 1, 0, 0, 1029.000000, 218.000000, '', 0.000000, 0.00, 'E-HFR.P315', '', '', 0.000000, 0.000000, 0.000000, 0.000000, 2, 0, 0, 0, 0, 0, 1, '301-category', 0, 1, '0000-00-00', 0, 'new', 1, 1, 'both', 0, 0, 0, 0, '2019-10-01 11:31:17', '2019-12-06 12:41:05', 0, 0, 1),
(134, 0, 117, 56, 1, 1, 0, 0, '', '', '', 0.000000, 0, 1, 0, 0, 1075.310000, 209.000000, '', 0.000000, 0.00, 'E-HFR.P355', '', '', 0.000000, 0.000000, 0.000000, 0.000000, 2, 0, 0, 0, 0, 0, 1, '301-category', 0, 1, '0000-00-00', 0, 'new', 1, 1, 'both', 0, 0, 0, 0, '2019-10-01 11:31:20', '2019-12-06 12:41:06', 0, 0, 1),
(135, 0, 117, 56, 1, 1, 0, 0, '', '', '', 0.000000, 0, 1, 0, 0, 1122.000000, 218.000000, '', 0.000000, 0.00, 'E-HFR.P400', '', '', 0.000000, 0.000000, 0.000000, 0.000000, 2, 0, 0, 0, 0, 0, 1, '301-category', 0, 1, '0000-00-00', 0, 'new', 1, 1, 'both', 0, 0, 0, 0, '2019-10-01 11:31:23', '2019-12-06 12:41:07', 0, 0, 1),
(136, 0, 117, 56, 1, 1, 0, 0, '', '', '', 0.000000, 0, 1, 0, 0, 1152.000000, 288.000000, '', 0.000000, 0.00, 'E-HFR.P500', '', '', 0.000000, 0.000000, 0.000000, 0.000000, 2, 0, 0, 0, 0, 0, 1, '301-category', 0, 1, '0000-00-00', 0, 'new', 1, 1, 'both', 0, 0, 0, 0, '2019-10-01 11:31:25', '2019-12-06 12:41:08', 0, 0, 1),
(137, 0, 28, 58, 1, 1, 0, 0, '', '', '', 0.000000, 0, 1, 0, 0, 55.000000, 20.000000, '', 0.000000, 0.00, '', '', '', 0.000000, 0.000000, 0.000000, 0.000000, 2, 0, 0, 0, 0, 0, 1, '301-category', 0, 1, '0000-00-00', 0, 'new', 1, 1, 'both', 0, 0, 0, 1646, '2019-10-01 11:31:28', '2019-11-04 15:02:55', 0, 0, 1),
(138, 0, 117, 58, 1, 1, 0, 0, '', '', '', 0.000000, 0, 1, 0, 0, 55.000000, 20.000000, '', 0.000000, 0.00, 'E-INT3P', '', '', 0.000000, 0.000000, 0.000000, 0.000000, 2, 0, 0, 0, 0, 0, 1, '301-category', 0, 1, '0000-00-00', 0, 'new', 1, 1, 'both', 0, 0, 0, 0, '2019-10-01 11:31:32', '2019-12-06 12:41:09', 0, 0, 1),
(139, 0, 10, 60, 1, 1, 0, 0, '', '', '', 0.000000, 0, 1, 0, 0, 43.240000, 12.670000, '', 0.000000, 0.00, '', '', '', 0.000000, 0.000000, 0.000000, 0.186000, 2, 0, 0, 0, 0, 0, 1, '301-category', 0, 1, '0000-00-00', 0, 'new', 1, 1, 'both', 0, 0, 0, 1499, '2019-10-01 11:31:36', '2019-12-05 15:09:30', 0, 0, 1),
(140, 0, 116, 60, 1, 1, 0, 0, '', '', '', 0.000000, 0, 1, 0, 0, 75.000000, 18.750000, '', 0.000000, 0.00, 'EL-ALIM23012DC30', '', '', 0.000000, 0.000000, 0.000000, 0.186000, 2, 0, 0, 0, 0, 0, 1, '301-category', 0, 1, '0000-00-00', 0, 'new', 1, 1, 'both', 0, 0, 0, 0, '2019-10-01 11:31:40', '2019-12-06 12:41:10', 0, 0, 1),
(141, 0, 116, 60, 1, 1, 0, 0, '', '', '', 0.000000, 0, 1, 0, 0, 43.240000, 10.810000, '', 0.000000, 0.00, 'EL-ALIM23012DC5', '', '', 0.000000, 0.000000, 0.000000, 0.186000, 2, 0, 0, 0, 0, 0, 1, '301-category', 0, 1, '0000-00-00', 0, 'new', 1, 1, 'both', 0, 0, 0, 0, '2019-10-01 11:31:44', '2019-12-06 12:41:11', 0, 0, 1),
(142, 0, 116, 60, 1, 1, 0, 0, '', '', '', 0.000000, 0, 1, 0, 0, 48.760000, 12.190000, '', 0.000000, 0.00, 'EL-ALIM23024DC10', '', '', 0.000000, 0.000000, 0.000000, 0.190000, 2, 0, 0, 0, 0, 0, 1, '301-category', 0, 1, '0000-00-00', 0, 'new', 1, 1, 'both', 0, 0, 0, 0, '2019-10-01 11:31:47', '2019-12-06 12:41:12', 0, 0, 1),
(143, 0, 116, 60, 1, 1, 0, 0, '', '', '', 0.000000, 0, 1, 0, 0, 126.920000, 31.730000, '', 0.000000, 0.00, 'EL-ALIM23024DC12', '', '', 0.000000, 0.000000, 0.000000, 0.974000, 2, 0, 0, 0, 0, 0, 1, '301-category', 0, 1, '0000-00-00', 0, 'new', 1, 1, 'both', 0, 0, 0, 0, '2019-10-01 11:31:50', '2019-12-06 12:41:13', 0, 0, 1),
(144, 0, 116, 60, 1, 1, 0, 0, '', '', '', 0.000000, 0, 1, 0, 0, 53.800000, 13.450000, '', 0.000000, 0.00, 'EL-ALIM23024DC18', '', '', 0.000000, 0.000000, 0.000000, 0.218000, 2, 0, 0, 0, 0, 0, 1, '301-category', 0, 1, '0000-00-00', 0, 'new', 1, 1, 'both', 0, 0, 0, 0, '2019-10-01 11:31:52', '2019-12-06 12:41:14', 0, 0, 1),
(145, 0, 116, 60, 1, 1, 0, 0, '', '', '', 0.000000, 0, 1, 0, 0, 186.840000, 46.710000, '', 0.000000, 0.00, 'EL-ALIM23024DC24', '', '', 0.000000, 0.000000, 0.000000, 1.477000, 2, 0, 0, 0, 0, 0, 1, '301-category', 0, 1, '0000-00-00', 0, 'new', 1, 1, 'both', 0, 0, 0, 0, '2019-10-01 11:31:54', '2019-12-06 12:41:15', 0, 0, 1),
(146, 0, 116, 60, 1, 1, 0, 0, '', '', '', 0.000000, 0, 1, 0, 0, 69.840000, 17.460000, '', 0.000000, 0.00, 'EL-ALIM23024DC30', '', '', 0.000000, 0.000000, 0.000000, 0.356000, 2, 0, 0, 0, 0, 0, 1, '301-category', 0, 1, '0000-00-00', 0, 'new', 1, 1, 'both', 0, 0, 0, 0, '2019-10-01 11:31:57', '2019-12-06 12:41:16', 0, 0, 1),
(147, 0, 116, 60, 1, 1, 0, 0, '', '', '', 0.000000, 0, 1, 0, 0, 312.000000, 78.000000, '', 0.000000, 0.00, 'EL-ALIM23024DC48', '', '', 0.000000, 0.000000, 0.000000, 0.000000, 2, 0, 0, 0, 0, 0, 1, '301-category', 0, 1, '0000-00-00', 0, 'new', 1, 1, 'both', 0, 0, 0, 0, '2019-10-01 11:31:59', '2019-12-06 12:41:17', 0, 0, 1),
(148, 0, 116, 60, 1, 1, 0, 0, '', '', '', 0.000000, 0, 1, 0, 0, 39.000000, 9.750000, '', 0.000000, 0.00, 'EL-ALIM23024DC5', '', '', 0.000000, 0.000000, 0.000000, 0.186000, 2, 0, 0, 0, 0, 0, 1, '301-category', 0, 1, '0000-00-00', 0, 'new', 1, 1, 'both', 0, 0, 0, 0, '2019-10-01 11:32:02', '2019-12-06 12:41:18', 0, 0, 1),
(149, 0, 116, 60, 1, 1, 0, 0, '', '', '', 0.000000, 0, 1, 0, 0, 83.720000, 20.930000, '', 0.000000, 0.00, 'EL-ALIM23024DC60', '', '', 0.000000, 0.000000, 0.000000, 0.414000, 2, 0, 0, 0, 0, 0, 1, '301-category', 0, 1, '0000-00-00', 0, 'new', 1, 1, 'both', 0, 0, 0, 0, '2019-10-01 11:32:04', '2019-12-06 12:41:19', 0, 0, 1),
(150, 0, 117, 46, 1, 1, 0, 0, '', '', '', 0.000000, 0, 1, 0, 0, 755.000000, 165.000000, '', 0.000000, 0.00, 'E-LD30', '', '', 0.000000, 0.000000, 0.000000, 6.800000, 2, 0, 0, 0, 0, 0, 1, '301-category', 0, 1, '0000-00-00', 0, 'new', 1, 1, 'both', 0, 0, 0, 1471, '2019-10-01 11:32:08', '2019-12-06 12:41:20', 0, 0, 1),
(151, 0, 117, 46, 1, 1, 0, 0, '', '', '', 0.000000, 0, 1, 0, 0, 755.000000, 165.000000, '', 0.000000, 0.00, 'E-LD30S', '', '', 0.000000, 0.000000, 0.000000, 6.800000, 2, 0, 0, 0, 0, 0, 1, '301-category', 0, 1, '0000-00-00', 0, 'new', 1, 1, 'both', 0, 0, 0, 0, '2019-10-01 11:32:11', '2019-12-06 12:41:21', 0, 0, 1),
(152, 0, 0, 63, 1, 1, 0, 0, '', '', '', 0.000000, 0, 1, 0, 0, 6.400000, 1.600000, '', 0.000000, 0.00, '', '', '', 0.000000, 0.000000, 0.000000, 0.000000, 2, 0, 0, 0, 0, 0, 1, '301-category', 0, 1, '0000-00-00', 0, 'new', 1, 1, 'both', 0, 0, 0, 1483, '2019-10-01 11:32:13', '2019-10-31 10:22:52', 0, 0, 1),
(153, 0, 0, 63, 1, 1, 0, 0, '', '', '', 0.000000, 0, 1, 0, 0, 6.400000, 1.600000, '', 0.000000, 0.00, 'EL-DISB10C1004A', '', '', 0.000000, 0.000000, 0.000000, 0.000000, 2, 0, 0, 0, 0, 0, 1, '301-category', 0, 1, '0000-00-00', 0, 'new', 1, 1, 'both', 0, 0, 0, 0, '2019-10-01 11:32:16', '2019-12-06 12:41:22', 0, 0, 1),
(154, 0, 0, 63, 1, 1, 0, 0, '', '', '', 0.000000, 0, 1, 0, 0, 6.400000, 1.600000, '', 0.000000, 0.00, 'EL-DISB10C1006A', '', '', 0.000000, 0.000000, 0.000000, 0.000000, 2, 0, 0, 0, 0, 0, 1, '301-category', 0, 1, '0000-00-00', 0, 'new', 1, 1, 'both', 0, 0, 0, 0, '2019-10-01 11:32:18', '2019-12-06 12:41:23', 0, 0, 1),
(155, 0, 116, 63, 1, 1, 0, 0, '', '', '', 0.000000, 0, 1, 0, 0, 7.680000, 1.920000, '', 0.000000, 0.00, 'EL-DISB10C1010A', '', '', 0.000000, 0.000000, 0.000000, 0.000000, 2, 0, 0, 0, 0, 0, 1, '301-category', 0, 1, '0000-00-00', 0, 'new', 1, 1, 'both', 0, 0, 0, 0, '2019-10-01 11:32:20', '2019-12-06 12:41:24', 0, 0, 1);
INSERT INTO `ps_product` (`id_product`, `id_supplier`, `id_manufacturer`, `id_category_default`, `id_shop_default`, `id_tax_rules_group`, `on_sale`, `online_only`, `ean13`, `isbn`, `upc`, `ecotax`, `quantity`, `minimal_quantity`, `low_stock_threshold`, `low_stock_alert`, `price`, `wholesale_price`, `unity`, `unit_price_ratio`, `additional_shipping_cost`, `reference`, `supplier_reference`, `location`, `width`, `height`, `depth`, `weight`, `out_of_stock`, `additional_delivery_times`, `quantity_discount`, `customizable`, `uploadable_files`, `text_fields`, `active`, `redirect_type`, `id_type_redirected`, `available_for_order`, `available_date`, `show_condition`, `condition`, `show_price`, `indexed`, `visibility`, `cache_is_pack`, `cache_has_attachments`, `is_virtual`, `cache_default_attribute`, `date_add`, `date_upd`, `advanced_stock_management`, `pack_stock_type`, `state`) VALUES
(156, 0, 0, 63, 1, 1, 0, 0, '', '', '', 0.000000, 0, 1, 0, 0, 6.400000, 1.600000, '', 0.000000, 0.00, 'EL-DISB10C1016A', '', '', 0.000000, 0.000000, 0.000000, 0.000000, 2, 0, 0, 0, 0, 0, 1, '301-category', 0, 1, '0000-00-00', 0, 'new', 1, 1, 'both', 0, 0, 0, 0, '2019-10-01 11:32:23', '2019-12-06 12:41:25', 0, 0, 1),
(157, 0, 0, 63, 1, 1, 0, 0, '', '', '', 0.000000, 0, 1, 0, 0, 6.400000, 1.600000, '', 0.000000, 0.00, 'EL-DISB10C1020A', '', '', 0.000000, 0.000000, 0.000000, 0.000000, 2, 0, 0, 0, 0, 0, 1, '301-category', 0, 1, '0000-00-00', 0, 'new', 1, 1, 'both', 0, 0, 0, 0, '2019-10-01 11:32:27', '2019-12-06 12:41:27', 0, 0, 1),
(158, 0, 116, 63, 1, 1, 0, 0, '', '', '', 0.000000, 0, 1, 0, 0, 15.640000, 3.910000, '', 0.000000, 0.00, 'EL-DISB10C2010A', '', '', 0.000000, 0.000000, 0.000000, 0.000000, 2, 0, 0, 0, 0, 0, 1, '301-category', 0, 1, '0000-00-00', 0, 'new', 1, 1, 'both', 0, 0, 0, 0, '2019-10-01 11:32:29', '2019-12-06 12:41:28', 0, 0, 1),
(159, 0, 116, 63, 1, 1, 0, 0, '', '', '', 0.000000, 0, 1, 0, 0, 15.640000, 3.910000, '', 0.000000, 0.00, 'EL-DISB10C2016A', '', '', 0.000000, 0.000000, 0.000000, 0.000000, 2, 0, 0, 0, 0, 0, 1, '301-category', 0, 1, '0000-00-00', 0, 'new', 1, 1, 'both', 0, 0, 0, 0, '2019-10-01 11:32:31', '2019-12-06 12:41:29', 0, 0, 1),
(160, 0, 116, 63, 1, 1, 0, 0, '', '', '', 0.000000, 0, 1, 0, 0, 0.000000, 0.000000, '', 0.000000, 0.00, 'EL-DISB10C2063A', '', '', 0.000000, 0.000000, 0.000000, 0.000000, 2, 0, 0, 0, 0, 0, 1, '301-category', 0, 1, '0000-00-00', 0, 'new', 1, 1, 'both', 0, 0, 0, 0, '2019-10-01 11:32:34', '2019-12-06 12:41:30', 0, 0, 1),
(161, 0, 116, 63, 1, 1, 0, 0, '', '', '', 0.000000, 0, 1, 0, 0, 11.150000, 0.000000, '', 0.000000, 0.00, 'EL-DISB10C30', '', '', 0.000000, 0.000000, 0.000000, 0.000000, 2, 0, 0, 0, 0, 0, 1, '301-category', 0, 1, '0000-00-00', 0, 'new', 1, 1, 'both', 0, 0, 0, 0, '2019-10-01 11:32:36', '2019-12-06 12:41:31', 0, 0, 1),
(162, 0, 116, 63, 1, 1, 0, 0, '', '', '', 0.000000, 0, 1, 0, 0, 11.150000, 0.000000, '', 0.000000, 0.00, 'EL-DISB10C3016A', '', '', 0.000000, 0.000000, 0.000000, 0.000000, 2, 0, 0, 0, 0, 0, 1, '301-category', 0, 1, '0000-00-00', 0, 'new', 1, 1, 'both', 0, 0, 0, 0, '2019-10-01 11:32:40', '2019-12-06 12:41:32', 0, 0, 1),
(163, 0, 116, 63, 1, 1, 0, 0, '', '', '', 0.000000, 0, 1, 0, 0, 24.400000, 6.100000, '', 0.000000, 0.00, 'EL-DISB10C3N', '', '', 0.000000, 0.000000, 0.000000, 0.000000, 2, 0, 0, 0, 0, 0, 1, '301-category', 0, 1, '0000-00-00', 0, 'new', 1, 1, 'both', 0, 0, 0, 0, '2019-10-01 11:32:43', '2019-12-06 12:41:33', 0, 0, 1),
(164, 0, 116, 63, 1, 1, 0, 0, '', '', '', 0.000000, 0, 1, 0, 0, 24.400000, 6.100000, '', 0.000000, 0.00, 'EL-DISB10C3N-10A', '', '', 0.000000, 0.000000, 0.000000, 0.000000, 2, 0, 0, 0, 0, 0, 1, '301-category', 0, 1, '0000-00-00', 0, 'new', 1, 1, 'both', 0, 0, 0, 0, '2019-10-01 11:32:45', '2019-12-06 12:41:34', 0, 0, 1),
(165, 0, 116, 63, 1, 1, 0, 0, '', '', '', 0.000000, 0, 1, 0, 0, 24.400000, 6.100000, '', 0.000000, 0.00, 'EL-DISB10C3N-20A', '', '', 0.000000, 0.000000, 0.000000, 0.000000, 2, 0, 0, 0, 0, 0, 1, '301-category', 0, 1, '0000-00-00', 0, 'new', 1, 1, 'both', 0, 0, 0, 0, '2019-10-01 11:32:47', '2019-12-06 12:41:35', 0, 0, 1),
(166, 0, 116, 63, 1, 1, 0, 0, '', '', '', 0.000000, 0, 1, 0, 0, 6.480000, 2.290000, '', 0.000000, 0.00, 'EL-DISB4C1N16A', '', '', 0.000000, 0.000000, 0.000000, 0.000000, 2, 0, 0, 0, 0, 0, 1, '301-category', 0, 1, '0000-00-00', 0, 'new', 1, 1, 'both', 0, 0, 0, 0, '2019-10-01 11:32:50', '2019-12-06 12:41:36', 0, 0, 1),
(167, 0, 10, 63, 1, 1, 0, 0, '', '', '', 0.000000, 0, 1, 0, 0, 44.680000, 11.170000, '', 0.000000, 0.00, '', '', '', 0.000000, 0.000000, 0.000000, 0.000000, 2, 0, 0, 0, 0, 0, 1, '301-category', 0, 1, '0000-00-00', 0, 'new', 1, 1, 'both', 0, 0, 0, 1495, '2019-10-01 11:32:52', '2019-10-31 10:23:09', 0, 0, 1),
(168, 0, 116, 63, 1, 1, 0, 0, '', '', '', 0.000000, 0, 1, 0, 0, 44.680000, 11.170000, '', 0.000000, 0.00, 'EL-DIS-M-25A-30C', '', '', 0.000000, 0.000000, 0.000000, 0.000000, 2, 0, 0, 0, 0, 0, 1, '301-category', 0, 1, '0000-00-00', 0, 'new', 1, 1, 'both', 0, 0, 0, 0, '2019-10-01 11:32:54', '2019-12-06 12:41:37', 0, 0, 1),
(169, 0, 116, 63, 1, 1, 0, 0, '', '', '', 0.000000, 0, 1, 0, 0, 44.680000, 11.170000, '', 0.000000, 0.00, 'EL-DIS-M-32A-30C', '', '', 0.000000, 0.000000, 0.000000, 0.000000, 2, 0, 0, 0, 0, 0, 1, '301-category', 0, 1, '0000-00-00', 0, 'new', 1, 1, 'both', 0, 0, 0, 0, '2019-10-01 11:32:56', '2019-12-06 12:41:38', 0, 0, 1),
(170, 0, 116, 63, 1, 1, 0, 0, '', '', '', 0.000000, 0, 1, 0, 0, 44.680000, 11.170000, '', 0.000000, 0.00, 'EL-DIS-T-32A-30C', '', '', 0.000000, 0.000000, 0.000000, 0.000000, 2, 0, 0, 0, 0, 0, 1, '301-category', 0, 1, '0000-00-00', 0, 'new', 1, 1, 'both', 0, 0, 0, 0, '2019-10-01 11:32:59', '2019-12-06 12:41:39', 0, 0, 1),
(171, 0, 28, 55, 1, 1, 0, 0, '', '', '', 0.000000, 0, 1, 0, 0, 1002.000000, 198.000000, '', 0.000000, 0.00, '', '', '', 0.000000, 0.000000, 0.000000, 0.000000, 2, 0, 0, 0, 0, 0, 1, '301-category', 0, 1, '0000-00-00', 0, 'new', 1, 1, 'both', 0, 0, 0, 1538, '2019-10-01 11:33:02', '2019-11-04 14:15:22', 0, 0, 1),
(172, 0, 117, 64, 1, 1, 0, 0, '', '', '', 0.000000, 0, 1, 0, 0, 1002.000000, 202.000000, '', 0.000000, 0.00, 'E-LFR.RA160', '', '', 0.000000, 0.000000, 0.000000, 0.000000, 2, 0, 0, 0, 0, 0, 1, '301-category', 0, 1, '0000-00-00', 0, 'new', 1, 1, 'both', 0, 0, 0, 0, '2019-10-01 11:33:04', '2019-12-06 12:41:40', 0, 0, 1),
(173, 0, 117, 64, 1, 1, 0, 0, '', '', '', 0.000000, 0, 1, 0, 0, 1017.000000, 205.000000, '', 0.000000, 0.00, 'E-LFR.RA200', '', '', 0.000000, 0.000000, 0.000000, 0.000000, 2, 0, 0, 0, 0, 0, 1, '301-category', 0, 1, '0000-00-00', 0, 'new', 1, 1, 'both', 0, 0, 0, 0, '2019-10-01 11:33:06', '2019-12-06 12:41:41', 0, 0, 1),
(174, 0, 117, 64, 1, 1, 0, 0, '', '', '', 0.000000, 0, 1, 0, 0, 1052.000000, 212.000000, '', 0.000000, 0.00, 'E-LFR.RA250', '', '', 0.000000, 0.000000, 0.000000, 0.000000, 2, 0, 0, 0, 0, 0, 1, '301-category', 0, 1, '0000-00-00', 0, 'new', 1, 1, 'both', 0, 0, 0, 0, '2019-10-01 11:33:08', '2019-12-06 12:41:42', 0, 0, 1),
(175, 0, 117, 64, 1, 1, 0, 0, '', '', '', 0.000000, 0, 1, 0, 0, 1091.000000, 220.000000, '', 0.000000, 0.00, 'E-LFR.RA315', '', '', 0.000000, 0.000000, 0.000000, 0.000000, 2, 0, 0, 0, 0, 0, 1, '301-category', 0, 1, '0000-00-00', 0, 'new', 1, 1, 'both', 0, 0, 0, 0, '2019-10-01 11:33:11', '2019-12-06 12:41:43', 0, 0, 1),
(176, 0, 117, 64, 1, 1, 0, 0, '', '', '', 0.000000, 0, 1, 0, 0, 1136.000000, 229.000000, '', 0.000000, 0.00, 'E-LFR.RA355', '', '', 0.000000, 0.000000, 0.000000, 0.000000, 2, 0, 0, 0, 0, 0, 1, '301-category', 0, 1, '0000-00-00', 0, 'new', 1, 1, 'both', 0, 0, 0, 0, '2019-10-01 11:33:13', '2019-12-06 12:41:44', 0, 0, 1),
(177, 0, 117, 64, 1, 1, 0, 0, '', '', '', 0.000000, 0, 1, 0, 0, 1181.000000, 238.000000, '', 0.000000, 0.00, 'E-LFR.RA400', '', '', 0.000000, 0.000000, 0.000000, 0.000000, 2, 0, 0, 0, 0, 0, 1, '301-category', 0, 1, '0000-00-00', 0, 'new', 1, 1, 'both', 0, 0, 0, 0, '2019-10-01 11:33:15', '2019-12-06 12:41:45', 0, 0, 1),
(178, 0, 117, 64, 1, 1, 0, 0, '', '', '', 0.000000, 0, 1, 0, 0, 1240.000000, 250.000000, '', 0.000000, 0.00, 'E-LFR.RA500', '', '', 0.000000, 0.000000, 0.000000, 0.000000, 2, 0, 0, 0, 0, 0, 1, '301-category', 0, 1, '0000-00-00', 0, 'new', 1, 1, 'both', 0, 0, 0, 0, '2019-10-01 11:33:17', '2019-12-06 12:41:46', 0, 0, 1),
(179, 0, 117, 64, 1, 1, 0, 0, '', '', '', 0.000000, 0, 1, 0, 0, 921.000000, 188.000000, '', 0.000000, 0.00, 'E-LFR.RP125', '', '', 0.000000, 0.000000, 0.000000, 0.000000, 2, 0, 0, 0, 0, 0, 1, '301-category', 0, 1, '0000-00-00', 0, 'new', 1, 1, 'both', 0, 0, 0, 0, '2019-10-01 11:33:20', '2019-12-06 12:41:47', 0, 0, 1),
(180, 0, 117, 64, 1, 1, 0, 0, '', '', '', 0.000000, 0, 1, 0, 0, 1035.000000, 192.000000, '', 0.000000, 0.00, 'E-LFR.RP160', '', '', 0.000000, 0.000000, 0.000000, 0.000000, 2, 0, 0, 0, 0, 0, 1, '301-category', 0, 1, '0000-00-00', 0, 'new', 1, 1, 'both', 0, 0, 0, 0, '2019-10-01 11:33:22', '2019-12-06 12:41:48', 0, 0, 1),
(181, 0, 117, 64, 1, 1, 0, 0, '', '', '', 0.000000, 0, 1, 0, 0, 1050.000000, 195.000000, '', 0.000000, 0.00, 'E-LFR.RP200', '', '', 0.000000, 0.000000, 0.000000, 0.000000, 2, 0, 0, 0, 0, 0, 1, '301-category', 0, 1, '0000-00-00', 0, 'new', 1, 1, 'both', 0, 0, 0, 0, '2019-10-01 11:33:24', '2019-12-06 12:41:49', 0, 0, 1),
(182, 0, 117, 64, 1, 1, 0, 0, '', '', '', 0.000000, 0, 1, 0, 0, 1085.000000, 202.000000, '', 0.000000, 0.00, 'E-LFR.RP250', '', '', 0.000000, 0.000000, 0.000000, 0.000000, 2, 0, 0, 0, 0, 0, 1, '301-category', 0, 1, '0000-00-00', 0, 'new', 1, 1, 'both', 0, 0, 0, 0, '2019-10-01 11:33:26', '2019-12-06 12:41:50', 0, 0, 1),
(183, 0, 117, 64, 1, 1, 0, 0, '', '', '', 0.000000, 0, 1, 0, 0, 1125.000000, 210.000000, '', 0.000000, 0.00, 'E-LFR.RP315', '', '', 0.000000, 0.000000, 0.000000, 0.000000, 2, 0, 0, 0, 0, 0, 1, '301-category', 0, 1, '0000-00-00', 0, 'new', 1, 1, 'both', 0, 0, 0, 0, '2019-10-01 11:33:29', '2019-12-06 12:41:51', 0, 0, 1),
(184, 0, 117, 64, 1, 1, 0, 0, '', '', '', 0.000000, 0, 1, 0, 0, 1158.000000, 219.000000, '', 0.000000, 0.00, 'E-LFR.RP355', '', '', 0.000000, 0.000000, 0.000000, 0.000000, 2, 0, 0, 0, 0, 0, 1, '301-category', 0, 1, '0000-00-00', 0, 'new', 1, 1, 'both', 0, 0, 0, 0, '2019-10-01 11:33:31', '2019-12-06 12:41:52', 0, 0, 1),
(185, 0, 117, 64, 1, 1, 0, 0, '', '', '', 0.000000, 0, 1, 0, 0, 1214.000000, 228.000000, '', 0.000000, 0.00, 'E-LFR.RP400', '', '', 0.000000, 0.000000, 0.000000, 0.000000, 2, 0, 0, 0, 0, 0, 1, '301-category', 0, 1, '0000-00-00', 0, 'new', 1, 1, 'both', 0, 0, 0, 0, '2019-10-01 11:33:33', '2019-12-06 12:41:53', 0, 0, 1),
(186, 0, 117, 64, 1, 1, 0, 0, '', '', '', 0.000000, 0, 1, 0, 0, 891.000000, 198.000000, '', 0.000000, 0.00, 'E-LFR.SA125', '', '', 0.000000, 0.000000, 0.000000, 0.000000, 2, 0, 0, 0, 0, 0, 1, '301-category', 0, 1, '0000-00-00', 0, 'new', 1, 1, 'both', 0, 0, 0, 0, '2019-10-01 11:33:36', '2019-12-06 12:41:54', 0, 0, 1),
(187, 0, 117, 64, 1, 1, 0, 0, '', '', '', 0.000000, 0, 1, 0, 0, 1002.000000, 202.000000, '', 0.000000, 0.00, 'E-LFR.SA160', '', '', 0.000000, 0.000000, 0.000000, 0.000000, 2, 0, 0, 0, 0, 0, 1, '301-category', 0, 1, '0000-00-00', 0, 'new', 1, 1, 'both', 0, 0, 0, 0, '2019-10-01 11:33:38', '2019-12-06 12:41:55', 0, 0, 1),
(188, 0, 117, 64, 1, 1, 0, 0, '', '', '', 0.000000, 0, 1, 0, 0, 1017.000000, 205.000000, '', 0.000000, 0.00, 'E-LFR.SA200', '', '', 0.000000, 0.000000, 0.000000, 0.000000, 2, 0, 0, 0, 0, 0, 1, '301-category', 0, 1, '0000-00-00', 0, 'new', 1, 1, 'both', 0, 0, 0, 0, '2019-10-01 11:33:40', '2019-12-06 12:41:56', 0, 0, 1),
(189, 0, 117, 64, 1, 1, 0, 0, '', '', '', 0.000000, 0, 1, 0, 0, 1052.000000, 212.000000, '', 0.000000, 0.00, 'E-LFR.SA250', '', '', 0.000000, 0.000000, 0.000000, 5.800000, 2, 0, 0, 0, 0, 0, 1, '301-category', 0, 1, '0000-00-00', 0, 'new', 1, 1, 'both', 0, 0, 0, 0, '2019-10-01 11:33:42', '2019-12-06 12:41:57', 0, 0, 1),
(190, 0, 117, 64, 1, 1, 0, 0, '', '', '', 0.000000, 0, 1, 0, 0, 1091.000000, 220.000000, '', 0.000000, 0.00, 'E-LFR.SA315', '', '', 0.000000, 0.000000, 0.000000, 0.000000, 2, 0, 0, 0, 0, 0, 1, '301-category', 0, 1, '0000-00-00', 0, 'new', 1, 1, 'both', 0, 0, 0, 0, '2019-10-01 11:33:44', '2019-12-06 12:41:58', 0, 0, 1),
(191, 0, 117, 64, 1, 1, 0, 0, '', '', '', 0.000000, 0, 1, 0, 0, 1136.000000, 229.000000, '', 0.000000, 0.00, 'E-LFR.SA355', '', '', 0.000000, 0.000000, 0.000000, 0.000000, 2, 0, 0, 0, 0, 0, 1, '301-category', 0, 1, '0000-00-00', 0, 'new', 1, 1, 'both', 0, 0, 0, 0, '2019-10-01 11:33:46', '2019-12-06 12:41:59', 0, 0, 1),
(192, 0, 117, 64, 1, 1, 0, 0, '', '', '', 0.000000, 0, 1, 0, 0, 1181.000000, 238.000000, '', 0.000000, 0.00, 'E-LFR.SA400', '', '', 0.000000, 0.000000, 0.000000, 0.000000, 2, 0, 0, 0, 0, 0, 1, '301-category', 0, 1, '0000-00-00', 0, 'new', 1, 1, 'both', 0, 0, 0, 0, '2019-10-01 11:33:49', '2019-12-06 12:42:00', 0, 0, 1),
(193, 0, 117, 64, 1, 1, 0, 0, '', '', '', 0.000000, 0, 1, 0, 0, 1186.800000, 258.000000, '', 0.000000, 0.00, 'E-LFR.SA450', '', '', 0.000000, 0.000000, 0.000000, 0.000000, 2, 0, 0, 0, 0, 0, 1, '301-category', 0, 1, '0000-00-00', 0, 'new', 1, 1, 'both', 0, 0, 0, 0, '2019-10-01 11:33:51', '2019-12-06 12:42:02', 0, 0, 1),
(194, 0, 117, 64, 1, 1, 0, 0, '', '', '', 0.000000, 0, 1, 0, 0, 1240.000000, 250.000000, '', 0.000000, 0.00, 'E-LFR.SA500', '', '', 0.000000, 0.000000, 0.000000, 12.000000, 2, 0, 0, 0, 0, 0, 1, '301-category', 0, 1, '0000-00-00', 0, 'new', 1, 1, 'both', 0, 0, 0, 0, '2019-10-01 11:33:53', '2019-12-06 12:42:03', 0, 0, 1),
(195, 0, 117, 64, 1, 1, 0, 0, '', '', '', 0.000000, 0, 1, 0, 0, 921.000000, 188.000000, '', 0.000000, 0.00, 'E-LFR.SP125', '', '', 0.000000, 0.000000, 0.000000, 0.000000, 2, 0, 0, 0, 0, 0, 1, '301-category', 0, 1, '0000-00-00', 0, 'new', 1, 1, 'both', 0, 0, 0, 0, '2019-10-01 11:33:56', '2019-12-06 12:42:04', 0, 0, 1),
(196, 0, 117, 64, 1, 1, 0, 0, '', '', '', 0.000000, 0, 1, 0, 0, 1035.000000, 192.000000, '', 0.000000, 0.00, 'E-LFR.SP160', '', '', 0.000000, 0.000000, 0.000000, 0.000000, 2, 0, 0, 0, 0, 0, 1, '301-category', 0, 1, '0000-00-00', 0, 'new', 1, 1, 'both', 0, 0, 0, 0, '2019-10-01 11:33:58', '2019-12-06 12:42:05', 0, 0, 1),
(197, 0, 117, 64, 1, 1, 0, 0, '', '', '', 0.000000, 0, 1, 0, 0, 1050.000000, 195.000000, '', 0.000000, 0.00, 'E-LFR.SP200', '', '', 0.000000, 0.000000, 0.000000, 0.000000, 2, 0, 0, 0, 0, 0, 1, '301-category', 0, 1, '0000-00-00', 0, 'new', 1, 1, 'both', 0, 0, 0, 0, '2019-10-01 11:34:00', '2019-12-06 12:42:06', 0, 0, 1),
(198, 0, 117, 64, 1, 1, 0, 0, '', '', '', 0.000000, 0, 1, 0, 0, 1085.000000, 202.000000, '', 0.000000, 0.00, 'E-LFR.SP250', '', '', 0.000000, 0.000000, 0.000000, 0.000000, 2, 0, 0, 0, 0, 0, 1, '301-category', 0, 1, '0000-00-00', 0, 'new', 1, 1, 'both', 0, 0, 0, 0, '2019-10-01 11:34:02', '2019-12-06 12:42:07', 0, 0, 1),
(199, 0, 117, 64, 1, 1, 0, 0, '', '', '', 0.000000, 0, 1, 0, 0, 1125.000000, 210.000000, '', 0.000000, 0.00, 'E-LFR.SP315', '', '', 0.000000, 0.000000, 0.000000, 0.000000, 2, 0, 0, 0, 0, 0, 1, '301-category', 0, 1, '0000-00-00', 0, 'new', 1, 1, 'both', 0, 0, 0, 0, '2019-10-01 11:34:05', '2019-12-06 12:42:08', 0, 0, 1),
(200, 0, 117, 64, 1, 1, 0, 0, '', '', '', 0.000000, 0, 1, 0, 0, 1158.000000, 219.000000, '', 0.000000, 0.00, 'E-LFR.SP355', '', '', 0.000000, 0.000000, 0.000000, 0.000000, 2, 0, 0, 0, 0, 0, 1, '301-category', 0, 1, '0000-00-00', 0, 'new', 1, 1, 'both', 0, 0, 0, 0, '2019-10-01 11:34:07', '2019-12-06 12:42:09', 0, 0, 1),
(201, 0, 117, 64, 1, 1, 0, 0, '', '', '', 0.000000, 0, 1, 0, 0, 1214.000000, 228.000000, '', 0.000000, 0.00, 'E-LFR.SP400', '', '', 0.000000, 0.000000, 0.000000, 0.000000, 2, 0, 0, 0, 0, 0, 1, '301-category', 0, 1, '0000-00-00', 0, 'new', 1, 1, 'both', 0, 0, 0, 0, '2019-10-01 11:34:09', '2019-12-06 12:42:10', 0, 0, 1),
(202, 0, 116, 58, 1, 1, 0, 0, '', '', '', 0.000000, 0, 1, 0, 0, 24.400000, 6.100000, '', 0.000000, 0.00, 'EL-IB10R2010A-30', '', '', 0.000000, 0.000000, 0.000000, 0.000000, 2, 0, 0, 0, 0, 0, 1, '301-category', 0, 1, '0000-00-00', 0, 'new', 1, 1, 'both', 0, 0, 0, 0, '2019-10-01 11:34:11', '2019-12-06 12:42:11', 0, 0, 1),
(203, 0, 116, 58, 1, 1, 0, 0, '', '', '', 0.000000, 0, 1, 0, 0, 24.400000, 6.100000, '', 0.000000, 0.00, 'EL-IB10R2016A-30', '', '', 0.000000, 0.000000, 0.000000, 0.000000, 2, 0, 0, 0, 0, 0, 1, '301-category', 0, 1, '0000-00-00', 0, 'new', 1, 1, 'both', 0, 0, 0, 0, '2019-10-01 11:34:14', '2019-12-06 12:42:12', 0, 0, 1),
(204, 0, 116, 58, 1, 1, 0, 0, '', '', '', 0.000000, 0, 1, 0, 0, 24.400000, 6.100000, '', 0.000000, 0.00, 'EL-IB10R20-30', '', '', 0.000000, 0.000000, 0.000000, 0.000000, 2, 0, 0, 0, 0, 0, 1, '301-category', 0, 1, '0000-00-00', 0, 'new', 1, 1, 'both', 0, 0, 0, 0, '2019-10-01 11:34:16', '2019-12-06 12:42:13', 0, 0, 1),
(205, 0, 10, 39, 1, 1, 0, 0, '', '', '', 0.000000, 0, 1, 0, 0, 329.600000, 84.050000, '', 0.000000, 0.00, '', '', '', 0.000000, 0.000000, 0.000000, 0.950000, 2, 0, 0, 0, 0, 0, 1, '301-category', 0, 1, '0000-00-00', 0, 'new', 1, 1, 'both', 0, 0, 0, 565, '2019-10-01 11:34:23', '2019-11-26 14:17:15', 0, 0, 1),
(206, 0, 116, 39, 1, 1, 0, 0, '', '', '', 0.000000, 0, 1, 0, 0, 492.240000, 109.230000, '', 0.000000, 0.00, 'EL-VAR-0.4KWMT-S', '', '', 0.000000, 0.000000, 0.000000, 2.100000, 2, 0, 0, 0, 0, 0, 1, '301-category', 0, 1, '0000-00-00', 0, 'new', 1, 1, 'both', 0, 0, 0, 0, '2019-10-01 11:34:25', '2019-12-06 12:42:15', 0, 0, 1),
(207, 0, 116, 39, 1, 1, 0, 0, '', '', '', 0.000000, 0, 1, 0, 0, 620.800000, 152.080000, '', 0.000000, 0.00, 'EL-VAR-0.4KWTT', '', '', 0.000000, 0.000000, 0.000000, 0.950000, 2, 0, 0, 0, 0, 0, 1, '301-category', 0, 1, '0000-00-00', 0, 'new', 1, 1, 'both', 0, 0, 0, 0, '2019-10-01 11:34:27', '2019-12-06 12:42:16', 0, 0, 1),
(208, 0, 116, 39, 1, 1, 0, 0, '', '', '', 0.000000, 0, 1, 0, 0, 632.320000, 158.080000, '', 0.000000, 0.00, 'EL-VAR-0.4KWTT2', '', '', 0.000000, 0.000000, 0.000000, 1.610000, 2, 0, 0, 0, 0, 0, 1, '301-category', 0, 1, '0000-00-00', 0, 'new', 1, 1, 'both', 0, 0, 0, 0, '2019-10-01 11:34:30', '2019-12-06 12:42:17', 0, 0, 1),
(209, 0, 59, 39, 1, 1, 0, 0, '', '', '', 0.000000, 0, 1, 0, 0, 328.000000, 82.000000, '', 0.000000, 0.00, 'EL-VAR-0.4MTF', '', '', 0.000000, 0.000000, 0.000000, 0.950000, 2, 0, 0, 0, 0, 0, 1, '301-category', 0, 1, '0000-00-00', 0, 'new', 1, 1, 'both', 0, 0, 0, 0, '2019-10-01 11:34:32', '2019-12-06 12:42:18', 0, 0, 1),
(210, 0, 116, 39, 1, 1, 0, 0, '', '', '', 0.000000, 0, 1, 0, 0, 410.400000, 101.770000, '', 0.000000, 0.00, 'EL-VAR-0.75KWMT', '', '', 0.000000, 0.000000, 0.000000, 1.140000, 2, 0, 0, 0, 0, 0, 1, '301-category', 0, 1, '0000-00-00', 0, 'new', 1, 1, 'both', 0, 0, 0, 0, '2019-10-01 11:34:34', '2019-12-06 12:42:18', 0, 0, 1),
(211, 0, 116, 39, 1, 1, 0, 0, '', '', '', 0.000000, 0, 1, 0, 0, 632.320000, 162.890000, '', 0.000000, 0.00, 'EL-VAR-0.75KWTT', '', '', 0.000000, 0.000000, 0.000000, 1.610000, 2, 0, 0, 0, 0, 0, 1, '301-category', 0, 1, '0000-00-00', 0, 'new', 1, 1, 'both', 0, 0, 0, 0, '2019-10-01 11:34:36', '2019-12-06 12:42:19', 0, 0, 1),
(212, 0, 116, 39, 1, 1, 0, 0, '', '', '', 0.000000, 0, 1, 0, 0, 632.320000, 158.080000, '', 0.000000, 0.00, 'EL-VAR-0.75KWTT2', '', '', 0.000000, 0.000000, 0.000000, 1.610000, 2, 0, 0, 0, 0, 0, 1, '301-category', 0, 1, '0000-00-00', 0, 'new', 1, 1, 'both', 0, 0, 0, 0, '2019-10-01 11:34:39', '2019-12-06 12:42:21', 0, 0, 1),
(213, 0, 116, 39, 1, 1, 0, 0, '', '', '', 0.000000, 0, 1, 0, 0, 582.000000, 152.070000, '', 0.000000, 0.00, 'EL-VAR-1.5KWMT', '', '', 0.000000, 0.000000, 0.000000, 2.100000, 2, 0, 0, 0, 0, 0, 1, '301-category', 0, 1, '0000-00-00', 0, 'new', 1, 1, 'both', 0, 0, 0, 0, '2019-10-01 11:34:41', '2019-12-06 12:42:22', 0, 0, 1),
(214, 0, 116, 39, 1, 1, 0, 0, '', '', '', 0.000000, 0, 1, 0, 0, 492.240000, 109.230000, '', 0.000000, 0.00, 'EL-VAR-1.5KWMT-S', '', '', 0.000000, 0.000000, 0.000000, 2.100000, 2, 0, 0, 0, 0, 0, 1, '301-category', 0, 1, '0000-00-00', 0, 'new', 1, 1, 'both', 0, 0, 0, 0, '2019-10-01 11:34:43', '2019-12-06 12:42:23', 0, 0, 1),
(215, 0, 116, 39, 1, 1, 0, 0, '', '', '', 0.000000, 0, 1, 0, 0, 776.000000, 190.080000, '', 0.000000, 0.00, 'EL-VAR-1.5KWTT', '', '', 0.000000, 0.000000, 0.000000, 2.000000, 2, 0, 0, 0, 0, 0, 1, '301-category', 0, 1, '0000-00-00', 0, 'new', 1, 1, 'both', 0, 0, 0, 0, '2019-10-01 11:34:46', '2019-12-06 12:42:24', 0, 0, 1),
(216, 0, 116, 39, 1, 1, 0, 0, '', '', '', 0.000000, 0, 1, 0, 0, 3828.000000, 957.000000, '', 0.000000, 0.00, 'EL-VAR-15KWTT', '', '', 0.000000, 0.000000, 0.000000, 0.000000, 2, 0, 0, 0, 0, 0, 1, '301-category', 0, 1, '0000-00-00', 0, 'new', 1, 1, 'both', 0, 0, 0, 0, '2019-10-01 11:34:48', '2019-12-06 12:42:25', 0, 0, 1),
(217, 0, 60, 39, 1, 1, 0, 0, '', '', '', 0.000000, 0, 1, 0, 0, 3592.320000, 898.080000, '', 0.000000, 0.00, 'EL-VAR-18.5KWTT', '', '', 0.000000, 0.000000, 0.000000, 0.950000, 2, 0, 0, 0, 0, 0, 1, '301-category', 0, 1, '0000-00-00', 0, 'new', 1, 1, 'both', 0, 0, 0, 0, '2019-10-01 11:34:50', '2019-12-06 12:42:26', 0, 0, 1),
(218, 0, 116, 39, 1, 1, 0, 0, '', '', '', 0.000000, 0, 1, 0, 0, 637.600000, 156.430000, '', 0.000000, 0.00, 'EL-VAR-2.2KWMT', '', '', 0.000000, 0.000000, 0.000000, 1.570000, 2, 0, 0, 0, 0, 0, 1, '301-category', 0, 1, '0000-00-00', 0, 'new', 1, 1, 'both', 0, 0, 0, 0, '2019-10-01 11:34:52', '2019-12-06 12:42:27', 0, 0, 1),
(219, 0, 116, 39, 1, 1, 0, 0, '', '', '', 0.000000, 0, 1, 0, 0, 859.600000, 210.430000, '', 0.000000, 0.00, 'EL-VAR-2.2KWTT', '', '', 0.000000, 0.000000, 0.000000, 1.900000, 2, 0, 0, 0, 0, 0, 1, '301-category', 0, 1, '0000-00-00', 0, 'new', 1, 1, 'both', 0, 0, 0, 0, '2019-10-01 11:34:55', '2019-12-06 12:42:28', 0, 0, 1),
(220, 0, 116, 39, 1, 1, 0, 0, '', '', '', 0.000000, 0, 1, 0, 0, 6300.000000, 1575.000000, '', 0.000000, 0.00, 'EL-VAR-22KWTT', '', '', 0.000000, 0.000000, 0.000000, 0.000000, 2, 0, 0, 0, 0, 0, 1, '301-category', 0, 1, '0000-00-00', 0, 'new', 1, 1, 'both', 0, 0, 0, 0, '2019-10-01 11:34:57', '2019-12-06 12:42:29', 0, 0, 1),
(221, 0, 116, 39, 1, 1, 0, 0, '', '', '', 0.000000, 0, 1, 0, 0, 6300.000000, 1575.000000, '', 0.000000, 0.00, 'EL-VAR-37KWTT', '', '', 0.000000, 0.000000, 0.000000, 17.500000, 2, 0, 0, 0, 0, 0, 1, '301-category', 0, 1, '0000-00-00', 0, 'new', 1, 1, 'both', 0, 0, 0, 0, '2019-10-01 11:34:59', '2019-12-06 12:42:30', 0, 0, 1),
(222, 0, 116, 39, 1, 1, 0, 0, '', '', '', 0.000000, 0, 1, 0, 0, 900.000000, 250.200000, '', 0.000000, 0.00, 'EL-VAR-45KWTT', '', '', 0.000000, 0.000000, 0.000000, 2.700000, 2, 0, 0, 0, 0, 0, 1, '301-category', 0, 1, '0000-00-00', 0, 'new', 1, 1, 'both', 0, 0, 0, 0, '2019-10-01 11:35:02', '2019-12-06 12:42:31', 0, 0, 1),
(223, 0, 116, 39, 1, 1, 0, 0, '', '', '', 0.000000, 0, 1, 0, 0, 1140.000000, 250.200000, '', 0.000000, 0.00, 'EL-VAR-4KWTT', '', '', 0.000000, 0.000000, 0.000000, 2.700000, 2, 0, 0, 0, 0, 0, 1, '301-category', 0, 1, '0000-00-00', 0, 'new', 1, 1, 'both', 0, 0, 0, 0, '2019-10-01 11:35:04', '2019-12-06 12:42:32', 0, 0, 1),
(224, 0, 116, 39, 1, 1, 0, 0, '', '', '', 0.000000, 0, 1, 0, 0, 1580.000000, 412.760000, '', 0.000000, 0.00, 'EL-VAR-5.5KWTT', '', '', 0.000000, 0.000000, 0.000000, 0.000000, 2, 0, 0, 0, 0, 0, 1, '301-category', 0, 1, '0000-00-00', 0, 'new', 1, 1, 'both', 0, 0, 0, 0, '2019-10-01 11:35:06', '2019-12-06 12:42:33', 0, 0, 1),
(225, 0, 116, 39, 1, 1, 0, 0, '', '', '', 0.000000, 0, 1, 0, 0, 1992.000000, 498.000000, '', 0.000000, 0.00, 'EL-VAR-7.5KWTT', '', '', 0.000000, 0.000000, 0.000000, 0.000000, 2, 0, 0, 0, 0, 0, 1, '301-category', 0, 1, '0000-00-00', 0, 'new', 1, 1, 'both', 0, 0, 0, 0, '2019-10-01 11:35:09', '2019-12-06 12:42:34', 0, 0, 1),
(226, 0, 61, 39, 1, 1, 0, 0, '', '', '', 0.000000, 0, 1, 0, 0, 852.000000, 213.000000, '', 0.000000, 0.00, 'EL-VAR-E-0.4KWMT', '', '', 0.000000, 0.000000, 0.000000, 0.950000, 2, 0, 0, 0, 0, 0, 1, '301-category', 0, 1, '0000-00-00', 0, 'new', 1, 1, 'both', 0, 0, 0, 0, '2019-10-01 11:35:11', '2019-12-06 12:42:35', 0, 0, 1),
(227, 0, 60, 39, 1, 1, 0, 0, '', '', '', 0.000000, 0, 1, 0, 0, 950.800000, 237.700000, '', 0.000000, 0.00, 'EL-VAR-E-0.7KWMT', '', '', 0.000000, 0.000000, 0.000000, 0.950000, 2, 0, 0, 0, 0, 0, 1, '301-category', 0, 1, '0000-00-00', 0, 'new', 1, 1, 'both', 0, 0, 0, 0, '2019-10-01 11:35:13', '2019-12-06 12:42:36', 0, 0, 1),
(228, 0, 60, 39, 1, 1, 0, 0, '', '', '', 0.000000, 0, 1, 0, 0, 1092.000000, 273.000000, '', 0.000000, 0.00, 'EL-VAR-E-0.7KWTT', '', '', 0.000000, 0.000000, 0.000000, 0.950000, 2, 0, 0, 0, 0, 0, 1, '301-category', 0, 1, '0000-00-00', 0, 'new', 1, 1, 'both', 0, 0, 0, 0, '2019-10-01 11:35:15', '2019-12-06 12:42:37', 0, 0, 1),
(229, 0, 60, 39, 1, 1, 0, 0, '', '', '', 0.000000, 0, 1, 0, 0, 1024.000000, 256.000000, '', 0.000000, 0.00, 'EL-VAR-E-1.5KWMT', '', '', 0.000000, 0.000000, 0.000000, 2.100000, 2, 0, 0, 0, 0, 0, 1, '301-category', 0, 1, '0000-00-00', 0, 'new', 1, 1, 'both', 0, 0, 0, 0, '2019-10-01 11:35:18', '2019-12-06 12:42:38', 0, 0, 1),
(230, 0, 60, 39, 1, 1, 0, 0, '', '', '', 0.000000, 0, 1, 0, 0, 1195.680000, 298.920000, '', 0.000000, 0.00, 'EL-VAR-E-1.5KWTT', '', '', 0.000000, 0.000000, 0.000000, 2.100000, 2, 0, 0, 0, 0, 0, 1, '301-category', 0, 1, '0000-00-00', 0, 'new', 1, 1, 'both', 0, 0, 0, 0, '2019-10-01 11:35:20', '2019-12-06 12:42:39', 0, 0, 1),
(231, 0, 60, 39, 1, 1, 0, 0, '', '', '', 0.000000, 0, 1, 0, 0, 2820.000000, 705.000000, '', 0.000000, 0.00, 'EL-VAR-E-11KWTT', '', '', 0.000000, 0.000000, 0.000000, 0.950000, 2, 0, 0, 0, 0, 0, 1, '301-category', 0, 1, '0000-00-00', 0, 'new', 1, 1, 'both', 0, 0, 0, 0, '2019-10-01 11:35:22', '2019-12-06 12:42:40', 0, 0, 1),
(232, 0, 60, 39, 1, 1, 0, 0, '', '', '', 0.000000, 0, 1, 0, 0, 3220.000000, 805.000000, '', 0.000000, 0.00, 'EL-VAR-E-15KWTT', '', '', 0.000000, 0.000000, 0.000000, 0.950000, 2, 0, 0, 0, 0, 0, 1, '301-category', 0, 1, '0000-00-00', 0, 'new', 1, 1, 'both', 0, 0, 0, 0, '2019-10-01 11:35:24', '2019-12-06 12:42:41', 0, 0, 1),
(233, 0, 60, 39, 1, 1, 0, 0, '', '', '', 0.000000, 0, 1, 0, 0, 1026.400000, 256.600000, '', 0.000000, 0.00, 'EL-VAR-E-2.2KWMT', '', '', 0.000000, 0.000000, 0.000000, 0.950000, 2, 0, 0, 0, 0, 0, 1, '301-category', 0, 1, '0000-00-00', 0, 'new', 1, 1, 'both', 0, 0, 0, 0, '2019-10-01 11:35:27', '2019-12-06 12:42:42', 0, 0, 1),
(234, 0, 60, 39, 1, 1, 0, 0, '', '', '', 0.000000, 0, 1, 0, 0, 1269.000000, 317.250000, '', 0.000000, 0.00, 'EL-VAR-E-2.2KWTT', '', '', 0.000000, 0.000000, 0.000000, 0.950000, 2, 0, 0, 0, 0, 0, 1, '301-category', 0, 1, '0000-00-00', 0, 'new', 1, 1, 'both', 0, 0, 0, 0, '2019-10-01 11:35:29', '2019-12-06 12:42:43', 0, 0, 1),
(235, 0, 60, 39, 1, 1, 0, 0, '', '', '', 0.000000, 0, 1, 0, 0, 5283.920000, 1320.980000, '', 0.000000, 0.00, 'EL-VAR-E-22KWTT', '', '', 0.000000, 0.000000, 0.000000, 0.950000, 2, 0, 0, 0, 0, 0, 1, '301-category', 0, 1, '0000-00-00', 0, 'new', 1, 1, 'both', 0, 0, 0, 0, '2019-10-01 11:35:31', '2019-12-06 12:42:44', 0, 0, 1),
(236, 0, 60, 39, 1, 1, 0, 0, '', '', '', 0.000000, 0, 1, 0, 0, 1554.760000, 388.690000, '', 0.000000, 0.00, 'EL-VAR-E-4KWTT', '', '', 0.000000, 0.000000, 0.000000, 0.950000, 2, 0, 0, 0, 0, 0, 1, '301-category', 0, 1, '0000-00-00', 0, 'new', 1, 1, 'both', 0, 0, 0, 0, '2019-10-01 11:35:34', '2019-12-06 12:42:45', 0, 0, 1),
(237, 0, 59, 39, 1, 1, 0, 0, '', '', '', 0.000000, 0, 1, 0, 0, 426.000000, 106.500000, '', 0.000000, 0.00, 'EL-VAR-F-0.4KWMT', '', '', 0.000000, 0.000000, 0.000000, 0.950000, 2, 0, 0, 0, 0, 0, 1, '301-category', 0, 1, '0000-00-00', 0, 'new', 1, 1, 'both', 0, 0, 0, 0, '2019-10-01 11:35:36', '2019-12-06 12:42:46', 0, 0, 1),
(238, 0, 116, 39, 1, 1, 0, 0, '', '', '', 0.000000, 0, 1, 0, 0, 60.720000, 14.430000, '', 0.000000, 0.00, 'EL-VAR-F-0.75', '', '', 0.000000, 0.000000, 0.000000, 0.950000, 2, 0, 0, 0, 0, 0, 1, '301-category', 0, 1, '0000-00-00', 0, 'new', 1, 1, 'both', 0, 0, 0, 0, '2019-10-01 11:35:38', '2019-12-06 12:42:47', 0, 0, 1),
(239, 0, 116, 39, 1, 1, 0, 0, '', '', '', 0.000000, 0, 1, 0, 0, 506.000000, 139.690000, '', 0.000000, 0.00, 'EL-VAR-F-075KWMT', '', '', 0.000000, 0.000000, 0.000000, 0.950000, 2, 0, 0, 0, 0, 0, 1, '301-category', 0, 1, '0000-00-00', 0, 'new', 1, 1, 'both', 0, 0, 0, 0, '2019-10-01 11:35:41', '2019-12-06 12:42:48', 0, 0, 1),
(240, 0, 116, 39, 1, 1, 0, 0, '', '', '', 0.000000, 0, 1, 0, 0, 74.880000, 18.720000, '', 0.000000, 0.00, 'EL-VAR-F-1.5', '', '', 0.000000, 0.000000, 0.000000, 0.950000, 2, 0, 0, 0, 0, 0, 1, '301-category', 0, 1, '0000-00-00', 0, 'new', 1, 1, 'both', 0, 0, 0, 0, '2019-10-01 11:35:43', '2019-12-06 12:42:49', 0, 0, 1),
(241, 0, 116, 39, 1, 1, 0, 0, '', '', '', 0.000000, 0, 1, 0, 0, 37.480000, 9.370000, '', 0.000000, 0.00, 'EL-VAR-F-1.5-E', '', '', 0.000000, 0.000000, 0.000000, 0.950000, 2, 0, 0, 0, 0, 0, 1, '301-category', 0, 1, '0000-00-00', 0, 'new', 1, 1, 'both', 0, 0, 0, 0, '2019-10-01 11:35:45', '2019-12-06 12:42:50', 0, 0, 1),
(242, 0, 116, 39, 1, 1, 0, 0, '', '', '', 0.000000, 0, 1, 0, 0, 95.440000, 23.860000, '', 0.000000, 0.00, 'EL-VAR-F-2.2T', '', '', 0.000000, 0.000000, 0.000000, 0.950000, 2, 0, 0, 0, 0, 0, 1, '301-category', 0, 1, '0000-00-00', 0, 'new', 1, 1, 'both', 0, 0, 0, 0, '2019-10-01 11:35:47', '2019-12-06 12:42:51', 0, 0, 1),
(243, 0, 116, 39, 1, 1, 0, 0, '', '', '', 0.000000, 0, 1, 0, 0, 25.720000, 6.430000, '', 0.000000, 0.00, 'EL-VAR-F-SD1-RFC', '', '', 0.000000, 0.000000, 0.000000, 0.950000, 2, 0, 0, 0, 0, 0, 1, '301-category', 0, 1, '0000-00-00', 0, 'new', 1, 1, 'both', 0, 0, 0, 0, '2019-10-01 11:35:49', '2019-12-06 12:42:52', 0, 0, 1),
(244, 0, 116, 39, 1, 1, 0, 0, '', '', '', 0.000000, 0, 1, 0, 0, 304.840000, 76.210000, '', 0.000000, 0.00, 'EL-VAR-SD-0.4MT', '', '', 0.000000, 0.000000, 0.000000, 0.950000, 2, 0, 0, 0, 0, 0, 1, '301-category', 0, 1, '0000-00-00', 0, 'new', 1, 1, 'both', 0, 0, 0, 0, '2019-10-01 11:35:52', '2019-12-06 12:42:53', 0, 0, 1),
(245, 0, 116, 39, 1, 1, 0, 0, '', '', '', 0.000000, 0, 1, 0, 0, 320.080000, 80.020000, '', 0.000000, 0.00, 'EL-VAR-SD-0.75MT', '', '', 0.000000, 0.000000, 0.000000, 0.950000, 2, 0, 0, 0, 0, 0, 1, '301-category', 0, 1, '0000-00-00', 0, 'new', 1, 1, 'both', 0, 0, 0, 0, '2019-10-01 11:35:54', '2019-12-06 12:42:54', 0, 0, 1),
(246, 0, 28, 50, 1, 1, 0, 0, '', '', '', 0.000000, 0, 1, 0, 0, 1528.440000, 308.460000, '', 0.000000, 0.00, '', '', '', 0.000000, 0.000000, 0.000000, 3.250000, 2, 0, 0, 0, 0, 0, 1, '301-category', 0, 1, '0000-00-00', 0, 'new', 1, 1, 'both', 0, 0, 0, 8301, '2019-10-01 11:36:03', '2019-11-18 14:10:47', 0, 0, 1),
(247, 0, 0, 50, 1, 1, 0, 0, '', '', '', 0.000000, 0, 1, 0, 0, 1628.440000, 302.860000, '', 0.000000, 0.00, 'E-PMOT2', '', '', 0.000000, 0.000000, 0.000000, 3.250000, 2, 0, 0, 0, 0, 0, 1, '301-category', 0, 1, '0000-00-00', 0, 'new', 1, 1, 'both', 0, 0, 0, 0, '2019-10-01 11:36:05', '2019-12-06 12:42:56', 0, 0, 1),
(248, 0, 28, 73, 1, 1, 0, 0, '', '', '', 0.000000, 0, 1, 0, 0, 8.950000, 3.950000, '', 0.000000, 0.00, '', '', '', 0.000000, 0.000000, 0.000000, 0.375000, 2, 0, 0, 0, 0, 0, 1, '301-category', 0, 1, '0000-00-00', 0, 'new', 1, 1, 'both', 0, 0, 0, 448, '2019-10-01 11:36:09', '2019-10-17 14:21:39', 0, 0, 1),
(249, 0, 7, 74, 1, 1, 0, 0, '', '', '', 0.000000, 0, 1, 0, 0, 25.000000, 3.950000, '', 0.000000, 0.00, 'EQ-CPP1530G', '', '', 0.000000, 0.000000, 0.000000, 0.375000, 2, 0, 0, 0, 0, 0, 1, '', 0, 1, '0000-00-00', 0, 'new', 1, 1, 'both', 0, 0, 0, 0, '2019-10-01 11:36:11', '2019-12-06 12:42:57', 0, 0, 1),
(250, 0, 7, 75, 1, 1, 0, 0, '', '', '', 0.000000, 0, 1, 0, 0, 20.000000, 3.950000, '', 0.000000, 0.00, 'EQ-CPP1530N', '', '', 0.000000, 0.000000, 0.000000, 0.375000, 2, 0, 0, 0, 0, 0, 1, '', 0, 1, '0000-00-00', 0, 'new', 1, 1, 'both', 0, 0, 0, 0, '2019-10-01 11:36:13', '2019-12-06 12:42:58', 0, 0, 1),
(251, 0, 7, 73, 1, 1, 0, 0, '', '', '', 0.000000, 0, 1, 0, 0, 36.220000, 7.090000, '', 0.000000, 0.00, 'EQ-CPP3030B', '', '', 0.000000, 0.000000, 0.000000, 1.200000, 2, 0, 0, 0, 0, 0, 1, '', 0, 1, '0000-00-00', 0, 'new', 1, 1, 'both', 0, 0, 0, 0, '2019-10-01 11:36:15', '2019-12-06 12:42:59', 0, 0, 1),
(252, 0, 7, 75, 1, 1, 0, 0, '', '', '', 0.000000, 0, 1, 0, 0, 36.220000, 7.090000, '', 0.000000, 0.00, 'EQ-CPP3030N', '', '', 0.000000, 0.000000, 0.000000, 1.200000, 2, 0, 0, 0, 0, 0, 1, '', 0, 1, '0000-00-00', 0, 'new', 1, 1, 'both', 0, 0, 0, 0, '2019-10-01 11:36:18', '2019-12-06 12:43:00', 0, 0, 1),
(253, 0, 7, 73, 1, 1, 0, 0, '', '', '', 0.000000, 0, 1, 0, 0, 118.220000, 17.130000, '', 0.000000, 0.00, 'EQ-CPP4545B', '', '', 0.000000, 0.000000, 0.000000, 2.800000, 2, 0, 0, 0, 0, 0, 1, '', 0, 1, '0000-00-00', 0, 'new', 1, 1, 'both', 0, 0, 0, 0, '2019-10-01 11:36:20', '2019-12-06 12:43:01', 0, 0, 1),
(254, 0, 7, 74, 1, 1, 0, 0, '', '', '', 0.000000, 0, 1, 0, 0, 118.220000, 17.130000, '', 0.000000, 0.00, 'EQ-CPP4545G', '', '', 0.000000, 0.000000, 0.000000, 2.800000, 2, 0, 0, 0, 0, 0, 1, '', 0, 1, '0000-00-00', 0, 'new', 1, 1, 'both', 0, 0, 0, 0, '2019-10-01 11:36:22', '2019-12-06 12:43:02', 0, 0, 1),
(255, 0, 7, 75, 1, 1, 0, 0, '', '', '', 0.000000, 0, 1, 0, 0, 118.220000, 17.130000, '', 0.000000, 0.00, 'EQ-CPP4545N', '', '', 0.000000, 0.000000, 0.000000, 2.800000, 2, 0, 0, 0, 0, 0, 1, '', 0, 1, '0000-00-00', 0, 'new', 1, 1, 'both', 0, 0, 0, 0, '2019-10-01 11:36:24', '2019-12-06 12:43:03', 0, 0, 1),
(256, 0, 7, 73, 1, 1, 0, 0, '', '', '', 0.000000, 0, 1, 0, 0, 140.440000, 21.480000, '', 0.000000, 0.00, 'EQ-CPP4560B', '', '', 0.000000, 0.000000, 0.000000, 3.600000, 2, 0, 0, 0, 0, 0, 1, '', 0, 1, '0000-00-00', 0, 'new', 1, 1, 'both', 0, 0, 0, 0, '2019-10-01 11:36:26', '2019-12-06 12:43:04', 0, 0, 1),
(257, 0, 7, 74, 1, 1, 0, 0, '', '', '', 0.000000, 0, 1, 0, 0, 140.440000, 21.480000, '', 0.000000, 0.00, 'EQ-CPP4560G', '', '', 0.000000, 0.000000, 0.000000, 3.600000, 2, 0, 0, 0, 0, 0, 1, '', 0, 1, '0000-00-00', 0, 'new', 1, 1, 'both', 0, 0, 0, 0, '2019-10-01 11:36:28', '2019-12-06 12:43:05', 0, 0, 1),
(258, 0, 7, 75, 1, 1, 0, 0, '', '', '', 0.000000, 0, 1, 0, 0, 140.440000, 21.480000, '', 0.000000, 0.00, 'EQ-CPP4560N', '', '', 0.000000, 0.000000, 0.000000, 3.600000, 2, 0, 0, 0, 0, 0, 1, '301-category', 0, 1, '0000-00-00', 0, 'new', 1, 1, 'both', 0, 0, 0, 0, '2019-10-01 11:36:30', '2019-12-06 12:43:06', 0, 0, 1),
(259, 0, 7, 72, 1, 1, 0, 0, '', '', '', 0.000000, 0, 1, 0, 0, 7.840000, 1.960000, '', 0.000000, 0.00, 'EQ-SIPHONPP', '', '', 0.000000, 0.000000, 0.000000, 0.300000, 2, 0, 0, 0, 0, 0, 1, '301-category', 0, 1, '0000-00-00', 0, 'new', 1, 1, 'both', 0, 0, 0, 0, '2019-10-01 11:37:32', '2019-12-06 12:43:08', 0, 0, 1),
(260, 0, 69, 88, 1, 1, 0, 0, '', '', '', 0.000000, 0, 1, 0, 0, 192.000000, 48.000000, '', 0.000000, 0.00, 'EQ-TDL.DN', '', '', 0.000000, 0.000000, 0.000000, 0.000000, 2, 0, 0, 0, 0, 0, 1, '', 0, 1, '0000-00-00', 0, 'new', 1, 1, 'both', 0, 0, 0, 0, '2019-10-01 11:37:37', '2019-12-06 12:43:09', 0, 0, 1),
(261, 0, 69, 88, 1, 1, 0, 0, '', '', '', 0.000000, 0, 1, 0, 0, 952.000000, 238.000000, '', 0.000000, 0.00, 'EQ-TDL.KTP', '', '', 0.000000, 0.000000, 0.000000, 0.000000, 2, 0, 0, 0, 0, 0, 1, '', 0, 1, '0000-00-00', 0, 'new', 1, 1, 'both', 0, 0, 0, 0, '2019-10-01 11:37:40', '2019-12-06 12:43:10', 0, 0, 1),
(262, 0, 69, 88, 1, 1, 0, 0, '', '', '', 0.000000, 0, 1, 0, 0, 2256.000000, 564.000000, '', 0.000000, 0.00, 'EQ-TDL.PV2A2', '', '', 0.000000, 0.000000, 0.000000, 0.000000, 2, 0, 0, 0, 0, 0, 1, '', 0, 1, '0000-00-00', 0, 'new', 1, 1, 'both', 0, 0, 0, 0, '2019-10-01 11:37:42', '2019-12-06 12:43:11', 0, 0, 1),
(263, 0, 69, 88, 1, 1, 0, 0, '', '', '', 0.000000, 0, 1, 0, 0, 7560.000000, 1890.000000, '', 0.000000, 0.00, 'EQ-TDL050', '', '', 0.000000, 0.000000, 0.000000, 0.000000, 2, 0, 0, 0, 0, 0, 1, '', 0, 1, '0000-00-00', 0, 'new', 1, 1, 'both', 0, 0, 0, 0, '2019-10-01 11:37:44', '2019-12-06 12:43:12', 0, 0, 1),
(264, 0, 69, 88, 1, 1, 0, 0, '', '', '', 0.000000, 0, 1, 0, 0, 9392.000000, 2348.000000, '', 0.000000, 0.00, 'EQ-TDL060', '', '', 0.000000, 0.000000, 0.000000, 0.000000, 2, 0, 0, 0, 0, 0, 1, '', 0, 1, '0000-00-00', 0, 'new', 1, 1, 'both', 0, 0, 0, 0, '2019-10-01 11:37:46', '2019-12-06 12:43:13', 0, 0, 1),
(265, 0, 69, 88, 1, 1, 0, 0, '', '', '', 0.000000, 0, 1, 0, 0, 11800.000000, 2950.000000, '', 0.000000, 0.00, 'EQ-TDL070', '', '', 0.000000, 0.000000, 0.000000, 0.000000, 2, 0, 0, 0, 0, 0, 1, '', 0, 1, '0000-00-00', 0, 'new', 1, 1, 'both', 0, 0, 0, 0, '2019-10-01 11:37:48', '2019-12-06 12:43:14', 0, 0, 1),
(266, 0, 69, 88, 1, 1, 0, 0, '', '', '', 0.000000, 0, 1, 0, 0, 14160.000000, 3540.000000, '', 0.000000, 0.00, 'EQ-TDL080', '', '', 0.000000, 0.000000, 0.000000, 0.000000, 2, 0, 0, 0, 0, 0, 1, '', 0, 1, '0000-00-00', 0, 'new', 1, 1, 'both', 0, 0, 0, 0, '2019-10-01 11:37:50', '2019-12-06 12:43:15', 0, 0, 1),
(267, 0, 69, 88, 1, 1, 0, 0, '', '', '', 0.000000, 0, 1, 0, 0, 17464.000000, 4366.000000, '', 0.000000, 0.00, 'EQ-TDL100', '', '', 0.000000, 0.000000, 0.000000, 0.000000, 2, 0, 0, 0, 0, 0, 1, '', 0, 1, '0000-00-00', 0, 'new', 1, 1, 'both', 0, 0, 0, 0, '2019-10-01 11:37:52', '2019-12-06 12:43:16', 0, 0, 1),
(268, 0, 69, 88, 1, 1, 0, 0, '', '', '', 0.000000, 0, 1, 0, 0, 19824.000000, 4956.000000, '', 0.000000, 0.00, 'EQ-TDL125', '', '', 0.000000, 0.000000, 0.000000, 0.000000, 2, 0, 0, 0, 0, 0, 1, '', 0, 1, '0000-00-00', 0, 'new', 1, 1, 'both', 0, 0, 0, 0, '2019-10-01 11:37:55', '2019-12-06 12:43:17', 0, 0, 1),
(269, 0, 69, 88, 1, 1, 0, 0, '', '', '', 0.000000, 0, 1, 0, 0, 25960.000000, 6490.000000, '', 0.000000, 0.00, 'EQ-TDL150', '', '', 0.000000, 0.000000, 0.000000, 0.000000, 2, 0, 0, 0, 0, 0, 1, '', 0, 1, '0000-00-00', 0, 'new', 1, 1, 'both', 0, 0, 0, 0, '2019-10-01 11:37:57', '2019-12-06 12:43:18', 0, 0, 1),
(270, 0, 69, 88, 1, 1, 0, 0, '', '', '', 0.000000, 0, 1, 0, 0, 47480.000000, 11870.000000, '', 0.000000, 0.00, 'EQ-TDL150-PVC', '', '', 0.000000, 0.000000, 0.000000, 0.000000, 2, 0, 0, 0, 0, 0, 1, '', 0, 1, '0000-00-00', 0, 'new', 1, 1, 'both', 0, 0, 0, 0, '2019-10-01 11:37:59', '2019-12-06 12:43:19', 0, 0, 1),
(271, 0, 69, 88, 1, 1, 0, 0, '', '', '', 0.000000, 0, 1, 0, 0, 31624.000000, 7906.000000, '', 0.000000, 0.00, 'EQ-TDL175', '', '', 0.000000, 0.000000, 0.000000, 0.000000, 2, 0, 0, 0, 0, 0, 1, '', 0, 1, '0000-00-00', 0, 'new', 1, 1, 'both', 0, 0, 0, 0, '2019-10-01 11:38:02', '2019-12-06 12:43:20', 0, 0, 1),
(272, 0, 69, 88, 1, 1, 0, 0, '', '', '', 0.000000, 0, 1, 0, 0, 39600.000000, 9900.000000, '', 0.000000, 0.00, 'EQ-TDL200', '', '', 0.000000, 0.000000, 0.000000, 0.000000, 2, 0, 0, 0, 0, 0, 1, '', 0, 1, '0000-00-00', 0, 'new', 1, 1, 'both', 0, 0, 0, 0, '2019-10-01 11:38:04', '2019-12-06 12:43:22', 0, 0, 1),
(273, 0, 69, 88, 1, 1, 0, 0, '', '', '', 0.000000, 0, 1, 0, 0, 48144.000000, 12036.000000, '', 0.000000, 0.00, 'EQ-TDL240', '', '', 0.000000, 0.000000, 0.000000, 0.000000, 2, 0, 0, 0, 0, 0, 1, '', 0, 1, '0000-00-00', 0, 'new', 1, 1, 'both', 0, 0, 0, 0, '2019-10-01 11:38:06', '2019-12-06 12:43:23', 0, 0, 1),
(274, 0, 69, 88, 1, 1, 0, 0, '', '', '', 0.000000, 0, 1, 0, 0, 54560.000000, 13640.000000, '', 0.000000, 0.00, 'EQ-TDL280', '', '', 0.000000, 0.000000, 0.000000, 0.000000, 2, 0, 0, 0, 0, 0, 1, '', 0, 1, '0000-00-00', 0, 'new', 1, 1, 'both', 0, 0, 0, 0, '2019-10-01 11:38:09', '2019-12-06 12:43:25', 0, 0, 1),
(275, 0, 69, 88, 1, 1, 0, 0, '', '', '', 0.000000, 0, 1, 0, 0, 4760.000000, 1190.000000, '', 0.000000, 0.00, 'EQ-TDL-SC2', '', '', 0.000000, 0.000000, 0.000000, 0.000000, 2, 0, 0, 0, 0, 0, 1, '', 0, 1, '0000-00-00', 0, 'new', 1, 1, 'both', 0, 0, 0, 0, '2019-10-01 11:38:12', '2019-12-06 12:43:26', 0, 0, 1),
(276, 0, 117, 90, 1, 1, 0, 0, '', '', '', 0.000000, 0, 1, 0, 0, 1033.330000, 190.000000, '', 0.000000, 0.00, 'E-RD.E', '', '', 0.000000, 0.000000, 0.000000, 2.000000, 2, 0, 0, 0, 0, 0, 1, '301-category', 0, 1, '0000-00-00', 0, 'new', 1, 1, 'both', 0, 0, 0, 0, '2019-10-01 11:38:17', '2019-12-06 12:43:27', 0, 0, 1),
(277, 0, 117, 91, 1, 1, 0, 0, '', '', '', 0.000000, 0, 1, 0, 0, 844.500000, 170.000000, '', 0.000000, 0.00, 'E-RD.O', '', '', 0.000000, 0.000000, 0.000000, 1.300000, 2, 0, 0, 0, 0, 0, 1, '301-category', 0, 1, '0000-00-00', 0, 'new', 1, 1, 'both', 0, 0, 0, 0, '2019-10-01 11:38:21', '2019-12-06 12:43:28', 0, 0, 1),
(278, 0, 117, 91, 1, 1, 0, 0, '', '', '', 0.000000, 0, 1, 0, 0, 1441.100000, 333.270000, '', 0.000000, 0.00, 'E-RD.O-M04', '', '', 0.000000, 0.000000, 0.000000, 0.750000, 2, 0, 0, 0, 0, 0, 1, '301-category', 0, 1, '0000-00-00', 0, 'new', 1, 1, 'both', 0, 0, 0, 0, '2019-10-01 11:38:23', '2019-12-06 12:43:29', 0, 0, 1),
(279, 0, 117, 91, 1, 1, 0, 0, '', '', '', 0.000000, 0, 1, 0, 0, 1535.830000, 350.990000, '', 0.000000, 0.00, 'E-RD.O-M075', '', '', 0.000000, 0.000000, 0.000000, 0.750000, 2, 0, 0, 0, 0, 0, 1, '301-category', 0, 1, '0000-00-00', 0, 'new', 1, 1, 'both', 0, 0, 0, 0, '2019-10-01 11:38:25', '2019-12-06 12:43:30', 0, 0, 1),
(280, 0, 117, 91, 1, 1, 0, 0, '', '', '', 0.000000, 0, 1, 0, 0, 1707.430000, 401.290000, '', 0.000000, 0.00, 'E-RD.O-M15', '', '', 0.000000, 0.000000, 0.000000, 0.750000, 2, 0, 0, 0, 0, 0, 1, '301-category', 0, 1, '0000-00-00', 0, 'new', 1, 1, 'both', 0, 0, 0, 0, '2019-10-01 11:38:28', '2019-12-06 12:43:31', 0, 0, 1),
(281, 0, 117, 91, 1, 1, 0, 0, '', '', '', 0.000000, 0, 1, 0, 0, 1763.030000, 405.650000, '', 0.000000, 0.00, 'E-RD.O-M22', '', '', 0.000000, 0.000000, 0.000000, 0.750000, 2, 0, 0, 0, 0, 0, 1, '301-category', 0, 1, '0000-00-00', 0, 'new', 1, 1, 'both', 0, 0, 0, 0, '2019-10-01 11:38:30', '2019-12-06 12:43:32', 0, 0, 1),
(282, 0, 117, 91, 1, 1, 0, 0, '', '', '', 0.000000, 0, 1, 0, 0, 1260.010000, 241.400000, '', 0.000000, 0.00, 'E-RD.O-R', '', '', 0.000000, 0.000000, 0.000000, 0.750000, 2, 0, 0, 0, 0, 0, 1, '301-category', 0, 1, '0000-00-00', 0, 'new', 1, 1, 'both', 0, 0, 0, 0, '2019-10-01 11:38:32', '2019-12-06 12:43:33', 0, 0, 1),
(283, 0, 117, 91, 1, 1, 0, 0, '', '', '', 0.000000, 0, 1, 0, 0, 1757.750000, 412.110000, '', 0.000000, 0.00, 'E-RD.O-T075', '', '', 0.000000, 0.000000, 0.000000, 0.750000, 2, 0, 0, 0, 0, 0, 1, '301-category', 0, 1, '0000-00-00', 0, 'new', 1, 1, 'both', 0, 0, 0, 0, '2019-10-01 11:38:34', '2019-12-06 12:43:34', 0, 0, 1),
(284, 0, 117, 91, 1, 1, 0, 0, '', '', '', 0.000000, 0, 1, 0, 0, 1901.430000, 439.300000, '', 0.000000, 0.00, 'E-RD.O-T15', '', '', 0.000000, 0.000000, 0.000000, 0.750000, 2, 0, 0, 0, 0, 0, 1, '301-category', 0, 1, '0000-00-00', 0, 'new', 1, 1, 'both', 0, 0, 0, 0, '2019-10-01 11:38:37', '2019-12-06 12:43:35', 0, 0, 1),
(285, 0, 117, 91, 1, 1, 0, 0, '', '', '', 0.000000, 0, 1, 0, 0, 1985.030000, 459.650000, '', 0.000000, 0.00, 'E-RD.O-T22', '', '', 0.000000, 0.000000, 0.000000, 0.750000, 2, 0, 0, 0, 0, 0, 1, '301-category', 0, 1, '0000-00-00', 0, 'new', 1, 1, 'both', 0, 0, 0, 0, '2019-10-01 11:38:39', '2019-12-06 12:43:36', 0, 0, 1),
(286, 0, 117, 91, 1, 1, 0, 0, '', '', '', 0.000000, 0, 1, 0, 0, 939.500000, 170.000000, '', 0.000000, 0.00, 'E-RD.P', '', '', 0.000000, 0.000000, 0.000000, 2.150000, 2, 0, 0, 0, 0, 0, 1, '301-category', 0, 1, '0000-00-00', 0, 'new', 1, 1, 'both', 0, 0, 0, 0, '2019-10-01 11:38:41', '2019-12-06 12:43:37', 0, 0, 1),
(287, 0, 117, 91, 1, 1, 0, 0, '', '', '', 0.000000, 0, 1, 0, 0, 1716.100000, 320.710000, '', 0.000000, 0.00, 'E-RD.P-M04', '', '', 0.000000, 0.000000, 0.000000, 0.750000, 2, 0, 0, 0, 0, 0, 1, '301-category', 0, 1, '0000-00-00', 0, 'new', 1, 1, 'both', 0, 0, 0, 0, '2019-10-01 11:38:43', '2019-12-06 12:43:38', 0, 0, 1),
(288, 0, 117, 91, 1, 1, 0, 0, '', '', '', 0.000000, 0, 1, 0, 0, 1810.830000, 350.990000, '', 0.000000, 0.00, 'E-RD.P-M075', '', '', 0.000000, 0.000000, 0.000000, 8.500000, 2, 0, 0, 0, 0, 0, 1, '301-category', 0, 1, '0000-00-00', 0, 'new', 1, 1, 'both', 0, 0, 0, 0, '2019-10-01 11:38:45', '2019-12-06 12:43:39', 0, 0, 1),
(289, 0, 117, 91, 1, 1, 0, 0, '', '', '', 0.000000, 0, 1, 0, 0, 1982.430000, 401.290000, '', 0.000000, 0.00, 'E-RD.P-M15', '', '', 0.000000, 0.000000, 0.000000, 0.750000, 2, 0, 0, 0, 0, 0, 1, '301-category', 0, 1, '0000-00-00', 0, 'new', 1, 1, 'both', 0, 0, 0, 0, '2019-10-01 11:38:48', '2019-12-06 12:43:40', 0, 0, 1),
(290, 0, 117, 91, 1, 1, 0, 0, '', '', '', 0.000000, 0, 1, 0, 0, 2038.030000, 401.290000, '', 0.000000, 0.00, 'E-RD.P-M22', '', '', 0.000000, 0.000000, 0.000000, 0.750000, 2, 0, 0, 0, 0, 0, 1, '301-category', 0, 1, '0000-00-00', 0, 'new', 1, 1, 'both', 0, 0, 0, 0, '2019-10-01 11:38:50', '2019-12-06 12:43:41', 0, 0, 1),
(291, 0, 117, 91, 1, 1, 0, 0, '', '', '', 0.000000, 0, 1, 0, 0, 1535.010000, 242.840000, '', 0.000000, 0.00, 'E-RD.P-R', '', '', 0.000000, 0.000000, 0.000000, 0.750000, 2, 0, 0, 0, 0, 0, 1, '301-category', 0, 1, '0000-00-00', 0, 'new', 1, 1, 'both', 0, 0, 0, 0, '2019-10-01 11:38:53', '2019-12-06 12:43:42', 0, 0, 1),
(292, 0, 117, 91, 1, 1, 0, 0, '', '', '', 0.000000, 0, 1, 0, 0, 2032.750000, 404.810000, '', 0.000000, 0.00, 'E-RD.P-T075', '', '', 0.000000, 0.000000, 0.000000, 0.750000, 2, 0, 0, 0, 0, 0, 1, '301-category', 0, 1, '0000-00-00', 0, 'new', 1, 1, 'both', 0, 0, 0, 0, '2019-10-01 11:38:55', '2019-12-06 12:43:43', 0, 0, 1),
(293, 0, 117, 91, 1, 1, 0, 0, '', '', '', 0.000000, 0, 1, 0, 0, 2176.430000, 439.300000, '', 0.000000, 0.00, 'E-RD.P-T15', '', '', 0.000000, 0.000000, 0.000000, 0.750000, 2, 0, 0, 0, 0, 0, 1, '301-category', 0, 1, '0000-00-00', 0, 'new', 1, 1, 'both', 0, 0, 0, 0, '2019-10-01 11:38:57', '2019-12-06 12:43:44', 0, 0, 1),
(294, 0, 117, 91, 1, 1, 0, 0, '', '', '', 0.000000, 0, 1, 0, 0, 2261.510000, 459.650000, '', 0.000000, 0.00, 'E-RD.P-T22', '', '', 0.000000, 0.000000, 0.000000, 0.750000, 2, 0, 0, 0, 0, 0, 1, '301-category', 0, 1, '0000-00-00', 0, 'new', 1, 1, 'both', 0, 0, 0, 0, '2019-10-01 11:38:59', '2019-12-06 12:43:45', 0, 0, 1),
(295, 0, 28, 33, 1, 1, 0, 0, '', '', '', 0.000000, 0, 1, 0, 0, 400.000000, 75.000000, '', 0.000000, 0.00, '', '', '', 0.000000, 0.000000, 0.000000, 0.242000, 2, 0, 0, 0, 0, 0, 1, '301-category', 0, 1, '0000-00-00', 0, 'new', 1, 1, 'both', 0, 0, 0, 1450, '2019-10-01 11:39:03', '2019-10-30 11:28:03', 0, 0, 1),
(296, 0, 117, 92, 1, 1, 0, 0, '', '', '', 0.000000, 0, 1, 0, 0, 450.000000, 85.000000, '', 0.000000, 0.00, 'E-RDP1000', '', '', 0.000000, 0.000000, 0.000000, 0.000000, 2, 0, 0, 0, 0, 0, 1, '301-category', 0, 1, '0000-00-00', 0, 'new', 1, 1, 'both', 0, 0, 0, 0, '2019-10-01 11:39:05', '2019-12-06 12:43:46', 0, 0, 1),
(297, 0, 117, 92, 1, 1, 0, 0, '', '', '', 0.000000, 0, 1, 0, 0, 450.000000, 85.000000, '', 0.000000, 0.00, 'E-RDP120', '', '', 0.000000, 0.000000, 0.000000, 0.000000, 2, 0, 0, 0, 0, 0, 1, '301-category', 0, 1, '0000-00-00', 0, 'new', 1, 1, 'both', 0, 0, 0, 0, '2019-10-01 11:39:08', '2019-12-06 12:43:47', 0, 0, 1),
(298, 0, 117, 92, 1, 1, 0, 0, '', '', '', 0.000000, 0, 1, 0, 0, 586.950000, 83.850000, '', 0.000000, 0.00, 'E-RDP3500', '', '', 0.000000, 0.000000, 0.000000, 0.000000, 2, 0, 0, 0, 0, 0, 1, '301-category', 0, 1, '0000-00-00', 0, 'new', 1, 1, 'both', 0, 0, 0, 0, '2019-10-01 11:39:10', '2019-12-06 12:43:48', 0, 0, 1),
(299, 0, 117, 92, 1, 1, 0, 0, '', '', '', 0.000000, 0, 1, 0, 0, 400.000000, 75.000000, '', 0.000000, 0.00, 'E-RDP500', '', '', 0.000000, 0.000000, 0.000000, 0.242000, 2, 0, 0, 0, 0, 0, 1, '301-category', 0, 1, '0000-00-00', 0, 'new', 1, 1, 'both', 0, 0, 0, 0, '2019-10-01 11:39:13', '2019-12-06 12:43:49', 0, 0, 1),
(300, 0, 117, 92, 1, 1, 0, 0, '', '', '', 0.000000, 0, 1, 0, 0, 450.000000, 90.000000, '', 0.000000, 0.00, 'E-RDPA100', '', '', 0.000000, 0.000000, 0.000000, 0.300000, 2, 0, 0, 0, 0, 0, 1, '301-category', 0, 1, '0000-00-00', 0, 'new', 1, 1, 'both', 0, 0, 0, 0, '2019-10-01 11:39:15', '2019-12-06 12:43:50', 0, 0, 1),
(301, 0, 117, 92, 1, 1, 0, 0, '', '', '', 0.000000, 0, 1, 0, 0, 500.000000, 100.000000, '', 0.000000, 0.00, 'E-RDPA1000', '', '', 0.000000, 0.000000, 0.000000, 0.000000, 2, 0, 0, 0, 0, 0, 1, '301-category', 0, 1, '0000-00-00', 0, 'new', 1, 1, 'both', 0, 0, 0, 0, '2019-10-01 11:39:17', '2019-12-06 12:43:51', 0, 0, 1),
(302, 0, 117, 92, 1, 1, 0, 0, '', '', '', 0.000000, 0, 1, 0, 0, 450.000000, 90.000000, '', 0.000000, 0.00, 'E-RDPA500', '', '', 0.000000, 0.000000, 0.000000, 0.000000, 2, 0, 0, 0, 0, 0, 1, '301-category', 0, 1, '0000-00-00', 0, 'new', 1, 1, 'both', 0, 0, 0, 0, '2019-10-01 11:39:20', '2019-12-06 12:43:52', 0, 0, 1),
(303, 0, 117, 92, 1, 1, 0, 0, '', '', '', 0.000000, 0, 1, 0, 0, 695.000000, 125.000000, '', 0.000000, 0.00, 'E-RDPT100', '', '', 0.000000, 0.000000, 0.000000, 0.000000, 2, 0, 0, 0, 0, 0, 1, '301-category', 0, 1, '0000-00-00', 0, 'new', 1, 1, 'both', 0, 0, 0, 0, '2019-10-01 11:39:22', '2019-12-06 12:43:53', 0, 0, 1),
(304, 0, 117, 57, 1, 1, 0, 0, '', '', '', 0.000000, 0, 1, 0, 0, 588.880000, 55.000000, '', 0.000000, 0.00, 'E-RS.E', '', '', 0.000000, 0.000000, 0.000000, 0.844000, 2, 0, 0, 0, 0, 0, 1, '301-category', 0, 1, '0000-00-00', 0, 'new', 1, 1, 'both', 0, 0, 0, 0, '2019-10-01 11:39:25', '2019-12-06 12:43:54', 0, 0, 1),
(305, 0, 117, 57, 1, 1, 0, 0, '', '', '', 0.000000, 0, 1, 0, 0, 1151.390000, 200.710000, '', 0.000000, 0.00, 'E-RS.E-M04', '', '', 0.000000, 0.000000, 0.000000, 4.600000, 2, 0, 0, 0, 0, 0, 1, '301-category', 0, 1, '0000-00-00', 0, 'new', 1, 1, 'both', 0, 0, 0, 0, '2019-10-01 11:39:27', '2019-12-06 12:43:55', 0, 0, 1),
(306, 0, 117, 57, 1, 1, 0, 0, '', '', '', 0.000000, 0, 1, 0, 0, 1271.320000, 230.990000, '', 0.000000, 0.00, 'E-RS.E-M075', '', '', 0.000000, 0.000000, 0.000000, 4.700000, 2, 0, 0, 0, 0, 0, 1, '301-category', 0, 1, '0000-00-00', 0, 'new', 1, 1, 'both', 0, 0, 0, 0, '2019-10-01 11:39:30', '2019-12-06 12:43:56', 0, 0, 1),
(307, 0, 117, 57, 1, 1, 0, 0, '', '', '', 0.000000, 0, 1, 0, 0, 1442.930000, 281.290000, '', 0.000000, 0.00, 'E-RS.E-M15', '', '', 0.000000, 0.000000, 0.000000, 5.000000, 2, 0, 0, 0, 0, 0, 1, '301-category', 0, 1, '0000-00-00', 0, 'new', 1, 1, 'both', 0, 0, 0, 0, '2019-10-01 11:39:32', '2019-12-06 12:43:57', 0, 0, 1),
(308, 0, 117, 57, 1, 1, 0, 0, '', '', '', 0.000000, 0, 1, 0, 0, 1498.520000, 285.650000, '', 0.000000, 0.00, 'E-RS.E-M22', '', '', 0.000000, 0.000000, 0.000000, 5.500000, 2, 0, 0, 0, 0, 0, 1, '301-category', 0, 1, '0000-00-00', 0, 'new', 1, 1, 'both', 0, 0, 0, 0, '2019-10-01 11:39:34', '2019-12-06 12:43:58', 0, 0, 1),
(309, 0, 117, 57, 1, 1, 0, 0, '', '', '', 0.000000, 0, 1, 0, 0, 946.650000, 126.400000, '', 0.000000, 0.00, 'E-RS.E-R', '', '', 0.000000, 0.000000, 0.000000, 0.750000, 2, 0, 0, 0, 0, 0, 1, '301-category', 0, 1, '0000-00-00', 0, 'new', 1, 1, 'both', 0, 0, 0, 0, '2019-10-01 11:39:37', '2019-12-06 12:43:59', 0, 0, 1),
(310, 0, 117, 57, 1, 1, 0, 0, '', '', '', 0.000000, 0, 1, 0, 0, 1493.240000, 292.110000, '', 0.000000, 0.00, 'E-RS.E-T075', '', '', 0.000000, 0.000000, 0.000000, 4.750000, 2, 0, 0, 0, 0, 0, 1, '301-category', 0, 1, '0000-00-00', 0, 'new', 1, 1, 'both', 0, 0, 0, 0, '2019-10-01 11:39:39', '2019-12-06 12:44:00', 0, 0, 1);
INSERT INTO `ps_product` (`id_product`, `id_supplier`, `id_manufacturer`, `id_category_default`, `id_shop_default`, `id_tax_rules_group`, `on_sale`, `online_only`, `ean13`, `isbn`, `upc`, `ecotax`, `quantity`, `minimal_quantity`, `low_stock_threshold`, `low_stock_alert`, `price`, `wholesale_price`, `unity`, `unit_price_ratio`, `additional_shipping_cost`, `reference`, `supplier_reference`, `location`, `width`, `height`, `depth`, `weight`, `out_of_stock`, `additional_delivery_times`, `quantity_discount`, `customizable`, `uploadable_files`, `text_fields`, `active`, `redirect_type`, `id_type_redirected`, `available_for_order`, `available_date`, `show_condition`, `condition`, `show_price`, `indexed`, `visibility`, `cache_is_pack`, `cache_has_attachments`, `is_virtual`, `cache_default_attribute`, `date_add`, `date_upd`, `advanced_stock_management`, `pack_stock_type`, `state`) VALUES
(311, 0, 117, 57, 1, 1, 0, 0, '', '', '', 0.000000, 0, 1, 0, 0, 1636.920000, 319.100000, '', 0.000000, 0.00, 'E-RS.E-T15', '', '', 0.000000, 0.000000, 0.000000, 5.000000, 2, 0, 0, 0, 0, 0, 1, '301-category', 0, 1, '0000-00-00', 0, 'new', 1, 1, 'both', 0, 0, 0, 0, '2019-10-01 11:39:41', '2019-12-06 12:44:02', 0, 0, 1),
(312, 0, 117, 57, 1, 1, 0, 0, '', '', '', 0.000000, 0, 1, 0, 0, 1720.520000, 339.650000, '', 0.000000, 0.00, 'E-RS.E-T22', '', '', 0.000000, 0.000000, 0.000000, 5.500000, 2, 0, 0, 0, 0, 0, 1, '301-category', 0, 1, '0000-00-00', 0, 'new', 1, 1, 'both', 0, 0, 0, 0, '2019-10-01 11:39:43', '2019-12-06 12:44:03', 0, 0, 1),
(313, 0, 28, 165, 1, 1, 0, 0, '', '', '', 0.000000, 0, 1, 0, 0, 444.450000, 45.000000, '', 0.000000, 0.00, '', '', '', 0.000000, 0.000000, 0.000000, 0.784000, 2, 0, 0, 0, 0, 0, 1, '301-category', 0, 1, '0000-00-00', 0, 'new', 1, 1, 'both', 0, 0, 0, 15343, '2019-10-01 11:39:46', '2019-12-06 13:41:57', 0, 0, 1),
(314, 0, 117, 57, 1, 1, 0, 0, '', '', '', 0.000000, 0, 1, 0, 0, 797.770000, 87.000000, '', 0.000000, 0.00, 'E-RS.O-R', '', '', 0.000000, 0.000000, 0.000000, 2.700000, 2, 0, 0, 0, 0, 0, 1, '301-category', 0, 1, '0000-00-00', 0, 'new', 1, 1, 'both', 0, 0, 0, 0, '2019-10-01 11:39:48', '2019-12-06 12:44:04', 0, 0, 1),
(315, 0, 117, 57, 1, 1, 0, 0, '', '', '', 0.000000, 0, 1, 0, 0, 500.000000, 45.000000, '', 0.000000, 0.00, 'E-RS.P', '', '', 0.000000, 0.000000, 0.000000, 0.802000, 2, 0, 0, 0, 0, 0, 1, '301-category', 0, 1, '0000-00-00', 0, 'new', 1, 1, 'both', 0, 0, 0, 0, '2019-10-01 11:39:50', '2019-12-06 12:44:05', 0, 0, 1),
(316, 0, 117, 57, 1, 1, 0, 0, '', '', '', 0.000000, 0, 1, 0, 0, 1062.510000, 190.710000, '', 0.000000, 0.00, 'E-RS.P-M04', '', '', 0.000000, 0.000000, 0.000000, 4.500000, 2, 0, 0, 0, 0, 0, 1, '301-category', 0, 1, '0000-00-00', 0, 'new', 1, 1, 'both', 0, 0, 0, 0, '2019-10-01 11:39:53', '2019-12-06 12:44:06', 0, 0, 1),
(317, 0, 117, 57, 1, 1, 0, 0, '', '', '', 0.000000, 0, 1, 0, 0, 1182.440000, 208.430000, '', 0.000000, 0.00, 'E-RS.P-M075', '', '', 0.000000, 0.000000, 0.000000, 7.500000, 2, 0, 0, 0, 0, 0, 1, '301-category', 0, 1, '0000-00-00', 0, 'new', 1, 1, 'both', 0, 0, 0, 0, '2019-10-01 11:39:55', '2019-12-06 12:44:07', 0, 0, 1),
(318, 0, 117, 57, 1, 1, 0, 0, '', '', '', 0.000000, 0, 1, 0, 0, 1354.050000, 271.290000, '', 0.000000, 0.00, 'E-RS.P-M15', '', '', 0.000000, 0.000000, 0.000000, 0.750000, 2, 0, 0, 0, 0, 0, 1, '301-category', 0, 1, '0000-00-00', 0, 'new', 1, 1, 'both', 0, 0, 0, 0, '2019-10-01 11:39:57', '2019-12-06 12:44:08', 0, 0, 1),
(319, 0, 117, 57, 1, 1, 0, 0, '', '', '', 0.000000, 0, 1, 0, 0, 1409.640000, 275.650000, '', 0.000000, 0.00, 'E-RS.P-M22', '', '', 0.000000, 0.000000, 0.000000, 0.750000, 2, 0, 0, 0, 0, 0, 1, '301-category', 0, 1, '0000-00-00', 0, 'new', 1, 1, 'both', 0, 0, 0, 0, '2019-10-01 11:40:00', '2019-12-06 12:44:09', 0, 0, 1),
(320, 0, 117, 57, 1, 1, 0, 0, '', '', '', 0.000000, 0, 1, 0, 0, 857.770000, 116.400000, '', 0.000000, 0.00, 'E-RS.P-R', '', '', 0.000000, 0.000000, 0.000000, 0.750000, 2, 0, 0, 0, 0, 0, 1, '301-category', 0, 1, '0000-00-00', 0, 'new', 1, 1, 'both', 0, 0, 0, 0, '2019-10-01 11:40:03', '2019-12-06 12:44:10', 0, 0, 1),
(321, 0, 117, 57, 1, 1, 0, 0, '', '', '', 0.000000, 0, 1, 0, 0, 1404.360000, 271.300000, '', 0.000000, 0.00, 'E-RS.P-T04', '', '', 0.000000, 0.000000, 0.000000, 5.120000, 2, 0, 0, 0, 0, 0, 1, '301-category', 0, 1, '0000-00-00', 0, 'new', 1, 1, 'both', 0, 0, 0, 0, '2019-10-01 11:40:05', '2019-12-06 12:44:11', 0, 0, 1),
(322, 0, 117, 57, 1, 1, 0, 0, '', '', '', 0.000000, 0, 1, 0, 0, 1404.360000, 269.550000, '', 0.000000, 0.00, 'E-RS.P-T075', '', '', 0.000000, 0.000000, 0.000000, 5.120000, 2, 0, 0, 0, 0, 0, 1, '301-category', 0, 1, '0000-00-00', 0, 'new', 1, 1, 'both', 0, 0, 0, 0, '2019-10-01 11:40:08', '2019-12-06 12:44:12', 0, 0, 1),
(323, 0, 117, 57, 1, 1, 0, 0, '', '', '', 0.000000, 0, 1, 0, 0, 1548.040000, 309.300000, '', 0.000000, 0.00, 'E-RS.P-T15', '', '', 0.000000, 0.000000, 0.000000, 0.750000, 2, 0, 0, 0, 0, 0, 1, '301-category', 0, 1, '0000-00-00', 0, 'new', 1, 1, 'both', 0, 0, 0, 0, '2019-10-01 11:40:10', '2019-12-06 12:44:13', 0, 0, 1),
(324, 0, 117, 57, 1, 1, 0, 0, '', '', '', 0.000000, 0, 1, 0, 0, 1631.640000, 329.650000, '', 0.000000, 0.00, 'E-RS.P-T22', '', '', 0.000000, 0.000000, 0.000000, 0.750000, 2, 0, 0, 0, 0, 0, 1, '301-category', 0, 1, '0000-00-00', 0, 'new', 1, 1, 'both', 0, 0, 0, 0, '2019-10-01 11:40:13', '2019-12-06 12:44:14', 0, 0, 1),
(325, 0, 117, 93, 1, 1, 0, 0, '', '', '', 0.000000, 0, 1, 0, 0, 914.400000, 125.000000, '', 0.000000, 0.00, 'E-RV.E', '', '', 0.000000, 0.000000, 0.000000, 1.254000, 2, 0, 0, 0, 0, 0, 1, '301-category', 0, 1, '0000-00-00', 0, 'new', 1, 1, 'both', 0, 0, 0, 0, '2019-10-01 11:40:15', '2019-12-06 12:44:15', 0, 0, 1),
(326, 0, 117, 59, 1, 1, 0, 0, '', '', '', 0.000000, 0, 1, 0, 0, 655.550000, 100.000000, '', 0.000000, 0.00, 'E-RV.O', '', '', 0.000000, 0.000000, 0.000000, 1.115000, 2, 0, 0, 0, 0, 0, 1, '301-category', 0, 1, '0000-00-00', 0, 'new', 1, 1, 'both', 0, 0, 0, 0, '2019-10-01 11:40:18', '2019-12-06 12:44:16', 0, 0, 1),
(327, 0, 117, 59, 1, 1, 0, 0, '', '', '', 0.000000, 0, 1, 0, 0, 1252.200000, 262.520000, '', 0.000000, 0.00, 'E-RV.O-M04', '', '', 0.000000, 0.000000, 0.000000, 4.800000, 2, 0, 0, 0, 0, 0, 1, '301-category', 0, 1, '0000-00-00', 0, 'new', 1, 1, 'both', 0, 0, 0, 0, '2019-10-01 11:40:21', '2019-12-06 12:44:17', 0, 0, 1),
(328, 0, 117, 59, 1, 1, 0, 0, '', '', '', 0.000000, 0, 1, 0, 0, 1346.930000, 280.240000, '', 0.000000, 0.00, 'E-RV.O-M075', '', '', 0.000000, 0.000000, 0.000000, 5.000000, 2, 0, 0, 0, 0, 0, 1, '301-category', 0, 1, '0000-00-00', 0, 'new', 1, 1, 'both', 0, 0, 0, 0, '2019-10-01 11:40:23', '2019-12-06 12:44:18', 0, 0, 1),
(329, 0, 117, 59, 1, 1, 0, 0, '', '', '', 0.000000, 0, 1, 0, 0, 1518.530000, 330.540000, '', 0.000000, 0.00, 'E-RV.O-M15', '', '', 0.000000, 0.000000, 0.000000, 8.200000, 2, 0, 0, 0, 0, 0, 1, '301-category', 0, 1, '0000-00-00', 0, 'new', 1, 1, 'both', 0, 0, 0, 0, '2019-10-01 11:40:25', '2019-12-06 12:44:19', 0, 0, 1),
(330, 0, 117, 59, 1, 1, 0, 0, '', '', '', 0.000000, 0, 1, 0, 0, 1574.130000, 334.900000, '', 0.000000, 0.00, 'E-RV.O-M22', '', '', 0.000000, 0.000000, 0.000000, 0.750000, 2, 0, 0, 0, 0, 0, 1, '301-category', 0, 1, '0000-00-00', 0, 'new', 1, 1, 'both', 0, 0, 0, 0, '2019-10-01 11:40:28', '2019-12-06 12:44:20', 0, 0, 1),
(331, 0, 117, 59, 1, 1, 0, 0, '', '', '', 0.000000, 0, 1, 0, 0, 1071.110000, 170.650000, '', 0.000000, 0.00, 'E-RV.O-R', '', '', 0.000000, 0.000000, 0.000000, 0.750000, 2, 0, 0, 0, 0, 0, 1, '301-category', 0, 1, '0000-00-00', 0, 'new', 1, 1, 'both', 0, 0, 0, 0, '2019-10-01 11:40:30', '2019-12-06 12:44:21', 0, 0, 1),
(332, 0, 117, 59, 1, 1, 0, 0, '', '', '', 0.000000, 0, 1, 0, 0, 1568.850000, 341.360000, '', 0.000000, 0.00, 'E-RV.O-T075', '', '', 0.000000, 0.000000, 0.000000, 0.750000, 2, 0, 0, 0, 0, 0, 1, '301-category', 0, 1, '0000-00-00', 0, 'new', 1, 1, 'both', 0, 0, 0, 0, '2019-10-01 11:40:32', '2019-12-06 12:44:22', 0, 0, 1),
(333, 0, 117, 59, 1, 1, 0, 0, '', '', '', 0.000000, 0, 1, 0, 0, 1712.530000, 368.550000, '', 0.000000, 0.00, 'E-RV.O-T15', '', '', 0.000000, 0.000000, 0.000000, 0.750000, 2, 0, 0, 0, 0, 0, 1, '301-category', 0, 1, '0000-00-00', 0, 'new', 1, 1, 'both', 0, 0, 0, 0, '2019-10-01 11:40:35', '2019-12-06 12:44:23', 0, 0, 1),
(334, 0, 117, 59, 1, 1, 0, 0, '', '', '', 0.000000, 0, 1, 0, 0, 1796.130000, 388.900000, '', 0.000000, 0.00, 'E-RV.O-T22', '', '', 0.000000, 0.000000, 0.000000, 0.750000, 2, 0, 0, 0, 0, 0, 1, '301-category', 0, 1, '0000-00-00', 0, 'new', 1, 1, 'both', 0, 0, 0, 0, '2019-10-01 11:40:37', '2019-12-06 12:44:24', 0, 0, 1),
(335, 0, 117, 59, 1, 1, 0, 0, '', '', '', 0.000000, 0, 1, 0, 0, 724.440000, 105.000000, '', 0.000000, 0.00, 'E-RV.P', '', '', 0.000000, 0.000000, 0.000000, 1.254000, 2, 0, 0, 0, 0, 0, 1, '301-category', 0, 1, '0000-00-00', 0, 'new', 1, 1, 'both', 0, 0, 0, 0, '2019-10-01 11:40:39', '2019-12-06 12:44:25', 0, 0, 1),
(336, 0, 117, 59, 1, 1, 0, 0, '', '', '', 0.000000, 0, 1, 0, 0, 1311.000000, 255.410000, '', 0.000000, 0.00, 'E-RV.P-M04', '', '', 0.000000, 0.000000, 0.000000, 0.750000, 2, 0, 0, 0, 0, 0, 1, '301-category', 0, 1, '0000-00-00', 0, 'new', 1, 1, 'both', 0, 0, 0, 0, '2019-10-01 11:40:42', '2019-12-06 12:44:26', 0, 0, 1),
(337, 0, 117, 59, 1, 1, 0, 0, '', '', '', 0.000000, 0, 1, 0, 0, 1405.730000, 285.990000, '', 0.000000, 0.00, 'E-RV.P-M075', '', '', 0.000000, 0.000000, 0.000000, 0.750000, 2, 0, 0, 0, 0, 0, 1, '301-category', 0, 1, '0000-00-00', 0, 'new', 1, 1, 'both', 0, 0, 0, 0, '2019-10-01 11:40:44', '2019-12-06 12:44:27', 0, 0, 1),
(338, 0, 117, 59, 1, 1, 0, 0, '', '', '', 0.000000, 0, 1, 0, 0, 1577.330000, 336.290000, '', 0.000000, 0.00, 'E-RV.P-M15', '', '', 0.000000, 0.000000, 0.000000, 0.750000, 2, 0, 0, 0, 0, 0, 1, '301-category', 0, 1, '0000-00-00', 0, 'new', 1, 1, 'both', 0, 0, 0, 0, '2019-10-01 11:40:47', '2019-12-06 12:44:28', 0, 0, 1),
(339, 0, 117, 59, 1, 1, 0, 0, '', '', '', 0.000000, 0, 1, 0, 0, 1632.930000, 340.350000, '', 0.000000, 0.00, 'E-RV.P-M22', '', '', 0.000000, 0.000000, 0.000000, 0.750000, 2, 0, 0, 0, 0, 0, 1, '301-category', 0, 1, '0000-00-00', 0, 'new', 1, 1, 'both', 0, 0, 0, 0, '2019-10-01 11:40:49', '2019-12-06 12:44:30', 0, 0, 1),
(340, 0, 117, 59, 1, 1, 0, 0, '', '', '', 0.000000, 0, 1, 0, 0, 1129.910000, 176.400000, '', 0.000000, 0.00, 'E-RV.P-R', '', '', 0.000000, 0.000000, 0.000000, 0.750000, 2, 0, 0, 0, 0, 0, 1, '301-category', 0, 1, '0000-00-00', 0, 'new', 1, 1, 'both', 0, 0, 0, 0, '2019-10-01 11:40:52', '2019-12-06 12:44:31', 0, 0, 1),
(341, 0, 117, 59, 1, 1, 0, 0, '', '', '', 0.000000, 0, 1, 0, 0, 1627.650000, 347.110000, '', 0.000000, 0.00, 'E-RV.P-T075', '', '', 0.000000, 0.000000, 0.000000, 0.750000, 2, 0, 0, 0, 0, 0, 1, '301-category', 0, 1, '0000-00-00', 0, 'new', 1, 1, 'both', 0, 0, 0, 0, '2019-10-01 11:40:54', '2019-12-06 12:44:32', 0, 0, 1),
(342, 0, 117, 59, 1, 1, 0, 0, '', '', '', 0.000000, 0, 1, 0, 0, 1771.330000, 374.300000, '', 0.000000, 0.00, 'E-RV.P-T15', '', '', 0.000000, 0.000000, 0.000000, 0.750000, 2, 0, 0, 0, 0, 0, 1, '301-category', 0, 1, '0000-00-00', 0, 'new', 1, 1, 'both', 0, 0, 0, 0, '2019-10-01 11:40:57', '2019-12-06 12:44:33', 0, 0, 1),
(343, 0, 117, 59, 1, 1, 0, 0, '', '', '', 0.000000, 0, 1, 0, 0, 1854.930000, 394.650000, '', 0.000000, 0.00, 'E-RV.P-T22', '', '', 0.000000, 0.000000, 0.000000, 0.750000, 2, 0, 0, 0, 0, 0, 1, '301-category', 0, 1, '0000-00-00', 0, 'new', 1, 1, 'both', 0, 0, 0, 0, '2019-10-01 11:40:59', '2019-12-06 12:44:34', 0, 0, 1),
(344, 0, 28, 33, 1, 1, 0, 0, '', '', '', 0.000000, 0, 1, 0, 0, 364.440000, 157.900000, '', 0.000000, 0.00, '', '', '', 0.000000, 0.000000, 0.000000, 0.000000, 2, 0, 0, 0, 0, 0, 1, '301-category', 0, 1, '0000-00-00', 0, 'new', 1, 1, 'both', 0, 0, 0, 489, '2019-10-01 11:41:01', '2019-10-30 12:03:16', 0, 0, 1),
(345, 0, 34, 89, 1, 1, 0, 0, '', '', '', 0.000000, 0, 1, 0, 0, 982.400000, 245.600000, '', 0.000000, 0.00, 'E-SCO10V.A', '', '', 0.000000, 0.000000, 0.000000, 0.000000, 2, 0, 0, 0, 0, 0, 1, '301-category', 0, 1, '0000-00-00', 0, 'new', 1, 1, 'both', 0, 0, 0, 0, '2019-10-01 11:41:04', '2019-12-06 12:44:35', 0, 0, 1),
(346, 0, 75, 89, 1, 1, 0, 0, '', '', '', 0.000000, 0, 1, 0, 0, 364.440000, 131.200000, '', 0.000000, 0.00, 'E-SCO2.MR', '', '', 0.000000, 0.000000, 0.000000, 0.142000, 2, 0, 0, 0, 0, 0, 1, '301-category', 0, 1, '0000-00-00', 0, 'new', 1, 1, 'both', 0, 0, 0, 0, '2019-10-01 11:41:06', '2019-12-06 12:44:36', 0, 0, 1),
(347, 0, 75, 89, 1, 1, 0, 0, '', '', '', 0.000000, 0, 1, 0, 0, 415.560000, 149.600000, '', 0.000000, 0.00, 'E-SCO2.MRA', '', '', 0.000000, 0.000000, 0.000000, 0.138000, 2, 0, 0, 0, 0, 0, 1, '301-category', 0, 1, '0000-00-00', 0, 'new', 1, 1, 'both', 0, 0, 0, 0, '2019-10-01 11:41:09', '2019-12-06 12:44:37', 0, 0, 1),
(348, 0, 75, 89, 1, 1, 0, 0, '', '', '', 0.000000, 0, 1, 0, 0, 386.880000, 133.920000, '', 0.000000, 0.00, 'E-SCO2.MT10V', '', '', 0.000000, 0.000000, 0.000000, 132.000000, 2, 0, 0, 0, 0, 0, 1, '301-category', 0, 1, '0000-00-00', 0, 'new', 1, 1, 'both', 0, 0, 0, 0, '2019-10-01 11:41:11', '2019-12-06 12:44:38', 0, 0, 1),
(349, 0, 75, 89, 1, 1, 0, 0, '', '', '', 0.000000, 0, 1, 0, 0, 471.110000, 169.600000, '', 0.000000, 0.00, 'E-SCO2.MT10VA', '', '', 0.000000, 0.000000, 0.000000, 0.162000, 2, 0, 0, 0, 0, 0, 1, '301-category', 0, 1, '0000-00-00', 0, 'new', 1, 1, 'both', 0, 0, 0, 0, '2019-10-01 11:41:13', '2019-12-06 12:44:39', 0, 0, 1),
(350, 0, 75, 89, 1, 1, 0, 0, '', '', '', 0.000000, 0, 1, 0, 0, 426.600000, 148.000000, '', 0.000000, 0.00, 'E-SCO2CMA', '', '', 0.000000, 0.000000, 0.000000, 0.000000, 2, 0, 0, 0, 0, 0, 1, '301-category', 0, 1, '0000-00-00', 0, 'new', 1, 1, 'both', 0, 0, 0, 0, '2019-10-01 11:41:15', '2019-12-06 12:44:40', 0, 0, 1),
(351, 0, 75, 89, 1, 1, 0, 0, '', '', '', 0.000000, 0, 1, 0, 0, 444.440000, 160.000000, '', 0.000000, 0.00, 'E-SCO2G10', '', '', 0.000000, 0.000000, 0.000000, 0.316000, 2, 0, 0, 0, 0, 0, 1, '301-category', 0, 1, '0000-00-00', 0, 'new', 1, 1, 'both', 0, 0, 0, 0, '2019-10-01 11:41:17', '2019-12-06 12:44:41', 0, 0, 1),
(352, 0, 75, 89, 1, 1, 0, 0, '', '', '', 0.000000, 0, 1, 0, 0, 460.000000, 165.600000, '', 0.000000, 0.00, 'E-SCO2GR', '', '', 0.000000, 0.000000, 0.000000, 0.000000, 2, 0, 0, 0, 0, 0, 1, '301-category', 0, 1, '0000-00-00', 0, 'new', 1, 1, 'both', 0, 0, 0, 0, '2019-10-01 11:41:20', '2019-12-06 12:44:42', 0, 0, 1),
(353, 0, 75, 89, 1, 1, 0, 0, '', '', '', 0.000000, 0, 1, 0, 0, 418.880000, 149.600000, '', 0.000000, 0.00, 'E-SCO2MAR', '', '', 0.000000, 0.000000, 0.000000, 0.000000, 2, 0, 0, 0, 0, 0, 1, '301-category', 0, 1, '0000-00-00', 0, 'new', 1, 1, 'both', 0, 0, 0, 0, '2019-10-01 11:41:22', '2019-12-06 12:44:43', 0, 0, 1),
(354, 0, 28, 33, 1, 1, 0, 0, '', '', '', 0.000000, 0, 1, 0, 0, 360.000000, 75.000000, '', 0.000000, 0.00, '', '', '', 0.000000, 0.000000, 0.000000, 0.000000, 2, 0, 0, 0, 0, 0, 1, '301-category', 0, 1, '0000-00-00', 0, 'new', 1, 1, 'both', 0, 0, 0, 1457, '2019-10-01 11:41:26', '2019-10-30 11:46:40', 0, 0, 1),
(355, 0, 117, 54, 1, 1, 0, 0, '', '', '', 0.000000, 0, 1, 0, 0, 380.000000, 85.000000, '', 0.000000, 0.00, 'E-SDP1000', '', '', 0.000000, 0.000000, 0.000000, 0.000000, 2, 0, 0, 0, 0, 0, 1, '301-category', 0, 1, '0000-00-00', 0, 'new', 1, 1, 'both', 0, 0, 0, 0, '2019-10-01 11:41:28', '2019-12-06 12:44:44', 0, 0, 1),
(356, 0, 117, 54, 1, 1, 0, 0, '', '', '', 0.000000, 0, 1, 0, 0, 380.000000, 85.000000, '', 0.000000, 0.00, 'E-SDP120', '', '', 0.000000, 0.000000, 0.000000, 0.000000, 2, 0, 0, 0, 0, 0, 1, '301-category', 0, 1, '0000-00-00', 0, 'new', 1, 1, 'both', 0, 0, 0, 0, '2019-10-01 11:41:31', '2019-12-06 12:44:45', 0, 0, 1),
(357, 0, 117, 54, 1, 1, 0, 0, '', '', '', 0.000000, 0, 1, 0, 0, 360.000000, 75.000000, '', 0.000000, 0.00, 'E-SDP500', '', '', 0.000000, 0.000000, 0.000000, 0.250000, 2, 0, 0, 0, 0, 0, 1, '301-category', 0, 1, '0000-00-00', 0, 'new', 1, 1, 'both', 0, 0, 0, 0, '2019-10-01 11:41:33', '2019-12-06 12:44:46', 0, 0, 1),
(358, 0, 28, 33, 1, 1, 0, 0, '', '', '', 0.000000, 0, 1, 0, 0, 300.000000, 35.000000, '', 0.000000, 0.00, '', '', '', 0.000000, 0.000000, 0.000000, 0.246000, 2, 0, 0, 0, 0, 0, 1, '301-category', 0, 1, '0000-00-00', 0, 'new', 1, 1, 'both', 0, 0, 0, 1446, '2019-10-01 11:41:35', '2019-12-05 15:07:54', 0, 0, 1),
(359, 0, 117, 53, 1, 1, 0, 0, '', '', '', 0.000000, 0, 1, 0, 0, 480.000000, 50.000000, '', 0.000000, 0.00, 'E-SOM.8RC', '', '', 0.000000, 0.000000, 0.000000, 0.692000, 2, 0, 0, 0, 0, 0, 1, '301-category', 0, 1, '0000-00-00', 0, 'new', 1, 1, 'both', 0, 0, 0, 0, '2019-10-01 11:41:37', '2019-12-06 12:44:47', 0, 0, 1),
(360, 0, 117, 53, 1, 1, 0, 0, '', '', '', 0.000000, 0, 1, 0, 0, 300.000000, 35.000000, '', 0.000000, 0.00, 'E-SOUS2RC', '', '', 0.000000, 0.000000, 0.000000, 0.000000, 2, 0, 0, 0, 0, 0, 1, '301-category', 0, 1, '0000-00-00', 0, 'new', 1, 1, 'both', 0, 0, 0, 0, '2019-10-01 11:41:40', '2019-12-06 12:44:49', 0, 0, 1),
(361, 0, 0, 95, 1, 1, 0, 0, '', '', '', 0.000000, 0, 1, 0, 0, 436.670000, 97.610000, '', 0.000000, 0.00, 'E-VAR.M04', '', '', 0.000000, 0.000000, 0.000000, 0.750000, 2, 0, 0, 0, 0, 0, 1, '301-category', 0, 1, '0000-00-00', 0, 'new', 1, 1, 'both', 0, 0, 0, 0, '2019-10-01 11:41:42', '2019-12-06 12:44:50', 0, 0, 1),
(362, 0, 0, 95, 1, 1, 0, 0, '', '', '', 0.000000, 0, 1, 0, 0, 517.470000, 115.330000, '', 0.000000, 0.00, 'E-VAR.M075', '', '', 0.000000, 0.000000, 0.000000, 1.940000, 2, 0, 0, 0, 0, 0, 1, '301-category', 0, 1, '0000-00-00', 0, 'new', 1, 1, 'both', 0, 0, 0, 0, '2019-10-01 11:41:44', '2019-12-06 12:44:51', 0, 0, 1),
(363, 0, 0, 95, 1, 1, 0, 0, '', '', '', 0.000000, 0, 1, 0, 0, 689.070000, 204.140000, '', 0.000000, 0.00, 'E-VAR.M15', '', '', 0.000000, 0.000000, 0.000000, 0.750000, 2, 0, 0, 0, 0, 0, 1, '301-category', 0, 1, '0000-00-00', 0, 'new', 1, 1, 'both', 0, 0, 0, 0, '2019-10-01 11:41:47', '2019-12-06 12:44:52', 0, 0, 1),
(364, 0, 0, 95, 1, 1, 0, 0, '', '', '', 0.000000, 0, 1, 0, 0, 744.670000, 208.500000, '', 0.000000, 0.00, 'E-VAR.M22', '', '', 0.000000, 0.000000, 0.000000, 0.750000, 2, 0, 0, 0, 0, 0, 1, '301-category', 0, 1, '0000-00-00', 0, 'new', 1, 1, 'both', 0, 0, 0, 0, '2019-10-01 11:41:49', '2019-12-06 12:44:53', 0, 0, 1),
(365, 0, 0, 95, 1, 1, 0, 0, '', '', '', 0.000000, 0, 1, 0, 0, 462.520000, 100.360000, '', 0.000000, 0.00, 'E-VAR.MP04', '', '', 0.000000, 0.000000, 0.000000, 0.750000, 2, 0, 0, 0, 0, 0, 1, '301-category', 0, 1, '0000-00-00', 0, 'new', 1, 1, 'both', 0, 0, 0, 0, '2019-10-01 11:41:51', '2019-12-06 12:44:54', 0, 0, 1),
(366, 0, 0, 95, 1, 1, 0, 0, '', '', '', 0.000000, 0, 1, 0, 0, 543.320000, 118.080000, '', 0.000000, 0.00, 'E-VAR.MP075', '', '', 0.000000, 0.000000, 0.000000, 0.750000, 2, 0, 0, 0, 0, 0, 1, '301-category', 0, 1, '0000-00-00', 0, 'new', 1, 1, 'both', 0, 0, 0, 0, '2019-10-01 11:41:54', '2019-12-06 12:44:55', 0, 0, 1),
(367, 0, 0, 95, 1, 1, 0, 0, '', '', '', 0.000000, 0, 1, 0, 0, 714.920000, 206.890000, '', 0.000000, 0.00, 'E-VAR.MP15', '', '', 0.000000, 0.000000, 0.000000, 0.750000, 2, 0, 0, 0, 0, 0, 1, '301-category', 0, 1, '0000-00-00', 0, 'new', 1, 1, 'both', 0, 0, 0, 0, '2019-10-01 11:41:56', '2019-12-06 12:44:56', 0, 0, 1),
(368, 0, 0, 95, 1, 1, 0, 0, '', '', '', 0.000000, 0, 1, 0, 0, 770.520000, 211.250000, '', 0.000000, 0.00, 'E-VAR.MP22', '', '', 0.000000, 0.000000, 0.000000, 0.750000, 2, 0, 0, 0, 0, 0, 1, '301-category', 0, 1, '0000-00-00', 0, 'new', 1, 1, 'both', 0, 0, 0, 0, '2019-10-01 11:41:58', '2019-12-06 12:44:57', 0, 0, 1),
(369, 0, 0, 95, 1, 1, 0, 0, '', '', '', 0.000000, 0, 1, 0, 0, 690.000000, 168.760000, '', 0.000000, 0.00, 'E-VAR.T04', '', '', 0.000000, 0.000000, 0.000000, 0.750000, 2, 0, 0, 0, 0, 0, 1, '301-category', 0, 1, '0000-00-00', 0, 'new', 1, 1, 'both', 0, 0, 0, 0, '2019-10-01 11:42:00', '2019-12-06 12:44:58', 0, 0, 1),
(370, 0, 0, 95, 1, 1, 0, 0, '', '', '', 0.000000, 0, 1, 0, 0, 739.390000, 176.450000, '', 0.000000, 0.00, 'E-VAR.T075', '', '', 0.000000, 0.000000, 0.000000, 0.750000, 2, 0, 0, 0, 0, 0, 1, '301-category', 0, 1, '0000-00-00', 0, 'new', 1, 1, 'both', 0, 0, 0, 0, '2019-10-01 11:42:03', '2019-12-06 12:44:59', 0, 0, 1),
(371, 0, 0, 95, 1, 1, 0, 0, '', '', '', 0.000000, 0, 1, 0, 0, 883.070000, 242.150000, '', 0.000000, 0.00, 'E-VAR.T15', '', '', 0.000000, 0.000000, 0.000000, 0.750000, 2, 0, 0, 0, 0, 0, 1, '301-category', 0, 1, '0000-00-00', 0, 'new', 1, 1, 'both', 0, 0, 0, 0, '2019-10-01 11:42:05', '2019-12-06 12:45:00', 0, 0, 1),
(372, 0, 116, 95, 1, 1, 0, 0, '', '', '', 0.000000, 0, 1, 0, 0, 3592.320000, 898.080000, '', 0.000000, 0.00, 'E-VAR.T18.5', '', '', 0.000000, 0.000000, 0.000000, 0.750000, 2, 0, 0, 0, 0, 0, 1, '301-category', 0, 1, '0000-00-00', 0, 'new', 1, 1, 'both', 0, 0, 0, 0, '2019-10-01 11:42:17', '2019-12-06 12:45:01', 0, 0, 1),
(373, 0, 0, 95, 1, 1, 0, 0, '', '', '', 0.000000, 0, 1, 0, 0, 966.670000, 262.500000, '', 0.000000, 0.00, 'E-VAR.T22', '', '', 0.000000, 0.000000, 0.000000, 0.750000, 2, 0, 0, 0, 0, 0, 1, '301-category', 0, 1, '0000-00-00', 0, 'new', 1, 1, 'both', 0, 0, 0, 0, '2019-10-01 11:42:20', '2019-12-06 12:45:02', 0, 0, 1),
(374, 0, 0, 95, 1, 1, 0, 0, '', '', '', 0.000000, 0, 1, 0, 0, 724.000000, 168.390000, '', 0.000000, 0.00, 'E-VAR.TP04', '', '', 0.000000, 0.000000, 0.000000, 0.750000, 2, 0, 0, 0, 0, 0, 1, '301-category', 0, 1, '0000-00-00', 0, 'new', 1, 1, 'both', 0, 0, 0, 0, '2019-10-01 11:42:22', '2019-12-06 12:45:03', 0, 0, 1),
(375, 0, 0, 95, 1, 1, 0, 0, '', '', '', 0.000000, 0, 1, 0, 0, 765.240000, 179.200000, '', 0.000000, 0.00, 'E-VAR.TP075', '', '', 0.000000, 0.000000, 0.000000, 0.750000, 2, 0, 0, 0, 0, 0, 1, '301-category', 0, 1, '0000-00-00', 0, 'new', 1, 1, 'both', 0, 0, 0, 0, '2019-10-01 11:42:24', '2019-12-06 12:45:04', 0, 0, 1),
(376, 0, 0, 95, 1, 1, 0, 0, '', '', '', 0.000000, 0, 1, 0, 0, 908.920000, 244.900000, '', 0.000000, 0.00, 'E-VAR.TP15', '', '', 0.000000, 0.000000, 0.000000, 0.750000, 2, 0, 0, 0, 0, 0, 1, '301-category', 0, 1, '0000-00-00', 0, 'new', 1, 1, 'both', 0, 0, 0, 0, '2019-10-01 11:42:26', '2019-12-06 12:45:06', 0, 0, 1),
(377, 0, 0, 95, 1, 1, 0, 0, '', '', '', 0.000000, 0, 1, 0, 0, 992.520000, 265.250000, '', 0.000000, 0.00, 'E-VAR.TP22', '', '', 0.000000, 0.000000, 0.000000, 0.750000, 2, 0, 0, 0, 0, 0, 1, '301-category', 0, 1, '0000-00-00', 0, 'new', 1, 1, 'both', 0, 0, 0, 0, '2019-10-01 11:42:29', '2019-12-06 12:45:07', 0, 0, 1),
(378, 0, 117, 96, 1, 1, 0, 0, '', '', '', 0.000000, 0, 1, 0, 0, 883.580000, 187.000000, '', 0.000000, 0.00, 'E-VFR.RA100', '', '', 0.000000, 0.000000, 0.000000, 0.000000, 2, 0, 0, 0, 0, 0, 1, '301-category', 0, 1, '0000-00-00', 0, 'new', 1, 1, 'both', 0, 0, 0, 1599, '2019-10-01 11:42:32', '2019-12-06 12:45:08', 0, 0, 1),
(379, 0, 117, 96, 1, 1, 0, 0, '', '', '', 0.000000, 0, 1, 0, 0, 888.300000, 188.000000, '', 0.000000, 0.00, 'E-VFR.RA125', '', '', 0.000000, 0.000000, 0.000000, 0.000000, 2, 0, 0, 0, 0, 0, 1, '301-category', 0, 1, '0000-00-00', 0, 'new', 1, 1, 'both', 0, 0, 0, 0, '2019-10-01 11:42:34', '2019-12-06 12:45:09', 0, 0, 1),
(380, 0, 117, 96, 1, 1, 0, 0, '', '', '', 0.000000, 0, 1, 0, 0, 907.200000, 192.000000, '', 0.000000, 0.00, 'E-VFR.RA160', '', '', 0.000000, 0.000000, 0.000000, 0.000000, 2, 0, 0, 0, 0, 0, 1, '301-category', 0, 1, '0000-00-00', 0, 'new', 1, 1, 'both', 0, 0, 0, 0, '2019-10-01 11:42:36', '2019-12-06 12:45:10', 0, 0, 1),
(381, 0, 117, 96, 1, 1, 0, 0, '', '', '', 0.000000, 0, 1, 0, 0, 921.380000, 195.000000, '', 0.000000, 0.00, 'E-VFR.RA200', '', '', 0.000000, 0.000000, 0.000000, 4.900000, 2, 0, 0, 0, 0, 0, 1, '301-category', 0, 1, '0000-00-00', 0, 'new', 1, 1, 'both', 0, 0, 0, 0, '2019-10-01 11:42:38', '2019-12-06 12:45:11', 0, 0, 1),
(382, 0, 117, 96, 1, 1, 0, 0, '', '', '', 0.000000, 0, 1, 0, 0, 954.450000, 202.000000, '', 0.000000, 0.00, 'E-VFR.RA250', '', '', 0.000000, 0.000000, 0.000000, 0.000000, 2, 0, 0, 0, 0, 0, 1, '301-category', 0, 1, '0000-00-00', 0, 'new', 1, 1, 'both', 0, 0, 0, 0, '2019-10-01 11:42:40', '2019-12-06 12:45:12', 0, 0, 1),
(383, 0, 117, 96, 1, 1, 0, 0, '', '', '', 0.000000, 0, 1, 0, 0, 992.250000, 210.000000, '', 0.000000, 0.00, 'E-VFR.RA315', '', '', 0.000000, 0.000000, 0.000000, 0.000000, 2, 0, 0, 0, 0, 0, 1, '301-category', 0, 1, '0000-00-00', 0, 'new', 1, 1, 'both', 0, 0, 0, 0, '2019-10-01 11:42:42', '2019-12-06 12:45:14', 0, 0, 1),
(384, 0, 117, 96, 1, 1, 0, 0, '', '', '', 0.000000, 0, 1, 0, 0, 1034.250000, 219.000000, '', 0.000000, 0.00, 'E-VFR.RA355', '', '', 0.000000, 0.000000, 0.000000, 0.000000, 2, 0, 0, 0, 0, 0, 1, '301-category', 0, 1, '0000-00-00', 0, 'new', 1, 1, 'both', 0, 0, 0, 0, '2019-10-01 11:42:45', '2019-12-06 12:45:15', 0, 0, 1),
(385, 0, 117, 96, 1, 1, 0, 0, '', '', '', 0.000000, 0, 1, 0, 0, 1077.300000, 228.000000, '', 0.000000, 0.00, 'E-VFR.RA400', '', '', 0.000000, 0.000000, 0.000000, 0.000000, 2, 0, 0, 0, 0, 0, 1, '301-category', 0, 1, '0000-00-00', 0, 'new', 1, 1, 'both', 0, 0, 0, 0, '2019-10-01 11:42:48', '2019-12-06 12:45:16', 0, 0, 1),
(386, 0, 117, 96, 1, 1, 0, 0, '', '', '', 0.000000, 0, 1, 0, 0, 1116.000000, 248.000000, '', 0.000000, 0.00, 'E-VFR.RA450', '', '', 0.000000, 0.000000, 0.000000, 0.000000, 2, 0, 0, 0, 0, 0, 1, '301-category', 0, 1, '0000-00-00', 0, 'new', 1, 1, 'both', 0, 0, 0, 0, '2019-10-01 11:42:50', '2019-12-06 12:45:17', 0, 0, 1),
(387, 0, 117, 96, 1, 1, 0, 0, '', '', '', 0.000000, 0, 1, 0, 0, 1116.000000, 248.000000, '', 0.000000, 0.00, 'E-VFR.RA500', '', '', 0.000000, 0.000000, 0.000000, 12.000000, 2, 0, 0, 0, 0, 0, 1, '301-category', 0, 1, '0000-00-00', 0, 'new', 1, 1, 'both', 0, 0, 0, 0, '2019-10-01 11:42:53', '2019-12-06 12:45:18', 0, 0, 1),
(388, 0, 117, 96, 1, 1, 0, 0, '', '', '', 0.000000, 0, 1, 0, 0, 900.380000, 175.000000, '', 0.000000, 0.00, 'E-VFR.RP100', '', '', 0.000000, 0.000000, 0.000000, 0.000000, 2, 0, 0, 0, 0, 0, 1, '301-category', 0, 1, '0000-00-00', 0, 'new', 1, 1, 'both', 0, 0, 0, 0, '2019-10-01 11:42:55', '2019-12-06 12:45:19', 0, 0, 1),
(389, 0, 117, 96, 1, 1, 0, 0, '', '', '', 0.000000, 0, 1, 0, 0, 915.810000, 178.000000, '', 0.000000, 0.00, 'E-VFR.RP125', '', '', 0.000000, 0.000000, 0.000000, 0.000000, 2, 0, 0, 0, 0, 0, 1, '301-category', 0, 1, '0000-00-00', 0, 'new', 1, 1, 'both', 0, 0, 0, 0, '2019-10-01 11:42:57', '2019-12-06 12:45:20', 0, 0, 1),
(390, 0, 117, 96, 1, 1, 0, 0, '', '', '', 0.000000, 0, 1, 0, 0, 936.390000, 182.000000, '', 0.000000, 0.00, 'E-VFR.RP160', '', '', 0.000000, 0.000000, 0.000000, 0.000000, 2, 0, 0, 0, 0, 0, 1, '301-category', 0, 1, '0000-00-00', 0, 'new', 1, 1, 'both', 0, 0, 0, 0, '2019-10-01 11:42:59', '2019-12-06 12:45:21', 0, 0, 1),
(391, 0, 117, 96, 1, 1, 0, 0, '', '', '', 0.000000, 0, 1, 0, 0, 951.830000, 185.000000, '', 0.000000, 0.00, 'E-VFR.RP200', '', '', 0.000000, 0.000000, 0.000000, 0.000000, 2, 0, 0, 0, 0, 0, 1, '301-category', 0, 1, '0000-00-00', 0, 'new', 1, 1, 'both', 0, 0, 0, 0, '2019-10-01 11:43:01', '2019-12-06 12:45:22', 0, 0, 1),
(392, 0, 117, 96, 1, 1, 0, 0, '', '', '', 0.000000, 0, 1, 0, 0, 987.840000, 192.000000, '', 0.000000, 0.00, 'E-VFR.RP250', '', '', 0.000000, 0.000000, 0.000000, 0.000000, 2, 0, 0, 0, 0, 0, 1, '301-category', 0, 1, '0000-00-00', 0, 'new', 1, 1, 'both', 0, 0, 0, 0, '2019-10-01 11:43:03', '2019-12-06 12:45:23', 0, 0, 1),
(393, 0, 117, 96, 1, 1, 0, 0, '', '', '', 0.000000, 0, 1, 0, 0, 1029.000000, 200.000000, '', 0.000000, 0.00, 'E-VFR.RP315', '', '', 0.000000, 0.000000, 0.000000, 0.000000, 2, 0, 0, 0, 0, 0, 1, '301-category', 0, 1, '0000-00-00', 0, 'new', 1, 1, 'both', 0, 0, 0, 0, '2019-10-01 11:43:05', '2019-12-06 12:45:24', 0, 0, 1),
(394, 0, 117, 96, 1, 1, 0, 0, '', '', '', 0.000000, 0, 1, 0, 0, 1075.310000, 209.000000, '', 0.000000, 0.00, 'E-VFR.RP355', '', '', 0.000000, 0.000000, 0.000000, 0.000000, 2, 0, 0, 0, 0, 0, 1, '301-category', 0, 1, '0000-00-00', 0, 'new', 1, 1, 'both', 0, 0, 0, 0, '2019-10-01 11:43:07', '2019-12-06 12:45:25', 0, 0, 1),
(395, 0, 117, 96, 1, 1, 0, 0, '', '', '', 0.000000, 0, 1, 0, 0, 1121.610000, 218.000000, '', 0.000000, 0.00, 'E-VFR.RP400', '', '', 0.000000, 0.000000, 0.000000, 0.000000, 2, 0, 0, 0, 0, 0, 1, '301-category', 0, 1, '0000-00-00', 0, 'new', 1, 1, 'both', 0, 0, 0, 0, '2019-10-01 11:43:09', '2019-12-06 12:45:26', 0, 0, 1),
(396, 0, 117, 96, 1, 1, 0, 0, '', '', '', 0.000000, 0, 1, 0, 0, 883.580000, 187.000000, '', 0.000000, 0.00, 'E-VFR.SA100', '', '', 0.000000, 0.000000, 0.000000, 0.000000, 2, 0, 0, 0, 0, 0, 1, '301-category', 0, 1, '0000-00-00', 0, 'new', 1, 1, 'both', 0, 0, 0, 0, '2019-10-01 11:43:12', '2019-12-06 12:45:27', 0, 0, 1),
(397, 0, 117, 96, 1, 1, 0, 0, '', '', '', 0.000000, 0, 1, 0, 0, 888.300000, 188.000000, '', 0.000000, 0.00, 'E-VFR.SA125', '', '', 0.000000, 0.000000, 0.000000, 0.000000, 2, 0, 0, 0, 0, 0, 1, '301-category', 0, 1, '0000-00-00', 0, 'new', 1, 1, 'both', 0, 0, 0, 0, '2019-10-01 11:43:14', '2019-12-06 12:45:28', 0, 0, 1),
(398, 0, 117, 96, 1, 1, 0, 0, '', '', '', 0.000000, 0, 1, 0, 0, 907.200000, 192.000000, '', 0.000000, 0.00, 'E-VFR.SA160', '', '', 0.000000, 0.000000, 0.000000, 0.000000, 2, 0, 0, 0, 0, 0, 1, '301-category', 0, 1, '0000-00-00', 0, 'new', 1, 1, 'both', 0, 0, 0, 0, '2019-10-01 11:43:16', '2019-12-06 12:45:29', 0, 0, 1),
(399, 0, 117, 96, 1, 1, 0, 0, '', '', '', 0.000000, 0, 1, 0, 0, 921.380000, 195.000000, '', 0.000000, 0.00, 'E-VFR.SA200', '', '', 0.000000, 0.000000, 0.000000, 0.000000, 2, 0, 0, 0, 0, 0, 1, '301-category', 0, 1, '0000-00-00', 0, 'new', 1, 1, 'both', 0, 0, 0, 0, '2019-10-01 11:43:18', '2019-12-06 12:45:30', 0, 0, 1),
(400, 0, 117, 96, 1, 1, 0, 0, '', '', '', 0.000000, 0, 1, 0, 0, 954.450000, 202.000000, '', 0.000000, 0.00, 'E-VFR.SA250', '', '', 0.000000, 0.000000, 0.000000, 0.000000, 2, 0, 0, 0, 0, 0, 1, '301-category', 0, 1, '0000-00-00', 0, 'new', 1, 1, 'both', 0, 0, 0, 0, '2019-10-01 11:43:20', '2019-12-06 12:45:32', 0, 0, 1),
(401, 0, 117, 96, 1, 1, 0, 0, '', '', '', 0.000000, 0, 1, 0, 0, 992.250000, 210.000000, '', 0.000000, 0.00, 'E-VFR.SA315', '', '', 0.000000, 0.000000, 0.000000, 0.000000, 2, 0, 0, 0, 0, 0, 1, '301-category', 0, 1, '0000-00-00', 0, 'new', 1, 1, 'both', 0, 0, 0, 0, '2019-10-01 11:43:22', '2019-12-06 12:45:33', 0, 0, 1),
(402, 0, 117, 96, 1, 1, 0, 0, '', '', '', 0.000000, 0, 1, 0, 0, 1034.250000, 219.000000, '', 0.000000, 0.00, 'E-VFR.SA355', '', '', 0.000000, 0.000000, 0.000000, 0.000000, 2, 0, 0, 0, 0, 0, 1, '301-category', 0, 1, '0000-00-00', 0, 'new', 1, 1, 'both', 0, 0, 0, 0, '2019-10-01 11:43:24', '2019-12-06 12:45:34', 0, 0, 1),
(403, 0, 117, 96, 1, 1, 0, 0, '', '', '', 0.000000, 0, 1, 0, 0, 1077.300000, 228.000000, '', 0.000000, 0.00, 'E-VFR.SA400', '', '', 0.000000, 0.000000, 0.000000, 0.000000, 2, 0, 0, 0, 0, 0, 1, '301-category', 0, 1, '0000-00-00', 0, 'new', 1, 1, 'both', 0, 0, 0, 0, '2019-10-01 11:43:26', '2019-12-06 12:45:35', 0, 0, 1),
(404, 0, 117, 96, 1, 1, 0, 0, '', '', '', 0.000000, 0, 1, 0, 0, 900.380000, 175.000000, '', 0.000000, 0.00, 'E-VFR.SP100', '', '', 0.000000, 0.000000, 0.000000, 0.000000, 2, 0, 0, 0, 0, 0, 1, '301-category', 0, 1, '0000-00-00', 0, 'new', 1, 1, 'both', 0, 0, 0, 0, '2019-10-01 11:43:28', '2019-12-06 12:45:36', 0, 0, 1),
(405, 0, 117, 96, 1, 1, 0, 0, '', '', '', 0.000000, 0, 1, 0, 0, 915.810000, 178.000000, '', 0.000000, 0.00, 'E-VFR.SP125', '', '', 0.000000, 0.000000, 0.000000, 0.000000, 2, 0, 0, 0, 0, 0, 1, '301-category', 0, 1, '0000-00-00', 0, 'new', 1, 1, 'both', 0, 0, 0, 0, '2019-10-01 11:43:30', '2019-12-06 12:45:37', 0, 0, 1),
(406, 0, 117, 96, 1, 1, 0, 0, '', '', '', 0.000000, 0, 1, 0, 0, 936.390000, 182.000000, '', 0.000000, 0.00, 'E-VFR.SP160', '', '', 0.000000, 0.000000, 0.000000, 0.000000, 2, 0, 0, 0, 0, 0, 1, '301-category', 0, 1, '0000-00-00', 0, 'new', 1, 1, 'both', 0, 0, 0, 0, '2019-10-01 11:43:32', '2019-12-06 12:45:38', 0, 0, 1),
(407, 0, 117, 96, 1, 1, 0, 0, '', '', '', 0.000000, 0, 1, 0, 0, 951.830000, 185.000000, '', 0.000000, 0.00, 'E-VFR.SP200', '', '', 0.000000, 0.000000, 0.000000, 0.000000, 2, 0, 0, 0, 0, 0, 1, '301-category', 0, 1, '0000-00-00', 0, 'new', 1, 1, 'both', 0, 0, 0, 0, '2019-10-01 11:43:34', '2019-12-06 12:45:39', 0, 0, 1),
(408, 0, 117, 96, 1, 1, 0, 0, '', '', '', 0.000000, 0, 1, 0, 0, 987.840000, 192.000000, '', 0.000000, 0.00, 'E-VFR.SP250', '', '', 0.000000, 0.000000, 0.000000, 0.000000, 2, 0, 0, 0, 0, 0, 1, '301-category', 0, 1, '0000-00-00', 0, 'new', 1, 1, 'both', 0, 0, 0, 0, '2019-10-01 11:43:36', '2019-12-06 12:45:40', 0, 0, 1),
(409, 0, 117, 96, 1, 1, 0, 0, '', '', '', 0.000000, 0, 1, 0, 0, 1029.000000, 200.000000, '', 0.000000, 0.00, 'E-VFR.SP315', '', '', 0.000000, 0.000000, 0.000000, 0.000000, 2, 0, 0, 0, 0, 0, 1, '301-category', 0, 1, '0000-00-00', 0, 'new', 1, 1, 'both', 0, 0, 0, 0, '2019-10-01 11:43:38', '2019-12-06 12:45:41', 0, 0, 1),
(410, 0, 117, 96, 1, 1, 0, 0, '', '', '', 0.000000, 0, 1, 0, 0, 1075.310000, 209.000000, '', 0.000000, 0.00, 'E-VFR.SP355', '', '', 0.000000, 0.000000, 0.000000, 0.000000, 2, 0, 0, 0, 0, 0, 1, '301-category', 0, 1, '0000-00-00', 0, 'new', 1, 1, 'both', 0, 0, 0, 0, '2019-10-01 11:43:40', '2019-12-06 12:45:42', 0, 0, 1),
(411, 0, 117, 96, 1, 1, 0, 0, '', '', '', 0.000000, 0, 1, 0, 0, 1121.610000, 218.000000, '', 0.000000, 0.00, 'E-VFR.SP400', '', '', 0.000000, 0.000000, 0.000000, 0.000000, 2, 0, 0, 0, 0, 0, 1, '301-category', 0, 1, '0000-00-00', 0, 'new', 1, 1, 'both', 0, 0, 0, 0, '2019-10-01 11:43:42', '2019-12-06 12:45:43', 0, 0, 1),
(412, 0, 69, 97, 1, 1, 0, 0, '', '', '', 0.000000, 0, 1, 0, 0, 480.000000, 120.000000, '', 0.000000, 0.00, 'FA-BAG', '', '', 0.000000, 0.000000, 0.000000, 0.000000, 2, 0, 0, 0, 0, 0, 1, '', 0, 1, '0000-00-00', 0, 'new', 1, 1, 'both', 0, 0, 0, 0, '2019-10-01 11:43:45', '2019-12-06 12:45:44', 0, 0, 1),
(413, 0, 76, 97, 1, 1, 0, 0, '', '', '', 0.000000, 0, 1, 0, 0, 16.000000, 2.000000, '', 0.000000, 0.00, 'FA-BIBOR', '', '', 0.000000, 0.000000, 0.000000, 0.000000, 2, 0, 0, 0, 0, 0, 1, '', 0, 1, '0000-00-00', 0, 'new', 1, 1, 'both', 0, 0, 0, 0, '2019-10-01 11:43:47', '2019-12-06 12:45:45', 0, 0, 1),
(414, 0, 77, 172, 1, 1, 0, 0, '', '', '', 0.000000, 0, 1, 0, 0, 49.200000, 12.300000, '', 0.000000, 0.00, 'FA-F7', '', '', 287.000000, 48.000000, 592.000000, 1.120000, 2, 0, 0, 0, 0, 0, 1, '', 0, 1, '0000-00-00', 0, 'new', 1, 1, 'both', 0, 0, 0, 0, '2019-10-01 11:43:49', '2019-12-06 12:45:46', 0, 0, 1),
(415, 0, 77, 172, 1, 1, 0, 0, '', '', '', 0.000000, 0, 1, 0, 0, 84.000000, 21.000000, '', 0.000000, 0.00, 'FA-F7-2', '', '', 592.000000, 48.000000, 592.000000, 1.120000, 2, 0, 0, 0, 0, 0, 1, '', 0, 1, '0000-00-00', 0, 'new', 1, 1, 'both', 0, 0, 0, 0, '2019-10-01 11:43:51', '2019-12-06 12:45:47', 0, 0, 1),
(416, 0, 77, 172, 1, 1, 0, 0, '', '', '', 0.000000, 0, 1, 0, 0, 177.000000, 41.000000, '', 0.000000, 0.00, 'FA-FCA', '', '', 160.000000, 400.000000, 0.000000, 3.770000, 2, 0, 0, 0, 0, 0, 1, '', 0, 1, '0000-00-00', 0, 'new', 1, 1, 'both', 0, 0, 0, 0, '2019-10-01 11:43:54', '2019-12-06 12:45:48', 0, 0, 1),
(417, 0, 77, 172, 1, 1, 0, 0, '', '', '', 0.000000, 0, 1, 0, 0, 158.000000, 35.000000, '', 0.000000, 0.00, 'FA-FCAM', '', '', 160.000000, 400.000000, 0.000000, 3.800000, 2, 0, 0, 0, 0, 0, 1, '', 0, 1, '0000-00-00', 0, 'new', 1, 1, 'both', 0, 0, 0, 0, '2019-10-01 11:43:56', '2019-12-06 12:45:49', 0, 0, 1),
(418, 0, 77, 172, 1, 1, 0, 0, '', '', '', 0.000000, 0, 1, 0, 0, 188.000000, 35.000000, '', 0.000000, 0.00, 'FA-FCF', '', '', 160.000000, 400.000000, 0.000000, 3.770000, 2, 0, 0, 0, 0, 0, 1, '', 0, 1, '0000-00-00', 0, 'new', 1, 1, 'both', 0, 0, 0, 0, '2019-10-01 11:43:58', '2019-12-06 12:45:50', 0, 0, 1),
(419, 0, 77, 172, 1, 1, 0, 0, '', '', '', 0.000000, 0, 1, 0, 0, 158.000000, 39.000000, '', 0.000000, 0.00, 'FA-FCIRA', '', '', 160.000000, 400.000000, 0.000000, 3.800000, 2, 0, 0, 0, 0, 0, 1, '', 0, 1, '0000-00-00', 0, 'new', 1, 1, 'both', 0, 0, 0, 0, '2019-10-01 11:44:00', '2019-12-06 12:45:51', 0, 0, 1),
(420, 0, 77, 172, 1, 1, 0, 0, '', '', '', 0.000000, 0, 1, 0, 0, 194.000000, 44.000000, '', 0.000000, 0.00, 'FA-FCM', '', '', 160.000000, 400.000000, 0.000000, 3.800000, 2, 0, 0, 0, 0, 0, 1, '', 0, 1, '0000-00-00', 0, 'new', 1, 1, 'both', 0, 0, 0, 0, '2019-10-01 11:44:02', '2019-12-06 12:45:52', 0, 0, 1),
(421, 0, 77, 172, 1, 1, 0, 0, '', '', '', 0.000000, 0, 1, 0, 0, 91.000000, 19.000000, '', 0.000000, 0.00, 'FA-FCO', '', '', 160.000000, 400.000000, 0.000000, 3.800000, 2, 0, 0, 0, 0, 0, 1, '301-category', 0, 1, '0000-00-00', 0, 'new', 1, 1, 'both', 0, 0, 0, 15515, '2019-10-01 11:44:04', '2019-12-06 12:45:53', 0, 0, 1),
(422, 0, 77, 172, 1, 1, 0, 0, '', '', '', 0.000000, 0, 1, 0, 0, 135.000000, 26.000000, '', 0.000000, 0.00, 'FA-FCOR', '', '', 160.000000, 400.000000, 0.000000, 3.800000, 2, 0, 0, 0, 0, 0, 1, '', 0, 1, '0000-00-00', 0, 'new', 1, 1, 'both', 0, 0, 0, 0, '2019-10-01 11:44:11', '2019-12-06 12:45:54', 0, 0, 1),
(423, 0, 77, 172, 1, 1, 0, 0, '', '', '', 0.000000, 0, 1, 0, 0, 136.000000, 31.500000, '', 0.000000, 0.00, 'FA-FCS', '', '', 160.000000, 400.000000, 0.000000, 3.800000, 2, 0, 0, 0, 0, 0, 1, '', 0, 1, '0000-00-00', 0, 'new', 1, 1, 'both', 0, 0, 0, 0, '2019-10-01 11:44:14', '2019-12-06 12:45:55', 0, 0, 1),
(424, 0, 77, 172, 1, 1, 0, 0, '', '', '', 0.000000, 0, 1, 0, 0, 177.000000, 37.000000, '', 0.000000, 0.00, 'FA-FRA', '', '', 592.000000, 22.000000, 287.000000, 3.800000, 2, 0, 0, 0, 0, 0, 1, '301-category', 0, 1, '0000-00-00', 0, 'new', 1, 1, 'both', 0, 0, 0, 0, '2019-10-01 11:44:16', '2019-12-06 12:45:57', 0, 0, 1),
(425, 0, 77, 172, 1, 1, 0, 0, '', '', '', 0.000000, 0, 1, 0, 0, 158.000000, 35.000000, '', 0.000000, 0.00, 'FA-FRAM', '', '', 592.000000, 22.000000, 287.000000, 3.800000, 2, 0, 0, 0, 0, 0, 1, '301-category', 0, 1, '0000-00-00', 0, 'new', 1, 1, 'both', 0, 0, 0, 0, '2019-10-01 11:44:18', '2019-12-06 12:45:58', 0, 0, 1),
(426, 0, 77, 172, 1, 1, 0, 0, '', '', '', 0.000000, 0, 1, 0, 0, 188.000000, 35.000000, '', 0.000000, 0.00, 'FA-FRF', '', '', 287.000000, 22.000000, 592.000000, 3.800000, 2, 0, 0, 0, 0, 0, 1, '301-category', 0, 1, '0000-00-00', 0, 'new', 1, 1, 'both', 0, 0, 0, 0, '2019-10-01 11:44:20', '2019-12-06 12:45:59', 0, 0, 1),
(427, 0, 77, 172, 1, 1, 0, 0, '', '', '', 0.000000, 0, 1, 0, 0, 91.000000, 23.400000, '', 0.000000, 0.00, 'FA-FRG', '', '', 592.000000, 22.000000, 287.000000, 3.800000, 2, 0, 0, 0, 0, 0, 1, '301-category', 0, 1, '0000-00-00', 0, 'new', 1, 1, 'both', 0, 0, 0, 0, '2019-10-01 11:44:22', '2019-12-06 12:46:00', 0, 0, 1),
(428, 0, 77, 172, 1, 1, 0, 0, '', '', '', 0.000000, 0, 1, 0, 0, 178.500000, 46.000000, '', 0.000000, 0.00, 'FA-FRIRA', '', '', 287.000000, 22.000000, 592.000000, 3.800000, 2, 0, 0, 0, 0, 0, 1, '301-category', 0, 1, '0000-00-00', 0, 'new', 1, 1, 'both', 0, 0, 0, 0, '2019-10-01 11:44:24', '2019-12-06 12:46:01', 0, 0, 1),
(429, 0, 77, 172, 1, 1, 0, 0, '', '', '', 0.000000, 0, 1, 0, 0, 194.000000, 44.000000, '', 0.000000, 0.00, 'FA-FRM', '', '', 287.000000, 22.000000, 592.000000, 3.800000, 2, 0, 0, 0, 0, 0, 1, '301-category', 0, 1, '0000-00-00', 0, 'new', 1, 1, 'both', 0, 0, 0, 0, '2019-10-01 11:44:26', '2019-12-06 12:46:02', 0, 0, 1),
(430, 0, 77, 98, 1, 1, 0, 0, '', '', '', 0.000000, 0, 1, 0, 0, 91.000000, 23.400000, '', 0.000000, 0.00, 'FA-FRO', '', '', 287.000000, 22.000000, 592.000000, 3.800000, 2, 0, 0, 0, 0, 0, 0, '301-category', 0, 1, '0000-00-00', 0, 'new', 1, 1, 'both', 0, 0, 0, 0, '2019-10-01 11:44:29', '2019-10-22 17:13:21', 0, 0, 1),
(431, 0, 77, 172, 1, 1, 0, 0, '', '', '', 0.000000, 0, 1, 0, 0, 135.000000, 26.000000, '', 0.000000, 0.00, 'FA-FROR', '', '', 287.000000, 22.000000, 592.000000, 3.800000, 2, 0, 0, 0, 0, 0, 1, '301-category', 0, 1, '0000-00-00', 0, 'new', 1, 1, 'both', 0, 0, 0, 0, '2019-10-01 11:44:31', '2019-12-06 12:46:04', 0, 0, 1),
(432, 0, 77, 172, 1, 1, 0, 0, '', '', '', 0.000000, 0, 1, 0, 0, 136.000000, 29.000000, '', 0.000000, 0.00, 'FA-FRS', '', '', 287.000000, 22.000000, 592.000000, 3.800000, 2, 0, 0, 0, 0, 0, 1, '301-category', 0, 1, '0000-00-00', 0, 'new', 1, 1, 'both', 0, 0, 0, 0, '2019-10-01 11:44:33', '2019-12-06 12:46:05', 0, 0, 1),
(433, 0, 77, 172, 1, 1, 0, 0, '', '', '', 0.000000, 0, 1, 0, 0, 37.800000, 8.400000, '', 0.000000, 0.00, 'FA-G2-1', '', '', 287.000000, 48.000000, 592.000000, 0.000000, 2, 0, 0, 0, 0, 0, 1, '', 0, 1, '0000-00-00', 0, 'new', 1, 1, 'both', 0, 0, 0, 0, '2019-10-01 11:44:35', '2019-12-06 12:46:06', 0, 0, 1),
(434, 0, 77, 172, 1, 1, 0, 0, '', '', '', 0.000000, 0, 1, 0, 0, 18.000000, 4.150000, '', 0.000000, 0.00, 'FA-G4', '', '', 287.000000, 22.000000, 592.000000, 0.630000, 2, 0, 0, 0, 0, 0, 1, '', 0, 1, '0000-00-00', 0, 'new', 1, 1, 'both', 0, 0, 0, 0, '2019-10-01 11:44:37', '2019-12-06 12:46:07', 0, 0, 1),
(435, 0, 77, 172, 1, 1, 0, 0, '', '', '', 0.000000, 0, 1, 0, 0, 26.970000, 4.900000, '', 0.000000, 0.00, 'FA-G4-1', '', '', 0.000000, 0.000000, 0.000000, 1.120000, 2, 0, 0, 0, 0, 0, 1, '', 0, 1, '0000-00-00', 0, 'new', 1, 1, 'both', 0, 0, 0, 0, '2019-10-01 11:44:39', '2019-12-06 12:46:08', 0, 0, 1),
(436, 0, 77, 172, 1, 1, 0, 0, '', '', '', 0.000000, 0, 1, 0, 0, 36.500000, 7.100000, '', 0.000000, 0.00, 'FA-G4-2', '', '', 592.000000, 48.000000, 592.000000, 1.680000, 2, 0, 0, 0, 0, 0, 1, '', 0, 1, '0000-00-00', 0, 'new', 1, 1, 'both', 0, 0, 0, 0, '2019-10-01 11:44:41', '2019-12-06 12:46:10', 0, 0, 1),
(437, 0, 77, 172, 1, 1, 0, 0, '', '', '', 0.000000, 0, 1, 0, 0, 287.000000, 67.500000, '', 0.000000, 0.00, 'FA-H14.11', '', '', 592.000000, 150.000000, 287.000000, 1.120000, 2, 0, 0, 0, 0, 0, 1, '', 0, 1, '0000-00-00', 0, 'new', 1, 1, 'both', 0, 0, 0, 0, '2019-10-01 11:44:44', '2019-12-06 12:46:11', 0, 0, 1),
(438, 0, 77, 172, 1, 1, 0, 0, '', '', '', 0.000000, 0, 1, 0, 0, 458.000000, 106.000000, '', 0.000000, 0.00, 'FA-H14.23', '', '', 592.000000, 150.000000, 592.000000, 1.120000, 2, 0, 0, 0, 0, 0, 1, '', 0, 1, '0000-00-00', 0, 'new', 1, 1, 'both', 0, 0, 0, 0, '2019-10-01 11:44:46', '2019-12-06 12:46:12', 0, 0, 1),
(439, 0, 77, 172, 1, 1, 0, 0, '', '', '', 0.000000, 0, 1, 0, 0, 813.000000, 183.000000, '', 0.000000, 0.00, 'FA-H14.48', '', '', 610.000000, 150.000000, 1219.000000, 0.000000, 2, 0, 0, 0, 0, 0, 1, '', 0, 1, '0000-00-00', 0, 'new', 1, 1, 'both', 0, 0, 0, 0, '2019-10-01 11:44:49', '2019-12-06 12:46:13', 0, 0, 1),
(440, 0, 117, 172, 1, 1, 0, 0, '', '', '', 0.000000, 0, 1, 0, 0, 28.000000, 5.000000, '', 0.000000, 0.00, 'FA-KCOMBI', '', '', 200.000000, 30.000000, 200.000000, 0.000000, 2, 0, 0, 0, 0, 0, 1, '', 0, 1, '0000-00-00', 0, 'new', 1, 1, 'both', 0, 0, 0, 0, '2019-10-01 11:44:51', '2019-12-06 12:46:14', 0, 0, 1),
(441, 0, 69, 97, 1, 1, 0, 0, '', '', '', 0.000000, 0, 1, 0, 0, 40.000000, 10.000000, '', 0.000000, 0.00, 'FA-KIT BIBO', '', '', 0.000000, 0.000000, 0.000000, 0.000000, 2, 0, 0, 0, 0, 0, 1, '', 0, 1, '0000-00-00', 0, 'new', 1, 1, 'both', 0, 0, 0, 0, '2019-10-01 11:44:53', '2019-12-06 12:46:15', 0, 0, 1),
(442, 0, 117, 101, 1, 1, 0, 0, '', '', '', 0.000000, 0, 1, 0, 0, 1595.000000, 349.570000, '', 0.000000, 0.00, 'F-CCADE1200', '', '', 500.000000, 600.000000, 1200.000000, 29.500000, 2, 0, 0, 0, 0, 0, 1, '301-category', 0, 1, '0000-00-00', 0, 'new', 1, 1, 'both', 0, 0, 0, 0, '2019-10-01 11:45:02', '2019-12-06 12:46:16', 0, 0, 1),
(443, 0, 117, 101, 1, 1, 0, 0, '', '', '', 0.000000, 0, 1, 0, 0, 1678.000000, 354.540000, '', 0.000000, 0.00, 'F-CCADE1500', '', '', 500.000000, 600.000000, 1200.000000, 40.000000, 2, 0, 0, 0, 0, 0, 1, '301-category', 0, 1, '0000-00-00', 0, 'new', 1, 1, 'both', 0, 0, 0, 0, '2019-10-01 11:45:05', '2019-12-06 12:46:17', 0, 0, 1),
(444, 0, 117, 101, 1, 1, 0, 0, '', '', '', 0.000000, 0, 1, 0, 0, 1707.000000, 403.110000, '', 0.000000, 0.00, 'F-CCADE1800', '', '', 675.000000, 600.000000, 1200.000000, 35.000000, 2, 0, 0, 0, 0, 0, 1, '301-category', 0, 1, '0000-00-00', 0, 'new', 1, 1, 'both', 0, 0, 0, 0, '2019-10-01 11:45:08', '2019-12-06 12:46:18', 0, 0, 1),
(445, 0, 117, 101, 1, 1, 0, 0, '', '', '', 0.000000, 0, 1, 0, 0, 1766.000000, 410.880000, '', 0.000000, 0.00, 'F-CCADE2100', '', '', 675.000000, 600.000000, 1200.000000, 35.000000, 2, 0, 0, 0, 0, 0, 1, '301-category', 0, 1, '0000-00-00', 0, 'new', 1, 1, 'both', 0, 0, 0, 0, '2019-10-01 11:45:10', '2019-12-06 12:46:19', 0, 0, 1),
(446, 0, 117, 101, 1, 1, 0, 0, '', '', '', 0.000000, 0, 1, 0, 0, 1950.000000, 447.150000, '', 0.000000, 0.00, 'F-CCADE2400', '', '', 675.000000, 600.000000, 1200.000000, 13.000000, 2, 0, 0, 0, 0, 0, 1, '301-category', 0, 1, '0000-00-00', 0, 'new', 1, 1, 'both', 0, 0, 0, 0, '2019-10-01 11:45:12', '2019-12-06 12:46:20', 0, 0, 1),
(447, 0, 28, 101, 1, 1, 0, 0, '', '', '', 0.000000, 0, 1, 0, 0, 1040.000000, 229.730000, '', 0.000000, 0.00, '', '', '', 378.000000, 600.000000, 1200.000000, 25.000000, 2, 0, 0, 0, 0, 0, 1, '301-category', 0, 1, '0000-00-00', 0, 'new', 1, 1, 'both', 0, 0, 0, 613, '2019-10-01 11:45:15', '2019-10-18 16:13:27', 0, 0, 1),
(448, 0, 117, 101, 1, 1, 0, 0, '', '', '', 0.000000, 0, 1, 0, 0, 1271.000000, 289.840000, '', 0.000000, 0.00, 'F-CCADE600', '', '', 378.000000, 355.000000, 1200.000000, 13.000000, 2, 0, 0, 0, 0, 0, 1, '301-category', 0, 1, '0000-00-00', 0, 'new', 1, 1, 'both', 0, 0, 0, 0, '2019-10-01 11:45:17', '2019-12-06 12:46:22', 0, 0, 1),
(449, 0, 117, 101, 1, 1, 0, 0, '', '', '', 0.000000, 0, 1, 0, 0, 1480.000000, 337.360000, '', 0.000000, 0.00, 'F-CCADE900', '', '', 500.000000, 460.000000, 1200.000000, 13.000000, 2, 0, 0, 0, 0, 0, 1, '301-category', 0, 1, '0000-00-00', 0, 'new', 1, 1, 'both', 0, 0, 0, 0, '2019-10-01 11:45:19', '2019-12-06 12:46:23', 0, 0, 1),
(450, 0, 117, 102, 1, 1, 0, 0, '', '', '', 0.000000, 0, 1, 0, 0, 1783.000000, 403.950000, '', 0.000000, 0.00, 'F-CCAE1100H', '', '', 500.000000, 600.000000, 1130.000000, 35.000000, 2, 0, 0, 0, 0, 0, 1, '301-category', 0, 1, '0000-00-00', 0, 'new', 1, 1, 'both', 0, 0, 0, 0, '2019-10-01 11:45:21', '2019-12-06 12:46:25', 0, 0, 1),
(451, 0, 117, 100, 1, 1, 0, 0, '', '', '', 0.000000, 0, 1, 0, 0, 1271.000000, 277.830000, '', 0.000000, 0.00, 'F-CCAE1200', '', '', 500.000000, 600.000000, 880.000000, 19.000000, 2, 0, 0, 0, 0, 0, 1, '301-category', 0, 1, '0000-00-00', 0, 'new', 1, 1, 'both', 0, 0, 0, 0, '2019-10-01 11:45:23', '2019-12-06 12:46:26', 0, 0, 1),
(452, 0, 117, 100, 1, 1, 0, 0, '', '', '', 0.000000, 0, 1, 0, 0, 1387.000000, 280.660000, '', 0.000000, 0.00, 'F-CCAE1500', '', '', 500.000000, 600.000000, 880.000000, 25.000000, 2, 0, 0, 0, 0, 0, 1, '301-category', 0, 1, '0000-00-00', 0, 'new', 1, 1, 'both', 0, 0, 0, 0, '2019-10-01 11:45:26', '2019-12-06 12:46:27', 0, 0, 1),
(453, 0, 117, 100, 1, 1, 0, 0, '', '', '', 0.000000, 0, 1, 0, 0, 1480.000000, 318.620000, '', 0.000000, 0.00, 'F-CCAE1800', '', '', 675.000000, 600.000000, 930.000000, 30.000000, 2, 0, 0, 0, 0, 0, 1, '301-category', 0, 1, '0000-00-00', 0, 'new', 1, 1, 'both', 0, 0, 0, 0, '2019-10-01 11:45:28', '2019-12-06 12:46:28', 0, 0, 1),
(454, 0, 117, 100, 1, 1, 0, 0, '', '', '', 0.000000, 0, 1, 0, 0, 1526.000000, 323.480000, '', 0.000000, 0.00, 'F-CCAE2100', '', '', 675.000000, 600.000000, 930.000000, 33.000000, 2, 0, 0, 0, 0, 0, 1, '301-category', 0, 1, '0000-00-00', 0, 'new', 1, 1, 'both', 0, 0, 0, 0, '2019-10-01 11:45:31', '2019-12-06 12:46:29', 0, 0, 1),
(455, 0, 117, 100, 1, 1, 0, 0, '', '', '', 0.000000, 0, 1, 0, 0, 1595.000000, 350.270000, '', 0.000000, 0.00, 'F-CCAE2400', '', '', 675.000000, 600.000000, 930.000000, 33.000000, 2, 0, 0, 0, 0, 0, 1, '301-category', 0, 1, '0000-00-00', 0, 'new', 1, 1, 'both', 0, 0, 0, 0, '2019-10-01 11:45:33', '2019-12-06 12:46:30', 0, 0, 1),
(456, 0, 117, 100, 1, 1, 0, 0, '', '', '', 0.000000, 0, 1, 0, 0, 870.000000, 211.640000, '', 0.000000, 0.00, 'F-CCAE300', '', '', 378.000000, 600.000000, 860.000000, 20.000000, 2, 0, 0, 0, 0, 0, 1, '301-category', 0, 1, '0000-00-00', 0, 'new', 1, 1, 'both', 0, 0, 0, 90, '2019-10-01 11:45:35', '2019-12-06 12:46:31', 0, 0, 1),
(457, 0, 117, 100, 1, 1, 0, 0, '', '', '', 0.000000, 0, 1, 0, 0, 1800.000000, 457.880000, '', 0.000000, 0.00, 'F-CCAE3000', '', '', 655.000000, 600.000000, 1340.000000, 45.000000, 2, 0, 0, 0, 0, 0, 1, '301-category', 0, 1, '0000-00-00', 0, 'new', 1, 1, 'both', 0, 0, 0, 0, '2019-10-01 11:45:37', '2019-12-06 12:46:32', 0, 0, 1),
(458, 0, 117, 102, 1, 1, 0, 0, '', '', '', 0.000000, 0, 1, 0, 0, 1250.000000, 302.480000, '', 0.000000, 0.00, 'F-CCAE300H', '', '', 378.000000, 600.000000, 1120.000000, 30.000000, 2, 0, 0, 0, 0, 0, 1, '301-category', 0, 1, '0000-00-00', 0, 'new', 1, 1, 'both', 0, 0, 0, 0, '2019-10-01 11:45:39', '2019-12-06 12:46:33', 0, 0, 1),
(459, 0, 117, 100, 1, 1, 0, 0, '', '', '', 0.000000, 0, 1, 0, 0, 2400.000000, 665.000000, '', 0.000000, 0.00, 'F-CCAE4500', '', '', 985.000000, 600.000000, 1340.000000, 75.000000, 2, 0, 0, 0, 0, 0, 1, '301-category', 0, 1, '0000-00-00', 0, 'new', 1, 1, 'both', 0, 0, 0, 0, '2019-10-01 11:45:41', '2019-12-06 12:46:34', 0, 0, 1),
(460, 0, 117, 100, 1, 1, 0, 0, '', '', '', 0.000000, 0, 1, 0, 0, 971.000000, 224.130000, '', 0.000000, 0.00, 'F-CCAE600', '', '', 378.000000, 600.000000, 880.000000, 20.000000, 2, 0, 0, 0, 0, 0, 1, '301-category', 0, 1, '0000-00-00', 0, 'new', 1, 1, 'both', 0, 0, 0, 0, '2019-10-01 11:45:43', '2019-12-06 12:46:35', 0, 0, 1),
(461, 0, 117, 100, 1, 1, 0, 0, '', '', '', 0.000000, 0, 1, 0, 0, 3200.000000, 880.220000, '', 0.000000, 0.00, 'F-CCAE6000', '', '', 1095.000000, 600.000000, 1340.000000, 45.000000, 2, 0, 0, 0, 0, 0, 1, '301-category', 0, 1, '0000-00-00', 0, 'new', 1, 1, 'both', 0, 0, 0, 0, '2019-10-01 11:45:45', '2019-12-06 12:46:36', 0, 0, 1),
(462, 0, 117, 102, 1, 1, 0, 0, '', '', '', 0.000000, 0, 1, 0, 0, 1506.000000, 348.790000, '', 0.000000, 0.00, 'F-CCAE600H', '', '', 378.000000, 600.000000, 1120.000000, 30.000000, 2, 0, 0, 0, 0, 0, 1, '301-category', 0, 1, '0000-00-00', 0, 'new', 1, 1, 'both', 0, 0, 0, 0, '2019-10-01 11:45:47', '2019-12-06 12:46:37', 0, 0, 1),
(463, 0, 117, 100, 1, 1, 0, 0, '', '', '', 0.000000, 0, 1, 0, 0, 3800.000000, 981.960000, '', 0.000000, 0.00, 'F-CCAE7500', '', '', 1405.000000, 600.000000, 1340.000000, 55.000000, 2, 0, 0, 0, 0, 0, 1, '301-category', 0, 1, '0000-00-00', 0, 'new', 1, 1, 'both', 0, 0, 0, 0, '2019-10-01 11:45:50', '2019-12-06 12:46:38', 0, 0, 1),
(464, 0, 117, 100, 1, 1, 0, 0, '', '', '', 0.000000, 0, 1, 0, 0, 1087.000000, 258.740000, '', 0.000000, 0.00, 'F-CCAE900', '', '', 500.000000, 600.000000, 880.000000, 20.000000, 2, 0, 0, 0, 0, 0, 1, '301-category', 0, 1, '0000-00-00', 0, 'new', 1, 1, 'both', 0, 0, 0, 0, '2019-10-01 11:45:51', '2019-12-06 12:46:40', 0, 0, 1),
(465, 0, 117, 102, 1, 1, 0, 0, '', '', '', 0.000000, 0, 1, 0, 0, 1613.000000, 393.930000, '', 0.000000, 0.00, 'F-CCAE900H', '', '', 500.000000, 600.000000, 1130.000000, 35.000000, 2, 0, 0, 0, 0, 0, 1, '301-category', 0, 1, '0000-00-00', 0, 'new', 1, 1, 'both', 0, 0, 0, 0, '2019-10-01 11:45:54', '2019-12-06 12:46:41', 0, 0, 1);
INSERT INTO `ps_product` (`id_product`, `id_supplier`, `id_manufacturer`, `id_category_default`, `id_shop_default`, `id_tax_rules_group`, `on_sale`, `online_only`, `ean13`, `isbn`, `upc`, `ecotax`, `quantity`, `minimal_quantity`, `low_stock_threshold`, `low_stock_alert`, `price`, `wholesale_price`, `unity`, `unit_price_ratio`, `additional_shipping_cost`, `reference`, `supplier_reference`, `location`, `width`, `height`, `depth`, `weight`, `out_of_stock`, `additional_delivery_times`, `quantity_discount`, `customizable`, `uploadable_files`, `text_fields`, `active`, `redirect_type`, `id_type_redirected`, `available_for_order`, `available_date`, `show_condition`, `condition`, `show_price`, `indexed`, `visibility`, `cache_is_pack`, `cache_has_attachments`, `is_virtual`, `cache_default_attribute`, `date_add`, `date_upd`, `advanced_stock_management`, `pack_stock_type`, `state`) VALUES
(466, 0, 117, 103, 1, 1, 0, 0, '', '', '', 0.000000, 0, 1, 0, 0, 1461.000000, 337.250000, '', 0.000000, 0.00, 'F-CCAHE1100', '', '', 500.000000, 600.000000, 855.000000, 25.000000, 2, 0, 0, 0, 0, 0, 1, '301-category', 0, 1, '0000-00-00', 0, 'new', 1, 1, 'both', 0, 0, 0, 0, '2019-10-01 11:45:57', '2019-12-06 12:46:42', 0, 0, 1),
(467, 0, 117, 103, 1, 1, 0, 0, '', '', '', 0.000000, 0, 1, 0, 0, 1638.000000, 451.320000, '', 0.000000, 0.00, 'F-CCAHE2200', '', '', 675.000000, 600.000000, 855.000000, 35.000000, 2, 0, 0, 0, 0, 0, 1, '301-category', 0, 1, '0000-00-00', 0, 'new', 1, 1, 'both', 0, 0, 0, 0, '2019-10-01 11:45:59', '2019-12-06 12:46:43', 0, 0, 1),
(468, 0, 28, 103, 1, 1, 0, 0, '', '', '', 0.000000, 0, 1, 0, 0, 1256.000000, 286.760000, '', 0.000000, 0.00, '', '', '', 378.000000, 600.000000, 855.000000, 25.000000, 2, 0, 0, 0, 0, 0, 1, '301-category', 0, 1, '0000-00-00', 0, 'new', 1, 1, 'both', 0, 0, 0, 0, '2019-10-01 11:46:02', '2019-10-21 13:48:03', 0, 0, 1),
(469, 0, 117, 103, 1, 1, 0, 0, '', '', '', 0.000000, 0, 1, 0, 0, 2100.000000, 599.080000, '', 0.000000, 0.00, 'F-CCAHE4800', '', '', 500.000000, 600.000000, 1130.000000, 35.000000, 2, 0, 0, 0, 0, 0, 1, '301-category', 0, 1, '0000-00-00', 0, 'new', 1, 1, 'both', 0, 0, 0, 0, '2019-10-01 11:46:04', '2019-12-06 12:46:44', 0, 0, 1),
(470, 0, 117, 103, 1, 1, 0, 0, '', '', '', 0.000000, 0, 1, 0, 0, 1359.000000, 289.450000, '', 0.000000, 0.00, 'F-CCAHE600', '', '', 378.000000, 600.000000, 855.000000, 25.000000, 2, 0, 0, 0, 0, 0, 1, '301-category', 0, 1, '0000-00-00', 0, 'new', 1, 1, 'both', 0, 0, 0, 0, '2019-10-01 11:46:06', '2019-12-06 12:46:45', 0, 0, 1),
(471, 0, 117, 104, 1, 1, 0, 0, '', '', '', 0.000000, 0, 1, 0, 0, 1300.000000, 301.000000, '', 0.000000, 0.00, 'F-CIP25', '', '', 0.000000, 0.000000, 0.000000, 25.000000, 2, 0, 0, 0, 0, 0, 1, '', 0, 1, '0000-00-00', 0, 'new', 1, 1, 'both', 0, 0, 0, 0, '2019-10-01 11:46:10', '2019-12-06 12:46:46', 0, 0, 1),
(472, 0, 117, 104, 1, 1, 0, 0, '', '', '', 0.000000, 0, 1, 0, 0, 456.000000, 380.000000, '', 0.000000, 0.00, 'F-CIP28', '', '', 0.000000, 0.000000, 0.000000, 25.000000, 2, 0, 0, 0, 0, 0, 1, '', 0, 1, '0000-00-00', 0, 'new', 1, 1, 'both', 0, 0, 0, 0, '2019-10-01 11:46:12', '2019-12-06 12:46:47', 0, 0, 1),
(473, 0, 117, 104, 1, 1, 0, 0, '', '', '', 0.000000, 0, 1, 0, 0, 2088.000000, 580.000000, '', 0.000000, 0.00, 'F-CIP45', '', '', 0.000000, 0.000000, 0.000000, 25.000000, 2, 0, 0, 0, 0, 0, 1, '', 0, 1, '0000-00-00', 0, 'new', 1, 1, 'both', 0, 0, 0, 0, '2019-10-01 11:46:14', '2019-12-06 12:46:48', 0, 0, 1),
(474, 0, 117, 28, 1, 1, 0, 0, '', '', '', 0.000000, 0, 1, 0, 0, 118.000000, 25.000000, '', 0.000000, 0.00, 'H-4AS', '', '', 0.000000, 0.000000, 0.000000, 0.000000, 2, 0, 0, 0, 0, 0, 1, '301-category', 0, 1, '0000-00-00', 0, 'new', 1, 1, 'both', 0, 0, 0, 0, '2019-10-01 11:46:19', '2019-12-06 12:46:49', 0, 0, 1),
(475, 0, 79, 105, 1, 1, 0, 0, '', '', '', 0.000000, 0, 1, 0, 0, 53.000000, 18.200000, '', 0.000000, 0.00, 'HA-CA494925', '', '', 0.000000, 0.000000, 0.000000, 0.000000, 2, 0, 0, 0, 0, 0, 1, '', 0, 1, '0000-00-00', 0, 'new', 1, 1, 'both', 0, 0, 0, 0, '2019-10-01 11:46:21', '2019-12-06 12:46:50', 0, 0, 1),
(476, 0, 79, 105, 1, 1, 0, 0, '', '', '', 0.000000, 0, 1, 0, 0, 63.000000, 21.800000, '', 0.000000, 0.00, 'HA-FRI494925', '', '', 0.000000, 0.000000, 0.000000, 0.000000, 2, 0, 0, 0, 0, 0, 1, '', 0, 1, '0000-00-00', 0, 'new', 1, 1, 'both', 0, 0, 0, 0, '2019-10-01 11:46:24', '2019-12-06 12:46:51', 0, 0, 1),
(477, 0, 79, 105, 1, 1, 0, 0, '', '', '', 0.000000, 0, 1, 0, 0, 87.000000, 30.000000, '', 0.000000, 0.00, 'HA-FRI494950', '', '', 0.000000, 0.000000, 0.000000, 0.000000, 2, 0, 0, 0, 0, 0, 1, '', 0, 1, '0000-00-00', 0, 'new', 1, 1, 'both', 0, 0, 0, 0, '2019-10-01 11:46:26', '2019-12-06 12:46:53', 0, 0, 1),
(478, 0, 79, 105, 1, 1, 0, 0, '', '', '', 0.000000, 0, 1, 0, 0, 88.000000, 30.500000, '', 0.000000, 0.00, 'HA-GC494925', '', '', 0.000000, 0.000000, 0.000000, 0.000000, 2, 0, 0, 0, 0, 0, 1, '', 0, 1, '0000-00-00', 0, 'new', 1, 1, 'both', 0, 0, 0, 0, '2019-10-01 11:46:29', '2019-12-06 12:46:54', 0, 0, 1),
(479, 0, 79, 106, 1, 1, 0, 0, '', '', '', 0.000000, 0, 1, 0, 0, 1991.000000, 725.000000, '', 0.000000, 0.00, 'H-G.C10001000', '', '', 0.000000, 0.000000, 0.000000, 0.000000, 2, 0, 0, 0, 0, 0, 1, '301-category', 0, 1, '0000-00-00', 0, 'new', 1, 1, 'both', 0, 0, 0, 0, '2019-10-01 11:46:31', '2019-12-06 12:46:55', 0, 0, 1),
(480, 0, 79, 106, 1, 1, 0, 0, '', '', '', 0.000000, 0, 1, 0, 0, 2195.000000, 796.000000, '', 0.000000, 0.00, 'H-G.C10001250', '', '', 0.000000, 0.000000, 0.000000, 0.000000, 2, 0, 0, 0, 0, 0, 1, '301-category', 0, 1, '0000-00-00', 0, 'new', 1, 1, 'both', 0, 0, 0, 0, '2019-10-01 11:46:33', '2019-12-06 12:46:56', 0, 0, 1),
(481, 0, 79, 106, 1, 1, 0, 0, '', '', '', 0.000000, 0, 1, 0, 0, 2403.000000, 868.000000, '', 0.000000, 0.00, 'H-G.C10001500', '', '', 0.000000, 0.000000, 0.000000, 0.000000, 2, 0, 0, 0, 0, 0, 1, '301-category', 0, 1, '0000-00-00', 0, 'new', 1, 1, 'both', 0, 0, 0, 0, '2019-10-01 11:46:35', '2019-12-06 12:46:57', 0, 0, 1),
(482, 0, 79, 106, 1, 1, 0, 0, '', '', '', 0.000000, 0, 1, 0, 0, 2598.000000, 935.000000, '', 0.000000, 0.00, 'H-G.C10001750', '', '', 0.000000, 0.000000, 0.000000, 0.000000, 2, 0, 0, 0, 0, 0, 1, '301-category', 0, 1, '0000-00-00', 0, 'new', 1, 1, 'both', 0, 0, 0, 0, '2019-10-01 11:46:37', '2019-12-06 12:46:58', 0, 0, 1),
(483, 0, 79, 106, 1, 1, 0, 0, '', '', '', 0.000000, 0, 1, 0, 0, 2801.000000, 1006.000000, '', 0.000000, 0.00, 'H-G.C10002000', '', '', 0.000000, 0.000000, 0.000000, 0.000000, 2, 0, 0, 0, 0, 0, 1, '301-category', 0, 1, '0000-00-00', 0, 'new', 1, 1, 'both', 0, 0, 0, 0, '2019-10-01 11:46:39', '2019-12-06 12:46:59', 0, 0, 1),
(484, 0, 79, 106, 1, 1, 0, 0, '', '', '', 0.000000, 0, 1, 0, 0, 2086.000000, 758.000000, '', 0.000000, 0.00, 'H-G.C11001000', '', '', 0.000000, 0.000000, 0.000000, 0.000000, 2, 0, 0, 0, 0, 0, 1, '301-category', 0, 1, '0000-00-00', 0, 'new', 1, 1, 'both', 0, 0, 0, 0, '2019-10-01 11:46:41', '2019-12-06 12:47:00', 0, 0, 1),
(485, 0, 79, 106, 1, 1, 0, 0, '', '', '', 0.000000, 0, 1, 0, 0, 2294.000000, 830.000000, '', 0.000000, 0.00, 'H-G.C11001250', '', '', 0.000000, 0.000000, 0.000000, 0.000000, 2, 0, 0, 0, 0, 0, 1, '301-category', 0, 1, '0000-00-00', 0, 'new', 1, 1, 'both', 0, 0, 0, 0, '2019-10-01 11:46:44', '2019-12-06 12:47:01', 0, 0, 1),
(486, 0, 79, 106, 1, 1, 0, 0, '', '', '', 0.000000, 0, 1, 0, 0, 2502.000000, 902.000000, '', 0.000000, 0.00, 'H-G.C11001500', '', '', 0.000000, 0.000000, 0.000000, 0.000000, 2, 0, 0, 0, 0, 0, 1, '301-category', 0, 1, '0000-00-00', 0, 'new', 1, 1, 'both', 0, 0, 0, 0, '2019-10-01 11:46:46', '2019-12-06 12:47:02', 0, 0, 1),
(487, 0, 79, 106, 1, 1, 0, 0, '', '', '', 0.000000, 0, 1, 0, 0, 2706.000000, 973.000000, '', 0.000000, 0.00, 'H-G.C11001750', '', '', 0.000000, 0.000000, 0.000000, 0.000000, 2, 0, 0, 0, 0, 0, 1, '301-category', 0, 1, '0000-00-00', 0, 'new', 1, 1, 'both', 0, 0, 0, 0, '2019-10-01 11:46:48', '2019-12-06 12:47:03', 0, 0, 1),
(488, 0, 79, 106, 1, 1, 0, 0, '', '', '', 0.000000, 0, 1, 0, 0, 2923.000000, 1048.000000, '', 0.000000, 0.00, 'H-G.C11002000', '', '', 0.000000, 0.000000, 0.000000, 0.000000, 2, 0, 0, 0, 0, 0, 1, '301-category', 0, 1, '0000-00-00', 0, 'new', 1, 1, 'both', 0, 0, 0, 0, '2019-10-01 11:46:50', '2019-12-06 12:47:04', 0, 0, 1),
(489, 0, 79, 106, 1, 1, 0, 0, '', '', '', 0.000000, 0, 1, 0, 0, 1818.000000, 665.000000, '', 0.000000, 0.00, 'H-G.C8001000', '', '', 0.000000, 0.000000, 0.000000, 0.000000, 2, 0, 0, 0, 0, 0, 1, '301-category', 0, 1, '0000-00-00', 0, 'new', 1, 1, 'both', 0, 0, 0, 0, '2019-10-01 11:46:52', '2019-12-06 12:47:05', 0, 0, 1),
(490, 0, 79, 106, 1, 1, 0, 0, '', '', '', 0.000000, 0, 1, 0, 0, 2004.000000, 730.000000, '', 0.000000, 0.00, 'H-G.C8001200', '', '', 0.000000, 0.000000, 0.000000, 0.000000, 2, 0, 0, 0, 0, 0, 1, '301-category', 0, 1, '0000-00-00', 0, 'new', 1, 1, 'both', 0, 0, 0, 0, '2019-10-01 11:46:54', '2019-12-06 12:47:06', 0, 0, 1),
(491, 0, 79, 106, 1, 1, 0, 0, '', '', '', 0.000000, 0, 1, 0, 0, 2186.000000, 793.000000, '', 0.000000, 0.00, 'H-G.C8001500', '', '', 0.000000, 0.000000, 0.000000, 0.000000, 2, 0, 0, 0, 0, 0, 1, '301-category', 0, 1, '0000-00-00', 0, 'new', 1, 1, 'both', 0, 0, 0, 0, '2019-10-01 11:46:57', '2019-12-06 12:47:07', 0, 0, 1),
(492, 0, 79, 106, 1, 1, 0, 0, '', '', '', 0.000000, 0, 1, 0, 0, 2381.000000, 860.000000, '', 0.000000, 0.00, 'H-G.C8001750', '', '', 0.000000, 0.000000, 0.000000, 0.000000, 2, 0, 0, 0, 0, 0, 1, '301-category', 0, 1, '0000-00-00', 0, 'new', 1, 1, 'both', 0, 0, 0, 0, '2019-10-01 11:46:59', '2019-12-06 12:47:08', 0, 0, 1),
(493, 0, 79, 106, 1, 1, 0, 0, '', '', '', 0.000000, 0, 1, 0, 0, 2563.000000, 923.000000, '', 0.000000, 0.00, 'H-G.C8002000', '', '', 0.000000, 0.000000, 0.000000, 0.000000, 2, 0, 0, 0, 0, 0, 1, '301-category', 0, 1, '0000-00-00', 0, 'new', 1, 1, 'both', 0, 0, 0, 0, '2019-10-01 11:47:01', '2019-12-06 12:47:09', 0, 0, 1),
(494, 0, 79, 106, 1, 1, 0, 0, '', '', '', 0.000000, 0, 1, 0, 0, 1900.000000, 694.000000, '', 0.000000, 0.00, 'H-G.C9001000', '', '', 0.000000, 0.000000, 0.000000, 0.000000, 2, 0, 0, 0, 0, 0, 1, '301-category', 0, 1, '0000-00-00', 0, 'new', 1, 1, 'both', 0, 0, 0, 0, '2019-10-01 11:47:03', '2019-12-06 12:47:10', 0, 0, 1),
(495, 0, 79, 106, 1, 1, 0, 0, '', '', '', 0.000000, 0, 1, 0, 0, 2099.000000, 763.000000, '', 0.000000, 0.00, 'H-G.C9001250', '', '', 0.000000, 0.000000, 0.000000, 0.000000, 2, 0, 0, 0, 0, 0, 1, '301-category', 0, 1, '0000-00-00', 0, 'new', 1, 1, 'both', 0, 0, 0, 0, '2019-10-01 11:47:06', '2019-12-06 12:47:11', 0, 0, 1),
(496, 0, 79, 106, 1, 1, 0, 0, '', '', '', 0.000000, 0, 1, 0, 0, 2294.000000, 830.000000, '', 0.000000, 0.00, 'H-G.C9001500', '', '', 0.000000, 0.000000, 0.000000, 0.000000, 2, 0, 0, 0, 0, 0, 1, '301-category', 0, 1, '0000-00-00', 0, 'new', 1, 1, 'both', 0, 0, 0, 0, '2019-10-01 11:47:08', '2019-12-06 12:47:12', 0, 0, 1),
(497, 0, 79, 106, 1, 1, 0, 0, '', '', '', 0.000000, 0, 1, 0, 0, 2468.000000, 890.000000, '', 0.000000, 0.00, 'H-G.C9001750', '', '', 0.000000, 0.000000, 0.000000, 0.000000, 2, 0, 0, 0, 0, 0, 1, '301-category', 0, 1, '0000-00-00', 0, 'new', 1, 1, 'both', 0, 0, 0, 0, '2019-10-01 11:47:10', '2019-12-06 12:47:13', 0, 0, 1),
(498, 0, 79, 106, 1, 1, 0, 0, '', '', '', 0.000000, 0, 1, 0, 0, 2680.000000, 964.000000, '', 0.000000, 0.00, 'H-G.C9002000', '', '', 0.000000, 0.000000, 0.000000, 0.000000, 2, 0, 0, 0, 0, 0, 1, '301-category', 0, 1, '0000-00-00', 0, 'new', 1, 1, 'both', 0, 0, 0, 0, '2019-10-01 11:47:12', '2019-12-06 12:47:14', 0, 0, 1),
(499, 0, 79, 107, 1, 1, 0, 0, '', '', '', 0.000000, 0, 1, 0, 0, 1455.000000, 539.300000, '', 0.000000, 0.00, 'H-G.M10001000', '', '', 0.000000, 0.000000, 0.000000, 0.000000, 2, 0, 0, 0, 0, 0, 1, '301-category', 0, 1, '0000-00-00', 0, 'new', 1, 1, 'both', 0, 0, 0, 0, '2019-10-01 11:47:14', '2019-12-06 12:47:15', 0, 0, 1),
(500, 0, 79, 107, 1, 1, 0, 0, '', '', '', 0.000000, 0, 1, 0, 0, 1495.000000, 553.250000, '', 0.000000, 0.00, 'H-G.M10001000X', '', '', 0.000000, 0.000000, 0.000000, 0.000000, 2, 0, 0, 0, 0, 0, 1, '301-category', 0, 1, '0000-00-00', 0, 'new', 1, 1, 'both', 0, 0, 0, 0, '2019-10-01 11:47:16', '2019-12-06 12:47:16', 0, 0, 1),
(501, 0, 79, 107, 1, 1, 0, 0, '', '', '', 0.000000, 0, 1, 0, 0, 1512.000000, 559.100000, '', 0.000000, 0.00, 'H-G.M10001100', '', '', 0.000000, 0.000000, 0.000000, 0.000000, 2, 0, 0, 0, 0, 0, 1, '301-category', 0, 1, '0000-00-00', 0, 'new', 1, 1, 'both', 0, 0, 0, 0, '2019-10-01 11:47:18', '2019-12-06 12:47:18', 0, 0, 1),
(502, 0, 79, 107, 1, 1, 0, 0, '', '', '', 0.000000, 0, 1, 0, 0, 1530.000000, 565.400000, '', 0.000000, 0.00, 'H-G.M10001100X', '', '', 0.000000, 0.000000, 0.000000, 0.000000, 2, 0, 0, 0, 0, 0, 1, '301-category', 0, 1, '0000-00-00', 0, 'new', 1, 1, 'both', 0, 0, 0, 0, '2019-10-01 11:47:20', '2019-12-06 12:47:19', 0, 0, 1),
(503, 0, 79, 107, 1, 1, 0, 0, '', '', '', 0.000000, 0, 1, 0, 0, 1560.000000, 575.750000, '', 0.000000, 0.00, 'H-G.M10001200', '', '', 0.000000, 0.000000, 0.000000, 0.000000, 2, 0, 0, 0, 0, 0, 1, '301-category', 0, 1, '0000-00-00', 0, 'new', 1, 1, 'both', 0, 0, 0, 0, '2019-10-01 11:47:22', '2019-12-06 12:47:20', 0, 0, 1),
(504, 0, 79, 107, 1, 1, 0, 0, '', '', '', 0.000000, 0, 1, 0, 0, 1573.000000, 580.250000, '', 0.000000, 0.00, 'H-G.M10001200X', '', '', 0.000000, 0.000000, 0.000000, 0.000000, 2, 0, 0, 0, 0, 0, 1, '301-category', 0, 1, '0000-00-00', 0, 'new', 1, 1, 'both', 0, 0, 0, 0, '2019-10-01 11:47:25', '2019-12-06 12:47:21', 0, 0, 1),
(505, 0, 79, 107, 1, 1, 0, 0, '', '', '', 0.000000, 0, 1, 0, 0, 1605.000000, 591.500000, '', 0.000000, 0.00, 'H-G.M10001300', '', '', 0.000000, 0.000000, 0.000000, 0.000000, 2, 0, 0, 0, 0, 0, 1, '301-category', 0, 1, '0000-00-00', 0, 'new', 1, 1, 'both', 0, 0, 0, 0, '2019-10-01 11:47:27', '2019-12-06 12:47:22', 0, 0, 1),
(506, 0, 79, 107, 1, 1, 0, 0, '', '', '', 0.000000, 0, 1, 0, 0, 1641.000000, 603.650000, '', 0.000000, 0.00, 'H-G.M10001300X', '', '', 0.000000, 0.000000, 0.000000, 0.000000, 2, 0, 0, 0, 0, 0, 1, '301-category', 0, 1, '0000-00-00', 0, 'new', 1, 1, 'both', 0, 0, 0, 0, '2019-10-01 11:47:29', '2019-12-06 12:47:23', 0, 0, 1),
(507, 0, 79, 107, 1, 1, 0, 0, '', '', '', 0.000000, 0, 1, 0, 0, 1657.000000, 609.500000, '', 0.000000, 0.00, 'H-G.M10001400', '', '', 0.000000, 0.000000, 0.000000, 0.000000, 2, 0, 0, 0, 0, 0, 1, '301-category', 0, 1, '0000-00-00', 0, 'new', 1, 1, 'both', 0, 0, 0, 0, '2019-10-01 11:47:31', '2019-12-06 12:47:24', 0, 0, 1),
(508, 0, 79, 107, 1, 1, 0, 0, '', '', '', 0.000000, 0, 1, 0, 0, 1706.000000, 626.150000, '', 0.000000, 0.00, 'H-G.M10001400X', '', '', 0.000000, 0.000000, 0.000000, 0.000000, 2, 0, 0, 0, 0, 0, 1, '301-category', 0, 1, '0000-00-00', 0, 'new', 1, 1, 'both', 0, 0, 0, 0, '2019-10-01 11:47:34', '2019-12-06 12:47:25', 0, 0, 1),
(509, 0, 79, 107, 1, 1, 0, 0, '', '', '', 0.000000, 0, 1, 0, 0, 1716.000000, 629.750000, '', 0.000000, 0.00, 'H-G.M10001500', '', '', 0.000000, 0.000000, 0.000000, 0.000000, 2, 0, 0, 0, 0, 0, 1, '301-category', 0, 1, '0000-00-00', 0, 'new', 1, 1, 'both', 0, 0, 0, 0, '2019-10-01 11:47:36', '2019-12-06 12:47:26', 0, 0, 1),
(510, 0, 79, 107, 1, 1, 0, 0, '', '', '', 0.000000, 0, 1, 0, 0, 1761.000000, 645.500000, '', 0.000000, 0.00, 'H-G.M10001500X', '', '', 0.000000, 0.000000, 0.000000, 0.000000, 2, 0, 0, 0, 0, 0, 1, '301-category', 0, 1, '0000-00-00', 0, 'new', 1, 1, 'both', 0, 0, 0, 0, '2019-10-01 11:47:38', '2019-12-06 12:47:27', 0, 0, 1),
(511, 0, 79, 107, 1, 1, 0, 0, '', '', '', 0.000000, 0, 1, 0, 0, 1839.000000, 672.500000, '', 0.000000, 0.00, 'H-G.M10001750', '', '', 0.000000, 0.000000, 0.000000, 0.000000, 2, 0, 0, 0, 0, 0, 1, '301-category', 0, 1, '0000-00-00', 0, 'new', 1, 1, 'both', 0, 0, 0, 0, '2019-10-01 11:47:40', '2019-12-06 12:47:28', 0, 0, 1),
(512, 0, 79, 107, 1, 1, 0, 0, '', '', '', 0.000000, 0, 1, 0, 0, 1924.000000, 701.750000, '', 0.000000, 0.00, 'H-G.M10001750X', '', '', 0.000000, 0.000000, 0.000000, 0.000000, 2, 0, 0, 0, 0, 0, 1, '301-category', 0, 1, '0000-00-00', 0, 'new', 1, 1, 'both', 0, 0, 0, 0, '2019-10-01 11:47:42', '2019-12-06 12:47:29', 0, 0, 1),
(513, 0, 79, 107, 1, 1, 0, 0, '', '', '', 0.000000, 0, 1, 0, 0, 1956.000000, 713.000000, '', 0.000000, 0.00, 'H-G.M10002000', '', '', 0.000000, 0.000000, 0.000000, 0.000000, 2, 0, 0, 0, 0, 0, 1, '301-category', 0, 1, '0000-00-00', 0, 'new', 1, 1, 'both', 0, 0, 0, 0, '2019-10-01 11:47:45', '2019-12-06 12:47:30', 0, 0, 1),
(514, 0, 79, 107, 1, 1, 0, 0, '', '', '', 0.000000, 0, 1, 0, 0, 2027.000000, 737.300000, '', 0.000000, 0.00, 'H-G.M10002000X', '', '', 0.000000, 0.000000, 0.000000, 0.000000, 2, 0, 0, 0, 0, 0, 1, '301-category', 0, 1, '0000-00-00', 0, 'new', 1, 1, 'both', 0, 0, 0, 0, '2019-10-01 11:47:47', '2019-12-06 12:47:31', 0, 0, 1),
(515, 0, 79, 107, 1, 1, 0, 0, '', '', '', 0.000000, 0, 1, 0, 0, 2444.000000, 881.750000, '', 0.000000, 0.00, 'H-G.M10002500', '', '', 0.000000, 0.000000, 0.000000, 0.000000, 2, 0, 0, 0, 0, 0, 1, '301-category', 0, 1, '0000-00-00', 0, 'new', 1, 1, 'both', 0, 0, 0, 0, '2019-10-01 11:47:49', '2019-12-06 12:47:32', 0, 0, 1),
(516, 0, 79, 107, 1, 1, 0, 0, '', '', '', 0.000000, 0, 1, 0, 0, 2495.000000, 899.300000, '', 0.000000, 0.00, 'H-G.M10002500X', '', '', 0.000000, 0.000000, 0.000000, 0.000000, 2, 0, 0, 0, 0, 0, 1, '301-category', 0, 1, '0000-00-00', 0, 'new', 1, 1, 'both', 0, 0, 0, 0, '2019-10-01 11:47:51', '2019-12-06 12:47:33', 0, 0, 1),
(517, 0, 79, 107, 1, 1, 0, 0, '', '', '', 0.000000, 0, 1, 0, 0, 2726.000000, 979.400000, '', 0.000000, 0.00, 'H-G.M10003000', '', '', 0.000000, 0.000000, 0.000000, 0.000000, 2, 0, 0, 0, 0, 0, 1, '301-category', 0, 1, '0000-00-00', 0, 'new', 1, 1, 'both', 0, 0, 0, 0, '2019-10-01 11:47:53', '2019-12-06 12:47:34', 0, 0, 1),
(518, 0, 79, 107, 1, 1, 0, 0, '', '', '', 0.000000, 0, 1, 0, 0, 2812.000000, 1009.100000, '', 0.000000, 0.00, 'H-G.M10003000X', '', '', 0.000000, 0.000000, 0.000000, 0.000000, 2, 0, 0, 0, 0, 0, 1, '301-category', 0, 1, '0000-00-00', 0, 'new', 1, 1, 'both', 0, 0, 0, 0, '2019-10-01 11:47:55', '2019-12-06 12:47:35', 0, 0, 1),
(519, 0, 79, 107, 1, 1, 0, 0, '', '', '', 0.000000, 0, 1, 0, 0, 1417.000000, 526.250000, '', 0.000000, 0.00, 'H-G.M1000800', '', '', 0.000000, 0.000000, 0.000000, 0.000000, 2, 0, 0, 0, 0, 0, 1, '301-category', 0, 1, '0000-00-00', 0, 'new', 1, 1, 'both', 0, 0, 0, 0, '2019-10-01 11:47:57', '2019-12-06 12:47:36', 0, 0, 1),
(520, 0, 79, 107, 1, 1, 0, 0, '', '', '', 0.000000, 0, 1, 0, 0, 1462.000000, 542.000000, '', 0.000000, 0.00, 'H-G.M1000800X', '', '', 0.000000, 0.000000, 0.000000, 0.000000, 2, 0, 0, 0, 0, 0, 1, '301-category', 0, 1, '0000-00-00', 0, 'new', 1, 1, 'both', 0, 0, 0, 0, '2019-10-01 11:47:59', '2019-12-06 12:47:37', 0, 0, 1),
(521, 0, 79, 107, 1, 1, 0, 0, '', '', '', 0.000000, 0, 1, 0, 0, 1455.000000, 533.000000, '', 0.000000, 0.00, 'H-G.M1000900', '', '', 0.000000, 0.000000, 0.000000, 0.000000, 2, 0, 0, 0, 0, 0, 1, '301-category', 0, 1, '0000-00-00', 0, 'new', 1, 1, 'both', 0, 0, 0, 0, '2019-10-01 11:48:02', '2019-12-06 12:47:38', 0, 0, 1),
(522, 0, 79, 107, 1, 1, 0, 0, '', '', '', 0.000000, 0, 1, 0, 0, 1495.000000, 548.300000, '', 0.000000, 0.00, 'H-G.M1000900X', '', '', 0.000000, 0.000000, 0.000000, 0.000000, 2, 0, 0, 0, 0, 0, 1, '301-category', 0, 1, '0000-00-00', 0, 'new', 1, 1, 'both', 0, 0, 0, 0, '2019-10-01 11:48:04', '2019-12-06 12:47:39', 0, 0, 1),
(523, 0, 79, 107, 1, 1, 0, 0, '', '', '', 0.000000, 0, 1, 0, 0, 1533.000000, 566.300000, '', 0.000000, 0.00, 'H-G.M11001000', '', '', 0.000000, 0.000000, 0.000000, 0.000000, 2, 0, 0, 0, 0, 0, 1, '301-category', 0, 1, '0000-00-00', 0, 'new', 1, 1, 'both', 0, 0, 0, 0, '2019-10-01 11:48:06', '2019-12-06 12:47:40', 0, 0, 1),
(524, 0, 79, 107, 1, 1, 0, 0, '', '', '', 0.000000, 0, 1, 0, 0, 1576.000000, 581.150000, '', 0.000000, 0.00, 'H-G.M11001000X', '', '', 0.000000, 0.000000, 0.000000, 0.000000, 2, 0, 0, 0, 0, 0, 1, '301-category', 0, 1, '0000-00-00', 0, 'new', 1, 1, 'both', 0, 0, 0, 0, '2019-10-01 11:48:09', '2019-12-06 12:47:42', 0, 0, 1),
(525, 0, 79, 107, 1, 1, 0, 0, '', '', '', 0.000000, 0, 1, 0, 0, 1594.000000, 587.450000, '', 0.000000, 0.00, 'H-G.M11001100', '', '', 0.000000, 0.000000, 0.000000, 0.000000, 2, 0, 0, 0, 0, 0, 1, '301-category', 0, 1, '0000-00-00', 0, 'new', 1, 1, 'both', 0, 0, 0, 0, '2019-10-01 11:48:11', '2019-12-06 12:47:43', 0, 0, 1),
(526, 0, 79, 107, 1, 1, 0, 0, '', '', '', 0.000000, 0, 1, 0, 0, 1613.000000, 594.200000, '', 0.000000, 0.00, 'H-G.M11001100X', '', '', 0.000000, 0.000000, 0.000000, 0.000000, 2, 0, 0, 0, 0, 0, 1, '301-category', 0, 1, '0000-00-00', 0, 'new', 1, 1, 'both', 0, 0, 0, 0, '2019-10-01 11:48:13', '2019-12-06 12:47:44', 0, 0, 1),
(527, 0, 79, 107, 1, 1, 0, 0, '', '', '', 0.000000, 0, 1, 0, 0, 1644.000000, 605.000000, '', 0.000000, 0.00, 'H-G.M11001200', '', '', 0.000000, 0.000000, 0.000000, 0.000000, 2, 0, 0, 0, 0, 0, 1, '301-category', 0, 1, '0000-00-00', 0, 'new', 1, 1, 'both', 0, 0, 0, 0, '2019-10-01 11:48:15', '2019-12-06 12:47:45', 0, 0, 1),
(528, 0, 79, 107, 1, 1, 0, 0, '', '', '', 0.000000, 0, 1, 0, 0, 1659.000000, 609.950000, '', 0.000000, 0.00, 'H-G.M11001200X', '', '', 0.000000, 0.000000, 0.000000, 0.000000, 2, 0, 0, 0, 0, 0, 1, '301-category', 0, 1, '0000-00-00', 0, 'new', 1, 1, 'both', 0, 0, 0, 0, '2019-10-01 11:48:17', '2019-12-06 12:47:46', 0, 0, 1),
(529, 0, 79, 107, 1, 1, 0, 0, '', '', '', 0.000000, 0, 1, 0, 0, 1694.000000, 622.100000, '', 0.000000, 0.00, 'H-G.M11001300', '', '', 0.000000, 0.000000, 0.000000, 0.000000, 2, 0, 0, 0, 0, 0, 1, '301-category', 0, 1, '0000-00-00', 0, 'new', 1, 1, 'both', 0, 0, 0, 0, '2019-10-01 11:48:20', '2019-12-06 12:47:47', 0, 0, 1),
(530, 0, 79, 107, 1, 1, 0, 0, '', '', '', 0.000000, 0, 1, 0, 0, 1732.000000, 635.150000, '', 0.000000, 0.00, 'H-G.M11001300X', '', '', 0.000000, 0.000000, 0.000000, 0.000000, 2, 0, 0, 0, 0, 0, 1, '301-category', 0, 1, '0000-00-00', 0, 'new', 1, 1, 'both', 0, 0, 0, 0, '2019-10-01 11:48:22', '2019-12-06 12:47:48', 0, 0, 1),
(531, 0, 79, 107, 1, 1, 0, 0, '', '', '', 0.000000, 0, 1, 0, 0, 1750.000000, 641.450000, '', 0.000000, 0.00, 'H-G.M11001400', '', '', 0.000000, 0.000000, 0.000000, 0.000000, 2, 0, 0, 0, 0, 0, 1, '301-category', 0, 1, '0000-00-00', 0, 'new', 1, 1, 'both', 0, 0, 0, 0, '2019-10-01 11:48:24', '2019-12-06 12:47:49', 0, 0, 1),
(532, 0, 79, 107, 1, 1, 0, 0, '', '', '', 0.000000, 0, 1, 0, 0, 1800.000000, 659.000000, '', 0.000000, 0.00, 'H-G.M11001400X', '', '', 0.000000, 0.000000, 0.000000, 0.000000, 2, 0, 0, 0, 0, 0, 1, '301-category', 0, 1, '0000-00-00', 0, 'new', 1, 1, 'both', 0, 0, 0, 0, '2019-10-01 11:48:26', '2019-12-06 12:47:50', 0, 0, 1),
(533, 0, 79, 107, 1, 1, 0, 0, '', '', '', 0.000000, 0, 1, 0, 0, 1812.000000, 663.050000, '', 0.000000, 0.00, 'H-G.M11001500', '', '', 0.000000, 0.000000, 0.000000, 0.000000, 2, 0, 0, 0, 0, 0, 1, '301-category', 0, 1, '0000-00-00', 0, 'new', 1, 1, 'both', 0, 0, 0, 0, '2019-10-01 11:48:28', '2019-12-06 12:47:51', 0, 0, 1),
(534, 0, 79, 107, 1, 1, 0, 0, '', '', '', 0.000000, 0, 1, 0, 0, 1860.000000, 679.700000, '', 0.000000, 0.00, 'H-G.M11001500X', '', '', 0.000000, 0.000000, 0.000000, 0.000000, 2, 0, 0, 0, 0, 0, 1, '301-category', 0, 1, '0000-00-00', 0, 'new', 1, 1, 'both', 0, 0, 0, 0, '2019-10-01 11:48:31', '2019-12-06 12:47:52', 0, 0, 1),
(535, 0, 79, 107, 1, 1, 0, 0, '', '', '', 0.000000, 0, 1, 0, 0, 1945.000000, 708.950000, '', 0.000000, 0.00, 'H-G.M11001750', '', '', 0.000000, 0.000000, 0.000000, 0.000000, 2, 0, 0, 0, 0, 0, 1, '301-category', 0, 1, '0000-00-00', 0, 'new', 1, 1, 'both', 0, 0, 0, 0, '2019-10-01 11:48:33', '2019-12-06 12:47:53', 0, 0, 1),
(536, 0, 79, 107, 1, 1, 0, 0, '', '', '', 0.000000, 0, 1, 0, 0, 2034.000000, 740.000000, '', 0.000000, 0.00, 'H-G.M11001750X', '', '', 0.000000, 0.000000, 0.000000, 0.000000, 2, 0, 0, 0, 0, 0, 1, '301-category', 0, 1, '0000-00-00', 0, 'new', 1, 1, 'both', 0, 0, 0, 0, '2019-10-01 11:48:35', '2019-12-06 12:47:54', 0, 0, 1),
(537, 0, 79, 107, 1, 1, 0, 0, '', '', '', 0.000000, 0, 1, 0, 0, 2070.000000, 752.150000, '', 0.000000, 0.00, 'H-G.M11002000', '', '', 0.000000, 0.000000, 0.000000, 0.000000, 2, 0, 0, 0, 0, 0, 1, '301-category', 0, 1, '0000-00-00', 0, 'new', 1, 1, 'both', 0, 0, 0, 0, '2019-10-01 11:48:37', '2019-12-06 12:47:55', 0, 0, 1),
(538, 0, 79, 107, 1, 1, 0, 0, '', '', '', 0.000000, 0, 1, 0, 0, 2145.000000, 778.250000, '', 0.000000, 0.00, 'H-G.M11002000X', '', '', 0.000000, 0.000000, 0.000000, 0.000000, 2, 0, 0, 0, 0, 0, 1, '301-category', 0, 1, '0000-00-00', 0, 'new', 1, 1, 'both', 0, 0, 0, 0, '2019-10-01 11:48:39', '2019-12-06 12:47:56', 0, 0, 1),
(539, 0, 79, 107, 1, 1, 0, 0, '', '', '', 0.000000, 0, 1, 0, 0, 2591.000000, 932.600000, '', 0.000000, 0.00, 'H-G.M11002500', '', '', 0.000000, 0.000000, 0.000000, 0.000000, 2, 0, 0, 0, 0, 0, 1, '301-category', 0, 1, '0000-00-00', 0, 'new', 1, 1, 'both', 0, 0, 0, 0, '2019-10-01 11:48:42', '2019-12-06 12:47:57', 0, 0, 1),
(540, 0, 79, 107, 1, 1, 0, 0, '', '', '', 0.000000, 0, 1, 0, 0, 2645.000000, 951.500000, '', 0.000000, 0.00, 'H-G.M11002500X', '', '', 0.000000, 0.000000, 0.000000, 0.000000, 2, 0, 0, 0, 0, 0, 1, '301-category', 0, 1, '0000-00-00', 0, 'new', 1, 1, 'both', 0, 0, 0, 0, '2019-10-01 11:48:44', '2019-12-06 12:47:58', 0, 0, 1),
(541, 0, 79, 107, 1, 1, 0, 0, '', '', '', 0.000000, 0, 1, 0, 0, 2892.000000, 1037.000000, '', 0.000000, 0.00, 'H-G.M11003000', '', '', 0.000000, 0.000000, 0.000000, 0.000000, 2, 0, 0, 0, 0, 0, 1, '301-category', 0, 1, '0000-00-00', 0, 'new', 1, 1, 'both', 0, 0, 0, 0, '2019-10-01 11:48:46', '2019-12-06 12:47:59', 0, 0, 1),
(542, 0, 79, 107, 1, 1, 0, 0, '', '', '', 0.000000, 0, 1, 0, 0, 2985.000000, 1068.950000, '', 0.000000, 0.00, 'H-G.M11003000X', '', '', 0.000000, 0.000000, 0.000000, 0.000000, 2, 0, 0, 0, 0, 0, 1, '301-category', 0, 1, '0000-00-00', 0, 'new', 1, 1, 'both', 0, 0, 0, 0, '2019-10-01 11:48:48', '2019-12-06 12:48:01', 0, 0, 1),
(543, 0, 79, 107, 1, 1, 0, 0, '', '', '', 0.000000, 0, 1, 0, 0, 1492.000000, 552.350000, '', 0.000000, 0.00, 'H-G.M1100800', '', '', 0.000000, 0.000000, 0.000000, 0.000000, 2, 0, 0, 0, 0, 0, 1, '301-category', 0, 1, '0000-00-00', 0, 'new', 1, 1, 'both', 0, 0, 0, 0, '2019-10-01 11:48:50', '2019-12-06 12:48:02', 0, 0, 1),
(544, 0, 79, 107, 1, 1, 0, 0, '', '', '', 0.000000, 0, 1, 0, 0, 1540.000000, 569.000000, '', 0.000000, 0.00, 'H-G.M1100800X', '', '', 0.000000, 0.000000, 0.000000, 0.000000, 2, 0, 0, 0, 0, 0, 1, '301-category', 0, 1, '0000-00-00', 0, 'new', 1, 1, 'both', 0, 0, 0, 0, '2019-10-01 11:48:52', '2019-12-06 12:48:04', 0, 0, 1),
(545, 0, 79, 107, 1, 1, 0, 0, '', '', '', 0.000000, 0, 1, 0, 0, 1611.000000, 559.550000, '', 0.000000, 0.00, 'H-G.M1100900', '', '', 0.000000, 0.000000, 0.000000, 0.000000, 2, 0, 0, 0, 0, 0, 1, '301-category', 0, 1, '0000-00-00', 0, 'new', 1, 1, 'both', 0, 0, 0, 0, '2019-10-01 11:48:54', '2019-12-06 12:48:06', 0, 0, 1),
(546, 0, 79, 107, 1, 1, 0, 0, '', '', '', 0.000000, 0, 1, 0, 0, 1663.000000, 575.750000, '', 0.000000, 0.00, 'H-G.M1100900X', '', '', 0.000000, 0.000000, 0.000000, 0.000000, 2, 0, 0, 0, 0, 0, 1, '301-category', 0, 1, '0000-00-00', 0, 'new', 1, 1, 'both', 0, 0, 0, 0, '2019-10-01 11:48:57', '2019-12-06 12:48:07', 0, 0, 1),
(547, 0, 79, 107, 1, 1, 0, 0, '', '', '', 0.000000, 0, 1, 0, 0, 1633.000000, 600.950000, '', 0.000000, 0.00, 'H-G.M12001000', '', '', 0.000000, 0.000000, 0.000000, 0.000000, 2, 0, 0, 0, 0, 0, 1, '301-category', 0, 1, '0000-00-00', 0, 'new', 1, 1, 'both', 0, 0, 0, 0, '2019-10-01 11:48:59', '2019-12-06 12:48:08', 0, 0, 1),
(548, 0, 79, 107, 1, 1, 0, 0, '', '', '', 0.000000, 0, 1, 0, 0, 1680.000000, 617.150000, '', 0.000000, 0.00, 'H-G.M12001000X', '', '', 0.000000, 0.000000, 0.000000, 0.000000, 2, 0, 0, 0, 0, 0, 1, '301-category', 0, 1, '0000-00-00', 0, 'new', 1, 1, 'both', 0, 0, 0, 0, '2019-10-01 11:49:01', '2019-12-06 12:48:09', 0, 0, 1),
(549, 0, 79, 107, 1, 1, 0, 0, '', '', '', 0.000000, 0, 1, 0, 0, 1699.000000, 623.900000, '', 0.000000, 0.00, 'H-G.M12001100', '', '', 0.000000, 0.000000, 0.000000, 0.000000, 2, 0, 0, 0, 0, 0, 1, '301-category', 0, 1, '0000-00-00', 0, 'new', 1, 1, 'both', 0, 0, 0, 0, '2019-10-01 11:49:03', '2019-12-06 12:48:10', 0, 0, 1),
(550, 0, 79, 107, 1, 1, 0, 0, '', '', '', 0.000000, 0, 1, 0, 0, 1720.000000, 631.100000, '', 0.000000, 0.00, 'H-G.M12001100X', '', '', 0.000000, 0.000000, 0.000000, 0.000000, 2, 0, 0, 0, 0, 0, 1, '301-category', 0, 1, '0000-00-00', 0, 'new', 1, 1, 'both', 0, 0, 0, 0, '2019-10-01 11:49:06', '2019-12-06 12:48:11', 0, 0, 1),
(551, 0, 79, 107, 1, 1, 0, 0, '', '', '', 0.000000, 0, 1, 0, 0, 1755.000000, 643.250000, '', 0.000000, 0.00, 'H-G.M12001200', '', '', 0.000000, 0.000000, 0.000000, 0.000000, 2, 0, 0, 0, 0, 0, 1, '301-category', 0, 1, '0000-00-00', 0, 'new', 1, 1, 'both', 0, 0, 0, 0, '2019-10-01 11:49:08', '2019-12-06 12:48:12', 0, 0, 1),
(552, 0, 79, 107, 1, 1, 0, 0, '', '', '', 0.000000, 0, 1, 0, 0, 1769.000000, 648.200000, '', 0.000000, 0.00, 'H-G.M12001200X', '', '', 0.000000, 0.000000, 0.000000, 0.000000, 2, 0, 0, 0, 0, 0, 1, '301-category', 0, 1, '0000-00-00', 0, 'new', 1, 1, 'both', 0, 0, 0, 0, '2019-10-01 11:49:10', '2019-12-06 12:48:14', 0, 0, 1),
(553, 0, 79, 107, 1, 1, 0, 0, '', '', '', 0.000000, 0, 1, 0, 0, 1807.000000, 661.250000, '', 0.000000, 0.00, 'H-G.M12001300', '', '', 0.000000, 0.000000, 0.000000, 0.000000, 2, 0, 0, 0, 0, 0, 1, '301-category', 0, 1, '0000-00-00', 0, 'new', 1, 1, 'both', 0, 0, 0, 0, '2019-10-01 11:49:12', '2019-12-06 12:48:15', 0, 0, 1),
(554, 0, 79, 107, 1, 1, 0, 0, '', '', '', 0.000000, 0, 1, 0, 0, 1849.000000, 675.650000, '', 0.000000, 0.00, 'H-G.M12001300X', '', '', 0.000000, 0.000000, 0.000000, 0.000000, 2, 0, 0, 0, 0, 0, 1, '301-category', 0, 1, '0000-00-00', 0, 'new', 1, 1, 'both', 0, 0, 0, 0, '2019-10-01 11:49:14', '2019-12-06 12:48:16', 0, 0, 1),
(555, 0, 79, 107, 1, 1, 0, 0, '', '', '', 0.000000, 0, 1, 0, 0, 1868.000000, 682.400000, '', 0.000000, 0.00, 'H-G.M12001400', '', '', 0.000000, 0.000000, 0.000000, 0.000000, 2, 0, 0, 0, 0, 0, 1, '301-category', 0, 1, '0000-00-00', 0, 'new', 1, 1, 'both', 0, 0, 0, 0, '2019-10-01 11:49:16', '2019-12-06 12:48:17', 0, 0, 1),
(556, 0, 79, 107, 1, 1, 0, 0, '', '', '', 0.000000, 0, 1, 0, 0, 1924.000000, 251.750000, '', 0.000000, 0.00, 'H-G.M12001400X', '', '', 0.000000, 0.000000, 0.000000, 0.000000, 2, 0, 0, 0, 0, 0, 1, '301-category', 0, 1, '0000-00-00', 0, 'new', 1, 1, 'both', 0, 0, 0, 0, '2019-10-01 11:49:18', '2019-12-06 12:48:18', 0, 0, 1),
(557, 0, 79, 107, 1, 1, 0, 0, '', '', '', 0.000000, 0, 1, 0, 0, 1936.000000, 705.800000, '', 0.000000, 0.00, 'H-G.M12001500', '', '', 0.000000, 0.000000, 0.000000, 0.000000, 2, 0, 0, 0, 0, 0, 1, '301-category', 0, 1, '0000-00-00', 0, 'new', 1, 1, 'both', 0, 0, 0, 0, '2019-10-01 11:49:20', '2019-12-06 12:48:19', 0, 0, 1),
(558, 0, 79, 107, 1, 1, 0, 0, '', '', '', 0.000000, 0, 1, 0, 0, 1988.000000, 723.800000, '', 0.000000, 0.00, 'H-G.M12001500X', '', '', 0.000000, 0.000000, 0.000000, 0.000000, 2, 0, 0, 0, 0, 0, 1, '301-category', 0, 1, '0000-00-00', 0, 'new', 1, 1, 'both', 0, 0, 0, 0, '2019-10-01 11:49:23', '2019-12-06 12:48:20', 0, 0, 1),
(559, 0, 79, 107, 1, 1, 0, 0, '', '', '', 0.000000, 0, 1, 0, 0, 2079.000000, 755.300000, '', 0.000000, 0.00, 'H-G.M12001750', '', '', 0.000000, 0.000000, 0.000000, 0.000000, 2, 0, 0, 0, 0, 0, 1, '301-category', 0, 1, '0000-00-00', 0, 'new', 1, 1, 'both', 0, 0, 0, 0, '2019-10-01 11:49:25', '2019-12-06 12:48:21', 0, 0, 1),
(560, 0, 79, 107, 1, 1, 0, 0, '', '', '', 0.000000, 0, 1, 0, 0, 2176.000000, 789.050000, '', 0.000000, 0.00, 'H-G.M12001750X', '', '', 0.000000, 0.000000, 0.000000, 0.000000, 2, 0, 0, 0, 0, 0, 1, '301-category', 0, 1, '0000-00-00', 0, 'new', 1, 1, 'both', 0, 0, 0, 0, '2019-10-01 11:49:27', '2019-12-06 12:48:22', 0, 0, 1),
(561, 0, 79, 107, 1, 1, 0, 0, '', '', '', 0.000000, 0, 1, 0, 0, 2214.000000, 802.100000, '', 0.000000, 0.00, 'H-G.M12002000', '', '', 0.000000, 0.000000, 0.000000, 0.000000, 2, 0, 0, 0, 0, 0, 1, '301-category', 0, 1, '0000-00-00', 0, 'new', 1, 1, 'both', 0, 0, 0, 0, '2019-10-01 11:49:29', '2019-12-06 12:48:23', 0, 0, 1),
(562, 0, 79, 107, 1, 1, 0, 0, '', '', '', 0.000000, 0, 1, 0, 0, 2296.000000, 830.450000, '', 0.000000, 0.00, 'H-G.M12002000X', '', '', 0.000000, 0.000000, 0.000000, 0.000000, 2, 0, 0, 0, 0, 0, 1, '301-category', 0, 1, '0000-00-00', 0, 'new', 1, 1, 'both', 0, 0, 0, 0, '2019-10-01 11:49:31', '2019-12-06 12:48:24', 0, 0, 1),
(563, 0, 79, 107, 1, 1, 0, 0, '', '', '', 0.000000, 0, 1, 0, 0, 2779.000000, 997.850000, '', 0.000000, 0.00, 'H-G.M12002500', '', '', 0.000000, 0.000000, 0.000000, 0.000000, 2, 0, 0, 0, 0, 0, 1, '301-category', 0, 1, '0000-00-00', 0, 'new', 1, 1, 'both', 0, 0, 0, 0, '2019-10-01 11:49:33', '2019-12-06 12:48:25', 0, 0, 1),
(564, 0, 79, 107, 1, 1, 0, 0, '', '', '', 0.000000, 0, 1, 0, 0, 2839.000000, 1018.550000, '', 0.000000, 0.00, 'H-G.M12002500X', '', '', 0.000000, 0.000000, 0.000000, 0.000000, 2, 0, 0, 0, 0, 0, 1, '301-category', 0, 1, '0000-00-00', 0, 'new', 1, 1, 'both', 0, 0, 0, 0, '2019-10-01 11:49:35', '2019-12-06 12:48:26', 0, 0, 1),
(565, 0, 79, 107, 1, 1, 0, 0, '', '', '', 0.000000, 0, 1, 0, 0, 3107.000000, 1111.250000, '', 0.000000, 0.00, 'H-G.M12003000', '', '', 0.000000, 0.000000, 0.000000, 0.000000, 2, 0, 0, 0, 0, 0, 1, '301-category', 0, 1, '0000-00-00', 0, 'new', 1, 1, 'both', 0, 0, 0, 0, '2019-10-01 11:49:38', '2019-12-06 12:48:27', 0, 0, 1),
(566, 0, 79, 107, 1, 1, 0, 0, '', '', '', 0.000000, 0, 1, 0, 0, 3207.000000, 1145.900000, '', 0.000000, 0.00, 'H-G.M12003000X', '', '', 0.000000, 0.000000, 0.000000, 0.000000, 2, 0, 0, 0, 0, 0, 1, '301-category', 0, 1, '0000-00-00', 0, 'new', 1, 1, 'both', 0, 0, 0, 0, '2019-10-01 11:49:40', '2019-12-06 12:48:28', 0, 0, 1),
(567, 0, 79, 107, 1, 1, 0, 0, '', '', '', 0.000000, 0, 1, 0, 0, 1589.000000, 585.650000, '', 0.000000, 0.00, 'H-G.M1200800', '', '', 0.000000, 0.000000, 0.000000, 0.000000, 2, 0, 0, 0, 0, 0, 1, '301-category', 0, 1, '0000-00-00', 0, 'new', 1, 1, 'both', 0, 0, 0, 0, '2019-10-01 11:49:42', '2019-12-06 12:48:29', 0, 0, 1),
(568, 0, 79, 107, 1, 1, 0, 0, '', '', '', 0.000000, 0, 1, 0, 0, 1642.000000, 604.100000, '', 0.000000, 0.00, 'H-G.M1200800X', '', '', 0.000000, 0.000000, 0.000000, 0.000000, 2, 0, 0, 0, 0, 0, 1, '301-category', 0, 1, '0000-00-00', 0, 'new', 1, 1, 'both', 0, 0, 0, 0, '2019-10-01 11:49:44', '2019-12-06 12:48:30', 0, 0, 1),
(569, 0, 79, 107, 1, 1, 0, 0, '', '', '', 0.000000, 0, 1, 0, 0, 1611.000000, 593.300000, '', 0.000000, 0.00, 'H-G.M1200900', '', '', 0.000000, 0.000000, 0.000000, 0.000000, 2, 0, 0, 0, 0, 0, 1, '301-category', 0, 1, '0000-00-00', 0, 'new', 1, 1, 'both', 0, 0, 0, 0, '2019-10-01 11:49:46', '2019-12-06 12:48:31', 0, 0, 1),
(570, 0, 79, 107, 1, 1, 0, 0, '', '', '', 0.000000, 0, 1, 0, 0, 1663.000000, 611.300000, '', 0.000000, 0.00, 'H-G.M1200900X', '', '', 0.000000, 0.000000, 0.000000, 0.000000, 2, 0, 0, 0, 0, 0, 1, '301-category', 0, 1, '0000-00-00', 0, 'new', 1, 1, 'both', 0, 0, 0, 0, '2019-10-01 11:49:48', '2019-12-06 12:48:32', 0, 0, 1),
(571, 0, 79, 107, 1, 1, 0, 0, '', '', '', 0.000000, 0, 1, 0, 0, 1733.000000, 635.600000, '', 0.000000, 0.00, 'H-G.M14001000', '', '', 0.000000, 0.000000, 0.000000, 0.000000, 2, 0, 0, 0, 0, 0, 1, '301-category', 0, 1, '0000-00-00', 0, 'new', 1, 1, 'both', 0, 0, 0, 0, '2019-10-01 11:49:50', '2019-12-06 12:48:33', 0, 0, 1),
(572, 0, 79, 107, 1, 1, 0, 0, '', '', '', 0.000000, 0, 1, 0, 0, 1782.000000, 652.700000, '', 0.000000, 0.00, 'H-G.M14001000X', '', '', 0.000000, 0.000000, 0.000000, 0.000000, 2, 0, 0, 0, 0, 0, 1, '301-category', 0, 1, '0000-00-00', 0, 'new', 1, 1, 'both', 0, 0, 0, 0, '2019-10-01 11:49:52', '2019-12-06 12:48:34', 0, 0, 1),
(573, 0, 79, 107, 1, 1, 0, 0, '', '', '', 0.000000, 0, 1, 0, 0, 1804.000000, 660.350000, '', 0.000000, 0.00, 'H-G.M14001100', '', '', 0.000000, 0.000000, 0.000000, 0.000000, 2, 0, 0, 0, 0, 0, 1, '301-category', 0, 1, '0000-00-00', 0, 'new', 1, 1, 'both', 0, 0, 0, 0, '2019-10-01 11:49:54', '2019-12-06 12:48:35', 0, 0, 1),
(574, 0, 79, 107, 1, 1, 0, 0, '', '', '', 0.000000, 0, 1, 0, 0, 1826.000000, 668.000000, '', 0.000000, 0.00, 'H-G.M14001100X', '', '', 0.000000, 0.000000, 0.000000, 0.000000, 2, 0, 0, 0, 0, 0, 1, '301-category', 0, 1, '0000-00-00', 0, 'new', 1, 1, 'both', 0, 0, 0, 0, '2019-10-01 11:49:57', '2019-12-06 12:48:36', 0, 0, 1),
(575, 0, 79, 107, 1, 1, 0, 0, '', '', '', 0.000000, 0, 1, 0, 0, 1864.000000, 681.050000, '', 0.000000, 0.00, 'H-G.M14001200', '', '', 0.000000, 0.000000, 0.000000, 0.000000, 2, 0, 0, 0, 0, 0, 1, '301-category', 0, 1, '0000-00-00', 0, 'new', 1, 1, 'both', 0, 0, 0, 0, '2019-10-01 11:49:59', '2019-12-06 12:48:37', 0, 0, 1),
(576, 0, 79, 107, 1, 1, 0, 0, '', '', '', 0.000000, 0, 1, 0, 0, 1880.000000, 686.450000, '', 0.000000, 0.00, 'H-G.M14001200X', '', '', 0.000000, 0.000000, 0.000000, 0.000000, 2, 0, 0, 0, 0, 0, 1, '301-category', 0, 1, '0000-00-00', 0, 'new', 1, 1, 'both', 0, 0, 0, 0, '2019-10-01 11:50:01', '2019-12-06 12:48:38', 0, 0, 1),
(577, 0, 79, 107, 1, 1, 0, 0, '', '', '', 0.000000, 0, 1, 0, 0, 1921.000000, 700.850000, '', 0.000000, 0.00, 'H-G.M14001300', '', '', 0.000000, 0.000000, 0.000000, 0.000000, 2, 0, 0, 0, 0, 0, 1, '301-category', 0, 1, '0000-00-00', 0, 'new', 1, 1, 'both', 0, 0, 0, 0, '2019-10-01 11:50:03', '2019-12-06 12:48:39', 0, 0, 1),
(578, 0, 79, 107, 1, 1, 0, 0, '', '', '', 0.000000, 0, 1, 0, 0, 1964.000000, 715.700000, '', 0.000000, 0.00, 'H-G.M14001300X', '', '', 0.000000, 0.000000, 0.000000, 0.000000, 2, 0, 0, 0, 0, 0, 1, '301-category', 0, 1, '0000-00-00', 0, 'new', 1, 1, 'both', 0, 0, 0, 0, '2019-10-01 11:50:06', '2019-12-06 12:48:40', 0, 0, 1),
(579, 0, 79, 107, 1, 1, 0, 0, '', '', '', 0.000000, 0, 1, 0, 0, 1986.000000, 723.350000, '', 0.000000, 0.00, 'H-G.M14001400', '', '', 0.000000, 0.000000, 0.000000, 0.000000, 2, 0, 0, 0, 0, 0, 1, '301-category', 0, 1, '0000-00-00', 0, 'new', 1, 1, 'both', 0, 0, 0, 0, '2019-10-01 11:50:08', '2019-12-06 12:48:41', 0, 0, 1),
(580, 0, 79, 107, 1, 1, 0, 0, '', '', '', 0.000000, 0, 1, 0, 0, 2046.000000, 744.050000, '', 0.000000, 0.00, 'H-G.M14001400X', '', '', 0.000000, 0.000000, 0.000000, 0.000000, 2, 0, 0, 0, 0, 0, 1, '301-category', 0, 1, '0000-00-00', 0, 'new', 1, 1, 'both', 0, 0, 0, 0, '2019-10-01 11:50:11', '2019-12-06 12:48:42', 0, 0, 1),
(581, 0, 79, 107, 1, 1, 0, 0, '', '', '', 0.000000, 0, 1, 0, 0, 2059.000000, 748.550000, '', 0.000000, 0.00, 'H-G.M14001500', '', '', 0.000000, 0.000000, 0.000000, 0.000000, 2, 0, 0, 0, 0, 0, 1, '301-category', 0, 1, '0000-00-00', 0, 'new', 1, 1, 'both', 0, 0, 0, 0, '2019-10-01 11:50:13', '2019-12-06 12:48:43', 0, 0, 1),
(582, 0, 79, 107, 1, 1, 0, 0, '', '', '', 0.000000, 0, 1, 0, 0, 2116.000000, 768.350000, '', 0.000000, 0.00, 'H-G.M14001500X', '', '', 0.000000, 0.000000, 0.000000, 0.000000, 2, 0, 0, 0, 0, 0, 1, '301-category', 0, 1, '0000-00-00', 0, 'new', 1, 1, 'both', 0, 0, 0, 0, '2019-10-01 11:50:15', '2019-12-06 12:48:44', 0, 0, 1),
(583, 0, 79, 107, 1, 1, 0, 0, '', '', '', 0.000000, 0, 1, 0, 0, 2214.000000, 802.100000, '', 0.000000, 0.00, 'H-G.M14001750', '', '', 0.000000, 0.000000, 0.000000, 0.000000, 2, 0, 0, 0, 0, 0, 1, '301-category', 0, 1, '0000-00-00', 0, 'new', 1, 1, 'both', 0, 0, 0, 0, '2019-10-01 11:50:17', '2019-12-06 12:48:45', 0, 0, 1),
(584, 0, 79, 107, 1, 1, 0, 0, '', '', '', 0.000000, 0, 1, 0, 0, 2319.000000, 838.550000, '', 0.000000, 0.00, 'H-G.M14001750X', '', '', 0.000000, 0.000000, 0.000000, 0.000000, 2, 0, 0, 0, 0, 0, 1, '301-category', 0, 1, '0000-00-00', 0, 'new', 1, 1, 'both', 0, 0, 0, 0, '2019-10-01 11:50:19', '2019-12-06 12:48:46', 0, 0, 1),
(585, 0, 79, 107, 1, 1, 0, 0, '', '', '', 0.000000, 0, 1, 0, 0, 2359.000000, 852.500000, '', 0.000000, 0.00, 'H-G.M14002000', '', '', 0.000000, 0.000000, 0.000000, 0.000000, 2, 0, 0, 0, 0, 0, 1, '301-category', 0, 1, '0000-00-00', 0, 'new', 1, 1, 'both', 0, 0, 0, 0, '2019-10-01 11:50:21', '2019-12-06 12:48:48', 0, 0, 1),
(586, 0, 79, 107, 1, 1, 0, 0, '', '', '', 0.000000, 0, 1, 0, 0, 2448.000000, 883.100000, '', 0.000000, 0.00, 'H-G.M14002000X', '', '', 0.000000, 0.000000, 0.000000, 0.000000, 2, 0, 0, 0, 0, 0, 1, '301-category', 0, 1, '0000-00-00', 0, 'new', 1, 1, 'both', 0, 0, 0, 0, '2019-10-01 11:50:23', '2019-12-06 12:48:49', 0, 0, 1),
(587, 0, 79, 107, 1, 1, 0, 0, '', '', '', 0.000000, 0, 1, 0, 0, 2969.000000, 1063.550000, '', 0.000000, 0.00, 'H-G.M14002500', '', '', 0.000000, 0.000000, 0.000000, 0.000000, 2, 0, 0, 0, 0, 0, 1, '301-category', 0, 1, '0000-00-00', 0, 'new', 1, 1, 'both', 0, 0, 0, 0, '2019-10-01 11:50:25', '2019-12-06 12:48:50', 0, 0, 1),
(588, 0, 79, 107, 1, 1, 0, 0, '', '', '', 0.000000, 0, 1, 0, 0, 3033.000000, 1085.600000, '', 0.000000, 0.00, 'H-G.M14002500X', '', '', 0.000000, 0.000000, 0.000000, 0.000000, 2, 0, 0, 0, 0, 0, 1, '301-category', 0, 1, '0000-00-00', 0, 'new', 1, 1, 'both', 0, 0, 0, 0, '2019-10-01 11:50:27', '2019-12-06 12:48:51', 0, 0, 1),
(589, 0, 79, 107, 1, 1, 0, 0, '', '', '', 0.000000, 0, 1, 0, 0, 3321.000000, 1185.500000, '', 0.000000, 0.00, 'H-G.M14003000', '', '', 0.000000, 0.000000, 0.000000, 0.000000, 2, 0, 0, 0, 0, 0, 1, '301-category', 0, 1, '0000-00-00', 0, 'new', 1, 1, 'both', 0, 0, 0, 0, '2019-10-01 11:50:29', '2019-12-06 12:48:52', 0, 0, 1),
(590, 0, 79, 107, 1, 1, 0, 0, '', '', '', 0.000000, 0, 1, 0, 0, 3428.000000, 1222.400000, '', 0.000000, 0.00, 'H-G.M14003000X', '', '', 0.000000, 0.000000, 0.000000, 0.000000, 2, 0, 0, 0, 0, 0, 1, '301-category', 0, 1, '0000-00-00', 0, 'new', 1, 1, 'both', 0, 0, 0, 0, '2019-10-01 11:50:31', '2019-12-06 12:48:53', 0, 0, 1),
(591, 0, 79, 107, 1, 1, 0, 0, '', '', '', 0.000000, 0, 1, 0, 0, 1685.000000, 618.950000, '', 0.000000, 0.00, 'H-G.M1400800', '', '', 0.000000, 0.000000, 0.000000, 0.000000, 2, 0, 0, 0, 0, 0, 1, '301-category', 0, 1, '0000-00-00', 0, 'new', 1, 1, 'both', 0, 0, 0, 0, '2019-10-01 11:50:33', '2019-12-06 12:48:54', 0, 0, 1),
(592, 0, 79, 107, 1, 1, 0, 0, '', '', '', 0.000000, 0, 1, 0, 0, 1742.000000, 638.750000, '', 0.000000, 0.00, 'H-G.M1400800X', '', '', 0.000000, 0.000000, 0.000000, 0.000000, 2, 0, 0, 0, 0, 0, 1, '301-category', 0, 1, '0000-00-00', 0, 'new', 1, 1, 'both', 0, 0, 0, 0, '2019-10-01 11:50:35', '2019-12-06 12:48:55', 0, 0, 1),
(593, 0, 79, 107, 1, 1, 0, 0, '', '', '', 0.000000, 0, 1, 0, 0, 1709.000000, 627.500000, '', 0.000000, 0.00, 'H-G.M1400900', '', '', 0.000000, 0.000000, 0.000000, 0.000000, 2, 0, 0, 0, 0, 0, 1, '301-category', 0, 1, '0000-00-00', 0, 'new', 1, 1, 'both', 0, 0, 0, 0, '2019-10-01 11:50:38', '2019-12-06 12:48:56', 0, 0, 1),
(594, 0, 79, 107, 1, 1, 0, 0, '', '', '', 0.000000, 0, 1, 0, 0, 1765.000000, 646.850000, '', 0.000000, 0.00, 'H-G.M1400900X', '', '', 0.000000, 0.000000, 0.000000, 0.000000, 2, 0, 0, 0, 0, 0, 1, '301-category', 0, 1, '0000-00-00', 0, 'new', 1, 1, 'both', 0, 0, 0, 0, '2019-10-01 11:50:40', '2019-12-06 12:48:57', 0, 0, 1),
(595, 0, 79, 107, 1, 1, 0, 0, '', '', '', 0.000000, 0, 1, 0, 0, 1843.000000, 673.850000, '', 0.000000, 0.00, 'H-G.M15001000', '', '', 0.000000, 0.000000, 0.000000, 0.000000, 2, 0, 0, 0, 0, 0, 1, '301-category', 0, 1, '0000-00-00', 0, 'new', 1, 1, 'both', 0, 0, 0, 0, '2019-10-01 11:50:42', '2019-12-06 12:48:58', 0, 0, 1),
(596, 0, 79, 107, 1, 1, 0, 0, '', '', '', 0.000000, 0, 1, 0, 0, 1898.000000, 692.750000, '', 0.000000, 0.00, 'H-G.M15001000X', '', '', 0.000000, 0.000000, 0.000000, 0.000000, 2, 0, 0, 0, 0, 0, 1, '301-category', 0, 1, '0000-00-00', 0, 'new', 1, 1, 'both', 0, 0, 0, 0, '2019-10-01 11:50:44', '2019-12-06 12:48:59', 0, 0, 1),
(597, 0, 79, 107, 1, 1, 0, 0, '', '', '', 0.000000, 0, 1, 0, 0, 1920.000000, 700.400000, '', 0.000000, 0.00, 'H-G.M15001100', '', '', 0.000000, 0.000000, 0.000000, 0.000000, 2, 0, 0, 0, 0, 0, 1, '301-category', 0, 1, '0000-00-00', 0, 'new', 1, 1, 'both', 0, 0, 0, 0, '2019-10-01 11:50:47', '2019-12-06 12:49:00', 0, 0, 1),
(598, 0, 79, 107, 1, 1, 0, 0, '', '', '', 0.000000, 0, 1, 0, 0, 1945.000000, 708.950000, '', 0.000000, 0.00, 'H-G.M15001100X', '', '', 0.000000, 0.000000, 0.000000, 0.000000, 2, 0, 0, 0, 0, 0, 1, '301-category', 0, 1, '0000-00-00', 0, 'new', 1, 1, 'both', 0, 0, 0, 0, '2019-10-01 11:50:49', '2019-12-06 12:49:01', 0, 0, 1),
(599, 0, 79, 107, 1, 1, 0, 0, '', '', '', 0.000000, 0, 1, 0, 0, 1985.000000, 722.900000, '', 0.000000, 0.00, 'H-G.M15001200', '', '', 0.000000, 0.000000, 0.000000, 0.000000, 2, 0, 0, 0, 0, 0, 1, '301-category', 0, 1, '0000-00-00', 0, 'new', 1, 1, 'both', 0, 0, 0, 0, '2019-10-01 11:50:51', '2019-12-06 12:49:02', 0, 0, 1),
(600, 0, 79, 107, 1, 1, 0, 0, '', '', '', 0.000000, 0, 1, 0, 0, 2003.000000, 729.200000, '', 0.000000, 0.00, 'H-G.M15001200X', '', '', 0.000000, 0.000000, 0.000000, 0.000000, 2, 0, 0, 0, 0, 0, 1, '301-category', 0, 1, '0000-00-00', 0, 'new', 1, 1, 'both', 0, 0, 0, 0, '2019-10-01 11:50:54', '2019-12-06 12:49:03', 0, 0, 1),
(601, 0, 79, 107, 1, 1, 0, 0, '', '', '', 0.000000, 0, 1, 0, 0, 2047.000000, 744.500000, '', 0.000000, 0.00, 'H-G.M15001300', '', '', 0.000000, 0.000000, 0.000000, 0.000000, 2, 0, 0, 0, 0, 0, 1, '301-category', 0, 1, '0000-00-00', 0, 'new', 1, 1, 'both', 0, 0, 0, 0, '2019-10-01 11:50:57', '2019-12-06 12:49:04', 0, 0, 1),
(602, 0, 79, 107, 1, 1, 0, 0, '', '', '', 0.000000, 0, 1, 0, 0, 2094.000000, 760.700000, '', 0.000000, 0.00, 'H-G.M15001300X', '', '', 0.000000, 0.000000, 0.000000, 0.000000, 2, 0, 0, 0, 0, 0, 1, '301-category', 0, 1, '0000-00-00', 0, 'new', 1, 1, 'both', 0, 0, 0, 0, '2019-10-01 11:50:59', '2019-12-06 12:49:05', 0, 0, 1),
(603, 0, 79, 107, 1, 1, 0, 0, '', '', '', 0.000000, 0, 1, 0, 0, 2118.000000, 768.800000, '', 0.000000, 0.00, 'H-G.M15001400', '', '', 0.000000, 0.000000, 0.000000, 0.000000, 2, 0, 0, 0, 0, 0, 1, '301-category', 0, 1, '0000-00-00', 0, 'new', 1, 1, 'both', 0, 0, 0, 0, '2019-10-01 11:51:02', '2019-12-06 12:49:06', 0, 0, 1),
(604, 0, 79, 107, 1, 1, 0, 0, '', '', '', 0.000000, 0, 1, 0, 0, 2181.000000, 790.850000, '', 0.000000, 0.00, 'H-G.M15001400X', '', '', 0.000000, 0.000000, 0.000000, 0.000000, 2, 0, 0, 0, 0, 0, 1, '301-category', 0, 1, '0000-00-00', 0, 'new', 1, 1, 'both', 0, 0, 0, 0, '2019-10-01 11:51:05', '2019-12-06 12:49:07', 0, 0, 1),
(605, 0, 79, 107, 1, 1, 0, 0, '', '', '', 0.000000, 0, 1, 0, 0, 2196.000000, 795.800000, '', 0.000000, 0.00, 'H-G.M15001500', '', '', 0.000000, 0.000000, 0.000000, 0.000000, 2, 0, 0, 0, 0, 0, 1, '301-category', 0, 1, '0000-00-00', 0, 'new', 1, 1, 'both', 0, 0, 0, 0, '2019-10-01 11:51:08', '2019-12-06 12:49:08', 0, 0, 1),
(606, 0, 79, 107, 1, 1, 0, 0, '', '', '', 0.000000, 0, 1, 0, 0, 2258.000000, 817.400000, '', 0.000000, 0.00, 'H-G.M15001500X', '', '', 0.000000, 0.000000, 0.000000, 0.000000, 2, 0, 0, 0, 0, 0, 1, '301-category', 0, 1, '0000-00-00', 0, 'new', 1, 1, 'both', 0, 0, 0, 0, '2019-10-01 11:51:10', '2019-12-06 12:49:09', 0, 0, 1),
(607, 0, 79, 107, 1, 1, 0, 0, '', '', '', 0.000000, 0, 1, 0, 0, 2370.000000, 856.100000, '', 0.000000, 0.00, 'H-G.M15001750', '', '', 0.000000, 0.000000, 0.000000, 0.000000, 2, 0, 0, 0, 0, 0, 1, '301-category', 0, 1, '0000-00-00', 0, 'new', 1, 1, 'both', 0, 0, 0, 0, '2019-10-01 11:51:12', '2019-12-06 12:49:10', 0, 0, 1),
(608, 0, 79, 107, 1, 1, 0, 0, '', '', '', 0.000000, 0, 1, 0, 0, 2476.000000, 893.000000, '', 0.000000, 0.00, 'H-G.M15001750X', '', '', 0.000000, 0.000000, 0.000000, 0.000000, 2, 0, 0, 0, 0, 0, 1, '301-category', 0, 1, '0000-00-00', 0, 'new', 1, 1, 'both', 0, 0, 0, 0, '2019-10-01 11:51:15', '2019-12-06 12:49:11', 0, 0, 1),
(609, 0, 79, 107, 1, 1, 0, 0, '', '', '', 0.000000, 0, 1, 0, 0, 2521.000000, 908.300000, '', 0.000000, 0.00, 'H-G.M15002000', '', '', 0.000000, 0.000000, 0.000000, 0.000000, 2, 0, 0, 0, 0, 0, 1, '301-category', 0, 1, '0000-00-00', 0, 'new', 1, 1, 'both', 0, 0, 0, 0, '2019-10-01 11:51:17', '2019-12-06 12:49:12', 0, 0, 1),
(610, 0, 79, 107, 1, 1, 0, 0, '', '', '', 0.000000, 0, 1, 0, 0, 2616.000000, 941.150000, '', 0.000000, 0.00, 'H-G.M15002000X', '', '', 0.000000, 0.000000, 0.000000, 0.000000, 2, 0, 0, 0, 0, 0, 1, '301-category', 0, 1, '0000-00-00', 0, 'new', 1, 1, 'both', 0, 0, 0, 0, '2019-10-01 11:51:20', '2019-12-06 12:49:13', 0, 0, 1),
(611, 0, 79, 107, 1, 1, 0, 0, '', '', '', 0.000000, 0, 1, 0, 0, 3178.000000, 1136.000000, '', 0.000000, 0.00, 'H-G.M15002500', '', '', 0.000000, 0.000000, 0.000000, 0.000000, 2, 0, 0, 0, 0, 0, 1, '301-category', 0, 1, '0000-00-00', 0, 'new', 1, 1, 'both', 0, 0, 0, 0, '2019-10-01 11:51:22', '2019-12-06 12:49:14', 0, 0, 1),
(612, 0, 79, 107, 1, 1, 0, 0, '', '', '', 0.000000, 0, 1, 0, 0, 3247.000000, 1159.850000, '', 0.000000, 0.00, 'H-G.M15002500X', '', '', 0.000000, 0.000000, 0.000000, 0.000000, 2, 0, 0, 0, 0, 0, 1, '301-category', 0, 1, '0000-00-00', 0, 'new', 1, 1, 'both', 0, 0, 0, 0, '2019-10-01 11:51:24', '2019-12-06 12:49:15', 0, 0, 1),
(613, 0, 79, 107, 1, 1, 0, 0, '', '', '', 0.000000, 0, 1, 0, 0, 3559.000000, 1267.850000, '', 0.000000, 0.00, 'H-G.M15003000', '', '', 0.000000, 0.000000, 0.000000, 0.000000, 2, 0, 0, 0, 0, 0, 1, '301-category', 0, 1, '0000-00-00', 0, 'new', 1, 1, 'both', 0, 0, 0, 0, '2019-10-01 11:51:27', '2019-12-06 12:49:16', 0, 0, 1),
(614, 0, 79, 107, 1, 1, 0, 0, '', '', '', 0.000000, 0, 1, 0, 0, 3675.000000, 1307.900000, '', 0.000000, 0.00, 'H-G.M15003000X', '', '', 0.000000, 0.000000, 0.000000, 0.000000, 2, 0, 0, 0, 0, 0, 1, '301-category', 0, 1, '0000-00-00', 0, 'new', 1, 1, 'both', 0, 0, 0, 0, '2019-10-01 11:51:29', '2019-12-06 12:49:17', 0, 0, 1),
(615, 0, 79, 107, 1, 1, 0, 0, '', '', '', 0.000000, 0, 1, 0, 0, 1793.000000, 656.300000, '', 0.000000, 0.00, 'H-G.M1500800', '', '', 0.000000, 0.000000, 0.000000, 0.000000, 2, 0, 0, 0, 0, 0, 1, '301-category', 0, 1, '0000-00-00', 0, 'new', 1, 1, 'both', 0, 0, 0, 0, '2019-10-01 11:51:31', '2019-12-06 12:49:18', 0, 0, 1),
(616, 0, 79, 107, 1, 1, 0, 0, '', '', '', 0.000000, 0, 1, 0, 0, 1854.000000, 677.450000, '', 0.000000, 0.00, 'H-G.M1500800X', '', '', 0.000000, 0.000000, 0.000000, 0.000000, 2, 0, 0, 0, 0, 0, 1, '301-category', 0, 1, '0000-00-00', 0, 'new', 1, 1, 'both', 0, 0, 0, 0, '2019-10-01 11:51:34', '2019-12-06 12:49:19', 0, 0, 1),
(617, 0, 79, 107, 1, 1, 0, 0, '', '', '', 0.000000, 0, 1, 0, 0, 1819.000000, 665.300000, '', 0.000000, 0.00, 'H-G.M1500900', '', '', 0.000000, 0.000000, 0.000000, 0.000000, 2, 0, 0, 0, 0, 0, 1, '301-category', 0, 1, '0000-00-00', 0, 'new', 1, 1, 'both', 0, 0, 0, 0, '2019-10-01 11:51:38', '2019-12-06 12:49:20', 0, 0, 1),
(618, 0, 79, 107, 1, 1, 0, 0, '', '', '', 0.000000, 0, 1, 0, 0, 1878.000000, 686.000000, '', 0.000000, 0.00, 'H-G.M1500900X', '', '', 0.000000, 0.000000, 0.000000, 0.000000, 2, 0, 0, 0, 0, 0, 1, '301-category', 0, 1, '0000-00-00', 0, 'new', 1, 1, 'both', 0, 0, 0, 0, '2019-10-01 11:51:40', '2019-12-06 12:49:21', 0, 0, 1);
INSERT INTO `ps_product` (`id_product`, `id_supplier`, `id_manufacturer`, `id_category_default`, `id_shop_default`, `id_tax_rules_group`, `on_sale`, `online_only`, `ean13`, `isbn`, `upc`, `ecotax`, `quantity`, `minimal_quantity`, `low_stock_threshold`, `low_stock_alert`, `price`, `wholesale_price`, `unity`, `unit_price_ratio`, `additional_shipping_cost`, `reference`, `supplier_reference`, `location`, `width`, `height`, `depth`, `weight`, `out_of_stock`, `additional_delivery_times`, `quantity_discount`, `customizable`, `uploadable_files`, `text_fields`, `active`, `redirect_type`, `id_type_redirected`, `available_for_order`, `available_date`, `show_condition`, `condition`, `show_price`, `indexed`, `visibility`, `cache_is_pack`, `cache_has_attachments`, `is_virtual`, `cache_default_attribute`, `date_add`, `date_upd`, `advanced_stock_management`, `pack_stock_type`, `state`) VALUES
(619, 0, 79, 107, 1, 1, 0, 0, '', '', '', 0.000000, 0, 1, 0, 0, 1390.000000, 516.800000, '', 0.000000, 0.00, 'H-G.M8001000', '', '', 0.000000, 0.000000, 0.000000, 0.000000, 2, 0, 0, 0, 0, 0, 1, '301-category', 0, 1, '0000-00-00', 0, 'new', 1, 1, 'both', 0, 0, 0, 0, '2019-10-01 11:51:42', '2019-12-06 12:49:22', 0, 0, 1),
(620, 0, 79, 107, 1, 1, 0, 0, '', '', '', 0.000000, 0, 1, 0, 0, 1427.000000, 529.850000, '', 0.000000, 0.00, 'H-G.M8001000X', '', '', 0.000000, 0.000000, 0.000000, 0.000000, 2, 0, 0, 0, 0, 0, 1, '301-category', 0, 1, '0000-00-00', 0, 'new', 1, 1, 'both', 0, 0, 0, 0, '2019-10-01 11:51:45', '2019-12-06 12:49:23', 0, 0, 1),
(621, 0, 79, 107, 1, 1, 0, 0, '', '', '', 0.000000, 0, 1, 0, 0, 1443.000000, 535.250000, '', 0.000000, 0.00, 'H-G.M8001100', '', '', 0.000000, 0.000000, 0.000000, 0.000000, 2, 0, 0, 0, 0, 0, 1, '301-category', 0, 1, '0000-00-00', 0, 'new', 1, 1, 'both', 0, 0, 0, 0, '2019-10-01 11:51:47', '2019-12-06 12:49:24', 0, 0, 1),
(622, 0, 79, 107, 1, 1, 0, 0, '', '', '', 0.000000, 0, 1, 0, 0, 1460.000000, 541.100000, '', 0.000000, 0.00, 'H-G.M8001100X', '', '', 0.000000, 0.000000, 0.000000, 0.000000, 2, 0, 0, 0, 0, 0, 1, '301-category', 0, 1, '0000-00-00', 0, 'new', 1, 1, 'both', 0, 0, 0, 0, '2019-10-01 11:51:49', '2019-12-06 12:49:25', 0, 0, 1),
(623, 0, 79, 107, 1, 1, 0, 0, '', '', '', 0.000000, 0, 1, 0, 0, 1488.000000, 551.000000, '', 0.000000, 0.00, 'H-G.M8001200', '', '', 0.000000, 0.000000, 0.000000, 0.000000, 2, 0, 0, 0, 0, 0, 1, '301-category', 0, 1, '0000-00-00', 0, 'new', 1, 1, 'both', 0, 0, 0, 0, '2019-10-01 11:51:52', '2019-12-06 12:49:26', 0, 0, 1),
(624, 0, 79, 107, 1, 1, 0, 0, '', '', '', 0.000000, 0, 1, 0, 0, 1500.000000, 577.100000, '', 0.000000, 0.00, 'H-G.M8001200X', '', '', 0.000000, 0.000000, 0.000000, 0.000000, 2, 0, 0, 0, 0, 0, 1, '301-category', 0, 1, '0000-00-00', 0, 'new', 1, 1, 'both', 0, 0, 0, 0, '2019-10-01 11:51:54', '2019-12-06 12:49:27', 0, 0, 1),
(625, 0, 79, 107, 1, 1, 0, 0, '', '', '', 0.000000, 0, 1, 0, 0, 1531.000000, 565.850000, '', 0.000000, 0.00, 'H-G.M8001300', '', '', 0.000000, 0.000000, 0.000000, 0.000000, 2, 0, 0, 0, 0, 0, 1, '301-category', 0, 1, '0000-00-00', 0, 'new', 1, 1, 'both', 0, 0, 0, 0, '2019-10-01 11:51:56', '2019-12-06 12:49:28', 0, 0, 1),
(626, 0, 79, 107, 1, 1, 0, 0, '', '', '', 0.000000, 0, 1, 0, 0, 1564.000000, 577.100000, '', 0.000000, 0.00, 'H-G.M8001300X', '', '', 0.000000, 0.000000, 0.000000, 0.000000, 2, 0, 0, 0, 0, 0, 1, '301-category', 0, 1, '0000-00-00', 0, 'new', 1, 1, 'both', 0, 0, 0, 0, '2019-10-01 11:51:58', '2019-12-06 12:49:29', 0, 0, 1),
(627, 0, 79, 107, 1, 1, 0, 0, '', '', '', 0.000000, 0, 1, 0, 0, 1579.000000, 582.500000, '', 0.000000, 0.00, 'H-G.M8001400', '', '', 0.000000, 0.000000, 0.000000, 0.000000, 2, 0, 0, 0, 0, 0, 1, '301-category', 0, 1, '0000-00-00', 0, 'new', 1, 1, 'both', 0, 0, 0, 0, '2019-10-01 11:52:00', '2019-12-06 12:49:30', 0, 0, 1),
(628, 0, 79, 107, 1, 1, 0, 0, '', '', '', 0.000000, 0, 1, 0, 0, 1625.000000, 598.250000, '', 0.000000, 0.00, 'H-G.M8001400X', '', '', 0.000000, 0.000000, 0.000000, 0.000000, 2, 0, 0, 0, 0, 0, 1, '301-category', 0, 1, '0000-00-00', 0, 'new', 1, 1, 'both', 0, 0, 0, 0, '2019-10-01 11:52:02', '2019-12-06 12:49:31', 0, 0, 1),
(629, 0, 79, 107, 1, 1, 0, 0, '', '', '', 0.000000, 0, 1, 0, 0, 1635.000000, 601.850000, '', 0.000000, 0.00, 'H-G.M8001500', '', '', 0.000000, 0.000000, 0.000000, 0.000000, 2, 0, 0, 0, 0, 0, 1, '301-category', 0, 1, '0000-00-00', 0, 'new', 1, 1, 'both', 0, 0, 0, 0, '2019-10-01 11:52:05', '2019-12-06 12:49:32', 0, 0, 1),
(630, 0, 79, 107, 1, 1, 0, 0, '', '', '', 0.000000, 0, 1, 0, 0, 1678.000000, 616.700000, '', 0.000000, 0.00, 'H-G.M8001500X', '', '', 0.000000, 0.000000, 0.000000, 0.000000, 2, 0, 0, 0, 0, 0, 1, '301-category', 0, 1, '0000-00-00', 0, 'new', 1, 1, 'both', 0, 0, 0, 0, '2019-10-01 11:52:07', '2019-12-06 12:49:34', 0, 0, 1),
(631, 0, 79, 107, 1, 1, 0, 0, '', '', '', 0.000000, 0, 1, 0, 0, 1751.000000, 641.900000, '', 0.000000, 0.00, 'H-G.M8001750', '', '', 0.000000, 0.000000, 0.000000, 0.000000, 2, 0, 0, 0, 0, 0, 1, '301-category', 0, 1, '0000-00-00', 0, 'new', 1, 1, 'both', 0, 0, 0, 0, '2019-10-01 11:52:09', '2019-12-06 12:49:35', 0, 0, 1),
(632, 0, 79, 107, 1, 1, 0, 0, '', '', '', 0.000000, 0, 1, 0, 0, 1830.000000, 669.350000, '', 0.000000, 0.00, 'H-G.M8001750X', '', '', 0.000000, 0.000000, 0.000000, 0.000000, 2, 0, 0, 0, 0, 0, 1, '301-category', 0, 1, '0000-00-00', 0, 'new', 1, 1, 'both', 0, 0, 0, 0, '2019-10-01 11:52:11', '2019-12-06 12:49:36', 0, 0, 1),
(633, 0, 79, 107, 1, 1, 0, 0, '', '', '', 0.000000, 0, 1, 0, 0, 1862.000000, 680.150000, '', 0.000000, 0.00, 'H-G.M8002000', '', '', 0.000000, 0.000000, 0.000000, 0.000000, 2, 0, 0, 0, 0, 0, 1, '301-category', 0, 1, '0000-00-00', 0, 'new', 1, 1, 'both', 0, 0, 0, 0, '2019-10-01 11:52:16', '2019-12-06 12:49:36', 0, 0, 1),
(634, 0, 79, 107, 1, 1, 0, 0, '', '', '', 0.000000, 0, 1, 0, 0, 1928.000000, 703.100000, '', 0.000000, 0.00, 'H-G.M8002000X', '', '', 0.000000, 0.000000, 0.000000, 0.000000, 2, 0, 0, 0, 0, 0, 1, '301-category', 0, 1, '0000-00-00', 0, 'new', 1, 1, 'both', 0, 0, 0, 0, '2019-10-01 11:52:18', '2019-12-06 12:49:37', 0, 0, 1),
(635, 0, 79, 107, 1, 1, 0, 0, '', '', '', 0.000000, 0, 1, 0, 0, 2320.000000, 839.000000, '', 0.000000, 0.00, 'H-G.M8002500', '', '', 0.000000, 0.000000, 0.000000, 0.000000, 2, 0, 0, 0, 0, 0, 1, '301-category', 0, 1, '0000-00-00', 0, 'new', 1, 1, 'both', 0, 0, 0, 0, '2019-10-01 11:52:21', '2019-12-06 12:49:38', 0, 0, 1),
(636, 0, 79, 107, 1, 1, 0, 0, '', '', '', 0.000000, 0, 1, 0, 0, 2367.000000, 855.200000, '', 0.000000, 0.00, 'H-G.M8002500X', '', '', 0.000000, 0.000000, 0.000000, 0.000000, 2, 0, 0, 0, 0, 0, 1, '301-category', 0, 1, '0000-00-00', 0, 'new', 1, 1, 'both', 0, 0, 0, 0, '2019-10-01 11:52:23', '2019-12-06 12:49:39', 0, 0, 1),
(637, 0, 79, 107, 1, 1, 0, 0, '', '', '', 0.000000, 0, 1, 0, 0, 2586.000000, 930.800000, '', 0.000000, 0.00, 'H-G.M8003000', '', '', 0.000000, 0.000000, 0.000000, 0.000000, 2, 0, 0, 0, 0, 0, 1, '301-category', 0, 1, '0000-00-00', 0, 'new', 1, 1, 'both', 0, 0, 0, 0, '2019-10-01 11:52:25', '2019-12-06 12:49:40', 0, 0, 1),
(638, 0, 79, 107, 1, 1, 0, 0, '', '', '', 0.000000, 0, 1, 0, 0, 2666.000000, 958.700000, '', 0.000000, 0.00, 'H-G.M8003000X', '', '', 0.000000, 0.000000, 0.000000, 0.000000, 2, 0, 0, 0, 0, 0, 1, '301-category', 0, 1, '0000-00-00', 0, 'new', 1, 1, 'both', 0, 0, 0, 0, '2019-10-01 11:52:27', '2019-12-06 12:49:41', 0, 0, 1),
(639, 0, 79, 107, 1, 1, 0, 0, '', '', '', 0.000000, 0, 1, 0, 0, 1353.000000, 504.200000, '', 0.000000, 0.00, 'H-G.M800800', '', '', 0.000000, 0.000000, 0.000000, 0.000000, 2, 0, 0, 0, 0, 0, 1, '301-category', 0, 1, '0000-00-00', 0, 'new', 1, 1, 'both', 0, 0, 0, 0, '2019-10-01 11:52:29', '2019-12-06 12:49:42', 0, 0, 1),
(640, 0, 79, 107, 1, 1, 0, 0, '', '', '', 0.000000, 0, 1, 0, 0, 1396.000000, 519.050000, '', 0.000000, 0.00, 'H-G.M800800X', '', '', 0.000000, 0.000000, 0.000000, 0.000000, 2, 0, 0, 0, 0, 0, 1, '301-category', 0, 1, '0000-00-00', 0, 'new', 1, 1, 'both', 0, 0, 0, 0, '2019-10-01 11:52:31', '2019-12-06 12:49:43', 0, 0, 1),
(641, 0, 79, 107, 1, 1, 0, 0, '', '', '', 0.000000, 0, 1, 0, 0, 1371.000000, 510.500000, '', 0.000000, 0.00, 'H-G.M800900', '', '', 0.000000, 0.000000, 0.000000, 0.000000, 2, 0, 0, 0, 0, 0, 1, '301-category', 0, 1, '0000-00-00', 0, 'new', 1, 1, 'both', 0, 0, 0, 0, '2019-10-01 11:52:33', '2019-12-06 12:49:44', 0, 0, 1),
(642, 0, 79, 107, 1, 1, 0, 0, '', '', '', 0.000000, 0, 1, 0, 0, 1413.000000, 524.900000, '', 0.000000, 0.00, 'H-G.M800900X', '', '', 0.000000, 0.000000, 0.000000, 0.000000, 2, 0, 0, 0, 0, 0, 1, '301-category', 0, 1, '0000-00-00', 0, 'new', 1, 1, 'both', 0, 0, 0, 0, '2019-10-01 11:52:36', '2019-12-06 12:49:45', 0, 0, 1),
(643, 0, 79, 107, 1, 1, 0, 0, '', '', '', 0.000000, 0, 1, 0, 0, 1421.000000, 527.600000, '', 0.000000, 0.00, 'H-G.M9001000', '', '', 0.000000, 0.000000, 0.000000, 0.000000, 2, 0, 0, 0, 0, 0, 1, '301-category', 0, 1, '0000-00-00', 0, 'new', 1, 1, 'both', 0, 0, 0, 0, '2019-10-01 11:52:38', '2019-12-06 12:49:46', 0, 0, 1),
(644, 0, 79, 107, 1, 1, 0, 0, '', '', '', 0.000000, 0, 1, 0, 0, 1460.000000, 541.100000, '', 0.000000, 0.00, 'H-G.M9001000X', '', '', 0.000000, 0.000000, 0.000000, 0.000000, 2, 0, 0, 0, 0, 0, 1, '301-category', 0, 1, '0000-00-00', 0, 'new', 1, 1, 'both', 0, 0, 0, 0, '2019-10-01 11:52:40', '2019-12-06 12:49:48', 0, 0, 1),
(645, 0, 79, 107, 1, 1, 0, 0, '', '', '', 0.000000, 0, 1, 0, 0, 1477.000000, 546.950000, '', 0.000000, 0.00, 'H-G.M9001100', '', '', 0.000000, 0.000000, 0.000000, 0.000000, 2, 0, 0, 0, 0, 0, 1, '301-category', 0, 1, '0000-00-00', 0, 'new', 1, 1, 'both', 0, 0, 0, 0, '2019-10-01 11:52:42', '2019-12-06 12:49:49', 0, 0, 1),
(646, 0, 79, 107, 1, 1, 0, 0, '', '', '', 0.000000, 0, 1, 0, 0, 1495.000000, 553.250000, '', 0.000000, 0.00, 'H-G.M9001100X', '', '', 0.000000, 0.000000, 0.000000, 0.000000, 2, 0, 0, 0, 0, 0, 1, '301-category', 0, 1, '0000-00-00', 0, 'new', 1, 1, 'both', 0, 0, 0, 0, '2019-10-01 11:52:44', '2019-12-06 12:49:50', 0, 0, 1),
(647, 0, 79, 107, 1, 1, 0, 0, '', '', '', 0.000000, 0, 1, 0, 0, 1524.000000, 563.150000, '', 0.000000, 0.00, 'H-G.M9001200', '', '', 0.000000, 0.000000, 0.000000, 0.000000, 2, 0, 0, 0, 0, 0, 1, '301-category', 0, 1, '0000-00-00', 0, 'new', 1, 1, 'both', 0, 0, 0, 0, '2019-10-01 11:52:46', '2019-12-06 12:49:51', 0, 0, 1),
(648, 0, 79, 107, 1, 1, 0, 0, '', '', '', 0.000000, 0, 1, 0, 0, 1537.000000, 567.650000, '', 0.000000, 0.00, 'H-G.M9001200X', '', '', 0.000000, 0.000000, 0.000000, 0.000000, 2, 0, 0, 0, 0, 0, 1, '301-category', 0, 1, '0000-00-00', 0, 'new', 1, 1, 'both', 0, 0, 0, 0, '2019-10-01 11:52:49', '2019-12-06 12:49:52', 0, 0, 1),
(649, 0, 79, 107, 1, 1, 0, 0, '', '', '', 0.000000, 0, 1, 0, 0, 1568.000000, 578.450000, '', 0.000000, 0.00, 'H-G.M9001300', '', '', 0.000000, 0.000000, 0.000000, 0.000000, 2, 0, 0, 0, 0, 0, 1, '301-category', 0, 1, '0000-00-00', 0, 'new', 1, 1, 'both', 0, 0, 0, 0, '2019-10-01 11:52:52', '2019-12-06 12:49:53', 0, 0, 1),
(650, 0, 79, 107, 1, 1, 0, 0, '', '', '', 0.000000, 0, 1, 0, 0, 1602.000000, 590.150000, '', 0.000000, 0.00, 'H-G.M9001300X', '', '', 0.000000, 0.000000, 0.000000, 0.000000, 2, 0, 0, 0, 0, 0, 1, '301-category', 0, 1, '0000-00-00', 0, 'new', 1, 1, 'both', 0, 0, 0, 0, '2019-10-01 11:52:54', '2019-12-06 12:49:54', 0, 0, 1),
(651, 0, 79, 107, 1, 1, 0, 0, '', '', '', 0.000000, 0, 1, 0, 0, 1618.000000, 596.000000, '', 0.000000, 0.00, 'H-G.M9001400', '', '', 0.000000, 0.000000, 0.000000, 0.000000, 2, 0, 0, 0, 0, 0, 1, '301-category', 0, 1, '0000-00-00', 0, 'new', 1, 1, 'both', 0, 0, 0, 0, '2019-10-01 11:52:57', '2019-12-06 12:49:55', 0, 0, 1),
(652, 0, 79, 107, 1, 1, 0, 0, '', '', '', 0.000000, 0, 1, 0, 0, 1665.000000, 612.200000, '', 0.000000, 0.00, 'H-G.M9001400X', '', '', 0.000000, 0.000000, 0.000000, 0.000000, 2, 0, 0, 0, 0, 0, 1, '301-category', 0, 1, '0000-00-00', 0, 'new', 1, 1, 'both', 0, 0, 0, 0, '2019-10-01 11:52:59', '2019-12-06 12:49:56', 0, 0, 1),
(653, 0, 79, 107, 1, 1, 0, 0, '', '', '', 0.000000, 0, 1, 0, 0, 1674.000000, 615.350000, '', 0.000000, 0.00, 'H-G.M9001500', '', '', 0.000000, 0.000000, 0.000000, 0.000000, 2, 0, 0, 0, 0, 0, 1, '301-category', 0, 1, '0000-00-00', 0, 'new', 1, 1, 'both', 0, 0, 0, 0, '2019-10-01 11:53:01', '2019-12-06 12:49:57', 0, 0, 1),
(654, 0, 79, 107, 1, 1, 0, 0, '', '', '', 0.000000, 0, 1, 0, 0, 1719.000000, 630.650000, '', 0.000000, 0.00, 'H-G.M9001500X', '', '', 0.000000, 0.000000, 0.000000, 0.000000, 2, 0, 0, 0, 0, 0, 1, '301-category', 0, 1, '0000-00-00', 0, 'new', 1, 1, 'both', 0, 0, 0, 0, '2019-10-01 11:53:04', '2019-12-06 12:49:58', 0, 0, 1),
(655, 0, 79, 107, 1, 1, 0, 0, '', '', '', 0.000000, 0, 1, 0, 0, 1795.000000, 657.200000, '', 0.000000, 0.00, 'H-G.M9001750', '', '', 0.000000, 0.000000, 0.000000, 0.000000, 2, 0, 0, 0, 0, 0, 1, '301-category', 0, 1, '0000-00-00', 0, 'new', 1, 1, 'both', 0, 0, 0, 0, '2019-10-01 11:53:07', '2019-12-06 12:49:59', 0, 0, 1),
(656, 0, 79, 107, 1, 1, 0, 0, '', '', '', 0.000000, 0, 1, 0, 0, 1877.000000, 685.550000, '', 0.000000, 0.00, 'H-G.M9001750X', '', '', 0.000000, 0.000000, 0.000000, 0.000000, 2, 0, 0, 0, 0, 0, 1, '301-category', 0, 1, '0000-00-00', 0, 'new', 1, 1, 'both', 0, 0, 0, 0, '2019-10-01 11:53:09', '2019-12-06 12:50:00', 0, 0, 1),
(657, 0, 79, 107, 1, 1, 0, 0, '', '', '', 0.000000, 0, 1, 0, 0, 1908.000000, 696.350000, '', 0.000000, 0.00, 'H-G.M9002000', '', '', 0.000000, 0.000000, 0.000000, 0.000000, 2, 0, 0, 0, 0, 0, 1, '301-category', 0, 1, '0000-00-00', 0, 'new', 1, 1, 'both', 0, 0, 0, 0, '2019-10-01 11:53:13', '2019-12-06 12:50:01', 0, 0, 1),
(658, 0, 79, 107, 1, 1, 0, 0, '', '', '', 0.000000, 0, 1, 0, 0, 1976.000000, 719.750000, '', 0.000000, 0.00, 'H-G.M9002000X', '', '', 0.000000, 0.000000, 0.000000, 0.000000, 2, 0, 0, 0, 0, 0, 1, '301-category', 0, 1, '0000-00-00', 0, 'new', 1, 1, 'both', 0, 0, 0, 0, '2019-10-01 11:53:15', '2019-12-06 12:50:02', 0, 0, 1),
(659, 0, 79, 107, 1, 1, 0, 0, '', '', '', 0.000000, 0, 1, 0, 0, 2382.000000, 860.150000, '', 0.000000, 0.00, 'H-G.M9002500', '', '', 0.000000, 0.000000, 0.000000, 0.000000, 2, 0, 0, 0, 0, 0, 1, '301-category', 0, 1, '0000-00-00', 0, 'new', 1, 1, 'both', 0, 0, 0, 0, '2019-10-01 11:53:17', '2019-12-06 12:50:03', 0, 0, 1),
(660, 0, 79, 107, 1, 1, 0, 0, '', '', '', 0.000000, 0, 1, 0, 0, 2430.000000, 876.800000, '', 0.000000, 0.00, 'H-G.M9002500X', '', '', 0.000000, 0.000000, 0.000000, 0.000000, 2, 0, 0, 0, 0, 0, 1, '301-category', 0, 1, '0000-00-00', 0, 'new', 1, 1, 'both', 0, 0, 0, 0, '2019-10-01 11:53:20', '2019-12-06 12:50:05', 0, 0, 1),
(661, 0, 79, 107, 1, 1, 0, 0, '', '', '', 0.000000, 0, 1, 0, 0, 2655.000000, 954.650000, '', 0.000000, 0.00, 'H-G.M9003000', '', '', 0.000000, 0.000000, 0.000000, 0.000000, 2, 0, 0, 0, 0, 0, 1, '301-category', 0, 1, '0000-00-00', 0, 'new', 1, 1, 'both', 0, 0, 0, 0, '2019-10-01 11:53:22', '2019-12-06 12:50:06', 0, 0, 1),
(662, 0, 79, 107, 1, 1, 0, 0, '', '', '', 0.000000, 0, 1, 0, 0, 2738.000000, 983.450000, '', 0.000000, 0.00, 'H-G.M9003000X', '', '', 0.000000, 0.000000, 0.000000, 0.000000, 2, 0, 0, 0, 0, 0, 1, '301-category', 0, 1, '0000-00-00', 0, 'new', 1, 1, 'both', 0, 0, 0, 0, '2019-10-01 11:53:25', '2019-12-06 12:50:07', 0, 0, 1),
(663, 0, 79, 107, 1, 1, 0, 0, '', '', '', 0.000000, 0, 1, 0, 0, 1384.000000, 515.000000, '', 0.000000, 0.00, 'H-G.M900800', '', '', 0.000000, 0.000000, 0.000000, 0.000000, 2, 0, 0, 0, 0, 0, 1, '301-category', 0, 1, '0000-00-00', 0, 'new', 1, 1, 'both', 0, 0, 0, 0, '2019-10-01 11:53:27', '2019-12-06 12:50:08', 0, 0, 1),
(664, 0, 79, 107, 1, 1, 0, 0, '', '', '', 0.000000, 0, 1, 0, 0, 1429.000000, 530.300000, '', 0.000000, 0.00, 'H-G.M900800X', '', '', 0.000000, 0.000000, 0.000000, 0.000000, 2, 0, 0, 0, 0, 0, 1, '301-category', 0, 1, '0000-00-00', 0, 'new', 1, 1, 'both', 0, 0, 0, 0, '2019-10-01 11:53:30', '2019-12-06 12:50:09', 0, 0, 1),
(665, 0, 79, 107, 1, 1, 0, 0, '', '', '', 0.000000, 0, 1, 0, 0, 1404.000000, 521.750000, '', 0.000000, 0.00, 'H-G.M900900', '', '', 0.000000, 0.000000, 0.000000, 0.000000, 2, 0, 0, 0, 0, 0, 1, '301-category', 0, 1, '0000-00-00', 0, 'new', 1, 1, 'both', 0, 0, 0, 0, '2019-10-01 11:53:32', '2019-12-06 12:50:10', 0, 0, 1),
(666, 0, 79, 107, 1, 1, 0, 0, '', '', '', 0.000000, 0, 1, 0, 0, 1447.000000, 536.600000, '', 0.000000, 0.00, 'H-G.M900900X', '', '', 0.000000, 0.000000, 0.000000, 0.000000, 2, 0, 0, 0, 0, 0, 1, '301-category', 0, 1, '0000-00-00', 0, 'new', 1, 1, 'both', 0, 0, 0, 0, '2019-10-01 11:53:34', '2019-12-06 12:50:11', 0, 0, 1),
(667, 0, 117, 28, 1, 1, 0, 0, '', '', '', 0.000000, 0, 1, 0, 0, 188.000000, 41.000000, '', 0.000000, 0.00, 'H-OBT1000', '', '', 0.000000, 0.000000, 0.000000, 0.000000, 2, 0, 0, 0, 0, 0, 1, '301-category', 0, 1, '0000-00-00', 0, 'new', 1, 1, 'both', 0, 0, 0, 0, '2019-10-01 11:53:37', '2019-12-06 12:50:12', 0, 0, 1),
(668, 0, 117, 28, 1, 1, 0, 0, '', '', '', 0.000000, 0, 1, 0, 0, 196.000000, 41.000000, '', 0.000000, 0.00, 'H-OBT1200', '', '', 0.000000, 0.000000, 0.000000, 0.000000, 2, 0, 0, 0, 0, 0, 1, '301-category', 0, 1, '0000-00-00', 0, 'new', 1, 1, 'both', 0, 0, 0, 0, '2019-10-01 11:53:39', '2019-12-06 12:50:13', 0, 0, 1),
(669, 0, 117, 28, 1, 1, 0, 0, '', '', '', 0.000000, 0, 1, 0, 0, 200.000000, 43.000000, '', 0.000000, 0.00, 'H-OBT1500', '', '', 0.000000, 0.000000, 0.000000, 0.000000, 2, 0, 0, 0, 0, 0, 1, '301-category', 0, 1, '0000-00-00', 0, 'new', 1, 1, 'both', 0, 0, 0, 0, '2019-10-01 11:53:42', '2019-12-06 12:50:14', 0, 0, 1),
(670, 0, 117, 28, 1, 1, 0, 0, '', '', '', 0.000000, 0, 1, 0, 0, 168.000000, 35.000000, '', 0.000000, 0.00, 'H-OBT600', '', '', 0.000000, 0.000000, 0.000000, 0.000000, 2, 0, 0, 0, 0, 0, 1, '301-category', 0, 1, '0000-00-00', 0, 'new', 1, 1, 'both', 0, 0, 0, 0, '2019-10-01 11:53:44', '2019-12-06 12:50:15', 0, 0, 1),
(671, 0, 117, 28, 1, 1, 0, 0, '', '', '', 0.000000, 0, 1, 0, 0, 174.000000, 37.000000, '', 0.000000, 0.00, 'H-OBT750', '', '', 0.000000, 0.000000, 0.000000, 0.000000, 2, 0, 0, 0, 0, 0, 1, '301-category', 0, 1, '0000-00-00', 0, 'new', 1, 1, 'both', 0, 0, 0, 0, '2019-10-01 11:53:47', '2019-12-06 12:50:16', 0, 0, 1),
(672, 0, 117, 28, 1, 1, 0, 0, '', '', '', 0.000000, 0, 1, 0, 0, 185.000000, 39.000000, '', 0.000000, 0.00, 'H-OBT900', '', '', 0.000000, 0.000000, 0.000000, 0.000000, 2, 0, 0, 0, 0, 0, 1, '301-category', 0, 1, '0000-00-00', 0, 'new', 1, 1, 'both', 0, 0, 0, 0, '2019-10-01 11:53:49', '2019-12-06 12:50:18', 0, 0, 1),
(673, 0, 117, 174, 1, 1, 0, 0, '', '', '', 0.000000, 0, 1, 0, 0, 1156.000000, 240.000000, '', 0.000000, 0.00, 'H-PVC.C6001200', '', '', 0.000000, 0.000000, 0.000000, 0.000000, 2, 0, 0, 0, 0, 0, 1, '301-category', 0, 1, '0000-00-00', 0, 'new', 1, 1, 'both', 0, 0, 0, 0, '2019-10-01 11:53:51', '2019-12-06 12:50:19', 0, 0, 1),
(674, 0, 117, 174, 1, 1, 0, 0, '', '', '', 0.000000, 0, 1, 0, 0, 1289.000000, 240.000000, '', 0.000000, 0.00, 'H-PVC.C6001500', '', '', 0.000000, 0.000000, 0.000000, 0.000000, 2, 0, 0, 0, 0, 0, 1, '301-category', 0, 1, '0000-00-00', 0, 'new', 1, 1, 'both', 0, 0, 0, 0, '2019-10-01 11:53:53', '2019-12-06 12:50:19', 0, 0, 1),
(675, 0, 28, 108, 1, 1, 0, 0, '', '', '', 0.000000, 0, 1, 0, 0, 1000.000000, 240.000000, '', 0.000000, 0.00, '', '', '', 0.000000, 0.000000, 0.000000, 0.000000, 2, 0, 0, 0, 0, 0, 1, '301-category', 0, 1, '0000-00-00', 0, 'new', 1, 1, 'both', 0, 0, 0, 623, '2019-10-01 11:53:55', '2019-10-21 15:01:31', 0, 0, 1),
(676, 0, 117, 174, 1, 1, 0, 0, '', '', '', 0.000000, 0, 1, 0, 0, 1200.000000, 260.000000, '', 0.000000, 0.00, 'H-PVC.C7501000', '', '', 0.000000, 0.000000, 0.000000, 0.000000, 2, 0, 0, 0, 0, 0, 1, '301-category', 0, 1, '0000-00-00', 0, 'new', 1, 1, 'both', 0, 0, 0, 0, '2019-10-01 11:53:58', '2019-12-06 12:50:21', 0, 0, 1),
(677, 0, 117, 174, 1, 1, 0, 0, '', '', '', 0.000000, 0, 1, 0, 0, 1289.000000, 260.000000, '', 0.000000, 0.00, 'H-PVC.C7501200', '', '', 0.000000, 0.000000, 0.000000, 0.000000, 2, 0, 0, 0, 0, 0, 1, '301-category', 0, 1, '0000-00-00', 0, 'new', 1, 1, 'both', 0, 0, 0, 0, '2019-10-01 11:54:00', '2019-12-06 12:50:22', 0, 0, 1),
(678, 0, 117, 174, 1, 1, 0, 0, '', '', '', 0.000000, 0, 1, 0, 0, 1400.000000, 260.000000, '', 0.000000, 0.00, 'H-PVC.C7501500', '', '', 0.000000, 0.000000, 0.000000, 17.000000, 2, 0, 0, 0, 0, 0, 1, '301-category', 0, 1, '0000-00-00', 0, 'new', 1, 1, 'both', 0, 0, 0, 0, '2019-10-01 11:54:02', '2019-12-06 12:50:23', 0, 0, 1),
(679, 0, 117, 174, 1, 1, 0, 0, '', '', '', 0.000000, 0, 1, 0, 0, 1111.000000, 260.000000, '', 0.000000, 0.00, 'H-PVC.C750900', '', '', 0.000000, 0.000000, 0.000000, 0.000000, 2, 0, 0, 0, 0, 0, 1, '301-category', 0, 1, '0000-00-00', 0, 'new', 1, 1, 'both', 0, 0, 0, 0, '2019-10-01 11:54:04', '2019-12-06 12:50:24', 0, 0, 1),
(680, 0, 117, 174, 1, 1, 0, 0, '', '', '', 0.000000, 0, 1, 0, 0, 1333.000000, 260.000000, '', 0.000000, 0.00, 'H-PVC.C9001200', '', '', 0.000000, 0.000000, 0.000000, 0.000000, 2, 0, 0, 0, 0, 0, 1, '301-category', 0, 1, '0000-00-00', 0, 'new', 1, 1, 'both', 0, 0, 0, 0, '2019-10-01 11:54:07', '2019-12-06 12:50:25', 0, 0, 1),
(681, 0, 117, 174, 1, 1, 0, 0, '', '', '', 0.000000, 0, 1, 0, 0, 1467.000000, 290.000000, '', 0.000000, 0.00, 'H-PVC.C9001500', '', '', 0.000000, 0.000000, 0.000000, 20.000000, 2, 0, 0, 0, 0, 0, 1, '301-category', 0, 1, '0000-00-00', 0, 'new', 1, 1, 'both', 0, 0, 0, 0, '2019-10-01 11:54:09', '2019-12-06 12:50:26', 0, 0, 1),
(682, 0, 117, 174, 1, 1, 0, 0, '', '', '', 0.000000, 0, 1, 0, 0, 1222.000000, 260.000000, '', 0.000000, 0.00, 'H-PVC.C900900', '', '', 0.000000, 0.000000, 0.000000, 0.000000, 2, 0, 0, 0, 0, 0, 1, '301-category', 0, 1, '0000-00-00', 0, 'new', 1, 1, 'both', 0, 0, 0, 0, '2019-10-01 11:54:11', '2019-12-06 12:50:27', 0, 0, 1),
(683, 0, 117, 175, 1, 1, 0, 0, '', '', '', 0.000000, 0, 1, 0, 0, 1111.000000, 240.000000, '', 0.000000, 0.00, 'H-PVC.M6001200', '', '', 0.000000, 0.000000, 0.000000, 0.000000, 2, 0, 0, 0, 0, 0, 1, '301-category', 0, 1, '0000-00-00', 0, 'new', 1, 1, 'both', 0, 0, 0, 0, '2019-10-01 11:54:13', '2019-12-06 12:50:28', 0, 0, 1),
(684, 0, 117, 175, 1, 1, 0, 0, '', '', '', 0.000000, 0, 1, 0, 0, 1240.000000, 240.000000, '', 0.000000, 0.00, 'H-PVC.M6001500', '', '', 0.000000, 0.000000, 0.000000, 0.000000, 2, 0, 0, 0, 0, 0, 1, '301-category', 0, 1, '0000-00-00', 0, 'new', 1, 1, 'both', 0, 0, 0, 0, '2019-10-01 11:54:15', '2019-12-06 12:50:29', 0, 0, 1),
(685, 0, 117, 175, 1, 1, 0, 0, '', '', '', 0.000000, 0, 1, 0, 0, 1000.000000, 220.000000, '', 0.000000, 0.00, 'H-PVC.M600750', '', '', 0.000000, 0.000000, 0.000000, 0.000000, 2, 0, 0, 0, 0, 0, 1, '301-category', 0, 1, '0000-00-00', 0, 'new', 1, 1, 'both', 0, 0, 0, 0, '2019-10-01 11:54:17', '2019-12-06 12:50:30', 0, 0, 1),
(686, 0, 117, 175, 1, 1, 0, 0, '', '', '', 0.000000, 0, 1, 0, 0, 1000.000000, 220.000000, '', 0.000000, 0.00, 'H-PVC.M600900', '', '', 0.000000, 0.000000, 0.000000, 0.000000, 2, 0, 0, 0, 0, 0, 1, '301-category', 0, 1, '0000-00-00', 0, 'new', 1, 1, 'both', 0, 0, 0, 0, '2019-10-01 11:54:19', '2019-12-06 12:50:31', 0, 0, 1),
(687, 0, 117, 175, 1, 1, 0, 0, '', '', '', 0.000000, 0, 1, 0, 0, 1244.000000, 260.000000, '', 0.000000, 0.00, 'H-PVC.M7501200', '', '', 0.000000, 0.000000, 0.000000, 0.000000, 2, 0, 0, 0, 0, 0, 1, '301-category', 0, 1, '0000-00-00', 0, 'new', 1, 1, 'both', 0, 0, 0, 0, '2019-10-01 11:54:21', '2019-12-06 12:50:32', 0, 0, 1),
(688, 0, 117, 175, 1, 1, 0, 0, '', '', '', 0.000000, 0, 1, 0, 0, 1356.000000, 260.000000, '', 0.000000, 0.00, 'H-PVC.M7501500', '', '', 0.000000, 0.000000, 0.000000, 0.000000, 2, 0, 0, 0, 0, 0, 1, '301-category', 0, 1, '0000-00-00', 0, 'new', 1, 1, 'both', 0, 0, 0, 0, '2019-10-01 11:54:24', '2019-12-06 12:50:33', 0, 0, 1),
(689, 0, 117, 175, 1, 1, 0, 0, '', '', '', 0.000000, 0, 1, 0, 0, 1089.000000, 260.000000, '', 0.000000, 0.00, 'H-PVC.M750900', '', '', 0.000000, 0.000000, 0.000000, 0.000000, 2, 0, 0, 0, 0, 0, 1, '301-category', 0, 1, '0000-00-00', 0, 'new', 1, 1, 'both', 0, 0, 0, 0, '2019-10-01 11:54:26', '2019-12-06 12:50:34', 0, 0, 1),
(690, 0, 117, 175, 1, 1, 0, 0, '', '', '', 0.000000, 0, 1, 0, 0, 1289.000000, 260.000000, '', 0.000000, 0.00, 'H-PVC.M9001200', '', '', 0.000000, 0.000000, 0.000000, 0.000000, 2, 0, 0, 0, 0, 0, 1, '301-category', 0, 1, '0000-00-00', 0, 'new', 1, 1, 'both', 0, 0, 0, 0, '2019-10-01 11:54:28', '2019-12-06 12:50:35', 0, 0, 1),
(691, 0, 117, 175, 1, 1, 0, 0, '', '', '', 0.000000, 0, 1, 0, 0, 1422.000000, 290.000000, '', 0.000000, 0.00, 'H-PVC.M9001500', '', '', 0.000000, 0.000000, 0.000000, 0.000000, 2, 0, 0, 0, 0, 0, 1, '301-category', 0, 1, '0000-00-00', 0, 'new', 1, 1, 'both', 0, 0, 0, 0, '2019-10-01 11:54:30', '2019-12-06 12:50:36', 0, 0, 1),
(692, 0, 117, 175, 1, 1, 0, 0, '', '', '', 0.000000, 0, 1, 0, 0, 1178.000000, 260.000000, '', 0.000000, 0.00, 'H-PVC.M900900', '', '', 0.000000, 0.000000, 0.000000, 0.000000, 2, 0, 0, 0, 0, 0, 1, '301-category', 0, 1, '0000-00-00', 0, 'new', 1, 1, 'both', 0, 0, 0, 0, '2019-10-01 11:54:33', '2019-12-06 12:50:37', 0, 0, 1),
(693, 0, 117, 28, 1, 1, 0, 0, '', '', '', 0.000000, 0, 1, 0, 0, 145.000000, 30.700000, '', 0.000000, 0.00, 'H-REGPPVC', '', '', 0.000000, 0.000000, 0.000000, 0.000000, 2, 0, 0, 0, 0, 0, 1, '301-category', 0, 1, '0000-00-00', 0, 'new', 1, 1, 'both', 0, 0, 0, 0, '2019-10-01 11:54:35', '2019-12-06 12:50:38', 0, 0, 1),
(694, 0, 117, 28, 1, 1, 0, 0, '', '', '', 0.000000, 0, 1, 0, 0, 478.000000, 100.000000, '', 0.000000, 0.00, 'H-UPVC6001200', '', '', 0.000000, 0.000000, 0.000000, 0.000000, 2, 0, 0, 0, 0, 0, 1, '301-category', 0, 1, '0000-00-00', 0, 'new', 1, 1, 'both', 0, 0, 0, 0, '2019-10-01 11:54:37', '2019-12-06 12:50:39', 0, 0, 1),
(695, 0, 117, 28, 1, 1, 0, 0, '', '', '', 0.000000, 0, 1, 0, 0, 511.000000, 100.000000, '', 0.000000, 0.00, 'H-UPVC6001500', '', '', 0.000000, 0.000000, 0.000000, 0.000000, 2, 0, 0, 0, 0, 0, 1, '301-category', 0, 1, '0000-00-00', 0, 'new', 1, 1, 'both', 0, 0, 0, 0, '2019-10-01 11:54:39', '2019-12-06 12:50:40', 0, 0, 1),
(696, 0, 117, 28, 1, 1, 0, 0, '', '', '', 0.000000, 0, 1, 0, 0, 444.000000, 100.000000, '', 0.000000, 0.00, 'H-UPVC600750', '', '', 0.000000, 0.000000, 0.000000, 0.000000, 2, 0, 0, 0, 0, 0, 1, '301-category', 0, 1, '0000-00-00', 0, 'new', 1, 1, 'both', 0, 0, 0, 0, '2019-10-01 11:54:41', '2019-12-06 12:50:41', 0, 0, 1),
(697, 0, 117, 28, 1, 1, 0, 0, '', '', '', 0.000000, 0, 1, 0, 0, 444.000000, 100.000000, '', 0.000000, 0.00, 'H-UPVC600900', '', '', 0.000000, 0.000000, 0.000000, 0.000000, 2, 0, 0, 0, 0, 0, 1, '301-category', 0, 1, '0000-00-00', 0, 'new', 1, 1, 'both', 0, 0, 0, 0, '2019-10-01 11:54:43', '2019-12-06 12:50:42', 0, 0, 1),
(698, 0, 117, 28, 1, 1, 0, 0, '', '', '', 0.000000, 0, 1, 0, 0, 511.000000, 120.000000, '', 0.000000, 0.00, 'H-UPVC7501200', '', '', 0.000000, 0.000000, 0.000000, 0.000000, 2, 0, 0, 0, 0, 0, 1, '301-category', 0, 1, '0000-00-00', 0, 'new', 1, 1, 'both', 0, 0, 0, 0, '2019-10-01 11:54:45', '2019-12-06 12:50:43', 0, 0, 1),
(699, 0, 117, 28, 1, 1, 0, 0, '', '', '', 0.000000, 0, 1, 0, 0, 544.000000, 120.000000, '', 0.000000, 0.00, 'H-UPVC7501500', '', '', 0.000000, 0.000000, 0.000000, 0.000000, 2, 0, 0, 0, 0, 0, 1, '301-category', 0, 1, '0000-00-00', 0, 'new', 1, 1, 'both', 0, 0, 0, 0, '2019-10-01 11:54:47', '2019-12-06 12:50:44', 0, 0, 1),
(700, 0, 117, 28, 1, 1, 0, 0, '', '', '', 0.000000, 0, 1, 0, 0, 478.000000, 120.000000, '', 0.000000, 0.00, 'H-UPVC750900', '', '', 0.000000, 0.000000, 0.000000, 0.000000, 2, 0, 0, 0, 0, 0, 1, '301-category', 0, 1, '0000-00-00', 0, 'new', 1, 1, 'both', 0, 0, 0, 0, '2019-10-01 11:54:49', '2019-12-06 12:50:45', 0, 0, 1),
(701, 0, 117, 28, 1, 1, 0, 0, '', '', '', 0.000000, 0, 1, 0, 0, 544.000000, 140.000000, '', 0.000000, 0.00, 'H-UPVC9001200', '', '', 0.000000, 0.000000, 0.000000, 0.000000, 2, 0, 0, 0, 0, 0, 1, '301-category', 0, 1, '0000-00-00', 0, 'new', 1, 1, 'both', 0, 0, 0, 0, '2019-10-01 11:54:52', '2019-12-06 12:50:46', 0, 0, 1),
(702, 0, 117, 28, 1, 1, 0, 0, '', '', '', 0.000000, 0, 1, 0, 0, 578.000000, 140.000000, '', 0.000000, 0.00, 'H-UPVC9001500', '', '', 0.000000, 0.000000, 0.000000, 0.000000, 2, 0, 0, 0, 0, 0, 1, '301-category', 0, 1, '0000-00-00', 0, 'new', 1, 1, 'both', 0, 0, 0, 0, '2019-10-01 11:54:54', '2019-12-06 12:50:47', 0, 0, 1),
(703, 0, 117, 28, 1, 1, 0, 0, '', '', '', 0.000000, 0, 1, 0, 0, 511.000000, 140.000000, '', 0.000000, 0.00, 'H-UPVC900900', '', '', 0.000000, 0.000000, 0.000000, 0.000000, 2, 0, 0, 0, 0, 0, 1, '301-category', 0, 1, '0000-00-00', 0, 'new', 1, 1, 'both', 0, 0, 0, 0, '2019-10-01 11:54:56', '2019-12-06 12:50:48', 0, 0, 1),
(704, 0, 0, 111, 1, 1, 0, 0, '', '', '', 0.000000, 0, 1, 0, 0, 4.440000, 1.410000, '', 0.000000, 0.00, '', '', '', 0.000000, 0.000000, 0.000000, 0.160000, 2, 0, 0, 0, 0, 0, 1, '301-category', 0, 1, '0000-00-00', 0, 'new', 1, 1, 'both', 0, 0, 0, 359, '2019-10-01 11:54:58', '2019-10-16 10:14:27', 0, 0, 1),
(705, 0, 80, 176, 1, 1, 0, 0, '', '', '', 0.000000, 0, 1, 0, 0, 5.640000, 1.790000, '', 0.000000, 0.00, 'I-COUDE45100', '', '', 0.000000, 0.000000, 0.000000, 0.230000, 2, 0, 0, 0, 0, 0, 1, '301-category', 0, 1, '0000-00-00', 0, 'new', 1, 1, 'both', 0, 0, 0, 0, '2019-10-01 11:55:00', '2019-12-06 12:50:49', 0, 0, 1),
(706, 0, 80, 176, 1, 1, 0, 0, '', '', '', 0.000000, 0, 1, 0, 0, 8.600000, 2.730000, '', 0.000000, 0.00, 'I-COUDE45110', '', '', 0.000000, 0.000000, 0.000000, 0.410000, 2, 0, 0, 0, 0, 0, 1, '301-category', 0, 1, '0000-00-00', 0, 'new', 1, 1, 'both', 0, 0, 0, 0, '2019-10-01 11:55:02', '2019-12-06 12:50:50', 0, 0, 1),
(707, 0, 80, 176, 1, 1, 0, 0, '', '', '', 0.000000, 0, 1, 0, 0, 9.540000, 3.030000, '', 0.000000, 0.00, 'I-COUDE45125', '', '', 0.000000, 0.000000, 0.000000, 0.340000, 2, 0, 0, 0, 0, 0, 1, '301-category', 0, 1, '0000-00-00', 0, 'new', 1, 1, 'both', 0, 0, 0, 0, '2019-10-01 11:55:05', '2019-12-06 12:50:51', 0, 0, 1),
(708, 0, 80, 176, 1, 1, 0, 0, '', '', '', 0.000000, 0, 1, 0, 0, 15.660000, 4.970000, '', 0.000000, 0.00, 'I-COUDE45140', '', '', 0.000000, 0.000000, 0.000000, 0.410000, 2, 0, 0, 0, 0, 0, 1, '301-category', 0, 1, '0000-00-00', 0, 'new', 1, 1, 'both', 0, 0, 0, 0, '2019-10-01 11:55:07', '2019-12-06 12:50:52', 0, 0, 1),
(709, 0, 80, 176, 1, 1, 0, 0, '', '', '', 0.000000, 0, 1, 0, 0, 18.620000, 5.910000, '', 0.000000, 0.00, 'I-COUDE45160', '', '', 0.000000, 0.000000, 0.000000, 0.720000, 2, 0, 0, 0, 0, 0, 1, '301-category', 0, 1, '0000-00-00', 0, 'new', 1, 1, 'both', 0, 0, 0, 0, '2019-10-01 11:55:09', '2019-12-06 12:50:53', 0, 0, 1),
(710, 0, 80, 176, 1, 1, 0, 0, '', '', '', 0.000000, 0, 1, 0, 0, 29.850000, 5.910000, '', 0.000000, 0.00, 'I-COUDE45200', '', '', 0.000000, 0.000000, 0.000000, 1.100000, 2, 0, 0, 0, 0, 0, 1, '301-category', 0, 1, '0000-00-00', 0, 'new', 1, 1, 'both', 0, 0, 0, 0, '2019-10-01 11:55:11', '2019-12-06 12:50:54', 0, 0, 1),
(711, 0, 80, 176, 1, 1, 0, 0, '', '', '', 0.000000, 0, 1, 0, 0, 39.560000, 12.560000, '', 0.000000, 0.00, 'I-COUDE45250', '', '', 0.000000, 0.000000, 0.000000, 2.910000, 2, 0, 0, 0, 0, 0, 1, '301-category', 0, 1, '0000-00-00', 0, 'new', 1, 1, 'both', 0, 0, 0, 0, '2019-10-01 11:55:13', '2019-12-06 12:50:56', 0, 0, 1),
(712, 0, 80, 176, 1, 1, 0, 0, '', '', '', 0.000000, 0, 1, 0, 0, 82.370000, 26.150000, '', 0.000000, 0.00, 'I-COUDE45315', '', '', 0.000000, 0.000000, 0.000000, 5.550000, 2, 0, 0, 0, 0, 0, 1, '301-category', 0, 1, '0000-00-00', 0, 'new', 1, 1, 'both', 0, 0, 0, 0, '2019-10-01 11:55:15', '2019-12-06 12:50:57', 0, 0, 1),
(713, 0, 80, 176, 1, 1, 0, 0, '', '', '', 0.000000, 0, 1, 0, 0, 1.120000, 0.250000, '', 0.000000, 0.00, 'I-COUDE87032', '', '', 0.000000, 0.000000, 0.000000, 0.000000, 2, 0, 0, 0, 0, 0, 1, '301-category', 0, 1, '0000-00-00', 0, 'new', 1, 1, 'both', 0, 0, 0, 0, '2019-10-01 11:55:17', '2019-12-06 12:50:58', 0, 0, 1),
(714, 0, 80, 176, 1, 1, 0, 0, '', '', '', 0.000000, 0, 1, 0, 0, 4.980000, 1.600000, '', 0.000000, 0.00, 'I-COUDE87075', '', '', 0.000000, 0.000000, 0.000000, 0.120000, 2, 0, 0, 0, 0, 0, 1, '301-category', 0, 1, '0000-00-00', 0, 'new', 1, 1, 'both', 0, 0, 0, 0, '2019-10-01 11:55:20', '2019-12-06 12:50:59', 0, 0, 1),
(715, 0, 80, 176, 1, 1, 0, 0, '', '', '', 0.000000, 0, 1, 0, 0, 5.880000, 1.890000, '', 0.000000, 0.00, 'I-COUDE87100', '', '', 0.000000, 0.000000, 0.000000, 1.000000, 2, 0, 0, 0, 0, 0, 1, '301-category', 0, 1, '0000-00-00', 0, 'new', 1, 1, 'both', 0, 0, 0, 0, '2019-10-01 11:55:23', '2019-12-06 12:51:00', 0, 0, 1),
(716, 0, 80, 176, 1, 1, 0, 0, '', '', '', 0.000000, 0, 1, 0, 0, 8.710000, 2.800000, '', 0.000000, 0.00, 'I-COUDE87110', '', '', 0.000000, 0.000000, 0.000000, 0.410000, 2, 0, 0, 0, 0, 0, 1, '301-category', 0, 1, '0000-00-00', 0, 'new', 1, 1, 'both', 0, 0, 0, 0, '2019-10-01 11:55:25', '2019-12-06 12:51:01', 0, 0, 1),
(717, 0, 80, 176, 1, 1, 0, 0, '', '', '', 0.000000, 0, 1, 0, 0, 10.140000, 3.260000, '', 0.000000, 0.00, 'I-COUDE87125', '', '', 0.000000, 0.000000, 0.000000, 0.510000, 2, 0, 0, 0, 0, 0, 1, '301-category', 0, 1, '0000-00-00', 0, 'new', 1, 1, 'both', 0, 0, 0, 0, '2019-10-01 11:55:28', '2019-12-06 12:51:02', 0, 0, 1),
(718, 0, 80, 176, 1, 1, 0, 0, '', '', '', 0.000000, 0, 1, 0, 0, 16.200000, 5.210000, '', 0.000000, 0.00, 'I-COUDE87160', '', '', 0.000000, 0.000000, 0.000000, 0.900000, 2, 0, 0, 0, 0, 0, 1, '301-category', 0, 1, '0000-00-00', 0, 'new', 1, 1, 'both', 0, 0, 0, 0, '2019-10-01 11:55:31', '2019-12-06 12:51:03', 0, 0, 1),
(719, 0, 80, 176, 1, 1, 0, 0, '', '', '', 0.000000, 0, 1, 0, 0, 36.020000, 12.420000, '', 0.000000, 0.00, 'I-COUDE87200', '', '', 0.000000, 0.000000, 0.000000, 1.740000, 2, 0, 0, 0, 0, 0, 1, '301-category', 0, 1, '0000-00-00', 0, 'new', 1, 1, 'both', 0, 0, 0, 0, '2019-10-01 11:55:33', '2019-12-06 12:51:04', 0, 0, 1),
(720, 0, 80, 176, 1, 1, 0, 0, '', '', '', 0.000000, 0, 1, 0, 0, 55.100000, 19.000000, '', 0.000000, 0.00, 'I-COUDE87250', '', '', 0.000000, 0.000000, 0.000000, 3.870000, 2, 0, 0, 0, 0, 0, 1, '301-category', 0, 1, '0000-00-00', 0, 'new', 1, 1, 'both', 0, 0, 0, 0, '2019-10-01 11:55:36', '2019-12-06 12:51:05', 0, 0, 1),
(721, 0, 80, 176, 1, 1, 0, 0, '', '', '', 0.000000, 0, 1, 0, 0, 98.950000, 34.120000, '', 0.000000, 0.00, 'I-COUDE87315', '', '', 0.000000, 0.000000, 0.000000, 2.080000, 2, 0, 0, 0, 0, 0, 1, '301-category', 0, 1, '0000-00-00', 0, 'new', 1, 1, 'both', 0, 0, 0, 0, '2019-10-01 11:55:38', '2019-12-06 12:51:06', 0, 0, 1),
(722, 0, 80, 176, 1, 1, 0, 0, '', '', '', 0.000000, 0, 1, 0, 0, 5.790000, 1.630000, '', 0.000000, 0.00, 'I-GVCA145145', '', '', 0.000000, 0.000000, 0.000000, 0.000000, 2, 0, 0, 0, 0, 0, 1, '301-category', 0, 1, '0000-00-00', 0, 'new', 1, 1, 'both', 0, 0, 0, 0, '2019-10-01 11:55:41', '2019-12-06 12:51:07', 0, 0, 1),
(723, 0, 80, 176, 1, 1, 0, 0, '', '', '', 0.000000, 0, 1, 0, 0, 19.560000, 5.510000, '', 0.000000, 0.00, 'I-GVCA166166', '', '', 0.000000, 0.000000, 0.000000, 0.000000, 2, 0, 0, 0, 0, 0, 1, '301-category', 0, 1, '0000-00-00', 0, 'new', 1, 1, 'both', 0, 0, 0, 0, '2019-10-01 11:55:43', '2019-12-06 12:51:08', 0, 0, 1),
(724, 0, 80, 176, 1, 1, 0, 0, '', '', '', 0.000000, 0, 1, 0, 0, 30.890000, 8.700000, '', 0.000000, 0.00, 'I-GVCA175175', '', '', 0.000000, 0.000000, 0.000000, 0.000000, 2, 0, 0, 0, 0, 0, 1, '301-category', 0, 1, '0000-00-00', 0, 'new', 1, 1, 'both', 0, 0, 0, 0, '2019-10-01 11:55:46', '2019-12-06 12:51:09', 0, 0, 1),
(725, 0, 80, 176, 1, 1, 0, 0, '', '', '', 0.000000, 0, 1, 0, 0, 20.840000, 5.870000, '', 0.000000, 0.00, 'I-GVCA190190', '', '', 0.000000, 0.000000, 0.000000, 0.000000, 2, 0, 0, 0, 0, 0, 1, '301-category', 0, 1, '0000-00-00', 0, 'new', 1, 1, 'both', 0, 0, 0, 0, '2019-10-01 11:55:48', '2019-12-06 12:51:10', 0, 0, 1),
(726, 0, 80, 176, 1, 1, 0, 0, '', '', '', 0.000000, 0, 1, 0, 0, 10.120000, 2.850000, '', 0.000000, 0.00, 'I-GVCA225225', '', '', 0.000000, 0.000000, 0.000000, 0.000000, 2, 0, 0, 0, 0, 0, 1, '301-category', 0, 1, '0000-00-00', 0, 'new', 1, 1, 'both', 0, 0, 0, 0, '2019-10-01 11:55:51', '2019-12-06 12:51:11', 0, 0, 1),
(727, 0, 80, 176, 1, 1, 0, 0, '', '', '', 0.000000, 0, 1, 0, 0, 10.250000, 2.870000, '', 0.000000, 0.00, 'I-GVCA230230', '', '', 0.000000, 0.000000, 0.000000, 0.000000, 2, 0, 0, 0, 0, 0, 1, '301-category', 0, 1, '0000-00-00', 0, 'new', 1, 1, 'both', 0, 0, 0, 0, '2019-10-01 11:55:54', '2019-12-06 12:51:12', 0, 0, 1),
(728, 0, 80, 176, 1, 1, 0, 0, '', '', '', 0.000000, 0, 1, 0, 0, 5.500000, 1.550000, '', 0.000000, 0.00, 'I-GVCI080', '', '', 0.000000, 0.000000, 0.000000, 0.000000, 2, 0, 0, 0, 0, 0, 1, '301-category', 0, 1, '0000-00-00', 0, 'new', 1, 1, 'both', 0, 0, 0, 0, '2019-10-01 11:55:56', '2019-12-06 12:51:13', 0, 0, 1),
(729, 0, 80, 176, 1, 1, 0, 0, '', '', '', 0.000000, 0, 1, 0, 0, 6.040000, 1.700000, '', 0.000000, 0.00, 'I-GVCI120', '', '', 0.000000, 0.000000, 0.000000, 0.000000, 2, 0, 0, 0, 0, 0, 1, '301-category', 0, 1, '0000-00-00', 0, 'new', 1, 1, 'both', 0, 0, 0, 0, '2019-10-01 11:55:58', '2019-12-06 12:51:14', 0, 0, 1),
(730, 0, 80, 176, 1, 1, 0, 0, '', '', '', 0.000000, 0, 1, 0, 0, 21.090000, 5.940000, '', 0.000000, 0.00, 'I-GVCI140', '', '', 0.000000, 0.000000, 0.000000, 0.000000, 2, 0, 0, 0, 0, 0, 1, '301-category', 0, 1, '0000-00-00', 0, 'new', 1, 1, 'both', 0, 0, 0, 0, '2019-10-01 11:56:00', '2019-12-06 12:51:16', 0, 0, 1),
(731, 0, 80, 176, 1, 1, 0, 0, '', '', '', 0.000000, 0, 1, 0, 0, 14.160000, 3.990000, '', 0.000000, 0.00, 'I-GVCI144', '', '', 0.000000, 0.000000, 0.000000, 0.000000, 2, 0, 0, 0, 0, 0, 1, '301-category', 0, 1, '0000-00-00', 0, 'new', 1, 1, 'both', 0, 0, 0, 0, '2019-10-01 11:56:02', '2019-12-06 12:51:17', 0, 0, 1),
(732, 0, 80, 176, 1, 1, 0, 0, '', '', '', 0.000000, 0, 1, 0, 0, 9.370000, 2.640000, '', 0.000000, 0.00, 'I-GVCI165', '', '', 0.000000, 0.000000, 0.000000, 0.000000, 2, 0, 0, 0, 0, 0, 1, '301-category', 0, 1, '0000-00-00', 0, 'new', 1, 1, 'both', 0, 0, 0, 0, '2019-10-01 11:56:05', '2019-12-06 12:51:18', 0, 0, 1),
(733, 0, 80, 176, 1, 1, 0, 0, '', '', '', 0.000000, 0, 1, 0, 0, 20.090000, 5.660000, '', 0.000000, 0.00, 'I-GVCI166', '', '', 0.000000, 0.000000, 0.000000, 0.000000, 2, 0, 0, 0, 0, 0, 1, '301-category', 0, 1, '0000-00-00', 0, 'new', 1, 1, 'both', 0, 0, 0, 0, '2019-10-01 11:56:08', '2019-12-06 12:51:19', 0, 0, 1),
(734, 0, 80, 176, 1, 1, 0, 0, '', '', '', 0.000000, 0, 1, 0, 0, 22.220000, 6.260000, '', 0.000000, 0.00, 'I-GVCI175', '', '', 0.000000, 0.000000, 0.000000, 0.000000, 2, 0, 0, 0, 0, 0, 1, '301-category', 0, 1, '0000-00-00', 0, 'new', 1, 1, 'both', 0, 0, 0, 0, '2019-10-01 11:56:10', '2019-12-06 12:51:20', 0, 0, 1),
(735, 0, 80, 176, 1, 1, 0, 0, '', '', '', 0.000000, 0, 1, 0, 0, 22.220000, 6.260000, '', 0.000000, 0.00, 'I-GVCI190', '', '', 0.000000, 0.000000, 0.000000, 0.000000, 2, 0, 0, 0, 0, 0, 1, '301-category', 0, 1, '0000-00-00', 0, 'new', 1, 1, 'both', 0, 0, 0, 0, '2019-10-01 11:56:13', '2019-12-06 12:51:21', 0, 0, 1),
(736, 0, 80, 176, 1, 1, 0, 0, '', '', '', 0.000000, 0, 1, 0, 0, 14.200000, 4.000000, '', 0.000000, 0.00, 'I-GVCI220', '', '', 0.000000, 0.000000, 0.000000, 0.000000, 2, 0, 0, 0, 0, 0, 1, '301-category', 0, 1, '0000-00-00', 0, 'new', 1, 1, 'both', 0, 0, 0, 0, '2019-10-01 11:56:15', '2019-12-06 12:51:22', 0, 0, 1),
(737, 0, 80, 176, 1, 1, 0, 0, '', '', '', 0.000000, 0, 1, 0, 0, 23.820000, 6.710000, '', 0.000000, 0.00, 'I-GVCI220R', '', '', 0.000000, 0.000000, 0.000000, 0.000000, 2, 0, 0, 0, 0, 0, 1, '301-category', 0, 1, '0000-00-00', 0, 'new', 1, 1, 'both', 0, 0, 0, 0, '2019-10-01 11:56:18', '2019-12-06 12:51:23', 0, 0, 1),
(738, 0, 80, 176, 1, 1, 0, 0, '', '', '', 0.000000, 0, 1, 0, 0, 6.710000, 1.890000, '', 0.000000, 0.00, 'I-GVR200150', '', '', 0.000000, 0.000000, 0.000000, 0.000000, 2, 0, 0, 0, 0, 0, 1, '301-category', 0, 1, '0000-00-00', 0, 'new', 1, 1, 'both', 0, 0, 0, 0, '2019-10-01 11:56:20', '2019-12-06 12:51:24', 0, 0, 1),
(739, 0, 80, 176, 1, 1, 0, 0, '', '', '', 0.000000, 0, 1, 0, 0, 9.940000, 2.800000, '', 0.000000, 0.00, 'I-GVR230080', '', '', 0.000000, 0.000000, 0.000000, 0.000000, 2, 0, 0, 0, 0, 0, 1, '301-category', 0, 1, '0000-00-00', 0, 'new', 1, 1, 'both', 0, 0, 0, 0, '2019-10-01 11:56:23', '2019-12-06 12:51:25', 0, 0, 1),
(740, 0, 80, 176, 1, 1, 0, 0, '', '', '', 0.000000, 0, 1, 0, 0, 17.320000, 4.880000, '', 0.000000, 0.00, 'I-GVR270120', '', '', 0.000000, 0.000000, 0.000000, 0.000000, 2, 0, 0, 0, 0, 0, 1, '301-category', 0, 1, '0000-00-00', 0, 'new', 1, 1, 'both', 0, 0, 0, 0, '2019-10-01 11:56:25', '2019-12-06 12:51:26', 0, 0, 1),
(741, 0, 80, 176, 1, 1, 0, 0, '', '', '', 0.000000, 0, 1, 0, 0, 13.350000, 3.760000, '', 0.000000, 0.00, 'I-GVR370120', '', '', 0.000000, 0.000000, 0.000000, 0.000000, 2, 0, 0, 0, 0, 0, 1, '301-category', 0, 1, '0000-00-00', 0, 'new', 1, 1, 'both', 0, 0, 0, 0, '2019-10-01 11:56:28', '2019-12-06 12:51:27', 0, 0, 1),
(742, 0, 80, 176, 1, 1, 0, 0, '', '', '', 0.000000, 0, 1, 0, 0, 32.550000, 9.170000, '', 0.000000, 0.00, 'I-GVR370223', '', '', 0.000000, 0.000000, 0.000000, 0.000000, 2, 0, 0, 0, 0, 0, 1, '301-category', 0, 1, '0000-00-00', 0, 'new', 1, 1, 'both', 0, 0, 0, 0, '2019-10-01 11:56:30', '2019-12-06 12:51:28', 0, 0, 1),
(743, 0, 80, 176, 1, 1, 0, 0, '', '', '', 0.000000, 0, 1, 0, 0, 17.890000, 5.040000, '', 0.000000, 0.00, 'I-GVR430225', '', '', 0.000000, 0.000000, 0.000000, 0.000000, 2, 0, 0, 0, 0, 0, 1, '301-category', 0, 1, '0000-00-00', 0, 'new', 1, 1, 'both', 0, 0, 0, 0, '2019-10-01 11:56:33', '2019-12-06 12:51:29', 0, 0, 1),
(744, 0, 80, 176, 1, 1, 0, 0, '', '', '', 0.000000, 0, 1, 0, 0, 26.700000, 7.520000, '', 0.000000, 0.00, 'I-GVR630225', '', '', 0.000000, 0.000000, 0.000000, 0.000000, 2, 0, 0, 0, 0, 0, 1, '301-category', 0, 1, '0000-00-00', 0, 'new', 1, 1, 'both', 0, 0, 0, 0, '2019-10-01 11:56:35', '2019-12-06 12:51:30', 0, 0, 1),
(745, 0, 0, 111, 1, 1, 0, 0, '', '', '', 0.000000, 0, 1, 0, 0, 2.920000, 0.730000, '', 0.000000, 0.00, '', '', '', 0.000000, 0.000000, 0.000000, 0.080000, 2, 0, 0, 0, 0, 0, 1, '301-category', 0, 1, '0000-00-00', 0, 'new', 1, 1, 'both', 0, 0, 0, 376, '2019-10-01 11:56:38', '2019-10-16 10:37:14', 0, 0, 1),
(746, 0, 80, 176, 1, 1, 0, 0, '', '', '', 0.000000, 0, 1, 0, 0, 2.720000, 0.680000, '', 0.000000, 0.00, 'I-MAN100', '', '', 0.000000, 0.000000, 0.000000, 0.140000, 2, 0, 0, 0, 0, 0, 1, '301-category', 0, 1, '0000-00-00', 0, 'new', 1, 1, 'both', 0, 0, 0, 0, '2019-10-01 11:56:40', '2019-12-06 12:51:31', 0, 0, 1),
(747, 0, 80, 176, 1, 1, 0, 0, '', '', '', 0.000000, 0, 1, 0, 0, 4.530000, 0.800000, '', 0.000000, 0.00, 'I-MAN100C', '', '', 0.000000, 0.000000, 0.000000, 0.130000, 2, 0, 0, 0, 0, 0, 1, '301-category', 0, 1, '0000-00-00', 0, 'new', 1, 1, 'both', 0, 0, 0, 0, '2019-10-01 11:56:43', '2019-12-06 12:51:32', 0, 0, 1),
(748, 0, 80, 176, 1, 1, 0, 0, '', '', '', 0.000000, 0, 1, 0, 0, 3.920000, 0.980000, '', 0.000000, 0.00, 'I-MAN110', '', '', 0.000000, 0.000000, 0.000000, 0.320000, 2, 0, 0, 0, 0, 0, 1, '301-category', 0, 1, '0000-00-00', 0, 'new', 1, 1, 'both', 0, 0, 0, 0, '2019-10-01 11:56:45', '2019-12-06 12:51:33', 0, 0, 1),
(749, 0, 80, 176, 1, 1, 0, 0, '', '', '', 0.000000, 0, 1, 0, 0, 6.530000, 1.070000, '', 0.000000, 0.00, 'I-MAN110C', '', '', 0.000000, 0.000000, 0.000000, 0.120000, 2, 0, 0, 0, 0, 0, 1, '301-category', 0, 1, '0000-00-00', 0, 'new', 1, 1, 'both', 0, 0, 0, 0, '2019-10-01 11:56:48', '2019-12-06 12:51:34', 0, 0, 1),
(750, 0, 80, 176, 1, 1, 0, 0, '', '', '', 0.000000, 0, 1, 0, 0, 7.080000, 1.770000, '', 0.000000, 0.00, 'I-MAN125', '', '', 0.000000, 0.000000, 0.000000, 0.220000, 2, 0, 0, 0, 0, 0, 1, '301-category', 0, 1, '0000-00-00', 0, 'new', 1, 1, 'both', 0, 0, 0, 0, '2019-10-01 11:56:50', '2019-12-06 12:51:35', 0, 0, 1),
(751, 0, 80, 176, 1, 1, 0, 0, '', '', '', 0.000000, 0, 1, 0, 0, 11.800000, 1.850000, '', 0.000000, 0.00, 'I-MAN125C', '', '', 0.000000, 0.000000, 0.000000, 0.230000, 2, 0, 0, 0, 0, 0, 1, '301-category', 0, 1, '0000-00-00', 0, 'new', 1, 1, 'both', 0, 0, 0, 0, '2019-10-01 11:56:52', '2019-12-06 12:51:36', 0, 0, 1),
(752, 0, 80, 176, 1, 1, 0, 0, '', '', '', 0.000000, 0, 1, 0, 0, 10.080000, 2.520000, '', 0.000000, 0.00, 'I-MAN160', '', '', 0.000000, 0.000000, 0.000000, 0.560000, 2, 0, 0, 0, 0, 0, 1, '301-category', 0, 1, '0000-00-00', 0, 'new', 1, 1, 'both', 0, 0, 0, 0, '2019-10-01 11:56:54', '2019-12-06 12:51:37', 0, 0, 1),
(753, 0, 80, 176, 1, 1, 0, 0, '', '', '', 0.000000, 0, 1, 0, 0, 14.000000, 4.370000, '', 0.000000, 0.00, 'I-MAN160C', '', '', 0.000000, 0.000000, 0.000000, 0.240000, 2, 0, 0, 0, 0, 0, 1, '301-category', 0, 1, '0000-00-00', 0, 'new', 1, 1, 'both', 0, 0, 0, 0, '2019-10-01 11:56:56', '2019-12-06 12:51:38', 0, 0, 1),
(754, 0, 80, 176, 1, 1, 0, 0, '', '', '', 0.000000, 0, 1, 0, 0, 15.040000, 3.760000, '', 0.000000, 0.00, 'I-MAN200', '', '', 0.000000, 0.000000, 0.000000, 1.070000, 2, 0, 0, 0, 0, 0, 1, '301-category', 0, 1, '0000-00-00', 0, 'new', 1, 1, 'both', 0, 0, 0, 0, '2019-10-01 11:56:58', '2019-12-06 12:51:39', 0, 0, 1),
(755, 0, 80, 176, 1, 1, 0, 0, '', '', '', 0.000000, 0, 1, 0, 0, 24.440000, 6.970000, '', 0.000000, 0.00, 'I-MAN200C', '', '', 0.000000, 0.000000, 0.000000, 0.310000, 2, 0, 0, 0, 0, 0, 1, '301-category', 0, 1, '0000-00-00', 0, 'new', 1, 1, 'both', 0, 0, 0, 0, '2019-10-01 11:57:00', '2019-12-06 12:51:40', 0, 0, 1),
(756, 0, 80, 176, 1, 1, 0, 0, '', '', '', 0.000000, 0, 1, 0, 0, 44.520000, 11.130000, '', 0.000000, 0.00, 'I-MAN250', '', '', 0.000000, 0.000000, 0.000000, 2.020000, 2, 0, 0, 0, 0, 0, 1, '301-category', 0, 1, '0000-00-00', 0, 'new', 1, 1, 'both', 0, 0, 0, 0, '2019-10-01 11:57:03', '2019-12-06 12:51:41', 0, 0, 1),
(757, 0, 80, 176, 1, 1, 0, 0, '', '', '', 0.000000, 0, 1, 0, 0, 89.920000, 22.480000, '', 0.000000, 0.00, 'I-MAN315', '', '', 0.000000, 0.000000, 0.000000, 3.680000, 2, 0, 0, 0, 0, 0, 1, '301-category', 0, 1, '0000-00-00', 0, 'new', 1, 1, 'both', 0, 0, 0, 0, '2019-10-01 11:57:05', '2019-12-06 12:51:42', 0, 0, 1),
(758, 0, 0, 111, 1, 1, 0, 0, '', '', '', 0.000000, 0, 1, 0, 0, 7.950000, 2.270000, '', 0.000000, 0.00, '', '', '', 0.000000, 0.000000, 0.000000, 0.000000, 2, 0, 0, 0, 0, 0, 1, '301-category', 0, 1, '0000-00-00', 0, 'new', 1, 1, 'both', 0, 0, 0, 393, '2019-10-01 11:57:07', '2019-10-16 11:04:39', 0, 0, 1),
(759, 0, 80, 176, 1, 1, 0, 0, '', '', '', 0.000000, 0, 1, 0, 0, 4.450000, 1.270000, '', 0.000000, 0.00, 'I-RED.E10080', '', '', 0.000000, 0.000000, 0.000000, 0.000000, 2, 0, 0, 0, 0, 0, 1, '301-category', 0, 1, '0000-00-00', 0, 'new', 1, 1, 'both', 0, 0, 0, 0, '2019-10-01 11:57:09', '2019-12-06 12:51:43', 0, 0, 1),
(760, 0, 80, 176, 1, 1, 0, 0, '', '', '', 0.000000, 0, 1, 0, 0, 7.280000, 1.820000, '', 0.000000, 0.00, 'I-RED.E125100', '', '', 0.000000, 0.000000, 0.000000, 0.000000, 2, 0, 0, 0, 0, 0, 1, '301-category', 0, 1, '0000-00-00', 0, 'new', 1, 1, 'both', 0, 0, 0, 0, '2019-10-01 11:57:11', '2019-12-06 12:51:44', 0, 0, 1),
(761, 0, 80, 176, 1, 1, 0, 0, '', '', '', 0.000000, 0, 1, 0, 0, 6.580000, 1.880000, '', 0.000000, 0.00, 'I-RED.E125110', '', '', 0.000000, 0.000000, 0.000000, 0.000000, 2, 0, 0, 0, 0, 0, 1, '301-category', 0, 1, '0000-00-00', 0, 'new', 1, 1, 'both', 0, 0, 0, 0, '2019-10-01 11:57:14', '2019-12-06 12:51:45', 0, 0, 1),
(762, 0, 80, 176, 1, 1, 0, 0, '', '', '', 0.000000, 0, 1, 0, 0, 6.370000, 1.820000, '', 0.000000, 0.00, 'I-RED.E12580', '', '', 0.000000, 0.000000, 0.000000, 0.000000, 2, 0, 0, 0, 0, 0, 1, '301-category', 0, 1, '0000-00-00', 0, 'new', 1, 1, 'both', 0, 0, 0, 0, '2019-10-01 11:57:16', '2019-12-06 12:51:46', 0, 0, 1),
(763, 0, 80, 176, 1, 1, 0, 0, '', '', '', 0.000000, 0, 1, 0, 0, 16.940000, 4.840000, '', 0.000000, 0.00, 'I-RED.E140100', '', '', 0.000000, 0.000000, 0.000000, 0.000000, 2, 0, 0, 0, 0, 0, 1, '301-category', 0, 1, '0000-00-00', 0, 'new', 1, 1, 'both', 0, 0, 0, 0, '2019-10-01 11:57:18', '2019-12-06 12:51:47', 0, 0, 1),
(764, 0, 80, 176, 1, 1, 0, 0, '', '', '', 0.000000, 0, 1, 0, 0, 10.990000, 3.140000, '', 0.000000, 0.00, 'I-RED.E140125', '', '', 0.000000, 0.000000, 0.000000, 0.000000, 2, 0, 0, 0, 0, 0, 1, '301-category', 0, 1, '0000-00-00', 0, 'new', 1, 1, 'both', 0, 0, 0, 0, '2019-10-01 11:57:20', '2019-12-06 12:51:49', 0, 0, 1),
(765, 0, 80, 176, 1, 1, 0, 0, '', '', '', 0.000000, 0, 1, 0, 0, 18.720000, 4.680000, '', 0.000000, 0.00, 'I-RED.E160100', '', '', 0.000000, 0.000000, 0.000000, 0.000000, 2, 0, 0, 0, 0, 0, 1, '301-category', 0, 1, '0000-00-00', 0, 'new', 1, 1, 'both', 0, 0, 0, 0, '2019-10-01 11:57:22', '2019-12-06 12:51:50', 0, 0, 1),
(766, 0, 80, 176, 1, 1, 0, 0, '', '', '', 0.000000, 0, 1, 0, 0, 8.610000, 2.460000, '', 0.000000, 0.00, 'I-RED.E160125', '', '', 0.000000, 0.000000, 0.000000, 0.000000, 2, 0, 0, 0, 0, 0, 1, '301-category', 0, 1, '0000-00-00', 0, 'new', 1, 1, 'both', 0, 0, 0, 0, '2019-10-01 11:57:24', '2019-12-06 12:51:51', 0, 0, 1),
(767, 0, 80, 176, 1, 1, 0, 0, '', '', '', 0.000000, 0, 1, 0, 0, 12.640000, 3.610000, '', 0.000000, 0.00, 'I-RED.E160140', '', '', 0.000000, 0.000000, 0.000000, 0.000000, 2, 0, 0, 0, 0, 0, 1, '301-category', 0, 1, '0000-00-00', 0, 'new', 1, 1, 'both', 0, 0, 0, 0, '2019-10-01 11:57:26', '2019-12-06 12:51:52', 0, 0, 1),
(768, 0, 80, 176, 1, 1, 0, 0, '', '', '', 0.000000, 0, 1, 0, 0, 38.220000, 10.920000, '', 0.000000, 0.00, 'I-RED.E200100', '', '', 0.000000, 0.000000, 0.000000, 0.000000, 2, 0, 0, 0, 0, 0, 1, '301-category', 0, 1, '0000-00-00', 0, 'new', 1, 1, 'both', 0, 0, 0, 0, '2019-10-01 11:57:28', '2019-12-06 12:51:53', 0, 0, 1),
(769, 0, 80, 176, 1, 1, 0, 0, '', '', '', 0.000000, 0, 1, 0, 0, 30.630000, 8.750000, '', 0.000000, 0.00, 'I-RED.E200125', '', '', 0.000000, 0.000000, 0.000000, 1.208000, 2, 0, 0, 0, 0, 0, 1, '301-category', 0, 1, '0000-00-00', 0, 'new', 1, 1, 'both', 0, 0, 0, 0, '2019-10-01 11:57:30', '2019-12-06 12:51:54', 0, 0, 1),
(770, 0, 80, 176, 1, 1, 0, 0, '', '', '', 0.000000, 0, 1, 0, 0, 30.630000, 8.750000, '', 0.000000, 0.00, 'I-RED.E200140', '', '', 0.000000, 0.000000, 0.000000, 0.000000, 2, 0, 0, 0, 0, 0, 1, '301-category', 0, 1, '0000-00-00', 0, 'new', 1, 1, 'both', 0, 0, 0, 0, '2019-10-01 11:57:33', '2019-12-06 12:51:55', 0, 0, 1),
(771, 0, 80, 176, 1, 1, 0, 0, '', '', '', 0.000000, 0, 1, 0, 0, 20.860000, 5.960000, '', 0.000000, 0.00, 'I-RED.E200160', '', '', 0.000000, 0.000000, 0.000000, 0.000000, 2, 0, 0, 0, 0, 0, 1, '301-category', 0, 1, '0000-00-00', 0, 'new', 1, 1, 'both', 0, 0, 0, 0, '2019-10-01 11:57:35', '2019-12-06 12:51:56', 0, 0, 1),
(772, 0, 80, 176, 1, 1, 0, 0, '', '', '', 0.000000, 0, 1, 0, 0, 93.240000, 26.640000, '', 0.000000, 0.00, 'I-RED.E250200', '', '', 0.000000, 0.000000, 0.000000, 1.208000, 2, 0, 0, 0, 0, 0, 1, '301-category', 0, 1, '0000-00-00', 0, 'new', 1, 1, 'both', 0, 0, 0, 0, '2019-10-01 11:57:38', '2019-12-06 12:51:57', 0, 0, 1);
